09-23 14:15:39.829 29262 29271 I manager.flutter: Background concurrent mark compact GC freed 364485(10204KB) AllocSpace objects, 16(9784KB) LOS objects, 14% free, 144MB/168MB, paused 96us,2.241ms total 307.703ms
09-23 14:15:40.268 29262 29271 I manager.flutter: Background concurrent mark compact GC freed 16448(716KB) AllocSpace objects, 18(20MB) LOS objects, 13% free, 155MB/179MB, paused 181us,2.261ms total 287.877ms
09-23 14:15:40.268 29262 29273 W System : A resource failed to call end.
09-23 14:15:40.707 29262 29271 I manager.flutter: Background concurrent mark compact GC freed 221(224KB) AllocSpace objects, 18(20MB) LOS objects, 12% free, 174MB/198MB, paused 116us,2.329ms total 305.381ms
09-23 14:15:40.707 29262 29273 W System : A resource failed to call end.
09-23 14:15:41.189 29262 29271 I manager.flutter: Background concurrent mark compact GC freed 221(224KB) AllocSpace objects, 18(20MB) LOS objects, 11% free, 185MB/209MB, paused 142us,2.389ms total 307.555ms
09-23 14:15:41.189 29262 29273 W System : A resource failed to call end.
09-23 14:15:41.666 29262 29271 I manager.flutter: Background concurrent mark compact GC freed 481(412KB) AllocSpace objects, 31(27MB) LOS objects, 11% free, 190MB/214MB, paused 89us,2.268ms total 259.988ms
09-23 14:15:41.667 29262 29273 W System : A resource failed to call end.
09-23 14:15:41.667 29262 29273 W System : A resource failed to call end.
09-23 14:15:42.246 29262 29271 I manager.flutter: Background concurrent mark compact GC freed 573(444KB) AllocSpace objects, 36(33MB) LOS objects, 11% free, 193MB/217MB, paused 201us,2.318ms total 262.460ms
09-23 14:15:42.248 29262 29273 W System : A resource failed to call end.
09-23 14:15:42.249 29262 29273 W System : A resource failed to call end.
09-23 14:15:42.765 29262 29271 I manager.flutter: Background concurrent mark compact GC freed 589084(20MB) AllocSpace objects, 5(7980KB) LOS objects, 9% free, 216MB/240MB, paused 2.686ms,2.296ms total 292.191ms
09-23 14:15:42.773 29262 29273 W System : A resource failed to call end.
09-23 14:15:43.244 29262 29271 I manager.flutter: Background concurrent mark compact GC freed 1038455(85MB) AllocSpace objects, 87(59MB) LOS objects, 7% free, 297MB/321MB, paused 907us,2.942ms total 378.958ms
09-23 14:15:43.750 29262 29271 I manager.flutter: Background concurrent mark compact GC freed 525488(168MB) AllocSpace objects, 140(30MB) LOS objects, 10% free, 208MB/232MB, paused 233us,3.365ms total 460.688ms
09-23 14:15:44.666 29262 29271 I manager.flutter: Background concurrent mark compact GC freed 1010323(35MB) AllocSpace objects, 77(55MB) LOS objects, 14% free, 145MB/169MB, paused 139us,3.538ms total 385.943ms
09-23 14:15:45.533 29262 29271 I manager.flutter: Background concurrent mark compact GC freed 492670(16MB) AllocSpace objects, 236(18MB) LOS objects, 14% free, 147MB/171MB, paused 81us,2.058ms total 240.548ms
09-23 14:15:45.534 29262 29273 W System : A resource failed to call close.
09-23 14:15:45.535 29262 29273 W System : A resource failed to call close.
09-23 14:15:45.535 29262 29273 W System : A resource failed to call close.
09-23 14:15:45.535 29262 29273 W System : A resource failed to call close.
09-23 14:15:45.535 29262 29273 W System : A resource failed to call close.
09-23 14:15:45.535 29262 29273 W System : A resource failed to call close.
09-23 14:15:45.535 29262 29273 W System : A resource failed to call close.
09-23 14:15:45.535 29262 29273 W System : A resource failed to call close.
09-23 14:15:46.495 29262 29271 I manager.flutter: Background concurrent mark compact GC freed 10727(1050KB) AllocSpace objects, 169(34MB) LOS objects, 14% free, 136MB/160MB, paused 233us,2.237ms total 289.725ms
09-23 14:15:47.181 29262 29271 I manager.flutter: Background concurrent mark compact GC freed 55697(4858KB) AllocSpace objects, 784(63MB) LOS objects, 10% free, 204MB/228MB, paused 647us,2.159ms total 258.661ms
09-23 14:15:47.516 29262 29271 I manager.flutter: Background concurrent mark compact GC freed 186852(15MB) AllocSpace objects, 2939(194MB) LOS objects, 11% free, 178MB/202MB, paused 1.401ms,2.213ms total 299.554ms
09-23 14:15:48.046 29262 29271 I manager.flutter: Background concurrent mark compact GC freed 757093(36MB) AllocSpace objects, 573(46MB) LOS objects, 6% free, 362MB/386MB, paused 156us,2.905ms total 449.817ms
09-23 14:15:48.056 29262 29273 W System : A resource failed to call end.
09-23 14:15:48.056 29262 29273 W System : A resource failed to call end.
09-23 14:15:48.416 29262 3502 I manager.flutter: Waiting for a blocking GC Alloc
09-23 14:15:48.416 29262 3498 I manager.flutter: Waiting for a blocking GC Alloc
09-23 14:15:48.431 29262 3503 I manager.flutter: Waiting for a blocking GC Alloc
09-23 14:15:48.432 29262 3499 I manager.flutter: Waiting for a blocking GC Alloc
09-23 14:15:48.433 29262 3507 I manager.flutter: Waiting for a blocking GC Alloc
09-23 14:15:48.441 29262 3501 I manager.flutter: Waiting for a blocking GC Alloc
09-23 14:15:48.464 29262 3506 I manager.flutter: Waiting for a blocking GC Alloc
09-23 14:15:48.471 29262 3500 I manager.flutter: Waiting for a blocking GC Alloc
09-23 14:15:49.071 29262 29271 I manager.flutter: Background concurrent mark compact GC freed 43337(3464KB) AllocSpace objects, 349(346MB) LOS objects, 12% free, 161MB/185MB, paused 122us,7.927ms total 983.475ms
09-23 14:15:49.071 29262 3502 I manager.flutter: WaitForGcToComplete blocked Alloc on Background for 655.409ms
09-23 14:15:49.071 29262 3502 I manager.flutter: Starting a blocking GC Alloc
09-23 14:15:49.071 29262 3498 I manager.flutter: WaitForGcToComplete blocked Alloc on Background for 655.427ms
09-23 14:15:49.071 29262 3498 I manager.flutter: Starting a blocking GC Alloc
09-23 14:15:49.071 29262 3503 I manager.flutter: WaitForGcToComplete blocked Alloc on Background for 640.171ms
09-23 14:15:49.071 29262 3503 I manager.flutter: Starting a blocking GC Alloc
09-23 14:15:49.072 29262 29273 W System : A resource failed to call end.
09-23 14:15:49.091 29262 3507 I manager.flutter: Waiting for a blocking GC Alloc
09-23 14:15:49.091 29262 3506 I manager.flutter: Waiting for a blocking GC Alloc
09-23 14:15:49.091 29262 3500 I manager.flutter: Waiting for a blocking GC Alloc
09-23 14:15:49.094 29262 3501 I manager.flutter: Waiting for a blocking GC Alloc
09-23 14:15:49.140 29262 3499 I manager.flutter: Waiting for a blocking GC Alloc
09-23 14:15:49.510 29262 29271 I manager.flutter: Background concurrent mark compact GC freed 709(148KB) AllocSpace objects, 159(160MB) LOS objects, 10% free, 206MB/230MB, paused 181us,4.109ms total 419.376ms
09-23 14:15:49.511 29262 3507 I manager.flutter: WaitForGcToComplete blocked Alloc on Background for 1.077s
09-23 14:15:49.511 29262 3507 I manager.flutter: Starting a blocking GC Alloc
09-23 14:15:49.512 29262 3506 I manager.flutter: WaitForGcToComplete blocked Alloc on Background for 1.048s
09-23 14:15:49.512 29262 3506 I manager.flutter: Starting a blocking GC Alloc
09-23 14:15:49.516 29262 3500 I manager.flutter: WaitForGcToComplete blocked Alloc on Background for 1.045s
09-23 14:15:49.516 29262 3500 I manager.flutter: Starting a blocking GC Alloc
09-23 14:15:49.516 29262 3501 I manager.flutter: WaitForGcToComplete blocked Alloc on Background for 1.075s
09-23 14:15:49.516 29262 3501 I manager.flutter: Starting a blocking GC Alloc
09-23 14:15:49.517 29262 3499 I manager.flutter: WaitForGcToComplete blocked Alloc on Background for 1.084s
09-23 14:15:49.517 29262 3499 I manager.flutter: Starting a blocking GC Alloc
09-23 14:15:52.231 29262 29271 I manager.flutter: Background concurrent mark compact GC freed 527583(21MB) AllocSpace objects, 112(100MB) LOS objects, 16% free, 120MB/144MB, paused 268us,2.629ms total 219.460ms
09-23 14:15:52.299 29262 29262 I BLASTBufferQueue_Java: update, w= 1080 h= 2340 mName = ViewRootImpl@79a1f0c[MainActivity] mNativeObject= 0xb40000713c4f1b70 sc.mNativeObject= 0xb40000710c4e5d90 format= -3 caller= android.view.ViewRootImpl.updateBlastSurfaceIfNeeded:3017 android.view.ViewRootImpl.relayoutWindow:10131 android.view.ViewRootImpl.performTraversals:4110 android.view.ViewRootImpl.doTraversal:3288 android.view.ViewRootImpl$TraversalRunnable.run:11344 android.view.Choreographer$CallbackRecord.run:1689
09-23 14:15:52.299 29262 29262 I ViewRootImpl@79a1f0c[MainActivity]: Relayout returned: old=(0,0,1080,2340) new=(0,0,1080,2340) relayoutAsync=true req=(1080,2340)0 dur=0 res=0x0 s={true 0xb40000700c505950} ch=false seqId=0
09-23 14:15:52.300 29262 29262 I ViewRootImpl@79a1f0c[MainActivity]: updateBoundsLayer: t=android.view.SurfaceControl$Transaction@79f5be3 sc=Surface(name=Bounds for - app.revanced.manager.flutter/app.revanced.manager.flutter.MainActivity@1)/@0x16b79e0 frame=84
09-23 14:15:52.300 29262 29262 I ViewRootImpl@79a1f0c[MainActivity]: registerCallbackForPendingTransactions
09-23 14:15:52.301 29262 30146 I ViewRootImpl@79a1f0c[MainActivity]: mWNT: t=0xb40000704c56c330 mBlastBufferQueue=0xb40000713c4f1b70 fn= 84 mRenderHdrSdrRatio=1.0 caller= android.view.ViewRootImpl$6.onFrameDraw:5635 android.view.ViewRootImpl$2.onFrameDraw:2146 android.view.ThreadedRenderer$1.onFrameDraw:792
09-23 14:15:55.950 29262 29262 I ViewRootImpl@79a1f0c[MainActivity]: ViewPostIme pointer 0
09-23 14:15:55.959 29262 29262 I ViewRootImpl@79a1f0c[MainActivity]: ViewPostIme pointer 1
09-23 14:15:56.595 29262 29262 I ViewRootImpl@79a1f0c[MainActivity]: ViewPostIme pointer 0
09-23 14:15:56.636 29262 29262 I ViewRootImpl@79a1f0c[MainActivity]: ViewPostIme pointer 1
09-23 14:15:57.457 29262 29262 I Choreographer: Skipped 48 frames! The application may be doing too much work on its main thread.
09-23 14:15:58.513 29262 29262 I ViewRootImpl@79a1f0c[MainActivity]: handleWindowFocusChanged: 0 0 call from android.view.ViewRootImpl.-$$Nest$mhandleWindowFocusChanged:0
09-23 14:15:58.513 29262 29262 I ImeFocusController: onPreWindowFocus: skipped, hasWindowFocus=false mHasImeFocus=true
09-23 14:15:58.513 29262 29262 I ImeFocusController: onPostWindowFocus: skipped, hasWindowFocus=false mHasImeFocus=true
09-23 14:16:00.023 29262 29262 I InsetsSourceConsumer: applyRequestedVisibilityToControl: visible=true, type=navigationBars, host=app.revanced.manager.flutter/app.revanced.manager.flutter.MainActivity
09-23 14:16:00.024 29262 29262 I InsetsSourceConsumer: applyRequestedVisibilityToControl: visible=true, type=statusBars, host=app.revanced.manager.flutter/app.revanced.manager.flutter.MainActivity
09-23 14:16:00.045 29262 29262 I ViewRootImpl@79a1f0c[MainActivity]: handleWindowFocusChanged: 1 0 call from android.view.ViewRootImpl.-$$Nest$mhandleWindowFocusChanged:0
09-23 14:16:00.045 29262 29262 D ViewRootImpl@79a1f0c[MainActivity]: mThreadedRenderer.initializeIfNeeded()#2 mSurface={isValid=true 0xb40000700c505950}
09-23 14:16:00.048 29262 29262 D InputMethodManagerUtils: startInputInner - Id : 0
09-23 14:16:00.048 29262 29262 I InputMethodManager: startInputInner - IInputMethodManagerGlobalInvoker.startInputOrWindowGainedFocus
09-23 14:16:30.591 29262 29262 I ViewRootImpl@79a1f0c[MainActivity]: handleAppVisibility mAppVisible = true visible = false
09-23 14:16:30.609 29262 29262 I SurfaceView@12ddfb0: onWindowVisibilityChanged(8) false io.flutter.embedding.android.FlutterSurfaceView{12ddfb0 V.E...... ........ 0,0-1080,2340} of ViewRootImpl@79a1f0c[MainActivity]
09-23 14:16:30.609 29262 29262 I SurfaceView: 19783600 Changes: creating=false format=false size=false visible=true alpha=false hint=false visible=true left=false top=false z=false attached=true lifecycleStrategy=false
09-23 14:16:30.614 29262 29262 I SurfaceView@12ddfb0: 19783600 Cur surface: Surface(name=null)/@0x9cf2f9c
09-23 14:16:30.615 29262 29262 I SurfaceView: 19783600 surfaceDestroyed
09-23 14:16:30.615 29262 29262 I SurfaceView@12ddfb0: surfaceDestroyed callback.size 1 #2 io.flutter.embedding.android.FlutterSurfaceView{12ddfb0 V.E...... ........ 0,0-1080,2340}
09-23 14:16:30.641 29262 29262 I SurfaceView@12ddfb0: updateSurface: mVisible = false mSurface.isValid() = true
09-23 14:16:30.642 29262 29262 I SurfaceView@12ddfb0: releaseSurfaces: viewRoot = ViewRootImpl@79a1f0c[MainActivity]
09-23 14:16:30.642 29262 29262 V SurfaceView@12ddfb0: Layout: x=0 y=0 w=1080 h=2340, frame=Rect(0, 0 - 1080, 2340)
09-23 14:16:30.644 29262 29262 I ViewRootImpl@79a1f0c[MainActivity]: destroyHardwareResources: Callers=android.view.ViewRootImpl.performTraversals:3932 android.view.ViewRootImpl.doTraversal:3288 android.view.ViewRootImpl$TraversalRunnable.run:11344 android.view.Choreographer$CallbackRecord.run:1689 android.view.Choreographer$CallbackRecord.run:1698 android.view.Choreographer.doCallbacks:1153 android.view.Choreographer.doFrame:1079 android.view.Choreographer$FrameDisplayEventReceiver.run:1646 android.os.Handler.handleCallback:958 android.os.Handler.dispatchMessage:99
09-23 14:16:30.646 29262 29282 D SurfaceView: 92326754 windowPositionLost, frameNr = 0
09-23 14:16:30.669 29262 29282 D OpenGLRenderer: CacheManager::trimMemory(20)
09-23 14:16:30.719 29262 29262 I ViewRootImpl@79a1f0c[MainActivity]: Relayout returned: old=(0,0,1080,2340) new=(0,0,1080,2340) relayoutAsync=false req=(1080,2340)8 dur=45 res=0x402 s={false 0x0} ch=true seqId=0
09-23 14:16:30.719 29262 29262 I SurfaceView@12ddfb0: windowStopped(true) false io.flutter.embedding.android.FlutterSurfaceView{12ddfb0 V.E...... ........ 0,0-1080,2340} of ViewRootImpl@79a1f0c[MainActivity]
09-23 14:16:30.719 29262 29262 D SurfaceView@12ddfb0: updateSurface: surface is not valid
09-23 14:16:30.719 29262 29262 I SurfaceView@12ddfb0: releaseSurfaces: viewRoot = ViewRootImpl@79a1f0c[MainActivity]
09-23 14:16:30.724 29262 29262 D SurfaceView@12ddfb0: updateSurface: surface is not valid
09-23 14:16:30.724 29262 29262 I SurfaceView@12ddfb0: releaseSurfaces: viewRoot = ViewRootImpl@79a1f0c[MainActivity]
09-23 14:16:30.778 29262 29282 D OpenGLRenderer: CacheManager::trimMemory(20)
09-23 14:16:30.779 29262 29262 I ViewRootImpl@79a1f0c[MainActivity]: handleWindowFocusChanged: 0 0 call from android.view.ViewRootImpl.-$$Nest$mhandleWindowFocusChanged:0
09-23 14:16:30.780 29262 29262 I ImeFocusController: onPreWindowFocus: skipped, hasWindowFocus=false mHasImeFocus=true
09-23 14:16:30.780 29262 29262 I ImeFocusController: onPostWindowFocus: skipped, hasWindowFocus=false mHasImeFocus=true
09-23 14:16:30.780 29262 29262 I ViewRootImpl@79a1f0c[MainActivity]: stopped(true) old = false
09-23 14:16:30.780 29262 29262 D ViewRootImpl@79a1f0c[MainActivity]: WindowStopped on app.revanced.manager.flutter/app.revanced.manager.flutter.MainActivity set to true
09-23 14:16:30.780 29262 29282 D OpenGLRenderer: CacheManager::trimMemory(20)
09-23 14:16:30.788 29262 29262 D SurfaceView@12ddfb0: updateSurface: surface is not valid
09-23 14:16:30.788 29262 29262 I SurfaceView@12ddfb0: releaseSurfaces: viewRoot = ViewRootImpl@79a1f0c[MainActivity]
09-23 14:16:30.805 29262 29262 D SurfaceView@12ddfb0: updateSurface: surface is not valid
09-23 14:16:30.805 29262 29262 I SurfaceView@12ddfb0: releaseSurfaces: viewRoot = ViewRootImpl@79a1f0c[MainActivity]
09-23 14:16:30.817 29262 29262 I ViewRootImpl@79a1f0c[MainActivity]: onDisplayChanged oldDisplayState=2 newDisplayState=1
09-23 14:16:31.045 29262 29262 I ViewRootImpl@79a1f0c[MainActivity]: onDisplayChanged oldDisplayState=1 newDisplayState=1
09-23 14:16:44.710 29262 29262 I ViewRootImpl@79a1f0c[MainActivity]: handleAppVisibility mAppVisible = false visible = true
09-23 14:16:44.717 29262 29262 I InsetsController: onStateChanged: host=app.revanced.manager.flutter/app.revanced.manager.flutter.MainActivity, from=android.view.ViewRootImpl$ViewRootHandler.handleMessageImpl:7209, state=InsetsState: {mDisplayFrame=Rect(0, 0 - 1080, 2340), mDisplayCutout=DisplayCutout{insets=Rect(0, 74 - 0, 0) waterfall=Insets{left=0, top=0, right=0, bottom=0} boundingRect={Bounds=[Rect(0, 0 - 0, 0), Rect(514, 0 - 566, 74), Rect(0, 0 - 0, 0), Rect(0, 0 - 0, 0)]} cutoutPathParserInfo={CutoutPathParserInfo{displayWidth=1080 displayHeight=2340 physicalDisplayWidth=1080 physicalDisplayHeight=2340 density={2.8125} cutoutSpec={M 0,0 H -9.244444444444444 V 26.31111111111111 H 9.244444444444444 V 0 H 0 Z @dp} rotation={0} scale={1.0} physicalPixelDisplaySizeRatio={1.0}}}}, mRoundedCorners=RoundedCorners{[RoundedCorner{position=TopLeft, radius=101, center=Point(101, 101)}, RoundedCorner{position=TopRight, radius=101, center=Point(979, 101)}, RoundedCorner{position=BottomRight, radius=101, center=Point(979, 2239)}, RoundedCorner{position=BottomLeft, radius=101, center=Point(101, 2239)}]} mRoundedCornerFrame=Rect(0, 0 - 1080, 2340), mPrivacyIndicatorBounds=PrivacyIndicatorBounds {static bounds=Rect(956, 0 - 1080, 74) rotation=0}, mDisplayShape=DisplayShape{ spec=-311912193 displayWidth=1080 displayHeight=2340 physicalPixelDisplaySizeRatio=1.0 rotation=0 offsetX=0 offsetY=0 scale=1.0}, mSources= { InsetsSource: {9e990000 mType=statusBars mFrame=[0,0][1080,74] mVisible=true mFlags=[]}, InsetsSource: {9e990005 mType=mandatorySystemGestures mFrame=[0,0][1080,108] mVisible=true mFlags=[]}, InsetsSource: {9e990006 mType=tappableElement mFrame=[0,0][1080,74] mVisible=true mFlags=[]}, InsetsSource: {b8580001 mType=navigationBars mFrame=[0,0][0,0] mVisible=false mFlags=[SUPPRESS_SCRIM]}, InsetsSource: {b8580004 mType=systemGestures mFrame=[0,0][0,0] mVisible=true mFlags=[]}, InsetsSource: {b8580005 mType=mandatorySystemGestures mFrame=[0,2250][1080,2340] mVisible=true mFlags=[]}, InsetsSource: {b8580006 mType=tappableElement mFrame=[0,0][0,0] mVisible=true mFlags=[]}, InsetsSource: {b8580024 mType=systemGestures mFrame=[0,0][0,0] mVisible=true mFlags=[]}, InsetsSource: {3 mType=ime mFrame=[0,0][0,0] mVisible=false mFlags=[]}, InsetsSource: {27 mType=displayCutout mFrame=[0,0][1080,74] mVisible=true mFlags=[]} }
09-23 14:16:44.723 29262 29438 I ViewRootImpl@79a1f0c[MainActivity]: Resizing android.view.ViewRootImpl@86daeef: frame = [0,0][1080,2340] reportDraw = false forceLayout = false syncSeqId = -1
09-23 14:16:44.762 29262 29262 I SurfaceView@12ddfb0: onWindowVisibilityChanged(4) false io.flutter.embedding.android.FlutterSurfaceView{12ddfb0 G.E...... ......I. 0,0-1080,2340} of ViewRootImpl@79a1f0c[MainActivity]
09-23 14:16:44.762 29262 29262 D SurfaceView@12ddfb0: updateSurface: surface is not valid
09-23 14:16:44.762 29262 29262 I SurfaceView@12ddfb0: releaseSurfaces: viewRoot = ViewRootImpl@79a1f0c[MainActivity]
09-23 14:16:44.763 29262 29262 I ViewRootImpl@79a1f0c[MainActivity]: destroyHardwareResources: Callers=android.view.ViewRootImpl.performTraversals:3932 android.view.ViewRootImpl.doTraversal:3288 android.view.ViewRootImpl$TraversalRunnable.run:11344 android.view.Choreographer$CallbackRecord.run:1689 android.view.Choreographer$CallbackRecord.run:1698 android.view.Choreographer.doCallbacks:1153 android.view.Choreographer.doFrame:1079 android.view.Choreographer$FrameDisplayEventReceiver.run:1646 android.os.Handler.handleCallback:958 android.os.Handler.dispatchMessage:99
09-23 14:16:44.767 29262 29282 D OpenGLRenderer: CacheManager::trimMemory(20)
09-23 14:16:44.769 29262 29438 I ViewRootImpl@79a1f0c[MainActivity]: Resizing android.view.ViewRootImpl@86daeef: frame = [0,0][1080,2340] reportDraw = false forceLayout = false syncSeqId = -1
09-23 14:16:44.788 29262 29262 I InsetsController: onStateChanged: host=app.revanced.manager.flutter/app.revanced.manager.flutter.MainActivity, from=android.view.ViewRootImpl.relayoutWindow:10072, state=InsetsState: {mDisplayFrame=Rect(0, 0 - 1080, 2340), mDisplayCutout=DisplayCutout{insets=Rect(0, 74 - 0, 0) waterfall=Insets{left=0, top=0, right=0, bottom=0} boundingRect={Bounds=[Rect(0, 0 - 0, 0), Rect(514, 0 - 566, 74), Rect(0, 0 - 0, 0), Rect(0, 0 - 0, 0)]} cutoutPathParserInfo={CutoutPathParserInfo{displayWidth=1080 displayHeight=2340 physicalDisplayWidth=1080 physicalDisplayHeight=2340 density={2.8125} cutoutSpec={M 0,0 H -9.244444444444444 V 26.31111111111111 H 9.244444444444444 V 0 H 0 Z @dp} rotation={0} scale={1.0} physicalPixelDisplaySizeRatio={1.0}}}}, mRoundedCorners=RoundedCorners{[RoundedCorner{position=TopLeft, radius=101, center=Point(101, 101)}, RoundedCorner{position=TopRight, radius=101, center=Point(979, 101)}, RoundedCorner{position=BottomRight, radius=101, center=Point(979, 2239)}, RoundedCorner{position=BottomLeft, radius=101, center=Point(101, 2239)}]} mRoundedCornerFrame=Rect(0, 0 - 1080, 2340), mPrivacyIndicatorBounds=PrivacyIndicatorBounds {static bounds=Rect(956, 0 - 1080, 74) rotation=0}, mDisplayShape=DisplayShape{ spec=-311912193 displayWidth=1080 displayHeight=2340 physicalPixelDisplaySizeRatio=1.0 rotation=0 offsetX=0 offsetY=0 scale=1.0}, mSources= { InsetsSource: {9e990000 mType=statusBars mFrame=[0,0][1080,74] mVisible=true mFlags=[]}, InsetsSource: {9e990005 mType=mandatorySystemGestures mFrame=[0,0][1080,108] mVisible=true mFlags=[]}, InsetsSource: {9e990006 mType=tappableElement mFrame=[0,0][1080,74] mVisible=true mFlags=[]}, InsetsSource: {b8580001 mType=navigationBars mFrame=[0,0][0,0] mVisible=true mFlags=[SUPPRESS_SCRIM]}, InsetsSource: {b8580004 mType=systemGestures mFrame=[0,0][0,0] mVisible=true mFlags=[]}, InsetsSource: {b8580005 mType=mandatorySystemGestures mFrame=[0,2250][1080,2340] mVisible=true mFlags=[]}, InsetsSource: {b8580006 mType=tappableElement mFrame=[0,0][0,0] mVisible=true mFlags=[]}, InsetsSource: {b8580024 mType=systemGestures mFrame=[0,0][0,0] mVisible=true mFlags=[]}, InsetsSource: {3 mType=ime mFrame=[0,0][0,0] mVisible=false mFlags=[]}, InsetsSource: {27 mType=displayCutout mFrame=[0,0][1080,74] mVisible=true mFlags=[]} }
09-23 14:16:44.789 29262 29262 I ViewRootImpl@79a1f0c[MainActivity]: Relayout returned: old=(0,0,1080,2340) new=(0,0,1080,2340) relayoutAsync=false req=(1080,2340)4 dur=5 res=0x400 s={false 0x0} ch=false seqId=0
09-23 14:16:44.789 29262 29262 D SurfaceView@12ddfb0: updateSurface: surface is not valid
09-23 14:16:44.789 29262 29262 I SurfaceView@12ddfb0: releaseSurfaces: viewRoot = ViewRootImpl@79a1f0c[MainActivity]
09-23 14:16:44.790 29262 29262 I ViewRootImpl@79a1f0c[MainActivity]: stopped(false) old = true
09-23 14:16:44.790 29262 29262 D ViewRootImpl@79a1f0c[MainActivity]: WindowStopped on app.revanced.manager.flutter/app.revanced.manager.flutter.MainActivity set to false
09-23 14:16:44.791 29262 29262 D SurfaceView@12ddfb0: updateSurface: surface is not valid
09-23 14:16:44.791 29262 29262 I SurfaceView@12ddfb0: releaseSurfaces: viewRoot = ViewRootImpl@79a1f0c[MainActivity]
09-23 14:16:44.796 29262 29262 I InsetsController: onStateChanged: host=app.revanced.manager.flutter/app.revanced.manager.flutter.MainActivity, from=android.view.ViewRootImpl$ViewRootHandler.handleMessageImpl:7196, state=InsetsState: {mDisplayFrame=Rect(0, 0 - 1080, 2340), mDisplayCutout=DisplayCutout{insets=Rect(0, 74 - 0, 0) waterfall=Insets{left=0, top=0, right=0, bottom=0} boundingRect={Bounds=[Rect(0, 0 - 0, 0), Rect(514, 0 - 566, 74), Rect(0, 0 - 0, 0), Rect(0, 0 - 0, 0)]} cutoutPathParserInfo={CutoutPathParserInfo{displayWidth=1080 displayHeight=2340 physicalDisplayWidth=1080 physicalDisplayHeight=2340 density={2.8125} cutoutSpec={M 0,0 H -9.244444444444444 V 26.31111111111111 H 9.244444444444444 V 0 H 0 Z @dp} rotation={0} scale={1.0} physicalPixelDisplaySizeRatio={1.0}}}}, mRoundedCorners=RoundedCorners{[RoundedCorner{position=TopLeft, radius=101, center=Point(101, 101)}, RoundedCorner{position=TopRight, radius=101, center=Point(979, 101)}, RoundedCorner{position=BottomRight, radius=101, center=Point(979, 2239)}, RoundedCorner{position=BottomLeft, radius=101, center=Point(101, 2239)}]} mRoundedCornerFrame=Rect(0, 0 - 1080, 2340), mPrivacyIndicatorBounds=PrivacyIndicatorBounds {static bounds=Rect(956, 0 - 1080, 74) rotation=0}, mDisplayShape=DisplayShape{ spec=-311912193 displayWidth=1080 displayHeight=2340 physicalPixelDisplaySizeRatio=1.0 rotation=0 offsetX=0 offsetY=0 scale=1.0}, mSources= { InsetsSource: {9e990000 mType=statusBars mFrame=[0,0][1080,74] mVisible=true mFlags=[]}, InsetsSource: {9e990005 mType=mandatorySystemGestures mFrame=[0,0][1080,108] mVisible=true mFlags=[]}, InsetsSource: {9e990006 mType=tappableElement mFrame=[0,0][1080,74] mVisible=true mFlags=[]}, InsetsSource: {b8580001 mType=navigationBars mFrame=[0,0][0,0] mVisible=false mFlags=[SUPPRESS_SCRIM]}, InsetsSource: {b8580004 mType=systemGestures mFrame=[0,0][0,0] mVisible=true mFlags=[]}, InsetsSource: {b8580005 mType=mandatorySystemGestures mFrame=[0,2250][1080,2340] mVisible=true mFlags=[]}, InsetsSource: {b8580006 mType=tappableElement mFrame=[0,0][0,0] mVisible=true mFlags=[]}, InsetsSource: {b8580024 mType=systemGestures mFrame=[0,0][0,0] mVisible=true mFlags=[]}, InsetsSource: {3 mType=ime mFrame=[0,0][0,0] mVisible=false mFlags=[]}, InsetsSource: {27 mType=displayCutout mFrame=[0,0][1080,74] mVisible=true mFlags=[]} }
09-23 14:16:44.796 29262 29262 I ViewRootImpl@79a1f0c[MainActivity]: handleResized, msg = 4 frames=ClientWindowFrames{frame=[0,0][1080,2340] display=[0,0][1080,2340] parentFrame=[0,0][0,0]} forceNextWindowRelayout=false displayId=0 dragResizing=false compatScale=1.0 frameChanged=false attachedFrameChanged=false configChanged=false displayChanged=false compatScaleChanged=false
09-23 14:16:44.796 29262 29262 I ViewRootImpl@79a1f0c[MainActivity]: onDisplayChanged oldDisplayState=1 newDisplayState=2
09-23 14:16:44.796 29262 29262 I InsetsController: onStateChanged: host=app.revanced.manager.flutter/app.revanced.manager.flutter.MainActivity, from=android.view.ViewRootImpl$ViewRootHandler.handleMessageImpl:7196, state=InsetsState: {mDisplayFrame=Rect(0, 0 - 1080, 2340), mDisplayCutout=DisplayCutout{insets=Rect(0, 74 - 0, 0) waterfall=Insets{left=0, top=0, right=0, bottom=0} boundingRect={Bounds=[Rect(0, 0 - 0, 0), Rect(514, 0 - 566, 74), Rect(0, 0 - 0, 0), Rect(0, 0 - 0, 0)]} cutoutPathParserInfo={CutoutPathParserInfo{displayWidth=1080 displayHeight=2340 physicalDisplayWidth=1080 physicalDisplayHeight=2340 density={2.8125} cutoutSpec={M 0,0 H -9.244444444444444 V 26.31111111111111 H 9.244444444444444 V 0 H 0 Z @dp} rotation={0} scale={1.0} physicalPixelDisplaySizeRatio={1.0}}}}, mRoundedCorners=RoundedCorners{[RoundedCorner{position=TopLeft, radius=101, center=Point(101, 101)}, RoundedCorner{position=TopRight, radius=101, center=Point(979, 101)}, RoundedCorner{position=BottomRight, radius=101, center=Point(979, 2239)}, RoundedCorner{position=BottomLeft, radius=101, center=Point(101, 2239)}]} mRoundedCornerFrame=Rect(0, 0 - 1080, 2340), mPrivacyIndicatorBounds=PrivacyIndicatorBounds {static bounds=Rect(956, 0 - 1080, 74) rotation=0}, mDisplayShape=DisplayShape{ spec=-311912193 displayWidth=1080 displayHeight=2340 physicalPixelDisplaySizeRatio=1.0 rotation=0 offsetX=0 offsetY=0 scale=1.0}, mSources= { InsetsSource: {9e990000 mType=statusBars mFrame=[0,0][1080,74] mVisible=true mFlags=[]}, InsetsSource: {9e990005 mType=mandatorySystemGestures mFrame=[0,0][1080,108] mVisible=true mFlags=[]}, InsetsSource: {9e990006 mType=tappableElement mFrame=[0,0][1080,74] mVisible=true mFlags=[]}, InsetsSource: {b8580001 mType=navigationBars mFrame=[0,0][0,0] mVisible=true mFlags=[SUPPRESS_SCRIM]}, InsetsSource: {b8580004 mType=systemGestures mFrame=[0,0][0,0] mVisible=true mFlags=[]}, InsetsSource: {b8580005 mType=mandatorySystemGestures mFrame=[0,2250][1080,2340] mVisible=true mFlags=[]}, InsetsSource: {b8580006 mType=tappableElement mFrame=[0,0][0,0] mVisible=true mFlags=[]}, InsetsSource: {b8580024 mType=systemGestures mFrame=[0,0][0,0] mVisible=true mFlags=[]}, InsetsSource: {3 mType=ime mFrame=[0,0][0,0] mVisible=false mFlags=[]}, InsetsSource: {27 mType=displayCutout mFrame=[0,0][1080,74] mVisible=true mFlags=[]} }
09-23 14:16:44.796 29262 29262 I ViewRootImpl@79a1f0c[MainActivity]: handleResized, msg = 4 frames=ClientWindowFrames{frame=[0,0][1080,2340] display=[0,0][1080,2340] parentFrame=[0,0][0,0]} forceNextWindowRelayout=false displayId=0 dragResizing=false compatScale=1.0 frameChanged=false attachedFrameChanged=false configChanged=false displayChanged=false compatScaleChanged=false
09-23 14:16:44.808 29262 29262 I SurfaceView@12ddfb0: onWindowVisibilityChanged(0) false io.flutter.embedding.android.FlutterSurfaceView{12ddfb0 V.E...... ......ID 0,0-1080,2340} of ViewRootImpl@79a1f0c[MainActivity]
09-23 14:16:44.808 29262 29262 D SurfaceView@12ddfb0: updateSurface: surface is not valid
09-23 14:16:44.808 29262 29262 I SurfaceView@12ddfb0: releaseSurfaces: viewRoot = ViewRootImpl@79a1f0c[MainActivity]
09-23 14:16:44.825 29262 29262 I InsetsSourceConsumer: applyRequestedVisibilityToControl: visible=true, type=navigationBars, host=app.revanced.manager.flutter/app.revanced.manager.flutter.MainActivity
09-23 14:16:44.825 29262 29262 I InsetsSourceConsumer: applyRequestedVisibilityToControl: visible=true, type=statusBars, host=app.revanced.manager.flutter/app.revanced.manager.flutter.MainActivity
09-23 14:16:44.826 29262 29262 I BufferQueueProducer: [](id:724e00000004,api:0,p:-1,c:29262) setDequeueTimeout:2077252342
09-23 14:16:44.826 29262 29262 I BLASTBufferQueue_Java: new BLASTBufferQueue, mName= ViewRootImpl@79a1f0c[MainActivity] mNativeObject= 0xb40000713c4f1b70 sc.mNativeObject= 0xb40000710c50d150 caller= android.view.ViewRootImpl.updateBlastSurfaceIfNeeded:3028 android.view.ViewRootImpl.relayoutWindow:10131 android.view.ViewRootImpl.performTraversals:4110 android.view.ViewRootImpl.doTraversal:3288 android.view.ViewRootImpl$TraversalRunnable.run:11344 android.view.Choreographer$CallbackRecord.run:1689 android.view.Choreographer$CallbackRecord.run:1698 android.view.Choreographer.doCallbacks:1153 android.view.Choreographer.doFrame:1079 android.view.Choreographer$FrameDisplayEventReceiver.run:1646
09-23 14:16:44.826 29262 29262 I BLASTBufferQueue_Java: update, w= 1080 h= 2340 mName = ViewRootImpl@79a1f0c[MainActivity] mNativeObject= 0xb40000713c4f1b70 sc.mNativeObject= 0xb40000710c50d150 format= -3 caller= android.graphics.BLASTBufferQueue.:89 android.view.ViewRootImpl.updateBlastSurfaceIfNeeded:3028 android.view.ViewRootImpl.relayoutWindow:10131 android.view.ViewRootImpl.performTraversals:4110 android.view.ViewRootImpl.doTraversal:3288 android.view.ViewRootImpl$TraversalRunnable.run:11344
09-23 14:16:44.826 29262 29262 I ViewRootImpl@79a1f0c[MainActivity]: Relayout returned: old=(0,0,1080,2340) new=(0,0,1080,2340) relayoutAsync=false req=(1080,2340)0 dur=16 res=0x403 s={true 0xb40000700c505950} ch=true seqId=0
09-23 14:16:44.827 29262 29262 D ViewRootImpl@79a1f0c[MainActivity]: mThreadedRenderer.initialize() mSurface={isValid=true 0xb40000700c505950} hwInitialized=true
09-23 14:16:44.827 29262 29262 I SurfaceView: 19783600 Changes: creating=false format=false size=false visible=false alpha=false hint=false visible=false left=false top=false z=false attached=true lifecycleStrategy=false
09-23 14:16:44.827 29262 29262 I SurfaceView@12ddfb0: windowStopped(false) true io.flutter.embedding.android.FlutterSurfaceView{12ddfb0 V.E...... ......ID 0,0-1080,2340} of ViewRootImpl@79a1f0c[MainActivity]
09-23 14:16:44.827 29262 29262 I SurfaceView: 19783600 Changes: creating=true format=false size=false visible=true alpha=false hint=false visible=true left=false top=false z=false attached=true lifecycleStrategy=false
09-23 14:16:44.828 29262 29262 I BufferQueueProducer: [](id:724e00000005,api:0,p:7077993,c:29262) setDequeueTimeout:2077252342
09-23 14:16:44.829 29262 29262 I BLASTBufferQueue_Java: update, w= 1080 h= 2340 mName = null mNativeObject= 0xb40000713c50fcb0 sc.mNativeObject= 0xb40000710c4f6290 format= 4 caller= android.view.SurfaceView.createBlastSurfaceControls:1517 android.view.SurfaceView.updateSurface:1193 android.view.SurfaceView.setWindowStopped:403 android.view.SurfaceView.surfaceCreated:1994 android.view.ViewRootImpl.notifySurfaceCreated:2945 android.view.ViewRootImpl.performTraversals:4580
09-23 14:16:44.829 29262 29262 I SurfaceView@12ddfb0: 19783600 Cur surface: Surface(name=null)/@0x9cf2f9c
09-23 14:16:44.829 29262 29262 I SurfaceView@12ddfb0: pST: sr = Rect(0, 0 - 1080, 2340) sw = 1080 sh = 2340
09-23 14:16:44.829 29262 29262 D SurfaceView@12ddfb0: 19783600 performSurfaceTransaction RenderWorker position = [0, 0, 1080, 2340] surfaceSize = 1080x2340
09-23 14:16:44.829 29262 29262 I SurfaceView@12ddfb0: updateSurface: mVisible = true mSurface.isValid() = true
09-23 14:16:44.829 29262 29262 I SurfaceView@12ddfb0: updateSurface: mSurfaceCreated = false surfaceChanged = true visibleChanged = true
09-23 14:16:44.829 29262 29262 I SurfaceView: 19783600 visibleChanged -- surfaceCreated
09-23 14:16:44.829 29262 29262 I SurfaceView@12ddfb0: surfaceCreated 1 #1 io.flutter.embedding.android.FlutterSurfaceView{12ddfb0 V.E...... ......ID 0,0-1080,2340}
09-23 14:16:44.833 29262 29262 I SurfaceView: 19783600 surfaceChanged -- format=4 w=1080 h=2340
09-23 14:16:44.833 29262 29262 I SurfaceView@12ddfb0: surfaceChanged (1080,2340) 1 #1 io.flutter.embedding.android.FlutterSurfaceView{12ddfb0 V.E...... ......ID 0,0-1080,2340}
09-23 14:16:44.837 29262 29262 I SurfaceView: 19783600 surfaceRedrawNeeded
09-23 14:16:44.838 29262 29262 I SurfaceView: 19783600 finishedDrawing
09-23 14:16:44.838 29262 29262 V SurfaceView@12ddfb0: Layout: x=0 y=0 w=1080 h=2340, frame=Rect(0, 0 - 1080, 2340)
09-23 14:16:44.838 29262 29262 D ViewRootImpl@79a1f0c[MainActivity]: reportNextDraw android.view.ViewRootImpl.performTraversals:4718 android.view.ViewRootImpl.doTraversal:3288 android.view.ViewRootImpl$TraversalRunnable.run:11344 android.view.Choreographer$CallbackRecord.run:1689 android.view.Choreographer$CallbackRecord.run:1698
09-23 14:16:44.839 29262 29262 I ViewRootImpl@79a1f0c[MainActivity]: Setup new sync=wmsSync-ViewRootImpl@79a1f0c[MainActivity]#8
09-23 14:16:44.839 29262 29262 I ViewRootImpl@79a1f0c[MainActivity]: Creating new active sync group ViewRootImpl@79a1f0c[MainActivity]#9
09-23 14:16:44.839 29262 29262 I ViewRootImpl@79a1f0c[MainActivity]: registerCallbacksForSync syncBuffer=false
09-23 14:16:44.842 29262 29282 D SurfaceView: 19783600 updateSurfacePosition RenderWorker, frameNr = 1, position = [0, 0, 1080, 2340] surfaceSize = 1080x2340
09-23 14:16:44.842 29262 29282 I SurfaceView@12ddfb0: uSP: rtp = Rect(0, 0 - 1080, 2340) rtsw = 1080 rtsh = 2340
09-23 14:16:44.842 29262 29282 I SurfaceView@12ddfb0: onSSPAndSRT: pl = 0 pt = 0 sx = 1.0 sy = 1.0
09-23 14:16:44.846 29262 29282 I SurfaceView@12ddfb0: aOrMT: ViewRootImpl@79a1f0c[MainActivity] t = android.view.SurfaceControl$Transaction@c1f761 fN = 1 android.view.SurfaceView.-$$Nest$mapplyOrMergeTransaction:0 android.view.SurfaceView$SurfaceViewPositionUpdateListener.positionChanged:1666 android.graphics.RenderNode$CompositePositionUpdateListener.positionChanged:369
09-23 14:16:44.846 29262 29282 I ViewRootImpl@79a1f0c[MainActivity]: mWNT: t=0xb40000704c502110 mBlastBufferQueue=0xb40000713c4f1b70 fn= 1 mRenderHdrSdrRatio=1.0 caller= android.view.SurfaceView.applyOrMergeTransaction:1598 android.view.SurfaceView.-$$Nest$mapplyOrMergeTransaction:0 android.view.SurfaceView$SurfaceViewPositionUpdateListener.positionChanged:1666
09-23 14:16:44.847 29262 30145 I ViewRootImpl@79a1f0c[MainActivity]: mWNT: t=0xb40000704c56abd0 mBlastBufferQueue=0xb40000713c4f1b70 fn= 1 mRenderHdrSdrRatio=1.0 caller= android.view.SyncRtSurfaceTransactionApplier.applyTransaction:96 android.view.SyncRtSurfaceTransactionApplier.lambda$scheduleApply$0:69 android.view.SyncRtSurfaceTransactionApplier.$r8$lambda$SgowXC58rj3PR958kHUfRgLZmvE:0
09-23 14:16:44.847 29262 30145 I ViewRootImpl@79a1f0c[MainActivity]: Received frameDrawingCallback syncResult=0 frameNum=1.
09-23 14:16:44.847 29262 30145 I ViewRootImpl@79a1f0c[MainActivity]: mWNT: t=0xb40000704c5bb590 mBlastBufferQueue=0xb40000713c4f1b70 fn= 1 mRenderHdrSdrRatio=1.0 caller= android.view.ViewRootImpl$8.onFrameDraw:13841 android.view.ThreadedRenderer$1.onFrameDraw:792
09-23 14:16:44.847 29262 30145 I ViewRootImpl@79a1f0c[MainActivity]: Setting up sync and frameCommitCallback
09-23 14:16:44.854 29262 29282 I BLASTBufferQueue: [ViewRootImpl@79a1f0c[MainActivity]#4](f:0,a:0,s:0) onFrameAvailable the first frame is available
09-23 14:16:44.858 29262 29282 I ViewRootImpl@79a1f0c[MainActivity]: Received frameCommittedCallback lastAttemptedDrawFrameNum=1 didProduceBuffer=true
09-23 14:16:44.860 29262 29262 I ViewRootImpl@79a1f0c[MainActivity]: reportDrawFinished seqId=0
09-23 14:16:44.892 29262 29289 I BLASTBufferQueue: [SurfaceView[app.revanced.manager.flutter/app.revanced.manager.flutter.MainActivity]@0#5](f:0,a:0,s:0) onFrameAvailable the first frame is available
09-23 14:16:44.906 29262 29262 I ViewRootImpl@79a1f0c[MainActivity]: handleWindowFocusChanged: 1 0 call from android.view.ViewRootImpl.-$$Nest$mhandleWindowFocusChanged:0
09-23 14:16:44.906 29262 29262 D ViewRootImpl@79a1f0c[MainActivity]: mThreadedRenderer.initializeIfNeeded()#2 mSurface={isValid=true 0xb40000700c505950}
09-23 14:16:44.906 29262 29262 D InputMethodManagerUtils: startInputInner - Id : 0
09-23 14:16:44.906 29262 29262 I InputMethodManager: startInputInner - IInputMethodManagerGlobalInvoker.startInputOrWindowGainedFocus
09-23 14:16:44.938 29262 29262 I ViewRootImpl@79a1f0c[MainActivity]: onDisplayChanged oldDisplayState=2 newDisplayState=2
09-23 14:16:44.939 29262 29262 I InsetsSourceConsumer: applyRequestedVisibilityToControl: visible=true, type=navigationBars, host=app.revanced.manager.flutter/app.revanced.manager.flutter.MainActivity
09-23 14:16:44.956 29262 30146 I ViewRootImpl@79a1f0c[MainActivity]: mWNT: t=0xb40000704c56cf90 mBlastBufferQueue=0xb40000713c4f1b70 fn= 2 mRenderHdrSdrRatio=1.0 caller= android.view.SyncRtSurfaceTransactionApplier.applyTransaction:96 android.view.SyncRtSurfaceTransactionApplier.lambda$scheduleApply$0:69 android.view.SyncRtSurfaceTransactionApplier.$r8$lambda$SgowXC58rj3PR958kHUfRgLZmvE:0
09-23 14:17:09.370 29262 29262 I ViewRootImpl@79a1f0c[MainActivity]: ViewPostIme pointer 0
09-23 14:17:09.511 29262 29262 I ViewRootImpl@79a1f0c[MainActivity]: ViewPostIme pointer 1
09-23 14:17:30.501 29262 29262 W PackageParser: Unknown element under : queries at /data/user/0/app.revanced.manager.flutter/files/patcher/tmp-ATJYVP/out.apk Binary XML file line #2
09-23 14:17:30.507 29262 29262 W PackageParser: Unknown element under : property at /data/user/0/app.revanced.manager.flutter/files/patcher/tmp-ATJYVP/out.apk Binary XML file line #146
09-23 14:17:30.512 29262 29262 W PackageParser: No actions in intent filter at /data/user/0/app.revanced.manager.flutter/files/patcher/tmp-ATJYVP/out.apk Binary XML file line #479
09-23 14:17:37.371 29262 29262 I ViewRootImpl@79a1f0c[MainActivity]: ViewPostIme pointer 0
09-23 14:17:37.439 29262 29262 I ViewRootImpl@79a1f0c[MainActivity]: ViewPostIme pointer 1
09-23 14:17:37.467 29262 29262 W ziparchive: Unable to open '/data/app/~~0PmXXhnz8h6qeyguMhBbtA==/com.microsoft.office.officehubrow-77XeScqlV1lsuq2yYotmPA==/base.apk': No such file or directory
09-23 14:17:37.467 29262 29262 E manager.flutter: Failed to open APK '/data/app/~~0PmXXhnz8h6qeyguMhBbtA==/com.microsoft.office.officehubrow-77XeScqlV1lsuq2yYotmPA==/base.apk': I/O error
09-23 14:17:37.474 29262 29262 W ResourcesManager: failed to preload asset path '/data/app/~~0PmXXhnz8h6qeyguMhBbtA==/com.microsoft.office.officehubrow-77XeScqlV1lsuq2yYotmPA==/base.apk'
09-23 14:17:37.474 29262 29262 W ResourcesManager: java.io.IOException: Failed to load asset path /data/app/~~0PmXXhnz8h6qeyguMhBbtA==/com.microsoft.office.officehubrow-77XeScqlV1lsuq2yYotmPA==/base.apk
09-23 14:17:37.474 29262 29262 W ResourcesManager: at android.content.res.ApkAssets.nativeLoad(Native Method)
09-23 14:17:37.474 29262 29262 W ResourcesManager: at android.content.res.ApkAssets.(ApkAssets.java:298)
09-23 14:17:37.474 29262 29262 W ResourcesManager: at android.content.res.ApkAssets.loadFromPath(ApkAssets.java:147)
09-23 14:17:37.474 29262 29262 W ResourcesManager: at android.app.ResourcesManager.loadApkAssets(ResourcesManager.java:516)
09-23 14:17:37.474 29262 29262 W ResourcesManager: at android.app.ResourcesManager.-$$Nest$mloadApkAssets(Unknown Source:0)
09-23 14:17:37.474 29262 29262 W ResourcesManager: at android.app.ResourcesManager$ApkAssetsSupplier.load(ResourcesManager.java:179)
09-23 14:17:37.474 29262 29262 W ResourcesManager: at android.app.ResourcesManager.createApkAssetsSupplierNotLocked(ResourcesManager.java:1210)
09-23 14:17:37.474 29262 29262 W ResourcesManager: at android.app.ResourcesManager.getResources(ResourcesManager.java:1379)
09-23 14:17:37.474 29262 29262 W ResourcesManager: at android.app.ResourcesManager.getResources(ResourcesManager.java:1317)
09-23 14:17:37.474 29262 29262 W ResourcesManager: at android.app.ActivityThread.getTopLevelResources(ActivityThread.java:2855)
09-23 14:17:37.474 29262 29262 W ResourcesManager: at android.app.ApplicationPackageManager.getResourcesForApplication(ApplicationPackageManager.java:2226)
09-23 14:17:37.474 29262 29262 W ResourcesManager: at android.app.ApplicationPackageManager.getResourcesForApplication(ApplicationPackageManager.java:2212)
09-23 14:17:37.474 29262 29262 W ResourcesManager: at android.app.ApplicationPackageManager.getText(ApplicationPackageManager.java:2544)
09-23 14:17:37.474 29262 29262 W ResourcesManager: at android.content.pm.ResolveInfo.loadLabel(ResolveInfo.java:241)
09-23 14:17:37.474 29262 29262 W ResourcesManager: at io.flutter.plugin.text.ProcessTextPlugin.queryTextActions(Unknown Source:44)
09-23 14:17:37.474 29262 29262 W ResourcesManager: at io.flutter.embedding.engine.systemchannels.ProcessTextChannel$1.onMethodCall(Unknown Source:45)
09-23 14:17:37.474 29262 29262 W ResourcesManager: at io.flutter.plugin.common.MethodChannel$IncomingMethodCallHandler.onMessage(Unknown Source:17)
09-23 14:17:37.474 29262 29262 W ResourcesManager: at io.flutter.embedding.engine.dart.DartMessenger.invokeHandler(Unknown Source:18)
09-23 14:17:37.474 29262 29262 W ResourcesManager: at io.flutter.embedding.engine.dart.DartMessenger.lambda$dispatchMessageToQueue$0(Unknown Source:41)
09-23 14:17:37.474 29262 29262 W ResourcesManager: at io.flutter.embedding.engine.dart.DartMessenger.$r8$lambda$BqGJF3aBeRT05gDeKMoHH6eOjH0(SourceFile:0)
09-23 14:17:37.474 29262 29262 W ResourcesManager: at io.flutter.embedding.engine.dart.DartMessenger$$ExternalSyntheticLambda0.run(SourceFile:0)
09-23 14:17:37.474 29262 29262 W ResourcesManager: at android.os.Handler.handleCallback(Handler.java:958)
09-23 14:17:37.474 29262 29262 W ResourcesManager: at android.os.Handler.dispatchMessage(Handler.java:99)
09-23 14:17:37.474 29262 29262 W ResourcesManager: at android.os.Looper.loopOnce(Looper.java:230)
09-23 14:17:37.474 29262 29262 W ResourcesManager: at android.os.Looper.loop(Looper.java:319)
09-23 14:17:37.474 29262 29262 W ResourcesManager: at android.app.ActivityThread.main(ActivityThread.java:8919)
09-23 14:17:37.474 29262 29262 W ResourcesManager: at java.lang.reflect.Method.invoke(Native Method)
09-23 14:17:37.474 29262 29262 W ResourcesManager: at com.android.internal.os.RuntimeInit$MethodAndArgsCaller.run(RuntimeInit.java:578)
09-23 14:17:37.474 29262 29262 W ResourcesManager: at com.android.internal.os.ZygoteInit.main(ZygoteInit.java:1103)
09-23 14:17:37.474 29262 29262 W ziparchive: Unable to open '/data/app/~~0PmXXhnz8h6qeyguMhBbtA==/com.microsoft.office.officehubrow-77XeScqlV1lsuq2yYotmPA==/split_config.en.apk': No such file or directory
09-23 14:17:37.474 29262 29262 E manager.flutter: Failed to open APK '/data/app/~~0PmXXhnz8h6qeyguMhBbtA==/com.microsoft.office.officehubrow-77XeScqlV1lsuq2yYotmPA==/split_config.en.apk': I/O error
09-23 14:17:37.475 29262 29262 W ResourcesManager: failed to preload asset path '/data/app/~~0PmXXhnz8h6qeyguMhBbtA==/com.microsoft.office.officehubrow-77XeScqlV1lsuq2yYotmPA==/split_config.en.apk'
09-23 14:17:37.475 29262 29262 W ResourcesManager: java.io.IOException: Failed to load asset path /data/app/~~0PmXXhnz8h6qeyguMhBbtA==/com.microsoft.office.officehubrow-77XeScqlV1lsuq2yYotmPA==/split_config.en.apk
09-23 14:17:37.475 29262 29262 W ResourcesManager: at android.content.res.ApkAssets.nativeLoad(Native Method)
09-23 14:17:37.475 29262 29262 W ResourcesManager: at android.content.res.ApkAssets.(ApkAssets.java:298)
09-23 14:17:37.475 29262 29262 W ResourcesManager: at android.content.res.ApkAssets.loadFromPath(ApkAssets.java:147)
09-23 14:17:37.475 29262 29262 W ResourcesManager: at android.app.ResourcesManager.loadApkAssets(ResourcesManager.java:516)
09-23 14:17:37.475 29262 29262 W ResourcesManager: at android.app.ResourcesManager.-$$Nest$mloadApkAssets(Unknown Source:0)
09-23 14:17:37.475 29262 29262 W ResourcesManager: at android.app.ResourcesManager$ApkAssetsSupplier.load(ResourcesManager.java:179)
09-23 14:17:37.475 29262 29262 W ResourcesManager: at android.app.ResourcesManager.createApkAssetsSupplierNotLocked(ResourcesManager.java:1210)
09-23 14:17:37.475 29262 29262 W ResourcesManager: at android.app.ResourcesManager.getResources(ResourcesManager.java:1379)
09-23 14:17:37.475 29262 29262 W ResourcesManager: at android.app.ResourcesManager.getResources(ResourcesManager.java:1317)
09-23 14:17:37.475 29262 29262 W ResourcesManager: at android.app.ActivityThread.getTopLevelResources(ActivityThread.java:2855)
09-23 14:17:37.475 29262 29262 W ResourcesManager: at android.app.ApplicationPackageManager.getResourcesForApplication(ApplicationPackageManager.java:2226)
09-23 14:17:37.475 29262 29262 W ResourcesManager: at android.app.ApplicationPackageManager.getResourcesForApplication(ApplicationPackageManager.java:2212)
09-23 14:17:37.475 29262 29262 W ResourcesManager: at android.app.ApplicationPackageManager.getText(ApplicationPackageManager.java:2544)
09-23 14:17:37.475 29262 29262 W ResourcesManager: at android.content.pm.ResolveInfo.loadLabel(ResolveInfo.java:241)
09-23 14:17:37.475 29262 29262 W ResourcesManager: at io.flutter.plugin.text.ProcessTextPlugin.queryTextActions(Unknown Source:44)
09-23 14:17:37.475 29262 29262 W ResourcesManager: at io.flutter.embedding.engine.systemchannels.ProcessTextChannel$1.onMethodCall(Unknown Source:45)
09-23 14:17:37.475 29262 29262 W ResourcesManager: at io.flutter.plugin.common.MethodChannel$IncomingMethodCallHandler.onMessage(Unknown Source:17)
09-23 14:17:37.475 29262 29262 W ResourcesManager: at io.flutter.embedding.engine.dart.DartMessenger.invokeHandler(Unknown Source:18)
09-23 14:17:37.475 29262 29262 W ResourcesManager: at io.flutter.embedding.engine.dart.DartMessenger.lambda$dispatchMessageToQueue$0(Unknown Source:41)
09-23 14:17:37.475 29262 29262 W ResourcesManager: at io.flutter.embedding.engine.dart.DartMessenger.$r8$lambda$BqGJF3aBeRT05gDeKMoHH6eOjH0(SourceFile:0)
09-23 14:17:37.475 29262 29262 W ResourcesManager: at io.flutter.embedding.engine.dart.DartMessenger$$ExternalSyntheticLambda0.run(SourceFile:0)
09-23 14:17:37.475 29262 29262 W ResourcesManager: at android.os.Handler.handleCallback(Handler.java:958)
09-23 14:17:37.475 29262 29262 W ResourcesManager: at android.os.Handler.dispatchMessage(Handler.java:99)
09-23 14:17:37.475 29262 29262 W ResourcesManager: at android.os.Looper.loopOnce(Looper.java:230)
09-23 14:17:37.475 29262 29262 W ResourcesManager: at android.os.Looper.loop(Looper.java:319)
09-23 14:17:37.475 29262 29262 W ResourcesManager: at android.app.ActivityThread.main(ActivityThread.java:8919)
09-23 14:17:37.475 29262 29262 W ResourcesManager: at java.lang.reflect.Method.invoke(Native Method)
09-23 14:17:37.475 29262 29262 W ResourcesManager: at com.android.internal.os.RuntimeInit$MethodAndArgsCaller.run(RuntimeInit.java:578)
09-23 14:17:37.475 29262 29262 W ResourcesManager: at com.android.internal.os.ZygoteInit.main(ZygoteInit.java:1103)
09-23 14:17:37.475 29262 29262 W ziparchive: Unable to open '/data/app/~~0PmXXhnz8h6qeyguMhBbtA==/com.microsoft.office.officehubrow-77XeScqlV1lsuq2yYotmPA==/split_config.xxhdpi.apk': No such file or directory
09-23 14:17:37.475 29262 29262 E manager.flutter: Failed to open APK '/data/app/~~0PmXXhnz8h6qeyguMhBbtA==/com.microsoft.office.officehubrow-77XeScqlV1lsuq2yYotmPA==/split_config.xxhdpi.apk': I/O error
09-23 14:17:37.475 29262 29262 W ResourcesManager: failed to preload asset path '/data/app/~~0PmXXhnz8h6qeyguMhBbtA==/com.microsoft.office.officehubrow-77XeScqlV1lsuq2yYotmPA==/split_config.xxhdpi.apk'
09-23 14:17:37.475 29262 29262 W ResourcesManager: java.io.IOException: Failed to load asset path /data/app/~~0PmXXhnz8h6qeyguMhBbtA==/com.microsoft.office.officehubrow-77XeScqlV1lsuq2yYotmPA==/split_config.xxhdpi.apk
09-23 14:17:37.475 29262 29262 W ResourcesManager: at android.content.res.ApkAssets.nativeLoad(Native Method)
09-23 14:17:37.475 29262 29262 W ResourcesManager: at android.content.res.ApkAssets.(ApkAssets.java:298)
09-23 14:17:37.475 29262 29262 W ResourcesManager: at android.content.res.ApkAssets.loadFromPath(ApkAssets.java:147)
09-23 14:17:37.475 29262 29262 W ResourcesManager: at android.app.ResourcesManager.loadApkAssets(ResourcesManager.java:516)
09-23 14:17:37.475 29262 29262 W ResourcesManager: at android.app.ResourcesManager.-$$Nest$mloadApkAssets(Unknown Source:0)
09-23 14:17:37.475 29262 29262 W ResourcesManager: at android.app.ResourcesManager$ApkAssetsSupplier.load(ResourcesManager.java:179)
09-23 14:17:37.475 29262 29262 W ResourcesManager: at android.app.ResourcesManager.createApkAssetsSupplierNotLocked(ResourcesManager.java:1210)
09-23 14:17:37.475 29262 29262 W ResourcesManager: at android.app.ResourcesManager.getResources(ResourcesManager.java:1379)
09-23 14:17:37.475 29262 29262 W ResourcesManager: at android.app.ResourcesManager.getResources(ResourcesManager.java:1317)
09-23 14:17:37.475 29262 29262 W ResourcesManager: at android.app.ActivityThread.getTopLevelResources(ActivityThread.java:2855)
09-23 14:17:37.475 29262 29262 W ResourcesManager: at android.app.ApplicationPackageManager.getResourcesForApplication(ApplicationPackageManager.java:2226)
