09-23 14:17:37.479 29262 29262 W ziparchive: Unable to open '/data/app/~~0PmXXhnz8h6qeyguMhBbtA==/com.microsoft.office.officehubrow-77XeScqlV1lsuq2yYotmPA==/split_config.en.apk': No such file or directory
09-23 14:17:37.479 29262 29262 E manager.flutter: Failed to open APK '/data/app/~~0PmXXhnz8h6qeyguMhBbtA==/com.microsoft.office.officehubrow-77XeScqlV1lsuq2yYotmPA==/split_config.en.apk': I/O error
09-23 14:17:37.479 29262 29262 W ResourcesManager: failed to preload asset path '/data/app/~~0PmXXhnz8h6qeyguMhBbtA==/com.microsoft.office.officehubrow-77XeScqlV1lsuq2yYotmPA==/split_config.en.apk'
09-23 14:17:37.479 29262 29262 W ResourcesManager: java.io.IOException: Failed to load asset path /data/app/~~0PmXXhnz8h6qeyguMhBbtA==/com.microsoft.office.officehubrow-77XeScqlV1lsuq2yYotmPA==/split_config.en.apk
09-23 14:17:37.479 29262 29262 W ResourcesManager: at android.content.res.ApkAssets.nativeLoad(Native Method)
09-23 14:17:37.479 29262 29262 W ResourcesManager: at android.content.res.ApkAssets.(ApkAssets.java:298)
09-23 14:17:37.479 29262 29262 W ResourcesManager: at android.content.res.ApkAssets.loadFromPath(ApkAssets.java:147)
09-23 14:17:37.479 29262 29262 W ResourcesManager: at android.app.ResourcesManager.loadApkAssets(ResourcesManager.java:516)
09-23 14:17:37.479 29262 29262 W ResourcesManager: at android.app.ResourcesManager.-$$Nest$mloadApkAssets(Unknown Source:0)
09-23 14:17:37.479 29262 29262 W ResourcesManager: at android.app.ResourcesManager$ApkAssetsSupplier.load(ResourcesManager.java:179)
09-23 14:17:37.479 29262 29262 W ResourcesManager: at android.app.ResourcesManager.createApkAssetsSupplierNotLocked(ResourcesManager.java:1210)
09-23 14:17:37.479 29262 29262 W ResourcesManager: at android.app.ResourcesManager.getResources(ResourcesManager.java:1379)
09-23 14:17:37.479 29262 29262 W ResourcesManager: at android.app.ResourcesManager.getResources(ResourcesManager.java:1317)
09-23 14:17:37.479 29262 29262 W ResourcesManager: at android.app.ActivityThread.getTopLevelResources(ActivityThread.java:2855)
09-23 14:17:37.479 29262 29262 W ResourcesManager: at android.app.ApplicationPackageManager.getResourcesForApplication(ApplicationPackageManager.java:2226)
09-23 14:17:37.479 29262 29262 W ResourcesManager: at android.app.ApplicationPackageManager.getResourcesForApplication(ApplicationPackageManager.java:2212)
09-23 14:17:37.479 29262 29262 W ResourcesManager: at android.app.ApplicationPackageManager.getText(ApplicationPackageManager.java:2544)
09-23 14:17:37.479 29262 29262 W ResourcesManager: at android.content.pm.ComponentInfo.loadUnsafeLabel(ComponentInfo.java:187)
09-23 14:17:37.479 29262 29262 W ResourcesManager: at android.content.pm.PackageItemInfo.loadLabel(PackageItemInfo.java:219)
09-23 14:17:37.479 29262 29262 W ResourcesManager: at android.content.pm.ResolveInfo.loadLabel(ResolveInfo.java:247)
09-23 14:17:37.479 29262 29262 W ResourcesManager: at io.flutter.plugin.text.ProcessTextPlugin.queryTextActions(Unknown Source:44)
09-23 14:17:37.479 29262 29262 W ResourcesManager: at io.flutter.embedding.engine.systemchannels.ProcessTextChannel$1.onMethodCall(Unknown Source:45)
09-23 14:17:37.479 29262 29262 W ResourcesManager: at io.flutter.plugin.common.MethodChannel$IncomingMethodCallHandler.onMessage(Unknown Source:17)
09-23 14:17:37.479 29262 29262 W ResourcesManager: at io.flutter.embedding.engine.dart.DartMessenger.invokeHandler(Unknown Source:18)
09-23 14:17:37.479 29262 29262 W ResourcesManager: at io.flutter.embedding.engine.dart.DartMessenger.lambda$dispatchMessageToQueue$0(Unknown Source:41)
09-23 14:17:37.479 29262 29262 W ResourcesManager: at io.flutter.embedding.engine.dart.DartMessenger.$r8$lambda$BqGJF3aBeRT05gDeKMoHH6eOjH0(SourceFile:0)
09-23 14:17:37.479 29262 29262 W ResourcesManager: at io.flutter.embedding.engine.dart.DartMessenger$$ExternalSyntheticLambda0.run(SourceFile:0)
09-23 14:17:37.479 29262 29262 W ResourcesManager: at android.os.Handler.handleCallback(Handler.java:958)
09-23 14:17:37.479 29262 29262 W ResourcesManager: at android.os.Handler.dispatchMessage(Handler.java:99)
09-23 14:17:37.479 29262 29262 W ResourcesManager: at android.os.Looper.loopOnce(Looper.java:230)
09-23 14:17:37.479 29262 29262 W ResourcesManager: at android.os.Looper.loop(Looper.java:319)
09-23 14:17:37.479 29262 29262 W ResourcesManager: at android.app.ActivityThread.main(ActivityThread.java:8919)
09-23 14:17:37.479 29262 29262 W ResourcesManager: at java.lang.reflect.Method.invoke(Native Method)
09-23 14:17:37.479 29262 29262 W ResourcesManager: at com.android.internal.os.RuntimeInit$MethodAndArgsCaller.run(RuntimeInit.java:578)
09-23 14:17:37.479 29262 29262 W ResourcesManager: at com.android.internal.os.ZygoteInit.main(ZygoteInit.java:1103)
09-23 14:17:37.479 29262 29262 W ziparchive: Unable to open '/data/app/~~0PmXXhnz8h6qeyguMhBbtA==/com.microsoft.office.officehubrow-77XeScqlV1lsuq2yYotmPA==/split_config.xxhdpi.apk': No such file or directory
09-23 14:17:37.479 29262 29262 E manager.flutter: Failed to open APK '/data/app/~~0PmXXhnz8h6qeyguMhBbtA==/com.microsoft.office.officehubrow-77XeScqlV1lsuq2yYotmPA==/split_config.xxhdpi.apk': I/O error
09-23 14:17:37.479 29262 29262 W ResourcesManager: failed to preload asset path '/data/app/~~0PmXXhnz8h6qeyguMhBbtA==/com.microsoft.office.officehubrow-77XeScqlV1lsuq2yYotmPA==/split_config.xxhdpi.apk'
09-23 14:17:37.479 29262 29262 W ResourcesManager: java.io.IOException: Failed to load asset path /data/app/~~0PmXXhnz8h6qeyguMhBbtA==/com.microsoft.office.officehubrow-77XeScqlV1lsuq2yYotmPA==/split_config.xxhdpi.apk
09-23 14:17:37.479 29262 29262 W ResourcesManager: at android.content.res.ApkAssets.nativeLoad(Native Method)
09-23 14:17:37.479 29262 29262 W ResourcesManager: at android.content.res.ApkAssets.(ApkAssets.java:298)
09-23 14:17:37.479 29262 29262 W ResourcesManager: at android.content.res.ApkAssets.loadFromPath(ApkAssets.java:147)
09-23 14:17:37.479 29262 29262 W ResourcesManager: at android.app.ResourcesManager.loadApkAssets(ResourcesManager.java:516)
09-23 14:17:37.479 29262 29262 W ResourcesManager: at android.app.ResourcesManager.-$$Nest$mloadApkAssets(Unknown Source:0)
09-23 14:17:37.479 29262 29262 W ResourcesManager: at android.app.ResourcesManager$ApkAssetsSupplier.load(ResourcesManager.java:179)
09-23 14:17:37.479 29262 29262 W ResourcesManager: at android.app.ResourcesManager.createApkAssetsSupplierNotLocked(ResourcesManager.java:1210)
09-23 14:17:37.479 29262 29262 W ResourcesManager: at android.app.ResourcesManager.getResources(ResourcesManager.java:1379)
09-23 14:17:37.479 29262 29262 W ResourcesManager: at android.app.ResourcesManager.getResources(ResourcesManager.java:1317)
09-23 14:17:37.479 29262 29262 W ResourcesManager: at android.app.ActivityThread.getTopLevelResources(ActivityThread.java:2855)
09-23 14:17:37.479 29262 29262 W ResourcesManager: at android.app.ApplicationPackageManager.getResourcesForApplication(ApplicationPackageManager.java:2226)
09-23 14:17:37.479 29262 29262 W ResourcesManager: at android.app.ApplicationPackageManager.getResourcesForApplication(ApplicationPackageManager.java:2212)
09-23 14:17:37.479 29262 29262 W ResourcesManager: at android.app.ApplicationPackageManager.getText(ApplicationPackageManager.java:2544)
09-23 14:17:37.479 29262 29262 W ResourcesManager: at android.content.pm.ComponentInfo.loadUnsafeLabel(ComponentInfo.java:187)
09-23 14:17:37.479 29262 29262 W ResourcesManager: at android.content.pm.PackageItemInfo.loadLabel(PackageItemInfo.java:219)
09-23 14:17:37.479 29262 29262 W ResourcesManager: at android.content.pm.ResolveInfo.loadLabel(ResolveInfo.java:247)
09-23 14:17:37.479 29262 29262 W ResourcesManager: at io.flutter.plugin.text.ProcessTextPlugin.queryTextActions(Unknown Source:44)
09-23 14:17:37.479 29262 29262 W ResourcesManager: at io.flutter.embedding.engine.systemchannels.ProcessTextChannel$1.onMethodCall(Unknown Source:45)
09-23 14:17:37.479 29262 29262 W ResourcesManager: at io.flutter.plugin.common.MethodChannel$IncomingMethodCallHandler.onMessage(Unknown Source:17)
09-23 14:17:37.479 29262 29262 W ResourcesManager: at io.flutter.embedding.engine.dart.DartMessenger.invokeHandler(Unknown Source:18)
09-23 14:17:37.479 29262 29262 W ResourcesManager: at io.flutter.embedding.engine.dart.DartMessenger.lambda$dispatchMessageToQueue$0(Unknown Source:41)
09-23 14:17:37.479 29262 29262 W ResourcesManager: at io.flutter.embedding.engine.dart.DartMessenger.$r8$lambda$BqGJF3aBeRT05gDeKMoHH6eOjH0(SourceFile:0)
09-23 14:17:37.479 29262 29262 W ResourcesManager: at io.flutter.embedding.engine.dart.DartMessenger$$ExternalSyntheticLambda0.run(SourceFile:0)
09-23 14:17:37.479 29262 29262 W ResourcesManager: at android.os.Handler.handleCallback(Handler.java:958)
09-23 14:17:37.479 29262 29262 W ResourcesManager: at android.os.Handler.dispatchMessage(Handler.java:99)
09-23 14:17:37.479 29262 29262 W ResourcesManager: at android.os.Looper.loopOnce(Looper.java:230)
09-23 14:17:37.479 29262 29262 W ResourcesManager: at android.os.Looper.loop(Looper.java:319)
09-23 14:17:37.479 29262 29262 W ResourcesManager: at android.app.ActivityThread.main(ActivityThread.java:8919)
09-23 14:17:37.479 29262 29262 W ResourcesManager: at java.lang.reflect.Method.invoke(Native Method)
09-23 14:17:37.479 29262 29262 W ResourcesManager: at com.android.internal.os.RuntimeInit$MethodAndArgsCaller.run(RuntimeInit.java:578)
09-23 14:17:37.479 29262 29262 W ResourcesManager: at com.android.internal.os.ZygoteInit.main(ZygoteInit.java:1103)
09-23 14:17:37.479 29262 29262 W ziparchive: Unable to open '/data/app/~~0PmXXhnz8h6qeyguMhBbtA==/com.microsoft.office.officehubrow-77XeScqlV1lsuq2yYotmPA==/split_lenssampledoc.apk': No such file or directory
09-23 14:17:37.479 29262 29262 E manager.flutter: Failed to open APK '/data/app/~~0PmXXhnz8h6qeyguMhBbtA==/com.microsoft.office.officehubrow-77XeScqlV1lsuq2yYotmPA==/split_lenssampledoc.apk': I/O error
09-23 14:17:37.479 29262 29262 W ResourcesManager: failed to preload asset path '/data/app/~~0PmXXhnz8h6qeyguMhBbtA==/com.microsoft.office.officehubrow-77XeScqlV1lsuq2yYotmPA==/split_lenssampledoc.apk'
09-23 14:17:37.479 29262 29262 W ResourcesManager: java.io.IOException: Failed to load asset path /data/app/~~0PmXXhnz8h6qeyguMhBbtA==/com.microsoft.office.officehubrow-77XeScqlV1lsuq2yYotmPA==/split_lenssampledoc.apk
09-23 14:17:37.479 29262 29262 W ResourcesManager: at android.content.res.ApkAssets.nativeLoad(Native Method)
09-23 14:17:37.479 29262 29262 W ResourcesManager: at android.content.res.ApkAssets.(ApkAssets.java:298)
09-23 14:17:37.479 29262 29262 W ResourcesManager: at android.content.res.ApkAssets.loadFromPath(ApkAssets.java:147)
09-23 14:17:37.479 29262 29262 W ResourcesManager: at android.app.ResourcesManager.loadApkAssets(ResourcesManager.java:516)
09-23 14:17:37.479 29262 29262 W ResourcesManager: at android.app.ResourcesManager.-$$Nest$mloadApkAssets(Unknown Source:0)
09-23 14:17:37.479 29262 29262 W ResourcesManager: at android.app.ResourcesManager$ApkAssetsSupplier.load(ResourcesManager.java:179)
09-23 14:17:37.479 29262 29262 W ResourcesManager: at android.app.ResourcesManager.createApkAssetsSupplierNotLocked(ResourcesManager.java:1210)
09-23 14:17:37.479 29262 29262 W ResourcesManager: at android.app.ResourcesManager.getResources(ResourcesManager.java:1379)
09-23 14:17:37.479 29262 29262 W ResourcesManager: at android.app.ResourcesManager.getResources(ResourcesManager.java:1317)
09-23 14:17:37.479 29262 29262 W ResourcesManager: at android.app.ActivityThread.getTopLevelResources(ActivityThread.java:2855)
09-23 14:17:37.479 29262 29262 W ResourcesManager: at android.app.ApplicationPackageManager.getResourcesForApplication(ApplicationPackageManager.java:2226)
09-23 14:17:37.479 29262 29262 W ResourcesManager: at android.app.ApplicationPackageManager.getResourcesForApplication(ApplicationPackageManager.java:2212)
09-23 14:17:37.479 29262 29262 W ResourcesManager: at android.app.ApplicationPackageManager.getText(ApplicationPackageManager.java:2544)
09-23 14:17:37.479 29262 29262 W ResourcesManager: at android.content.pm.ComponentInfo.loadUnsafeLabel(ComponentInfo.java:187)
09-23 14:17:37.479 29262 29262 W ResourcesManager: at android.content.pm.PackageItemInfo.loadLabel(PackageItemInfo.java:219)
09-23 14:17:37.479 29262 29262 W ResourcesManager: at android.content.pm.ResolveInfo.loadLabel(ResolveInfo.java:247)
09-23 14:17:37.479 29262 29262 W ResourcesManager: at io.flutter.plugin.text.ProcessTextPlugin.queryTextActions(Unknown Source:44)
09-23 14:17:37.479 29262 29262 W ResourcesManager: at io.flutter.embedding.engine.systemchannels.ProcessTextChannel$1.onMethodCall(Unknown Source:45)
09-23 14:17:37.479 29262 29262 W ResourcesManager: at io.flutter.plugin.common.MethodChannel$IncomingMethodCallHandler.onMessage(Unknown Source:17)
09-23 14:17:37.479 29262 29262 W ResourcesManager: at io.flutter.embedding.engine.dart.DartMessenger.invokeHandler(Unknown Source:18)
09-23 14:17:37.479 29262 29262 W ResourcesManager: at io.flutter.embedding.engine.dart.DartMessenger.lambda$dispatchMessageToQueue$0(Unknown Source:41)
09-23 14:17:37.479 29262 29262 W ResourcesManager: at io.flutter.embedding.engine.dart.DartMessenger.$r8$lambda$BqGJF3aBeRT05gDeKMoHH6eOjH0(SourceFile:0)
09-23 14:17:37.479 29262 29262 W ResourcesManager: at io.flutter.embedding.engine.dart.DartMessenger$$ExternalSyntheticLambda0.run(SourceFile:0)
09-23 14:17:37.479 29262 29262 W ResourcesManager: at android.os.Handler.handleCallback(Handler.java:958)
09-23 14:17:37.479 29262 29262 W ResourcesManager: at android.os.Handler.dispatchMessage(Handler.java:99)
09-23 14:17:37.479 29262 29262 W ResourcesManager: at android.os.Looper.loopOnce(Looper.java:230)
09-23 14:17:37.479 29262 29262 W ResourcesManager: at android.os.Looper.loop(Looper.java:319)
09-23 14:17:37.479 29262 29262 W ResourcesManager: at android.app.ActivityThread.main(ActivityThread.java:8919)
09-23 14:17:37.479 29262 29262 W ResourcesManager: at java.lang.reflect.Method.invoke(Native Method)
09-23 14:17:37.479 29262 29262 W ResourcesManager: at com.android.internal.os.RuntimeInit$MethodAndArgsCaller.run(RuntimeInit.java:578)
09-23 14:17:37.479 29262 29262 W ResourcesManager: at com.android.internal.os.ZygoteInit.main(ZygoteInit.java:1103)
09-23 14:17:37.479 29262 29262 W ziparchive: Unable to open '/data/app/~~0PmXXhnz8h6qeyguMhBbtA==/com.microsoft.office.officehubrow-77XeScqlV1lsuq2yYotmPA==/split_mainassetpack.apk': No such file or directory
09-23 14:17:37.479 29262 29262 E manager.flutter: Failed to open APK '/data/app/~~0PmXXhnz8h6qeyguMhBbtA==/com.microsoft.office.officehubrow-77XeScqlV1lsuq2yYotmPA==/split_mainassetpack.apk': I/O error
09-23 14:17:37.480 29262 29262 W ResourcesManager: failed to preload asset path '/data/app/~~0PmXXhnz8h6qeyguMhBbtA==/com.microsoft.office.officehubrow-77XeScqlV1lsuq2yYotmPA==/split_mainassetpack.apk'
09-23 14:17:37.480 29262 29262 W ResourcesManager: java.io.IOException: Failed to load asset path /data/app/~~0PmXXhnz8h6qeyguMhBbtA==/com.microsoft.office.officehubrow-77XeScqlV1lsuq2yYotmPA==/split_mainassetpack.apk
09-23 14:17:37.480 29262 29262 W ResourcesManager: at android.content.res.ApkAssets.nativeLoad(Native Method)
09-23 14:17:37.480 29262 29262 W ResourcesManager: at android.content.res.ApkAssets.(ApkAssets.java:298)
09-23 14:17:37.480 29262 29262 W ResourcesManager: at android.content.res.ApkAssets.loadFromPath(ApkAssets.java:147)
09-23 14:17:37.480 29262 29262 W ResourcesManager: at android.app.ResourcesManager.loadApkAssets(ResourcesManager.java:516)
09-23 14:17:37.480 29262 29262 W ResourcesManager: at android.app.ResourcesManager.-$$Nest$mloadApkAssets(Unknown Source:0)
09-23 14:17:37.480 29262 29262 W ResourcesManager: at android.app.ResourcesManager$ApkAssetsSupplier.load(ResourcesManager.java:179)
09-23 14:17:37.480 29262 29262 W ResourcesManager: at android.app.ResourcesManager.createApkAssetsSupplierNotLocked(ResourcesManager.java:1210)
09-23 14:17:37.480 29262 29262 W ResourcesManager: at android.app.ResourcesManager.getResources(ResourcesManager.java:1379)
09-23 14:17:37.480 29262 29262 W ResourcesManager: at android.app.ResourcesManager.getResources(ResourcesManager.java:1317)
09-23 14:17:37.480 29262 29262 W ResourcesManager: at android.app.ActivityThread.getTopLevelResources(ActivityThread.java:2855)
09-23 14:17:37.480 29262 29262 W ResourcesManager: at android.app.ApplicationPackageManager.getResourcesForApplication(ApplicationPackageManager.java:2226)
09-23 14:17:37.480 29262 29262 W ResourcesManager: at android.app.ApplicationPackageManager.getResourcesForApplication(ApplicationPackageManager.java:2212)
09-23 14:17:37.480 29262 29262 W ResourcesManager: at android.app.ApplicationPackageManager.getText(ApplicationPackageManager.java:2544)
09-23 14:17:37.480 29262 29262 W ResourcesManager: at android.content.pm.ComponentInfo.loadUnsafeLabel(ComponentInfo.java:187)
09-23 14:17:37.480 29262 29262 W ResourcesManager: at android.content.pm.PackageItemInfo.loadLabel(PackageItemInfo.java:219)
09-23 14:17:37.480 29262 29262 W ResourcesManager: at android.content.pm.ResolveInfo.loadLabel(ResolveInfo.java:247)
09-23 14:17:37.480 29262 29262 W ResourcesManager: at io.flutter.plugin.text.ProcessTextPlugin.queryTextActions(Unknown Source:44)
09-23 14:17:37.480 29262 29262 W ResourcesManager: at io.flutter.embedding.engine.systemchannels.ProcessTextChannel$1.onMethodCall(Unknown Source:45)
09-23 14:17:37.480 29262 29262 W ResourcesManager: at io.flutter.plugin.common.MethodChannel$IncomingMethodCallHandler.onMessage(Unknown Source:17)
09-23 14:17:37.480 29262 29262 W ResourcesManager: at io.flutter.embedding.engine.dart.DartMessenger.invokeHandler(Unknown Source:18)
09-23 14:17:37.480 29262 29262 W ResourcesManager: at io.flutter.embedding.engine.dart.DartMessenger.lambda$dispatchMessageToQueue$0(Unknown Source:41)
09-23 14:17:37.480 29262 29262 W ResourcesManager: at io.flutter.embedding.engine.dart.DartMessenger.$r8$lambda$BqGJF3aBeRT05gDeKMoHH6eOjH0(SourceFile:0)
09-23 14:17:37.480 29262 29262 W ResourcesManager: at io.flutter.embedding.engine.dart.DartMessenger$$ExternalSyntheticLambda0.run(SourceFile:0)
09-23 14:17:37.480 29262 29262 W ResourcesManager: at android.os.Handler.handleCallback(Handler.java:958)
09-23 14:17:37.480 29262 29262 W ResourcesManager: at android.os.Handler.dispatchMessage(Handler.java:99)
09-23 14:17:37.480 29262 29262 W ResourcesManager: at android.os.Looper.loopOnce(Looper.java:230)
09-23 14:17:37.480 29262 29262 W ResourcesManager: at android.os.Looper.loop(Looper.java:319)
09-23 14:17:37.480 29262 29262 W ResourcesManager: at android.app.ActivityThread.main(ActivityThread.java:8919)
09-23 14:17:37.480 29262 29262 W ResourcesManager: at java.lang.reflect.Method.invoke(Native Method)
09-23 14:17:37.480 29262 29262 W ResourcesManager: at com.android.internal.os.RuntimeInit$MethodAndArgsCaller.run(RuntimeInit.java:578)
09-23 14:17:37.480 29262 29262 W ResourcesManager: at com.android.internal.os.ZygoteInit.main(ZygoteInit.java:1103)
09-23 14:17:37.480 29262 29262 W ziparchive: Unable to open '/data/app/~~0PmXXhnz8h6qeyguMhBbtA==/com.microsoft.office.officehubrow-77XeScqlV1lsuq2yYotmPA==/base.apk': No such file or directory
09-23 14:17:37.480 29262 29262 E manager.flutter: Failed to open APK '/data/app/~~0PmXXhnz8h6qeyguMhBbtA==/com.microsoft.office.officehubrow-77XeScqlV1lsuq2yYotmPA==/base.apk': I/O error
09-23 14:17:37.480 29262 29262 E ResourcesManager: failed to add asset path '/data/app/~~0PmXXhnz8h6qeyguMhBbtA==/com.microsoft.office.officehubrow-77XeScqlV1lsuq2yYotmPA==/base.apk'
09-23 14:17:37.480 29262 29262 E ResourcesManager: java.io.IOException: Failed to load asset path /data/app/~~0PmXXhnz8h6qeyguMhBbtA==/com.microsoft.office.officehubrow-77XeScqlV1lsuq2yYotmPA==/base.apk
09-23 14:17:37.480 29262 29262 E ResourcesManager: at android.content.res.ApkAssets.nativeLoad(Native Method)
09-23 14:17:37.480 29262 29262 E ResourcesManager: at android.content.res.ApkAssets.(ApkAssets.java:298)
09-23 14:17:37.480 29262 29262 E ResourcesManager: at android.content.res.ApkAssets.loadFromPath(ApkAssets.java:147)
09-23 14:17:37.480 29262 29262 E ResourcesManager: at android.app.ResourcesManager.loadApkAssets(ResourcesManager.java:516)
09-23 14:17:37.480 29262 29262 E ResourcesManager: at android.app.ResourcesManager.-$$Nest$mloadApkAssets(Unknown Source:0)
09-23 14:17:37.480 29262 29262 E ResourcesManager: at android.app.ResourcesManager$ApkAssetsSupplier.load(ResourcesManager.java:179)
09-23 14:17:37.480 29262 29262 E ResourcesManager: at android.app.ResourcesManager.createAssetManager(ResourcesManager.java:592)
09-23 14:17:37.480 29262 29262 E ResourcesManager: at android.app.ResourcesManager.createResourcesImpl(ResourcesManager.java:720)
09-23 14:17:37.480 29262 29262 E ResourcesManager: at android.app.ResourcesManager.findOrCreateResourcesImplForKeyLocked(ResourcesManager.java:780)
09-23 14:17:37.480 29262 29262 E ResourcesManager: at android.app.ResourcesManager.createResources(ResourcesManager.java:1241)
09-23 14:17:37.480 29262 29262 E ResourcesManager: at android.app.ResourcesManager.getResources(ResourcesManager.java:1392)
09-23 14:17:37.480 29262 29262 E ResourcesManager: at android.app.ResourcesManager.getResources(ResourcesManager.java:1317)
09-23 14:17:37.480 29262 29262 E ResourcesManager: at android.app.ActivityThread.getTopLevelResources(ActivityThread.java:2855)
09-23 14:17:37.480 29262 29262 E ResourcesManager: at android.app.ApplicationPackageManager.getResourcesForApplication(ApplicationPackageManager.java:2226)
09-23 14:17:37.480 29262 29262 E ResourcesManager: at android.app.ApplicationPackageManager.getResourcesForApplication(ApplicationPackageManager.java:2212)
09-23 14:17:37.480 29262 29262 E ResourcesManager: at android.app.ApplicationPackageManager.getText(ApplicationPackageManager.java:2544)
09-23 14:17:37.480 29262 29262 E ResourcesManager: at android.content.pm.ComponentInfo.loadUnsafeLabel(ComponentInfo.java:187)
09-23 14:17:37.480 29262 29262 E ResourcesManager: at android.content.pm.PackageItemInfo.loadLabel(PackageItemInfo.java:219)
09-23 14:17:37.480 29262 29262 E ResourcesManager: at android.content.pm.ResolveInfo.loadLabel(ResolveInfo.java:247)
09-23 14:17:37.480 29262 29262 E ResourcesManager: at io.flutter.plugin.text.ProcessTextPlugin.queryTextActions(Unknown Source:44)
09-23 14:17:37.480 29262 29262 E ResourcesManager: at io.flutter.embedding.engine.systemchannels.ProcessTextChannel$1.onMethodCall(Unknown Source:45)
09-23 14:17:37.480 29262 29262 E ResourcesManager: at io.flutter.plugin.common.MethodChannel$IncomingMethodCallHandler.onMessage(Unknown Source:17)
09-23 14:17:37.480 29262 29262 E ResourcesManager: at io.flutter.embedding.engine.dart.DartMessenger.invokeHandler(Unknown Source:18)
09-23 14:17:37.480 29262 29262 E ResourcesManager: at io.flutter.embedding.engine.dart.DartMessenger.lambda$dispatchMessageToQueue$0(Unknown Source:41)
09-23 14:17:37.480 29262 29262 E ResourcesManager: at io.flutter.embedding.engine.dart.DartMessenger.$r8$lambda$BqGJF3aBeRT05gDeKMoHH6eOjH0(SourceFile:0)
09-23 14:17:37.480 29262 29262 E ResourcesManager: at io.flutter.embedding.engine.dart.DartMessenger$$ExternalSyntheticLambda0.run(SourceFile:0)
09-23 14:17:37.480 29262 29262 E ResourcesManager: at android.os.Handler.handleCallback(Handler.java:958)
09-23 14:17:37.480 29262 29262 E ResourcesManager: at android.os.Handler.dispatchMessage(Handler.java:99)
09-23 14:17:37.480 29262 29262 E ResourcesManager: at android.os.Looper.loopOnce(Looper.java:230)
09-23 14:17:37.480 29262 29262 E ResourcesManager: at android.os.Looper.loop(Looper.java:319)
09-23 14:17:37.480 29262 29262 E ResourcesManager: at android.app.ActivityThread.main(ActivityThread.java:8919)
09-23 14:17:37.480 29262 29262 E ResourcesManager: at java.lang.reflect.Method.invoke(Native Method)
09-23 14:17:37.480 29262 29262 E ResourcesManager: at com.android.internal.os.RuntimeInit$MethodAndArgsCaller.run(RuntimeInit.java:578)
09-23 14:17:37.480 29262 29262 E ResourcesManager: at com.android.internal.os.ZygoteInit.main(ZygoteInit.java:1103)
09-23 14:17:37.480 29262 29262 W PackageManager: Failure retrieving resources for com.microsoft.office.officehubrow
09-23 14:17:38.342 29262 29262 I ViewRootImpl@79a1f0c[MainActivity]: ViewPostIme pointer 0
09-23 14:17:38.410 29262 29262 I ViewRootImpl@79a1f0c[MainActivity]: ViewPostIme pointer 1
09-23 14:17:38.413 29262 29262 D FlutterFileDialogPlugin: onMethodCall - IN , method=pickFile
09-23 14:17:38.414 29262 29262 D FileDialog: pickFile - IN, fileExtensionsFilter=null, mimeTypesFilter=[Ljava.lang.String;@98fccb2, localOnly=false, copyFileToCacheDir=true
09-23 14:17:38.447 29262 29262 D FileDialog: pickFile - OUT
09-23 14:17:38.476 29262 29262 I ViewRootImpl@79a1f0c[MainActivity]: handleWindowFocusChanged: 0 0 call from android.view.ViewRootImpl.-$$Nest$mhandleWindowFocusChanged:0
09-23 14:17:38.477 29262 29262 I ImeFocusController: onPreWindowFocus: skipped, hasWindowFocus=false mHasImeFocus=true
09-23 14:17:38.478 29262 29262 I ImeFocusController: onPostWindowFocus: skipped, hasWindowFocus=false mHasImeFocus=true
09-23 14:17:38.796 29262 29262 I ViewRootImpl@79a1f0c[MainActivity]: handleAppVisibility mAppVisible = true visible = false
09-23 14:17:38.806 29262 29262 I SurfaceView@12ddfb0: onWindowVisibilityChanged(8) false io.flutter.embedding.android.FlutterSurfaceView{12ddfb0 V.E...... ........ 0,0-1080,2340} of ViewRootImpl@79a1f0c[MainActivity]
09-23 14:17:38.806 29262 29262 I SurfaceView: 19783600 Changes: creating=false format=false size=false visible=true alpha=false hint=false visible=true left=false top=false z=false attached=true lifecycleStrategy=false
09-23 14:17:38.806 29262 29262 I SurfaceView@12ddfb0: 19783600 Cur surface: Surface(name=null)/@0x9cf2f9c
09-23 14:17:38.807 29262 29262 I SurfaceView: 19783600 surfaceDestroyed
09-23 14:17:38.808 29262 29262 I SurfaceView@12ddfb0: surfaceDestroyed callback.size 1 #2 io.flutter.embedding.android.FlutterSurfaceView{12ddfb0 V.E...... ........ 0,0-1080,2340}
09-23 14:17:38.819 29262 29262 I SurfaceView@12ddfb0: updateSurface: mVisible = false mSurface.isValid() = true
09-23 14:17:38.819 29262 29262 I SurfaceView@12ddfb0: releaseSurfaces: viewRoot = ViewRootImpl@79a1f0c[MainActivity]
09-23 14:17:38.820 29262 29262 V SurfaceView@12ddfb0: Layout: x=0 y=0 w=1080 h=2340, frame=Rect(0, 0 - 1080, 2340)
09-23 14:17:38.820 29262 29262 I ViewRootImpl@79a1f0c[MainActivity]: destroyHardwareResources: Callers=android.view.ViewRootImpl.performTraversals:3932 android.view.ViewRootImpl.doTraversal:3288 android.view.ViewRootImpl$TraversalRunnable.run:11344 android.view.Choreographer$CallbackRecord.run:1689 android.view.Choreographer$CallbackRecord.run:1698 android.view.Choreographer.doCallbacks:1153 android.view.Choreographer.doFrame:1079 android.view.Choreographer$FrameDisplayEventReceiver.run:1646 android.os.Handler.handleCallback:958 android.os.Handler.dispatchMessage:99
09-23 14:17:38.820 29262 29282 D SurfaceView: 141716831 windowPositionLost, frameNr = 0
09-23 14:17:38.821 29262 29282 D OpenGLRenderer: CacheManager::trimMemory(20)
09-23 14:17:38.827 29262 29262 I ViewRootImpl@79a1f0c[MainActivity]: Relayout returned: old=(0,0,1080,2340) new=(0,0,1080,2340) relayoutAsync=false req=(1080,2340)8 dur=5 res=0x402 s={false 0x0} ch=true seqId=0
09-23 14:17:38.827 29262 29262 I SurfaceView@12ddfb0: windowStopped(true) false io.flutter.embedding.android.FlutterSurfaceView{12ddfb0 V.E...... ........ 0,0-1080,2340} of ViewRootImpl@79a1f0c[MainActivity]
09-23 14:17:38.827 29262 29262 D SurfaceView@12ddfb0: updateSurface: surface is not valid
09-23 14:17:38.827 29262 29262 I SurfaceView@12ddfb0: releaseSurfaces: viewRoot = ViewRootImpl@79a1f0c[MainActivity]
09-23 14:17:38.827 29262 29262 D SurfaceView@12ddfb0: updateSurface: surface is not valid
09-23 14:17:38.827 29262 29262 I SurfaceView@12ddfb0: releaseSurfaces: viewRoot = ViewRootImpl@79a1f0c[MainActivity]
09-23 14:17:38.828 29262 29262 D SurfaceView@12ddfb0: updateSurface: surface is not valid
09-23 14:17:38.828 29262 29262 I SurfaceView@12ddfb0: releaseSurfaces: viewRoot = ViewRootImpl@79a1f0c[MainActivity]
09-23 14:17:39.172 29262 29262 I ViewRootImpl@79a1f0c[MainActivity]: stopped(true) old = false
09-23 14:17:39.172 29262 29262 D ViewRootImpl@79a1f0c[MainActivity]: WindowStopped on app.revanced.manager.flutter/app.revanced.manager.flutter.MainActivity set to true
09-23 14:17:39.172 29262 29282 D OpenGLRenderer: CacheManager::trimMemory(20)
09-23 14:17:39.175 29262 29262 D SurfaceView@12ddfb0: updateSurface: surface is not valid
09-23 14:17:39.175 29262 29262 I SurfaceView@12ddfb0: releaseSurfaces: viewRoot = ViewRootImpl@79a1f0c[MainActivity]
09-23 14:17:39.178 29262 29262 D InputTransport: Input channel destroyed: 'ClientS', fd=146
09-23 14:17:39.192 29262 29262 D SurfaceView@12ddfb0: updateSurface: surface is not valid
09-23 14:17:39.192 29262 29262 I SurfaceView@12ddfb0: releaseSurfaces: viewRoot = ViewRootImpl@79a1f0c[MainActivity]
09-23 14:17:39.209 29262 29282 D OpenGLRenderer: CacheManager::trimMemory(40)
09-23 14:17:39.210 29262 29282 D OpenGLRenderer: RenderThread::destroyRenderingContext()
09-23 14:17:40.490 29262 29271 I manager.flutter: CollectorTransition concurrent mark compact GC freed 376900(17MB) AllocSpace objects, 108(3480KB) LOS objects, 17% free, 114MB/138MB, paused 388us,7.479ms total 1.293s
09-23 14:17:40.492 29262 29272 D InputTransport: Input channel destroyed: 'ClientS', fd=156
09-23 14:17:40.493 29262 29272 D InputTransport: Input channel destroyed: 'ClientS', fd=139
09-23 14:17:40.502 29262 29273 W manager.flutter: ApkAssets: Deleting an ApkAssets object ' and /data/user/0/app.revanced.manager.flutter/files/patcher/tmp-ATJYVP/out.apk' with 1 weak references
09-23 14:17:40.535 29262 29273 W manager.flutter: ApkAssets: Deleting an ApkAssets object ' and /data/app/~~UA6WY5MoiMkLvNo5Aqn-GA==/app.revanced.android.youtube-nhx7VA701mq2AuWGTfOa_Q==/base.apk' with 1 weak references
09-23 14:17:40.537 29262 29273 W manager.flutter: ApkAssets: Deleting an ApkAssets object ' and /system/app/DictDiotekForSec/DictDiotekForSec.apk' with 1 weak references
09-23 14:17:40.538 29262 29273 W manager.flutter: ApkAssets: Deleting an ApkAssets object ' and /data/app/~~XOfi2inEKbbQ-9S-yQ1qGA==/fe.linksheet-vMCVqNiCI4RR6Jf2GY8P1Q==/base.apk' with 1 weak references
09-23 14:17:40.538 29262 29273 W manager.flutter: ApkAssets: Deleting an ApkAssets object ' and /data/app/~~eUlMgwX698qP95aSI3ifFA==/com.deepl.mobiletranslator-M4s4hqngSAXkhzZYew4X7Q==/base.apk' with 1 weak references
09-23 14:17:40.538 29262 29273 W manager.flutter: ApkAssets: Deleting an ApkAssets object ' and /data/app/~~eUlMgwX698qP95aSI3ifFA==/com.deepl.mobiletranslator-M4s4hqngSAXkhzZYew4X7Q==/split_config.arm64_v8a.apk' with 1 weak references
09-23 14:17:40.538 29262 29273 W manager.flutter: ApkAssets: Deleting an ApkAssets object ' and /data/app/~~eUlMgwX698qP95aSI3ifFA==/com.deepl.mobiletranslator-M4s4hqngSAXkhzZYew4X7Q==/split_config.xxhdpi.apk' with 1 weak references
09-23 14:17:40.539 29262 29273 W manager.flutter: ApkAssets: Deleting an ApkAssets object ' and /data/app/~~79oI5e8LPyiW7-DAhm_ATw==/com.google.android.apps.translate-vDVjWA7A12j8dAJ9ZdDqew==/base.apk' with 1 weak references
09-23 14:17:40.539 29262 29273 W manager.flutter: ApkAssets: Deleting an ApkAssets object ' and /data/app/~~RlnrQr9cWg42InmjRGFDWw==/com.samsung.android.samsungpass-FMhOctcuawwJHf5DRwQvKw==/base.apk' with 1 weak references
09-23 14:17:40.540 29262 29273 W manager.flutter: ApkAssets: Deleting an ApkAssets object ' and /data/app/~~FzTB1jMdZ2WEvQqiPLVDgQ==/com.tasomaniac.openwith-3OHMUnPaQF9xq8-vJ22odg==/base.apk' with 1 weak references
09-23 14:17:40.540 29262 29273 W manager.flutter: ApkAssets: Deleting an ApkAssets object ' and /data/app/~~FzTB1jMdZ2WEvQqiPLVDgQ==/com.tasomaniac.openwith-3OHMUnPaQF9xq8-vJ22odg==/split_config.es.apk' with 1 weak references
09-23 14:17:40.540 29262 29273 W manager.flutter: ApkAssets: Deleting an ApkAssets object ' and /data/app/~~FzTB1jMdZ2WEvQqiPLVDgQ==/com.tasomaniac.openwith-3OHMUnPaQF9xq8-vJ22odg==/split_config.xxhdpi.apk' with 1 weak references
09-23 14:17:40.540 29262 29273 W manager.flutter: ApkAssets: Deleting an ApkAssets object ' and /data/app/~~e1byX0m9ci3HJOQtwrb3GA==/com.samsung.android.app.interpreter-RN0aeZMBGWhLqFY41m44WQ==/base.apk' with 1 weak references
09-23 14:17:40.541 29262 29273 W manager.flutter: ApkAssets: Deleting an ApkAssets object ' and /data/app/~~AnXkB-Dl-TzwNwVnyZaZlA==/com.ichi2.anki-XEE4xNh6imcj_HkTLHLlzQ==/base.apk' with 1 weak references
09-23 14:17:40.542 29262 29273 W manager.flutter: ApkAssets: Deleting an ApkAssets object ' and /data/app/~~d9sdm8agzBMSLD6IBVvxRw==/com.amazon.mShop.android.shopping-BzK7F9UjRznOgef4MiMYuw==/base.apk' with 1 weak references
09-23 14:17:40.544 29262 29273 W manager.flutter: ApkAssets: Deleting an ApkAssets object ' and /data/app/~~ihlmBMVZ9xkBuBKRcF6Ijg==/com.google.android.apps.photos-JYJZs4ibXW5PghxR23hBTg==/base.apk' with 1 weak references
09-23 14:17:40.544 29262 29273 W manager.flutter: ApkAssets: Deleting an ApkAssets object ' and /data/app/~~ihlmBMVZ9xkBuBKRcF6Ijg==/com.google.android.apps.photos-JYJZs4ibXW5PghxR23hBTg==/split_config.arm64_v8a.apk' with 1 weak references
09-23 14:17:40.544 29262 29273 W manager.flutter: ApkAssets: Deleting an ApkAssets object ' and /data/app/~~ihlmBMVZ9xkBuBKRcF6Ijg==/com.google.android.apps.photos-JYJZs4ibXW5PghxR23hBTg==/split_config.en.apk' with 1 weak references
09-23 14:17:40.544 29262 29273 W manager.flutter: ApkAssets: Deleting an ApkAssets object ' and /data/app/~~ihlmBMVZ9xkBuBKRcF6Ijg==/com.google.android.apps.photos-JYJZs4ibXW5PghxR23hBTg==/split_config.xxhdpi.apk' with 1 weak references
09-23 14:17:40.544 29262 29273 W manager.flutter: ApkAssets: Deleting an ApkAssets object ' and /data/app/~~oGBRRXjMIJvV2-eCLv_gow==/com.adobe.lrmobile-Np83XlfuhAuzXHluohjXyg==/base.apk' with 1 weak references
09-23 14:17:40.545 29262 29273 W manager.flutter: ApkAssets: Deleting an ApkAssets object ' and /data/app/~~oGBRRXjMIJvV2-eCLv_gow==/com.adobe.lrmobile-Np83XlfuhAuzXHluohjXyg==/split_config.arm64_v8a.apk' with 1 weak references
09-23 14:17:40.545 29262 29273 W manager.flutter: ApkAssets: Deleting an ApkAssets object ' and /data/app/~~oGBRRXjMIJvV2-eCLv_gow==/com.adobe.lrmobile-Np83XlfuhAuzXHluohjXyg==/split_config.en.apk' with 1 weak references
09-23 14:17:40.545 29262 29273 W manager.flutter: ApkAssets: Deleting an ApkAssets object ' and /data/app/~~oGBRRXjMIJvV2-eCLv_gow==/com.adobe.lrmobile-Np83XlfuhAuzXHluohjXyg==/split_config.xxhdpi.apk' with 1 weak references
09-23 14:17:40.546 29262 29273 W manager.flutter: ApkAssets: Deleting an ApkAssets object ' and /data/app/~~VJBrvVZv0mnBVOceRf160w==/com.google.android.apps.youtube.music-zMVpKh6r2ckhsiikH1R6eA==/base.apk' with 1 weak references
09-23 14:17:40.546 29262 29273 W manager.flutter: ApkAssets: Deleting an ApkAssets object ' and /data/app/~~VJBrvVZv0mnBVOceRf160w==/com.google.android.apps.youtube.music-zMVpKh6r2ckhsiikH1R6eA==/split_config.en.apk' with 1 weak references
09-23 14:17:40.546 29262 29273 W manager.flutter: ApkAssets: Deleting an ApkAssets object ' and /data/app/~~YU0D7K2I61oFtdk_A4vOZw==/com.soundcloud.android-d6LYZsJRPZXMnYa8S4rukw==/base.apk' with 1 weak references
09-23 14:17:40.547 29262 29273 W manager.flutter: ApkAssets: Deleting an ApkAssets object ' and /data/app/~~YU0D7K2I61oFtdk_A4vOZw==/com.soundcloud.android-d6LYZsJRPZXMnYa8S4rukw==/split_config.arm64_v8a.apk' with 1 weak references
09-23 14:17:40.549 29262 29273 W manager.flutter: ApkAssets: Deleting an ApkAssets object ' and /data/app/~~NNb_p1s4M6mvXvxFcmEV6Q==/com.spotify.music-SKGtxSbuIOeRyOInCYFXVA==/base.apk' with 1 weak references
09-23 14:17:40.549 29262 29273 W manager.flutter: ApkAssets: Deleting an ApkAssets object ' and /data/app/~~NNb_p1s4M6mvXvxFcmEV6Q==/com.spotify.music-SKGtxSbuIOeRyOInCYFXVA==/split_config.arm64_v8a.apk' with 1 weak references
09-23 14:17:40.549 29262 29273 W manager.flutter: ApkAssets: Deleting an ApkAssets object ' and /data/app/~~NNb_p1s4M6mvXvxFcmEV6Q==/com.spotify.music-SKGtxSbuIOeRyOInCYFXVA==/split_config.en.apk' with 1 weak references
09-23 14:17:40.549 29262 29273 W manager.flutter: ApkAssets: Deleting an ApkAssets object ' and /data/app/~~NNb_p1s4M6mvXvxFcmEV6Q==/com.spotify.music-SKGtxSbuIOeRyOInCYFXVA==/split_config.xxhdpi.apk' with 1 weak references
09-23 14:17:40.550 29262 29273 W manager.flutter: ApkAssets: Deleting an ApkAssets object ' and /data/app/~~5gDWkTSUZXQJajXRHuxmOg==/tv.twitch.android.app-Ak_Glaor6DzjxG_93TNi8w==/base.apk' with 1 weak references
09-23 14:17:40.553 29262 29273 W manager.flutter: ApkAssets: Deleting an ApkAssets object ' and /data/app/~~N5f21uk2Z7aSE70rVaYgxA==/com.twitter.android-L9FmIaRs-TJ-OgD3LEL8Gg==/base.apk' with 1 weak references
09-23 14:17:40.553 29262 29273 W manager.flutter: ApkAssets: Deleting an ApkAssets object ' and /data/app/~~N5f21uk2Z7aSE70rVaYgxA==/com.twitter.android-L9FmIaRs-TJ-OgD3LEL8Gg==/split_config.arm64_v8a.apk' with 1 weak references
09-23 14:17:40.553 29262 29273 W manager.flutter: ApkAssets: Deleting an ApkAssets object ' and /data/app/~~N5f21uk2Z7aSE70rVaYgxA==/com.twitter.android-L9FmIaRs-TJ-OgD3LEL8Gg==/split_config.en.apk' with 1 weak references
09-23 14:17:40.553 29262 29273 W manager.flutter: ApkAssets: Deleting an ApkAssets object ' and /data/app/~~N5f21uk2Z7aSE70rVaYgxA==/com.twitter.android-L9FmIaRs-TJ-OgD3LEL8Gg==/split_config.xxhdpi.apk' with 1 weak references
09-23 14:17:40.553 29262 29273 W manager.flutter: ApkAssets: Deleting an ApkAssets object ' and /data/app/~~EIWvFA3rDesMV3V6pVk_kQ==/com.google.android.youtube--IiAME_C9rl4t8mgdLAr2A==/base.apk' with 1 weak references
09-23 14:17:40.554 29262 29273 W manager.flutter: ApkAssets: Deleting an ApkAssets object ' and /data/app/~~EIWvFA3rDesMV3V6pVk_kQ==/com.google.android.youtube--IiAME_C9rl4t8mgdLAr2A==/split_config.arm64_v8a.apk' with 1 weak references
09-23 14:17:40.554 29262 29273 W manager.flutter: ApkAssets: Deleting an ApkAssets object ' and /data/app/~~EIWvFA3rDesMV3V6pVk_kQ==/com.google.android.youtube--IiAME_C9rl4t8mgdLAr2A==/split_config.en.apk' with 1 weak references
09-23 14:17:40.554 29262 29273 W manager.flutter: ApkAssets: Deleting an ApkAssets object ' and /data/app/~~EIWvFA3rDesMV3V6pVk_kQ==/com.google.android.youtube--IiAME_C9rl4t8mgdLAr2A==/split_config.xxhdpi.apk' with 1 weak references
09-23 14:17:43.453 29262 29262 I ViewRootImpl@79a1f0c[MainActivity]: handleAppVisibility mAppVisible = false visible = true
09-23 14:17:43.453 29262 29262 I ViewRootImpl@79a1f0c[MainActivity]: stopped(false) old = true
09-23 14:17:43.454 29262 29262 D ViewRootImpl@79a1f0c[MainActivity]: WindowStopped on app.revanced.manager.flutter/app.revanced.manager.flutter.MainActivity set to false
09-23 14:17:43.456 29262 29262 D SurfaceView@12ddfb0: updateSurface: surface is not valid
09-23 14:17:43.456 29262 29262 I SurfaceView@12ddfb0: releaseSurfaces: viewRoot = ViewRootImpl@79a1f0c[MainActivity]
09-23 14:17:43.459 29262 29262 D FileDialog: Picked file: content://com.android.providers.downloads.documents/document/msf%3A1000205007
09-23 14:17:43.489 29262 29262 I SurfaceView@12ddfb0: onWindowVisibilityChanged(0) false io.flutter.embedding.android.FlutterSurfaceView{12ddfb0 V.E...... ......ID 0,0-1080,2340} of ViewRootImpl@79a1f0c[MainActivity]
09-23 14:17:43.489 29262 29262 D SurfaceView@12ddfb0: updateSurface: surface is not valid
09-23 14:17:43.489 29262 29262 I SurfaceView@12ddfb0: releaseSurfaces: viewRoot = ViewRootImpl@79a1f0c[MainActivity]
09-23 14:17:43.498 29262 29262 I BufferQueueProducer: [](id:724e00000006,api:0,p:-1,c:29262) setDequeueTimeout:2077252342
09-23 14:17:43.499 29262 29262 I BLASTBufferQueue_Java: new BLASTBufferQueue, mName= ViewRootImpl@79a1f0c[MainActivity] mNativeObject= 0xb40000713c4f1b70 sc.mNativeObject= 0xb40000710c502b90 caller= android.view.ViewRootImpl.updateBlastSurfaceIfNeeded:3028 android.view.ViewRootImpl.relayoutWindow:10131 android.view.ViewRootImpl.performTraversals:4110 android.view.ViewRootImpl.doTraversal:3288 android.view.ViewRootImpl$TraversalRunnable.run:11344 android.view.Choreographer$CallbackRecord.run:1689 android.view.Choreographer$CallbackRecord.run:1698 android.view.Choreographer.doCallbacks:1153 android.view.Choreographer.doFrame:1079 android.view.Choreographer$FrameDisplayEventReceiver.run:1646
09-23 14:17:43.499 29262 29262 I BLASTBufferQueue_Java: update, w= 1080 h= 2340 mName = ViewRootImpl@79a1f0c[MainActivity] mNativeObject= 0xb40000713c4f1b70 sc.mNativeObject= 0xb40000710c502b90 format= -3 caller= android.graphics.BLASTBufferQueue.:89 android.view.ViewRootImpl.updateBlastSurfaceIfNeeded:3028 android.view.ViewRootImpl.relayoutWindow:10131 android.view.ViewRootImpl.performTraversals:4110 android.view.ViewRootImpl.doTraversal:3288 android.view.ViewRootImpl$TraversalRunnable.run:11344
09-23 14:17:43.499 29262 29262 I ViewRootImpl@79a1f0c[MainActivity]: Relayout returned: old=(0,0,1080,2340) new=(0,0,1080,2340) relayoutAsync=false req=(1080,2340)0 dur=8 res=0x403 s={true 0xb40000700c505950} ch=true seqId=0
09-23 14:17:43.499 29262 29262 D ViewRootImpl@79a1f0c[MainActivity]: mThreadedRenderer.initialize() mSurface={isValid=true 0xb40000700c505950} hwInitialized=true
09-23 14:17:43.500 29262 29262 I SurfaceView: 19783600 Changes: creating=false format=false size=false visible=false alpha=false hint=false visible=false left=false top=false z=false attached=true lifecycleStrategy=false
09-23 14:17:43.500 29262 29262 I SurfaceView@12ddfb0: windowStopped(false) true io.flutter.embedding.android.FlutterSurfaceView{12ddfb0 V.E...... ......ID 0,0-1080,2340} of ViewRootImpl@79a1f0c[MainActivity]
09-23 14:17:43.500 29262 29262 I SurfaceView: 19783600 Changes: creating=true format=false size=false visible=true alpha=false hint=false visible=true left=false top=false z=false attached=true lifecycleStrategy=false
09-23 14:17:43.501 29262 29262 I BufferQueueProducer: [](id:724e00000007,api:0,p:0,c:29262) setDequeueTimeout:2077252342
09-23 14:17:43.501 29262 29262 I BLASTBufferQueue_Java: update, w= 1080 h= 2340 mName = null mNativeObject= 0xb40000713c54eaf0 sc.mNativeObject= 0xb40000710c5093d0 format= 4 caller= android.view.SurfaceView.createBlastSurfaceControls:1517 android.view.SurfaceView.updateSurface:1193 android.view.SurfaceView.setWindowStopped:403 android.view.SurfaceView.surfaceCreated:1994 android.view.ViewRootImpl.notifySurfaceCreated:2945 android.view.ViewRootImpl.performTraversals:4580
09-23 14:17:43.502 29262 29262 I SurfaceView@12ddfb0: 19783600 Cur surface: Surface(name=null)/@0x9cf2f9c
09-23 14:17:43.502 29262 29262 I SurfaceView@12ddfb0: pST: sr = Rect(0, 0 - 1080, 2340) sw = 1080 sh = 2340
09-23 14:17:43.502 29262 29262 D SurfaceView@12ddfb0: 19783600 performSurfaceTransaction RenderWorker position = [0, 0, 1080, 2340] surfaceSize = 1080x2340
09-23 14:17:43.502 29262 29262 I SurfaceView@12ddfb0: updateSurface: mVisible = true mSurface.isValid() = true
09-23 14:17:43.502 29262 29262 I SurfaceView@12ddfb0: updateSurface: mSurfaceCreated = false surfaceChanged = true visibleChanged = true
09-23 14:17:43.502 29262 29262 I SurfaceView: 19783600 visibleChanged -- surfaceCreated
09-23 14:17:43.502 29262 29262 I SurfaceView@12ddfb0: surfaceCreated 1 #1 io.flutter.embedding.android.FlutterSurfaceView{12ddfb0 V.E...... ......ID 0,0-1080,2340}
09-23 14:17:43.504 29262 29262 I SurfaceView: 19783600 surfaceChanged -- format=4 w=1080 h=2340
09-23 14:17:43.504 29262 29262 I SurfaceView@12ddfb0: surfaceChanged (1080,2340) 1 #1 io.flutter.embedding.android.FlutterSurfaceView{12ddfb0 V.E...... ......ID 0,0-1080,2340}
09-23 14:17:43.504 29262 29262 I SurfaceView: 19783600 surfaceRedrawNeeded
09-23 14:17:43.505 29262 29262 I SurfaceView: 19783600 finishedDrawing
09-23 14:17:43.505 29262 29262 V SurfaceView@12ddfb0: Layout: x=0 y=0 w=1080 h=2340, frame=Rect(0, 0 - 1080, 2340)
09-23 14:17:43.505 29262 29262 D ViewRootImpl@79a1f0c[MainActivity]: reportNextDraw android.view.ViewRootImpl.performTraversals:4718 android.view.ViewRootImpl.doTraversal:3288 android.view.ViewRootImpl$TraversalRunnable.run:11344 android.view.Choreographer$CallbackRecord.run:1689 android.view.Choreographer$CallbackRecord.run:1698
09-23 14:17:43.505 29262 29262 I ViewRootImpl@79a1f0c[MainActivity]: Setup new sync=wmsSync-ViewRootImpl@79a1f0c[MainActivity]#11
09-23 14:17:43.505 29262 29262 I ViewRootImpl@79a1f0c[MainActivity]: Creating new active sync group ViewRootImpl@79a1f0c[MainActivity]#12
09-23 14:17:43.508 29262 29262 I ViewRootImpl@79a1f0c[MainActivity]: registerCallbacksForSync syncBuffer=false
09-23 14:17:43.511 29262 29289 I BLASTBufferQueue: [SurfaceView[app.revanced.manager.flutter/app.revanced.manager.flutter.MainActivity]@0#7](f:0,a:0,s:0) onFrameAvailable the first frame is available
09-23 14:17:43.512 29262 29282 D SurfaceView: 19783600 updateSurfacePosition RenderWorker, frameNr = 1, position = [0, 0, 1080, 2340] surfaceSize = 1080x2340
09-23 14:17:43.512 29262 29282 I SurfaceView@12ddfb0: uSP: rtp = Rect(0, 0 - 1080, 2340) rtsw = 1080 rtsh = 2340
09-23 14:17:43.512 29262 29282 I SurfaceView@12ddfb0: onSSPAndSRT: pl = 0 pt = 0 sx = 1.0 sy = 1.0
09-23 14:17:43.512 29262 29282 I SurfaceView@12ddfb0: aOrMT: ViewRootImpl@79a1f0c[MainActivity] t = android.view.SurfaceControl$Transaction@e0283f3 fN = 1 android.view.SurfaceView.-$$Nest$mapplyOrMergeTransaction:0 android.view.SurfaceView$SurfaceViewPositionUpdateListener.positionChanged:1666 android.graphics.RenderNode$CompositePositionUpdateListener.positionChanged:369
09-23 14:17:43.512 29262 29282 I ViewRootImpl@79a1f0c[MainActivity]: mWNT: t=0xb40000704c5875b0 mBlastBufferQueue=0xb40000713c4f1b70 fn= 1 mRenderHdrSdrRatio=1.0 caller= android.view.SurfaceView.applyOrMergeTransaction:1598 android.view.SurfaceView.-$$Nest$mapplyOrMergeTransaction:0 android.view.SurfaceView$SurfaceViewPositionUpdateListener.positionChanged:1666
09-23 14:17:43.512 29262 30145 I ViewRootImpl@79a1f0c[MainActivity]: Received frameDrawingCallback syncResult=0 frameNum=1.
09-23 14:17:43.512 29262 30145 I ViewRootImpl@79a1f0c[MainActivity]: mWNT: t=0xb40000704c508410 mBlastBufferQueue=0xb40000713c4f1b70 fn= 1 mRenderHdrSdrRatio=1.0 caller= android.view.ViewRootImpl$8.onFrameDraw:13841 android.view.ThreadedRenderer$1.onFrameDraw:792
09-23 14:17:43.512 29262 30145 I ViewRootImpl@79a1f0c[MainActivity]: Setting up sync and frameCommitCallback
09-23 14:17:43.515 29262 29282 I BLASTBufferQueue: [ViewRootImpl@79a1f0c[MainActivity]#6](f:0,a:0,s:0) onFrameAvailable the first frame is available
09-23 14:17:43.516 29262 29282 I ViewRootImpl@79a1f0c[MainActivity]: Received frameCommittedCallback lastAttemptedDrawFrameNum=1 didProduceBuffer=true
09-23 14:17:43.516 29262 29262 I ViewRootImpl@79a1f0c[MainActivity]: reportDrawFinished seqId=0
09-23 14:17:43.516 29262 29262 D FileDialog: Launch...
09-23 14:17:43.516 29262 29262 D FileDialog: Copy on background...
09-23 14:17:43.517 29262 29262 I InsetsSourceConsumer: applyRequestedVisibilityToControl: visible=true, type=navigationBars, host=app.revanced.manager.flutter/app.revanced.manager.flutter.MainActivity
09-23 14:17:43.517 29262 29262 I InsetsSourceConsumer: applyRequestedVisibilityToControl: visible=true, type=statusBars, host=app.revanced.manager.flutter/app.revanced.manager.flutter.MainActivity
09-23 14:17:43.518 29262 30925 D FileDialog: Copying 'content://com.android.providers.downloads.documents/document/msf%3A1000205007' to '/data/user/0/app.revanced.manager.flutter/cache/com.google.android.youtube_19.16.39-1545731520_minAPI26(arm64-v8a,armeabi-v7a,x86,x86_64)(nodpi)_apkmirror.com(2).apk'
09-23 14:17:43.560 29262 29262 I ViewRootImpl@79a1f0c[MainActivity]: handleWindowFocusChanged: 1 0 call from android.view.ViewRootImpl.-$$Nest$mhandleWindowFocusChanged:0
09-23 14:17:43.560 29262 29262 D ViewRootImpl@79a1f0c[MainActivity]: mThreadedRenderer.initializeIfNeeded()#2 mSurface={isValid=true 0xb40000700c505950}
09-23 14:17:43.560 29262 29262 D InputMethodManagerUtils: startInputInner - Id : 0
09-23 14:17:43.560 29262 29262 I InputMethodManager: startInputInner - IInputMethodManagerGlobalInvoker.startInputOrWindowGainedFocus
09-23 14:17:43.570 29262 29262 I InsetsSourceConsumer: applyRequestedVisibilityToControl: visible=false, type=ime, host=app.revanced.manager.flutter/app.revanced.manager.flutter.MainActivity
09-23 14:17:43.577 29262 29438 I ViewRootImpl@79a1f0c[MainActivity]: Resizing android.view.ViewRootImpl@86daeef: frame = [0,0][1080,2340] reportDraw = false forceLayout = false syncSeqId = -1
09-23 14:17:43.577 29262 29262 I ViewRootImpl@79a1f0c[MainActivity]: handleResized, msg = 4 frames=ClientWindowFrames{frame=[0,0][1080,2340] display=[0,0][1080,2340] parentFrame=[0,0][0,0]} forceNextWindowRelayout=false displayId=0 dragResizing=false compatScale=1.0 frameChanged=false attachedFrameChanged=false configChanged=false displayChanged=false compatScaleChanged=false
09-23 14:17:44.435 29262 30925 D FileDialog: Successfully copied file to '/data/user/0/app.revanced.manager.flutter/cache/com.google.android.youtube_19.16.39-1545731520_minAPI26(arm64-v8a,armeabi-v7a,x86,x86_64)(nodpi)_apkmirror.com(2).apk, bytes=143855426'
09-23 14:17:44.435 29262 29262 D FileDialog: ...copied on background, result: /data/user/0/app.revanced.manager.flutter/cache/com.google.android.youtube_19.16.39-1545731520_minAPI26(arm64-v8a,armeabi-v7a,x86,x86_64)(nodpi)_apkmirror.com(2).apk
09-23 14:17:44.435 29262 29262 D FileDialog: ...launch
09-23 14:17:44.447 29262 29262 W PackageParser: Unknown element under : queries at /data/user/0/app.revanced.manager.flutter/cache/com.google.android.youtube_19.16.39-1545731520_minAPI26(arm64-v8a,armeabi-v7a,x86,x86_64)(nodpi)_apkmirror.com(2).apk Binary XML file line #42
