09-23 14:14:09.363 29262 29262 I InsetsController: controlAnimationUncheckedInner: Added types=ime, animType=0, host=app.revanced.manager.flutter/app.revanced.manager.flutter.MainActivity, from=android.view.InsetsController.controlAnimationUnchecked:1449 android.view.InsetsController.applyAnimation:2005 android.view.InsetsController.applyAnimation:1968
09-23 14:14:09.371 29262 29262 I InsetsController: onStateChanged: host=app.revanced.manager.flutter/app.revanced.manager.flutter.MainActivity, from=android.view.ViewRootImpl$ViewRootHandler.handleMessageImpl:7209, state=InsetsState: {mDisplayFrame=Rect(0, 0 - 1080, 2340), mDisplayCutout=DisplayCutout{insets=Rect(0, 74 - 0, 0) waterfall=Insets{left=0, top=0, right=0, bottom=0} boundingRect={Bounds=[Rect(0, 0 - 0, 0), Rect(514, 0 - 566, 74), Rect(0, 0 - 0, 0), Rect(0, 0 - 0, 0)]} cutoutPathParserInfo={CutoutPathParserInfo{displayWidth=1080 displayHeight=2340 physicalDisplayWidth=1080 physicalDisplayHeight=2340 density={2.8125} cutoutSpec={M 0,0 H -9.244444444444444 V 26.31111111111111 H 9.244444444444444 V 0 H 0 Z @dp} rotation={0} scale={1.0} physicalPixelDisplaySizeRatio={1.0}}}}, mRoundedCorners=RoundedCorners{[RoundedCorner{position=TopLeft, radius=101, center=Point(101, 101)}, RoundedCorner{position=TopRight, radius=101, center=Point(979, 101)}, RoundedCorner{position=BottomRight, radius=101, center=Point(979, 2239)}, RoundedCorner{position=BottomLeft, radius=101, center=Point(101, 2239)}]} mRoundedCornerFrame=Rect(0, 0 - 1080, 2340), mPrivacyIndicatorBounds=PrivacyIndicatorBounds {static bounds=Rect(956, 0 - 1080, 74) rotation=0}, mDisplayShape=DisplayShape{ spec=-311912193 displayWidth=1080 displayHeight=2340 physicalPixelDisplaySizeRatio=1.0 rotation=0 offsetX=0 offsetY=0 scale=1.0}, mSources= { InsetsSource: {9e990000 mType=statusBars mFrame=[0,0][1080,74] mVisible=true mFlags=[]}, InsetsSource: {9e990005 mType=mandatorySystemGestures mFrame=[0,0][1080,108] mVisible=true mFlags=[]}, InsetsSource: {9e990006 mType=tappableElement mFrame=[0,0][1080,74] mVisible=true mFlags=[]}, InsetsSource: {b8580001 mType=navigationBars mFrame=[0,0][0,0] mVisible=true mFlags=[SUPPRESS_SCRIM]}, InsetsSource: {b8580004 mType=systemGestures mFrame=[0,0][0,0] mVisible=true mFlags=[]}, InsetsSource: {b8580005 mType=mandatorySystemGestures mFrame=[0,2250][1080,2340] mVisible=true mFlags=[]}, InsetsSource: {b8580006 mType=tappableElement mFrame=[0,0][0,0] mVisible=true mFlags=[]}, InsetsSource: {b8580024 mType=systemGestures mFrame=[0,0][0,0] mVisible=true mFlags=[]}, InsetsSource: {3 mType=ime mFrame=[0,1421][1080,2340] mVisible=true mFlags=[]}, InsetsSource: {27 mType=displayCutout mFrame=[0,0][1080,74] mVisible=true mFlags=[]} }
09-23 14:14:09.372 29262 30146 I ViewRootImpl@79a1f0c[MainActivity]: mWNT: t=0xb40000704c548890 mBlastBufferQueue=0xb40000713c4f1b70 fn= 3 mRenderHdrSdrRatio=1.0 caller= android.view.SyncRtSurfaceTransactionApplier.applyTransaction:96 android.view.SyncRtSurfaceTransactionApplier.lambda$scheduleApply$0:69 android.view.SyncRtSurfaceTransactionApplier.$r8$lambda$SgowXC58rj3PR958kHUfRgLZmvE:0
09-23 14:14:09.373 29262 30145 I ViewRootImpl@79a1f0c[MainActivity]: mWNT: t=0xb40000704c52f190 mBlastBufferQueue=0xb40000713c4f1b70 fn= 4 mRenderHdrSdrRatio=1.0 caller= android.view.SyncRtSurfaceTransactionApplier.applyTransaction:96 android.view.SyncRtSurfaceTransactionApplier.lambda$scheduleApply$0:69 android.view.SyncRtSurfaceTransactionApplier.$r8$lambda$SgowXC58rj3PR958kHUfRgLZmvE:0
09-23 14:14:09.378 29262 30147 I ViewRootImpl@79a1f0c[MainActivity]: Resizing android.view.ViewRootImpl@86daeef: frame = [0,0][1080,2340] reportDraw = false forceLayout = false syncSeqId = -1
09-23 14:14:09.379 29262 29262 I ViewRootImpl@79a1f0c[MainActivity]: handleResized, msg = 4 frames=ClientWindowFrames{frame=[0,0][1080,2340] display=[0,0][1080,2340] parentFrame=[0,0][0,0]} forceNextWindowRelayout=false displayId=0 dragResizing=false compatScale=1.0 frameChanged=false attachedFrameChanged=false configChanged=false displayChanged=false compatScaleChanged=false
09-23 14:14:09.384 29262 30146 I ViewRootImpl@79a1f0c[MainActivity]: mWNT: t=0xb40000704c545710 mBlastBufferQueue=0xb40000713c4f1b70 fn= 5 mRenderHdrSdrRatio=1.0 caller= android.view.SyncRtSurfaceTransactionApplier.applyTransaction:96 android.view.SyncRtSurfaceTransactionApplier.lambda$scheduleApply$0:69 android.view.SyncRtSurfaceTransactionApplier.$r8$lambda$SgowXC58rj3PR958kHUfRgLZmvE:0
09-23 14:14:09.393 29262 30145 I ViewRootImpl@79a1f0c[MainActivity]: mWNT: t=0xb40000704c52b930 mBlastBufferQueue=0xb40000713c4f1b70 fn= 6 mRenderHdrSdrRatio=1.0 caller= android.view.SyncRtSurfaceTransactionApplier.applyTransaction:96 android.view.SyncRtSurfaceTransactionApplier.lambda$scheduleApply$0:69 android.view.SyncRtSurfaceTransactionApplier.$r8$lambda$SgowXC58rj3PR958kHUfRgLZmvE:0
09-23 14:14:09.401 29262 30146 I ViewRootImpl@79a1f0c[MainActivity]: mWNT: t=0xb40000704c503f50 mBlastBufferQueue=0xb40000713c4f1b70 fn= 7 mRenderHdrSdrRatio=1.0 caller= android.view.SyncRtSurfaceTransactionApplier.applyTransaction:96 android.view.SyncRtSurfaceTransactionApplier.lambda$scheduleApply$0:69 android.view.SyncRtSurfaceTransactionApplier.$r8$lambda$SgowXC58rj3PR958kHUfRgLZmvE:0
09-23 14:14:09.407 29262 30145 I ViewRootImpl@79a1f0c[MainActivity]: mWNT: t=0xb40000704c4fc650 mBlastBufferQueue=0xb40000713c4f1b70 fn= 8 mRenderHdrSdrRatio=1.0 caller= android.view.SyncRtSurfaceTransactionApplier.applyTransaction:96 android.view.SyncRtSurfaceTransactionApplier.lambda$scheduleApply$0:69 android.view.SyncRtSurfaceTransactionApplier.$r8$lambda$SgowXC58rj3PR958kHUfRgLZmvE:0
09-23 14:14:09.418 29262 30146 I ViewRootImpl@79a1f0c[MainActivity]: mWNT: t=0xb40000704c538fb0 mBlastBufferQueue=0xb40000713c4f1b70 fn= 9 mRenderHdrSdrRatio=1.0 caller= android.view.SyncRtSurfaceTransactionApplier.applyTransaction:96 android.view.SyncRtSurfaceTransactionApplier.lambda$scheduleApply$0:69 android.view.SyncRtSurfaceTransactionApplier.$r8$lambda$SgowXC58rj3PR958kHUfRgLZmvE:0
09-23 14:14:09.424 29262 30145 I ViewRootImpl@79a1f0c[MainActivity]: mWNT: t=0xb40000704c547970 mBlastBufferQueue=0xb40000713c4f1b70 fn= 10 mRenderHdrSdrRatio=1.0 caller= android.view.SyncRtSurfaceTransactionApplier.applyTransaction:96 android.view.SyncRtSurfaceTransactionApplier.lambda$scheduleApply$0:69 android.view.SyncRtSurfaceTransactionApplier.$r8$lambda$SgowXC58rj3PR958kHUfRgLZmvE:0
09-23 14:14:09.434 29262 30146 I ViewRootImpl@79a1f0c[MainActivity]: mWNT: t=0xb40000704c54b330 mBlastBufferQueue=0xb40000713c4f1b70 fn= 11 mRenderHdrSdrRatio=1.0 caller= android.view.SyncRtSurfaceTransactionApplier.applyTransaction:96 android.view.SyncRtSurfaceTransactionApplier.lambda$scheduleApply$0:69 android.view.SyncRtSurfaceTransactionApplier.$r8$lambda$SgowXC58rj3PR958kHUfRgLZmvE:0
09-23 14:14:09.442 29262 30145 I ViewRootImpl@79a1f0c[MainActivity]: mWNT: t=0xb40000704c546fd0 mBlastBufferQueue=0xb40000713c4f1b70 fn= 12 mRenderHdrSdrRatio=1.0 caller= android.view.SyncRtSurfaceTransactionApplier.applyTransaction:96 android.view.SyncRtSurfaceTransactionApplier.lambda$scheduleApply$0:69 android.view.SyncRtSurfaceTransactionApplier.$r8$lambda$SgowXC58rj3PR958kHUfRgLZmvE:0
09-23 14:14:09.450 29262 30146 I ViewRootImpl@79a1f0c[MainActivity]: mWNT: t=0xb40000704c547d90 mBlastBufferQueue=0xb40000713c4f1b70 fn= 13 mRenderHdrSdrRatio=1.0 caller= android.view.SyncRtSurfaceTransactionApplier.applyTransaction:96 android.view.SyncRtSurfaceTransactionApplier.lambda$scheduleApply$0:69 android.view.SyncRtSurfaceTransactionApplier.$r8$lambda$SgowXC58rj3PR958kHUfRgLZmvE:0
09-23 14:14:09.458 29262 30145 I ViewRootImpl@79a1f0c[MainActivity]: mWNT: t=0xb40000704c545b30 mBlastBufferQueue=0xb40000713c4f1b70 fn= 14 mRenderHdrSdrRatio=1.0 caller= android.view.SyncRtSurfaceTransactionApplier.applyTransaction:96 android.view.SyncRtSurfaceTransactionApplier.lambda$scheduleApply$0:69 android.view.SyncRtSurfaceTransactionApplier.$r8$lambda$SgowXC58rj3PR958kHUfRgLZmvE:0
09-23 14:14:09.467 29262 30146 I ViewRootImpl@79a1f0c[MainActivity]: mWNT: t=0xb40000704c54c510 mBlastBufferQueue=0xb40000713c4f1b70 fn= 15 mRenderHdrSdrRatio=1.0 caller= android.view.SyncRtSurfaceTransactionApplier.applyTransaction:96 android.view.SyncRtSurfaceTransactionApplier.lambda$scheduleApply$0:69 android.view.SyncRtSurfaceTransactionApplier.$r8$lambda$SgowXC58rj3PR958kHUfRgLZmvE:0
09-23 14:14:09.475 29262 30145 I ViewRootImpl@79a1f0c[MainActivity]: mWNT: t=0xb40000704c545030 mBlastBufferQueue=0xb40000713c4f1b70 fn= 16 mRenderHdrSdrRatio=1.0 caller= android.view.SyncRtSurfaceTransactionApplier.applyTransaction:96 android.view.SyncRtSurfaceTransactionApplier.lambda$scheduleApply$0:69 android.view.SyncRtSurfaceTransactionApplier.$r8$lambda$SgowXC58rj3PR958kHUfRgLZmvE:0
09-23 14:14:09.482 29262 30146 I ViewRootImpl@79a1f0c[MainActivity]: mWNT: t=0xb40000704c4e6bd0 mBlastBufferQueue=0xb40000713c4f1b70 fn= 17 mRenderHdrSdrRatio=1.0 caller= android.view.SyncRtSurfaceTransactionApplier.applyTransaction:96 android.view.SyncRtSurfaceTransactionApplier.lambda$scheduleApply$0:69 android.view.SyncRtSurfaceTransactionApplier.$r8$lambda$SgowXC58rj3PR958kHUfRgLZmvE:0
09-23 14:14:09.490 29262 30145 I ViewRootImpl@79a1f0c[MainActivity]: mWNT: t=0xb40000704c4e6910 mBlastBufferQueue=0xb40000713c4f1b70 fn= 18 mRenderHdrSdrRatio=1.0 caller= android.view.SyncRtSurfaceTransactionApplier.applyTransaction:96 android.view.SyncRtSurfaceTransactionApplier.lambda$scheduleApply$0:69 android.view.SyncRtSurfaceTransactionApplier.$r8$lambda$SgowXC58rj3PR958kHUfRgLZmvE:0
09-23 14:14:09.501 29262 30146 I ViewRootImpl@79a1f0c[MainActivity]: mWNT: t=0xb40000704c549230 mBlastBufferQueue=0xb40000713c4f1b70 fn= 19 mRenderHdrSdrRatio=1.0 caller= android.view.SyncRtSurfaceTransactionApplier.applyTransaction:96 android.view.SyncRtSurfaceTransactionApplier.lambda$scheduleApply$0:69 android.view.SyncRtSurfaceTransactionApplier.$r8$lambda$SgowXC58rj3PR958kHUfRgLZmvE:0
09-23 14:14:09.509 29262 30145 I ViewRootImpl@79a1f0c[MainActivity]: mWNT: t=0xb40000704c5497b0 mBlastBufferQueue=0xb40000713c4f1b70 fn= 20 mRenderHdrSdrRatio=1.0 caller= android.view.SyncRtSurfaceTransactionApplier.applyTransaction:96 android.view.SyncRtSurfaceTransactionApplier.lambda$scheduleApply$0:69 android.view.SyncRtSurfaceTransactionApplier.$r8$lambda$SgowXC58rj3PR958kHUfRgLZmvE:0
09-23 14:14:09.518 29262 30146 I ViewRootImpl@79a1f0c[MainActivity]: mWNT: t=0xb40000704c545df0 mBlastBufferQueue=0xb40000713c4f1b70 fn= 21 mRenderHdrSdrRatio=1.0 caller= android.view.SyncRtSurfaceTransactionApplier.applyTransaction:96 android.view.SyncRtSurfaceTransactionApplier.lambda$scheduleApply$0:69 android.view.SyncRtSurfaceTransactionApplier.$r8$lambda$SgowXC58rj3PR958kHUfRgLZmvE:0
09-23 14:14:09.527 29262 30145 I ViewRootImpl@79a1f0c[MainActivity]: mWNT: t=0xb40000704c5481b0 mBlastBufferQueue=0xb40000713c4f1b70 fn= 22 mRenderHdrSdrRatio=1.0 caller= android.view.SyncRtSurfaceTransactionApplier.applyTransaction:96 android.view.SyncRtSurfaceTransactionApplier.lambda$scheduleApply$0:69 android.view.SyncRtSurfaceTransactionApplier.$r8$lambda$SgowXC58rj3PR958kHUfRgLZmvE:0
09-23 14:14:09.532 29262 30146 I ViewRootImpl@79a1f0c[MainActivity]: mWNT: t=0xb40000704c53a2f0 mBlastBufferQueue=0xb40000713c4f1b70 fn= 23 mRenderHdrSdrRatio=1.0 caller= android.view.SyncRtSurfaceTransactionApplier.applyTransaction:96 android.view.SyncRtSurfaceTransactionApplier.lambda$scheduleApply$0:69 android.view.SyncRtSurfaceTransactionApplier.$r8$lambda$SgowXC58rj3PR958kHUfRgLZmvE:0
09-23 14:14:09.549 29262 30145 I ViewRootImpl@79a1f0c[MainActivity]: mWNT: t=0xb40000704c539ed0 mBlastBufferQueue=0xb40000713c4f1b70 fn= 24 mRenderHdrSdrRatio=1.0 caller= android.view.SyncRtSurfaceTransactionApplier.applyTransaction:96 android.view.SyncRtSurfaceTransactionApplier.lambda$scheduleApply$0:69 android.view.SyncRtSurfaceTransactionApplier.$r8$lambda$SgowXC58rj3PR958kHUfRgLZmvE:0
09-23 14:14:09.552 29262 30146 I ViewRootImpl@79a1f0c[MainActivity]: mWNT: t=0xb40000704c538610 mBlastBufferQueue=0xb40000713c4f1b70 fn= 25 mRenderHdrSdrRatio=1.0 caller= android.view.SyncRtSurfaceTransactionApplier.applyTransaction:96 android.view.SyncRtSurfaceTransactionApplier.lambda$scheduleApply$0:69 android.view.SyncRtSurfaceTransactionApplier.$r8$lambda$SgowXC58rj3PR958kHUfRgLZmvE:0
09-23 14:14:09.557 29262 30145 I ViewRootImpl@79a1f0c[MainActivity]: mWNT: t=0xb40000704c52a330 mBlastBufferQueue=0xb40000713c4f1b70 fn= 26 mRenderHdrSdrRatio=1.0 caller= android.view.SyncRtSurfaceTransactionApplier.applyTransaction:96 android.view.SyncRtSurfaceTransactionApplier.lambda$scheduleApply$0:69 android.view.SyncRtSurfaceTransactionApplier.$r8$lambda$SgowXC58rj3PR958kHUfRgLZmvE:0
09-23 14:14:09.567 29262 30146 I ViewRootImpl@79a1f0c[MainActivity]: mWNT: t=0xb40000704c5384b0 mBlastBufferQueue=0xb40000713c4f1b70 fn= 27 mRenderHdrSdrRatio=1.0 caller= android.view.SyncRtSurfaceTransactionApplier.applyTransaction:96 android.view.SyncRtSurfaceTransactionApplier.lambda$scheduleApply$0:69 android.view.SyncRtSurfaceTransactionApplier.$r8$lambda$SgowXC58rj3PR958kHUfRgLZmvE:0
09-23 14:14:09.574 29262 30145 I ViewRootImpl@79a1f0c[MainActivity]: mWNT: t=0xb40000704c52d1f0 mBlastBufferQueue=0xb40000713c4f1b70 fn= 28 mRenderHdrSdrRatio=1.0 caller= android.view.SyncRtSurfaceTransactionApplier.applyTransaction:96 android.view.SyncRtSurfaceTransactionApplier.lambda$scheduleApply$0:69 android.view.SyncRtSurfaceTransactionApplier.$r8$lambda$SgowXC58rj3PR958kHUfRgLZmvE:0
09-23 14:14:09.584 29262 30146 I ViewRootImpl@79a1f0c[MainActivity]: mWNT: t=0xb40000704c52a1d0 mBlastBufferQueue=0xb40000713c4f1b70 fn= 29 mRenderHdrSdrRatio=1.0 caller= android.view.SyncRtSurfaceTransactionApplier.applyTransaction:96 android.view.SyncRtSurfaceTransactionApplier.lambda$scheduleApply$0:69 android.view.SyncRtSurfaceTransactionApplier.$r8$lambda$SgowXC58rj3PR958kHUfRgLZmvE:0
09-23 14:14:09.594 29262 30145 I ViewRootImpl@79a1f0c[MainActivity]: mWNT: t=0xb40000704c52af90 mBlastBufferQueue=0xb40000713c4f1b70 fn= 30 mRenderHdrSdrRatio=1.0 caller= android.view.SyncRtSurfaceTransactionApplier.applyTransaction:96 android.view.SyncRtSurfaceTransactionApplier.lambda$scheduleApply$0:69 android.view.SyncRtSurfaceTransactionApplier.$r8$lambda$SgowXC58rj3PR958kHUfRgLZmvE:0
09-23 14:14:09.601 29262 30146 I ViewRootImpl@79a1f0c[MainActivity]: mWNT: t=0xb40000704c539530 mBlastBufferQueue=0xb40000713c4f1b70 fn= 31 mRenderHdrSdrRatio=1.0 caller= android.view.SyncRtSurfaceTransactionApplier.applyTransaction:96 android.view.SyncRtSurfaceTransactionApplier.lambda$scheduleApply$0:69 android.view.SyncRtSurfaceTransactionApplier.$r8$lambda$SgowXC58rj3PR958kHUfRgLZmvE:0
09-23 14:14:09.609 29262 30145 I ViewRootImpl@79a1f0c[MainActivity]: mWNT: t=0xb40000704c4ffd50 mBlastBufferQueue=0xb40000713c4f1b70 fn= 32 mRenderHdrSdrRatio=1.0 caller= android.view.SyncRtSurfaceTransactionApplier.applyTransaction:96 android.view.SyncRtSurfaceTransactionApplier.lambda$scheduleApply$0:69 android.view.SyncRtSurfaceTransactionApplier.$r8$lambda$SgowXC58rj3PR958kHUfRgLZmvE:0
09-23 14:14:09.616 29262 30146 I ViewRootImpl@79a1f0c[MainActivity]: mWNT: t=0xb40000704c506f70 mBlastBufferQueue=0xb40000713c4f1b70 fn= 33 mRenderHdrSdrRatio=1.0 caller= android.view.SyncRtSurfaceTransactionApplier.applyTransaction:96 android.view.SyncRtSurfaceTransactionApplier.lambda$scheduleApply$0:69 android.view.SyncRtSurfaceTransactionApplier.$r8$lambda$SgowXC58rj3PR958kHUfRgLZmvE:0
09-23 14:14:09.625 29262 30145 I ViewRootImpl@79a1f0c[MainActivity]: mWNT: t=0xb40000704c5280d0 mBlastBufferQueue=0xb40000713c4f1b70 fn= 34 mRenderHdrSdrRatio=1.0 caller= android.view.SyncRtSurfaceTransactionApplier.applyTransaction:96 android.view.SyncRtSurfaceTransactionApplier.lambda$scheduleApply$0:69 android.view.SyncRtSurfaceTransactionApplier.$r8$lambda$SgowXC58rj3PR958kHUfRgLZmvE:0
09-23 14:14:09.635 29262 30146 I ViewRootImpl@79a1f0c[MainActivity]: mWNT: t=0xb40000704c549650 mBlastBufferQueue=0xb40000713c4f1b70 fn= 35 mRenderHdrSdrRatio=1.0 caller= android.view.SyncRtSurfaceTransactionApplier.applyTransaction:96 android.view.SyncRtSurfaceTransactionApplier.lambda$scheduleApply$0:69 android.view.SyncRtSurfaceTransactionApplier.$r8$lambda$SgowXC58rj3PR958kHUfRgLZmvE:0
09-23 14:14:09.642 29262 30145 I ViewRootImpl@79a1f0c[MainActivity]: mWNT: t=0xb40000704c546bb0 mBlastBufferQueue=0xb40000713c4f1b70 fn= 36 mRenderHdrSdrRatio=1.0 caller= android.view.SyncRtSurfaceTransactionApplier.applyTransaction:96 android.view.SyncRtSurfaceTransactionApplier.lambda$scheduleApply$0:69 android.view.SyncRtSurfaceTransactionApplier.$r8$lambda$SgowXC58rj3PR958kHUfRgLZmvE:0
09-23 14:14:09.652 29262 30146 I ViewRootImpl@79a1f0c[MainActivity]: mWNT: t=0xb40000704c53ab30 mBlastBufferQueue=0xb40000713c4f1b70 fn= 37 mRenderHdrSdrRatio=1.0 caller= android.view.SyncRtSurfaceTransactionApplier.applyTransaction:96 android.view.SyncRtSurfaceTransactionApplier.lambda$scheduleApply$0:69 android.view.SyncRtSurfaceTransactionApplier.$r8$lambda$SgowXC58rj3PR958kHUfRgLZmvE:0
09-23 14:14:09.662 29262 30145 I ViewRootImpl@79a1f0c[MainActivity]: mWNT: t=0xb40000704c545870 mBlastBufferQueue=0xb40000713c4f1b70 fn= 38 mRenderHdrSdrRatio=1.0 caller= android.view.SyncRtSurfaceTransactionApplier.applyTransaction:96 android.view.SyncRtSurfaceTransactionApplier.lambda$scheduleApply$0:69 android.view.SyncRtSurfaceTransactionApplier.$r8$lambda$SgowXC58rj3PR958kHUfRgLZmvE:0
09-23 14:14:09.669 29262 30146 I ViewRootImpl@79a1f0c[MainActivity]: mWNT: t=0xb40000704c54d430 mBlastBufferQueue=0xb40000713c4f1b70 fn= 39 mRenderHdrSdrRatio=1.0 caller= android.view.SyncRtSurfaceTransactionApplier.applyTransaction:96 android.view.SyncRtSurfaceTransactionApplier.lambda$scheduleApply$0:69 android.view.SyncRtSurfaceTransactionApplier.$r8$lambda$SgowXC58rj3PR958kHUfRgLZmvE:0
09-23 14:14:09.678 29262 30145 I ViewRootImpl@79a1f0c[MainActivity]: mWNT: t=0xb40000704c5032f0 mBlastBufferQueue=0xb40000713c4f1b70 fn= 40 mRenderHdrSdrRatio=1.0 caller= android.view.SyncRtSurfaceTransactionApplier.applyTransaction:96 android.view.SyncRtSurfaceTransactionApplier.lambda$scheduleApply$0:69 android.view.SyncRtSurfaceTransactionApplier.$r8$lambda$SgowXC58rj3PR958kHUfRgLZmvE:0
09-23 14:14:09.683 29262 30146 I ViewRootImpl@79a1f0c[MainActivity]: mWNT: t=0xb40000704c4fe070 mBlastBufferQueue=0xb40000713c4f1b70 fn= 41 mRenderHdrSdrRatio=1.0 caller= android.view.SyncRtSurfaceTransactionApplier.applyTransaction:96 android.view.SyncRtSurfaceTransactionApplier.lambda$scheduleApply$0:69 android.view.SyncRtSurfaceTransactionApplier.$r8$lambda$SgowXC58rj3PR958kHUfRgLZmvE:0
09-23 14:14:09.693 29262 30145 I ViewRootImpl@79a1f0c[MainActivity]: mWNT: t=0xb40000704c5044d0 mBlastBufferQueue=0xb40000713c4f1b70 fn= 42 mRenderHdrSdrRatio=1.0 caller= android.view.SyncRtSurfaceTransactionApplier.applyTransaction:96 android.view.SyncRtSurfaceTransactionApplier.lambda$scheduleApply$0:69 android.view.SyncRtSurfaceTransactionApplier.$r8$lambda$SgowXC58rj3PR958kHUfRgLZmvE:0
09-23 14:14:09.702 29262 30146 I ViewRootImpl@79a1f0c[MainActivity]: mWNT: t=0xb40000704c530d10 mBlastBufferQueue=0xb40000713c4f1b70 fn= 43 mRenderHdrSdrRatio=1.0 caller= android.view.SyncRtSurfaceTransactionApplier.applyTransaction:96 android.view.SyncRtSurfaceTransactionApplier.lambda$scheduleApply$0:69 android.view.SyncRtSurfaceTransactionApplier.$r8$lambda$SgowXC58rj3PR958kHUfRgLZmvE:0
09-23 14:14:09.711 29262 30145 I ViewRootImpl@79a1f0c[MainActivity]: mWNT: t=0xb40000704c520250 mBlastBufferQueue=0xb40000713c4f1b70 fn= 44 mRenderHdrSdrRatio=1.0 caller= android.view.SyncRtSurfaceTransactionApplier.applyTransaction:96 android.view.SyncRtSurfaceTransactionApplier.lambda$scheduleApply$0:69 android.view.SyncRtSurfaceTransactionApplier.$r8$lambda$SgowXC58rj3PR958kHUfRgLZmvE:0
09-23 14:14:09.717 29262 30146 I ViewRootImpl@79a1f0c[MainActivity]: mWNT: t=0xb40000704c539530 mBlastBufferQueue=0xb40000713c4f1b70 fn= 45 mRenderHdrSdrRatio=1.0 caller= android.view.SyncRtSurfaceTransactionApplier.applyTransaction:96 android.view.SyncRtSurfaceTransactionApplier.lambda$scheduleApply$0:69 android.view.SyncRtSurfaceTransactionApplier.$r8$lambda$SgowXC58rj3PR958kHUfRgLZmvE:0
09-23 14:14:09.726 29262 29262 I InsetsController: cancelAnimation: types=ime, animType=0, host=app.revanced.manager.flutter/app.revanced.manager.flutter.MainActivity, from=android.view.InsetsController.notifyFinished:1748 android.view.InsetsAnimationControlImpl.applyChangeInsets:312 android.view.InsetsController.lambda$new$3:918
09-23 14:14:09.727 29262 29262 I ImeTracker: app.revanced.manager.flutter:f36532d1: onShown
09-23 14:14:09.728 29262 30145 I ViewRootImpl@79a1f0c[MainActivity]: mWNT: t=0xb40000704c5384b0 mBlastBufferQueue=0xb40000713c4f1b70 fn= 46 mRenderHdrSdrRatio=1.0 caller= android.view.SyncRtSurfaceTransactionApplier.applyTransaction:96 android.view.SyncRtSurfaceTransactionApplier.lambda$scheduleApply$0:69 android.view.SyncRtSurfaceTransactionApplier.$r8$lambda$SgowXC58rj3PR958kHUfRgLZmvE:0
09-23 14:14:09.728 29262 30145 I ViewRootImpl@79a1f0c[MainActivity]: mWNT: t=0xb40000704c52a1d0 mBlastBufferQueue=0xb40000713c4f1b70 fn= 46 mRenderHdrSdrRatio=1.0 caller= android.view.SyncRtSurfaceTransactionApplier.applyTransaction:96 android.view.SyncRtSurfaceTransactionApplier.lambda$scheduleApply$0:69 android.view.SyncRtSurfaceTransactionApplier.$r8$lambda$SgowXC58rj3PR958kHUfRgLZmvE:0
09-23 14:14:10.013 29262 29262 I InputMethodManager_LC: showSoftInput(View,I)
09-23 14:14:10.013 29262 29262 I ImeTracker: app.revanced.manager.flutter:86542120: onRequestShow at ORIGIN_CLIENT_SHOW_SOFT_INPUT reason SHOW_SOFT_INPUT
09-23 14:14:10.014 29262 29262 I InputMethodManager_LC: ssi(): flags=0 view=app.revanced.manager.flutter reason = SHOW_SOFT_INPUT
09-23 14:14:10.014 29262 29262 I InputMethodManager_LC: ssi() view is not EditText
09-23 14:14:10.014 29262 29262 D InputMethodManager: showSoftInput() view=io.flutter.embedding.android.FlutterView{1d48be9 VFED..... .F...... 0,0-1080,2340 #1 aid=1073741824} flags=0 reason=SHOW_SOFT_INPUT
09-23 14:14:10.029 29262 29262 I ViewRootImpl@79a1f0c[MainActivity]: onDisplayChanged oldDisplayState=2 newDisplayState=2
09-23 14:14:10.045 29262 29262 D InsetsController: show(ime(), fromIme=true)
09-23 14:14:10.045 29262 29262 I ImeTracker: app.revanced.manager.flutter:86542120: onCancelled at PHASE_CLIENT_APPLY_ANIMATION
09-23 14:14:10.061 29262 29262 I InputMethodManager_LC: showSoftInput(View,I)
09-23 14:14:10.063 29262 29262 I ImeTracker: app.revanced.manager.flutter:9b54516f: onRequestShow at ORIGIN_CLIENT_SHOW_SOFT_INPUT reason SHOW_SOFT_INPUT
09-23 14:14:10.063 29262 29262 I InputMethodManager_LC: ssi(): flags=0 view=app.revanced.manager.flutter reason = SHOW_SOFT_INPUT
09-23 14:14:10.063 29262 29262 I InputMethodManager_LC: ssi() view is not EditText
09-23 14:14:10.063 29262 29262 D InputMethodManager: showSoftInput() view=io.flutter.embedding.android.FlutterView{1d48be9 VFED..... .F...... 0,0-1080,2340 #1 aid=1073741824} flags=0 reason=SHOW_SOFT_INPUT
09-23 14:14:10.072 29262 29262 D InsetsController: show(ime(), fromIme=true)
09-23 14:14:10.072 29262 29262 I ImeTracker: app.revanced.manager.flutter:9b54516f: onCancelled at PHASE_CLIENT_APPLY_ANIMATION
09-23 14:14:10.227 29262 29262 I InputMethodManager_LC: showSoftInput(View,I)
09-23 14:14:10.227 29262 29262 I ImeTracker: app.revanced.manager.flutter:af92cc7d: onRequestShow at ORIGIN_CLIENT_SHOW_SOFT_INPUT reason SHOW_SOFT_INPUT
09-23 14:14:10.228 29262 29262 I InputMethodManager_LC: ssi(): flags=0 view=app.revanced.manager.flutter reason = SHOW_SOFT_INPUT
09-23 14:14:10.228 29262 29262 I InputMethodManager_LC: ssi() view is not EditText
09-23 14:14:10.228 29262 29262 D InputMethodManager: showSoftInput() view=io.flutter.embedding.android.FlutterView{1d48be9 VFED..... .F...... 0,0-1080,2340 #1 aid=1073741824} flags=0 reason=SHOW_SOFT_INPUT
09-23 14:14:10.234 29262 29262 D InsetsController: show(ime(), fromIme=true)
09-23 14:14:10.234 29262 29262 I ImeTracker: app.revanced.manager.flutter:af92cc7d: onCancelled at PHASE_CLIENT_APPLY_ANIMATION
09-23 14:14:10.899 29262 29262 I ViewRootImpl@79a1f0c[MainActivity]: ViewPostIme pointer 0
09-23 14:14:10.931 29262 29262 I ViewRootImpl@79a1f0c[MainActivity]: onDisplayChanged oldDisplayState=2 newDisplayState=2
09-23 14:14:10.956 29262 29262 I ViewRootImpl@79a1f0c[MainActivity]: ViewPostIme pointer 1
09-23 14:14:11.386 29262 29262 I ViewRootImpl@79a1f0c[MainActivity]: ViewPostIme pointer 0
09-23 14:14:11.441 29262 29262 I ViewRootImpl@79a1f0c[MainActivity]: ViewPostIme pointer 1
09-23 14:14:11.443 29262 29262 D InputMethodManagerUtils: startInputInner - Id : 0
09-23 14:14:11.443 29262 29262 I InputMethodManager: startInputInner - IInputMethodManagerGlobalInvoker.startInputOrWindowGainedFocus
09-23 14:14:11.451 29262 29262 I ImeTracker: app.revanced.manager.flutter:a6985ad0: onRequestHide at ORIGIN_CLIENT_HIDE_SOFT_INPUT reason HIDE_SOFT_INPUT
09-23 14:14:11.451 29262 29262 I InputMethodManager_LC: hsifw() - flag : 0
09-23 14:14:11.452 29262 29262 I InputMethodManager_LC: hsifw() - mService.hideSoftInput
09-23 14:14:11.454 29262 29262 W RemoteInputConnectionImpl: getExtractedText on inactive InputConnection
09-23 14:14:11.496 29262 29262 W WindowOnBackDispatcher: sendCancelIfRunning: isInProgress=falsecallback=ImeCallback=ImeOnBackInvokedCallback@244736930 Callback=android.window.IOnBackInvokedCallback$Stub$Proxy@9aff833
09-23 14:14:11.506 29262 29262 I InsetsController: setRequestedVisibleTypes: visible=false, mask=ime, host=app.revanced.manager.flutter/app.revanced.manager.flutter.MainActivity, from=android.view.InsetsController.controlAnimationUnchecked:1445 android.view.InsetsController.applyAnimation:2005 android.view.InsetsController.applyAnimation:1968 android.view.InsetsController.hide:1403 android.view.ViewRootImpl$ViewRootHandler.handleMessageImpl:7240 android.view.ViewRootImpl$ViewRootHandler.handleMessage:7166 android.os.Handler.dispatchMessage:106 android.os.Looper.loopOnce:230 android.os.Looper.loop:319 android.app.ActivityThread.main:8919
09-23 14:14:11.506 29262 29262 I InsetsController: controlAnimationUncheckedInner: Added types=ime, animType=1, host=app.revanced.manager.flutter/app.revanced.manager.flutter.MainActivity, from=android.view.InsetsController.controlAnimationUnchecked:1449 android.view.InsetsController.applyAnimation:2005 android.view.InsetsController.applyAnimation:1968
09-23 14:14:11.517 29262 30146 I ViewRootImpl@79a1f0c[MainActivity]: mWNT: t=0xb40000704c503f50 mBlastBufferQueue=0xb40000713c4f1b70 fn= 47 mRenderHdrSdrRatio=1.0 caller= android.view.SyncRtSurfaceTransactionApplier.applyTransaction:96 android.view.SyncRtSurfaceTransactionApplier.lambda$scheduleApply$0:69 android.view.SyncRtSurfaceTransactionApplier.$r8$lambda$SgowXC58rj3PR958kHUfRgLZmvE:0
09-23 14:14:11.525 29262 30145 I ViewRootImpl@79a1f0c[MainActivity]: mWNT: t=0xb40000704c506f70 mBlastBufferQueue=0xb40000713c4f1b70 fn= 48 mRenderHdrSdrRatio=1.0 caller= android.view.SyncRtSurfaceTransactionApplier.applyTransaction:96 android.view.SyncRtSurfaceTransactionApplier.lambda$scheduleApply$0:69 android.view.SyncRtSurfaceTransactionApplier.$r8$lambda$SgowXC58rj3PR958kHUfRgLZmvE:0
09-23 14:14:11.532 29262 30146 I ViewRootImpl@79a1f0c[MainActivity]: mWNT: t=0xb40000704c547970 mBlastBufferQueue=0xb40000713c4f1b70 fn= 49 mRenderHdrSdrRatio=1.0 caller= android.view.SyncRtSurfaceTransactionApplier.applyTransaction:96 android.view.SyncRtSurfaceTransactionApplier.lambda$scheduleApply$0:69 android.view.SyncRtSurfaceTransactionApplier.$r8$lambda$SgowXC58rj3PR958kHUfRgLZmvE:0
09-23 14:14:11.537 29262 29438 I ViewRootImpl@79a1f0c[MainActivity]: Resizing android.view.ViewRootImpl@86daeef: frame = [0,0][1080,2340] reportDraw = false forceLayout = false syncSeqId = -1
09-23 14:14:11.537 29262 29262 I InsetsController: onStateChanged: host=app.revanced.manager.flutter/app.revanced.manager.flutter.MainActivity, from=android.view.ViewRootImpl$ViewRootHandler.handleMessageImpl:7209, state=InsetsState: {mDisplayFrame=Rect(0, 0 - 1080, 2340), mDisplayCutout=DisplayCutout{insets=Rect(0, 74 - 0, 0) waterfall=Insets{left=0, top=0, right=0, bottom=0} boundingRect={Bounds=[Rect(0, 0 - 0, 0), Rect(514, 0 - 566, 74), Rect(0, 0 - 0, 0), Rect(0, 0 - 0, 0)]} cutoutPathParserInfo={CutoutPathParserInfo{displayWidth=1080 displayHeight=2340 physicalDisplayWidth=1080 physicalDisplayHeight=2340 density={2.8125} cutoutSpec={M 0,0 H -9.244444444444444 V 26.31111111111111 H 9.244444444444444 V 0 H 0 Z @dp} rotation={0} scale={1.0} physicalPixelDisplaySizeRatio={1.0}}}}, mRoundedCorners=RoundedCorners{[RoundedCorner{position=TopLeft, radius=101, center=Point(101, 101)}, RoundedCorner{position=TopRight, radius=101, center=Point(979, 101)}, RoundedCorner{position=BottomRight, radius=101, center=Point(979, 2239)}, RoundedCorner{position=BottomLeft, radius=101, center=Point(101, 2239)}]} mRoundedCornerFrame=Rect(0, 0 - 1080, 2340), mPrivacyIndicatorBounds=PrivacyIndicatorBounds {static bounds=Rect(956, 0 - 1080, 74) rotation=0}, mDisplayShape=DisplayShape{ spec=-311912193 displayWidth=1080 displayHeight=2340 physicalPixelDisplaySizeRatio=1.0 rotation=0 offsetX=0 offsetY=0 scale=1.0}, mSources= { InsetsSource: {9e990000 mType=statusBars mFrame=[0,0][1080,74] mVisible=true mFlags=[]}, InsetsSource: {9e990005 mType=mandatorySystemGestures mFrame=[0,0][1080,108] mVisible=true mFlags=[]}, InsetsSource: {9e990006 mType=tappableElement mFrame=[0,0][1080,74] mVisible=true mFlags=[]}, InsetsSource: {b8580001 mType=navigationBars mFrame=[0,0][0,0] mVisible=true mFlags=[SUPPRESS_SCRIM]}, InsetsSource: {b8580004 mType=systemGestures mFrame=[0,0][0,0] mVisible=true mFlags=[]}, InsetsSource: {b8580005 mType=mandatorySystemGestures mFrame=[0,2250][1080,2340] mVisible=true mFlags=[]}, InsetsSource: {b8580006 mType=tappableElement mFrame=[0,0][0,0] mVisible=true mFlags=[]}, InsetsSource: {b8580024 mType=systemGestures mFrame=[0,0][0,0] mVisible=true mFlags=[]}, InsetsSource: {3 mType=ime mFrame=[0,1421][1080,2340] mVisible=false mFlags=[]}, InsetsSource: {27 mType=displayCutout mFrame=[0,0][1080,74] mVisible=true mFlags=[]} }
09-23 14:14:11.537 29262 29262 I InsetsSourceConsumer: applyRequestedVisibilityToControl: visible=true, type=navigationBars, host=app.revanced.manager.flutter/app.revanced.manager.flutter.MainActivity
09-23 14:14:11.538 29262 29262 I ViewRootImpl@79a1f0c[MainActivity]: handleResized, msg = 4 frames=ClientWindowFrames{frame=[0,0][1080,2340] display=[0,0][1080,2340] parentFrame=[0,0][0,0]} forceNextWindowRelayout=false displayId=0 dragResizing=false compatScale=1.0 frameChanged=false attachedFrameChanged=false configChanged=false displayChanged=false compatScaleChanged=false
09-23 14:14:11.539 29262 30145 I ViewRootImpl@79a1f0c[MainActivity]: mWNT: t=0xb40000704c51ae70 mBlastBufferQueue=0xb40000713c4f1b70 fn= 50 mRenderHdrSdrRatio=1.0 caller= android.view.SyncRtSurfaceTransactionApplier.applyTransaction:96 android.view.SyncRtSurfaceTransactionApplier.lambda$scheduleApply$0:69 android.view.SyncRtSurfaceTransactionApplier.$r8$lambda$SgowXC58rj3PR958kHUfRgLZmvE:0
09-23 14:14:11.550 29262 30146 I ViewRootImpl@79a1f0c[MainActivity]: mWNT: t=0xb40000704c543610 mBlastBufferQueue=0xb40000713c4f1b70 fn= 51 mRenderHdrSdrRatio=1.0 caller= android.view.SyncRtSurfaceTransactionApplier.applyTransaction:96 android.view.SyncRtSurfaceTransactionApplier.lambda$scheduleApply$0:69 android.view.SyncRtSurfaceTransactionApplier.$r8$lambda$SgowXC58rj3PR958kHUfRgLZmvE:0
09-23 14:14:11.556 29262 30145 I ViewRootImpl@79a1f0c[MainActivity]: mWNT: t=0xb40000704c537c70 mBlastBufferQueue=0xb40000713c4f1b70 fn= 52 mRenderHdrSdrRatio=1.0 caller= android.view.SyncRtSurfaceTransactionApplier.applyTransaction:96 android.view.SyncRtSurfaceTransactionApplier.lambda$scheduleApply$0:69 android.view.SyncRtSurfaceTransactionApplier.$r8$lambda$SgowXC58rj3PR958kHUfRgLZmvE:0
09-23 14:14:11.574 29262 30146 I ViewRootImpl@79a1f0c[MainActivity]: mWNT: t=0xb40000704c5048f0 mBlastBufferQueue=0xb40000713c4f1b70 fn= 53 mRenderHdrSdrRatio=1.0 caller= android.view.SyncRtSurfaceTransactionApplier.applyTransaction:96 android.view.SyncRtSurfaceTransactionApplier.lambda$scheduleApply$0:69 android.view.SyncRtSurfaceTransactionApplier.$r8$lambda$SgowXC58rj3PR958kHUfRgLZmvE:0
09-23 14:14:11.582 29262 30145 I ViewRootImpl@79a1f0c[MainActivity]: mWNT: t=0xb40000704c52eed0 mBlastBufferQueue=0xb40000713c4f1b70 fn= 54 mRenderHdrSdrRatio=1.0 caller= android.view.SyncRtSurfaceTransactionApplier.applyTransaction:96 android.view.SyncRtSurfaceTransactionApplier.lambda$scheduleApply$0:69 android.view.SyncRtSurfaceTransactionApplier.$r8$lambda$SgowXC58rj3PR958kHUfRgLZmvE:0
09-23 14:14:11.590 29262 30146 I ViewRootImpl@79a1f0c[MainActivity]: mWNT: t=0xb40000704c4f3e30 mBlastBufferQueue=0xb40000713c4f1b70 fn= 55 mRenderHdrSdrRatio=1.0 caller= android.view.SyncRtSurfaceTransactionApplier.applyTransaction:96 android.view.SyncRtSurfaceTransactionApplier.lambda$scheduleApply$0:69 android.view.SyncRtSurfaceTransactionApplier.$r8$lambda$SgowXC58rj3PR958kHUfRgLZmvE:0
09-23 14:14:11.598 29262 30145 I ViewRootImpl@79a1f0c[MainActivity]: mWNT: t=0xb40000704c54a6d0 mBlastBufferQueue=0xb40000713c4f1b70 fn= 56 mRenderHdrSdrRatio=1.0 caller= android.view.SyncRtSurfaceTransactionApplier.applyTransaction:96 android.view.SyncRtSurfaceTransactionApplier.lambda$scheduleApply$0:69 android.view.SyncRtSurfaceTransactionApplier.$r8$lambda$SgowXC58rj3PR958kHUfRgLZmvE:0
09-23 14:14:11.606 29262 30146 I ViewRootImpl@79a1f0c[MainActivity]: mWNT: t=0xb40000704c527470 mBlastBufferQueue=0xb40000713c4f1b70 fn= 57 mRenderHdrSdrRatio=1.0 caller= android.view.SyncRtSurfaceTransactionApplier.applyTransaction:96 android.view.SyncRtSurfaceTransactionApplier.lambda$scheduleApply$0:69 android.view.SyncRtSurfaceTransactionApplier.$r8$lambda$SgowXC58rj3PR958kHUfRgLZmvE:0
09-23 14:14:11.625 29262 30145 I ViewRootImpl@79a1f0c[MainActivity]: mWNT: t=0xb40000704c518950 mBlastBufferQueue=0xb40000713c4f1b70 fn= 58 mRenderHdrSdrRatio=1.0 caller= android.view.SyncRtSurfaceTransactionApplier.applyTransaction:96 android.view.SyncRtSurfaceTransactionApplier.lambda$scheduleApply$0:69 android.view.SyncRtSurfaceTransactionApplier.$r8$lambda$SgowXC58rj3PR958kHUfRgLZmvE:0
09-23 14:14:11.630 29262 30146 I ViewRootImpl@79a1f0c[MainActivity]: mWNT: t=0xb40000704c52fdf0 mBlastBufferQueue=0xb40000713c4f1b70 fn= 59 mRenderHdrSdrRatio=1.0 caller= android.view.SyncRtSurfaceTransactionApplier.applyTransaction:96 android.view.SyncRtSurfaceTransactionApplier.lambda$scheduleApply$0:69 android.view.SyncRtSurfaceTransactionApplier.$r8$lambda$SgowXC58rj3PR958kHUfRgLZmvE:0
09-23 14:14:11.640 29262 30145 I ViewRootImpl@79a1f0c[MainActivity]: mWNT: t=0xb40000704c54ddd0 mBlastBufferQueue=0xb40000713c4f1b70 fn= 60 mRenderHdrSdrRatio=1.0 caller= android.view.SyncRtSurfaceTransactionApplier.applyTransaction:96 android.view.SyncRtSurfaceTransactionApplier.lambda$scheduleApply$0:69 android.view.SyncRtSurfaceTransactionApplier.$r8$lambda$SgowXC58rj3PR958kHUfRgLZmvE:0
09-23 14:14:11.649 29262 30146 I ViewRootImpl@79a1f0c[MainActivity]: mWNT: t=0xb40000704c528d30 mBlastBufferQueue=0xb40000713c4f1b70 fn= 61 mRenderHdrSdrRatio=1.0 caller= android.view.SyncRtSurfaceTransactionApplier.applyTransaction:96 android.view.SyncRtSurfaceTransactionApplier.lambda$scheduleApply$0:69 android.view.SyncRtSurfaceTransactionApplier.$r8$lambda$SgowXC58rj3PR958kHUfRgLZmvE:0
09-23 14:14:11.658 29262 30145 I ViewRootImpl@79a1f0c[MainActivity]: mWNT: t=0xb40000704c527f70 mBlastBufferQueue=0xb40000713c4f1b70 fn= 62 mRenderHdrSdrRatio=1.0 caller= android.view.SyncRtSurfaceTransactionApplier.applyTransaction:96 android.view.SyncRtSurfaceTransactionApplier.lambda$scheduleApply$0:69 android.view.SyncRtSurfaceTransactionApplier.$r8$lambda$SgowXC58rj3PR958kHUfRgLZmvE:0
09-23 14:14:11.667 29262 30146 I ViewRootImpl@79a1f0c[MainActivity]: mWNT: t=0xb40000704c530fd0 mBlastBufferQueue=0xb40000713c4f1b70 fn= 63 mRenderHdrSdrRatio=1.0 caller= android.view.SyncRtSurfaceTransactionApplier.applyTransaction:96 android.view.SyncRtSurfaceTransactionApplier.lambda$scheduleApply$0:69 android.view.SyncRtSurfaceTransactionApplier.$r8$lambda$SgowXC58rj3PR958kHUfRgLZmvE:0
09-23 14:14:11.676 29262 30145 I ViewRootImpl@79a1f0c[MainActivity]: mWNT: t=0xb40000704c54c3b0 mBlastBufferQueue=0xb40000713c4f1b70 fn= 64 mRenderHdrSdrRatio=1.0 caller= android.view.SyncRtSurfaceTransactionApplier.applyTransaction:96 android.view.SyncRtSurfaceTransactionApplier.lambda$scheduleApply$0:69 android.view.SyncRtSurfaceTransactionApplier.$r8$lambda$SgowXC58rj3PR958kHUfRgLZmvE:0
09-23 14:14:11.687 29262 30146 I ViewRootImpl@79a1f0c[MainActivity]: mWNT: t=0xb40000704c543fb0 mBlastBufferQueue=0xb40000713c4f1b70 fn= 65 mRenderHdrSdrRatio=1.0 caller= android.view.SyncRtSurfaceTransactionApplier.applyTransaction:96 android.view.SyncRtSurfaceTransactionApplier.lambda$scheduleApply$0:69 android.view.SyncRtSurfaceTransactionApplier.$r8$lambda$SgowXC58rj3PR958kHUfRgLZmvE:0
09-23 14:14:11.689 29262 30145 I ViewRootImpl@79a1f0c[MainActivity]: mWNT: t=0xb40000704c51da70 mBlastBufferQueue=0xb40000713c4f1b70 fn= 66 mRenderHdrSdrRatio=1.0 caller= android.view.SyncRtSurfaceTransactionApplier.applyTransaction:96 android.view.SyncRtSurfaceTransactionApplier.lambda$scheduleApply$0:69 android.view.SyncRtSurfaceTransactionApplier.$r8$lambda$SgowXC58rj3PR958kHUfRgLZmvE:0
09-23 14:14:11.709 29262 30146 I ViewRootImpl@79a1f0c[MainActivity]: mWNT: t=0xb40000704c4fdf10 mBlastBufferQueue=0xb40000713c4f1b70 fn= 67 mRenderHdrSdrRatio=1.0 caller= android.view.SyncRtSurfaceTransactionApplier.applyTransaction:96 android.view.SyncRtSurfaceTransactionApplier.lambda$scheduleApply$0:69 android.view.SyncRtSurfaceTransactionApplier.$r8$lambda$SgowXC58rj3PR958kHUfRgLZmvE:0
09-23 14:14:11.710 29262 30145 I ViewRootImpl@79a1f0c[MainActivity]: mWNT: t=0xb40000704c51b290 mBlastBufferQueue=0xb40000713c4f1b70 fn= 68 mRenderHdrSdrRatio=1.0 caller= android.view.SyncRtSurfaceTransactionApplier.applyTransaction:96 android.view.SyncRtSurfaceTransactionApplier.lambda$scheduleApply$0:69 android.view.SyncRtSurfaceTransactionApplier.$r8$lambda$SgowXC58rj3PR958kHUfRgLZmvE:0
09-23 14:14:11.720 29262 30146 I ViewRootImpl@79a1f0c[MainActivity]: mWNT: t=0xb40000704c54cd50 mBlastBufferQueue=0xb40000713c4f1b70 fn= 69 mRenderHdrSdrRatio=1.0 caller= android.view.SyncRtSurfaceTransactionApplier.applyTransaction:96 android.view.SyncRtSurfaceTransactionApplier.lambda$scheduleApply$0:69 android.view.SyncRtSurfaceTransactionApplier.$r8$lambda$SgowXC58rj3PR958kHUfRgLZmvE:0
09-23 14:14:11.722 29262 30145 I ViewRootImpl@79a1f0c[MainActivity]: mWNT: t=0xb40000704c5061b0 mBlastBufferQueue=0xb40000713c4f1b70 fn= 70 mRenderHdrSdrRatio=1.0 caller= android.view.SyncRtSurfaceTransactionApplier.applyTransaction:96 android.view.SyncRtSurfaceTransactionApplier.lambda$scheduleApply$0:69 android.view.SyncRtSurfaceTransactionApplier.$r8$lambda$SgowXC58rj3PR958kHUfRgLZmvE:0
09-23 14:14:11.734 29262 30146 I ViewRootImpl@79a1f0c[MainActivity]: mWNT: t=0xb40000704c52acd0 mBlastBufferQueue=0xb40000713c4f1b70 fn= 71 mRenderHdrSdrRatio=1.0 caller= android.view.SyncRtSurfaceTransactionApplier.applyTransaction:96 android.view.SyncRtSurfaceTransactionApplier.lambda$scheduleApply$0:69 android.view.SyncRtSurfaceTransactionApplier.$r8$lambda$SgowXC58rj3PR958kHUfRgLZmvE:0
09-23 14:14:11.741 29262 30145 I ViewRootImpl@79a1f0c[MainActivity]: mWNT: t=0xb40000704c548890 mBlastBufferQueue=0xb40000713c4f1b70 fn= 72 mRenderHdrSdrRatio=1.0 caller= android.view.SyncRtSurfaceTransactionApplier.applyTransaction:96 android.view.SyncRtSurfaceTransactionApplier.lambda$scheduleApply$0:69 android.view.SyncRtSurfaceTransactionApplier.$r8$lambda$SgowXC58rj3PR958kHUfRgLZmvE:0
09-23 14:14:11.750 29262 30146 I ViewRootImpl@79a1f0c[MainActivity]: mWNT: t=0xb40000704c540a10 mBlastBufferQueue=0xb40000713c4f1b70 fn= 73 mRenderHdrSdrRatio=1.0 caller= android.view.SyncRtSurfaceTransactionApplier.applyTransaction:96 android.view.SyncRtSurfaceTransactionApplier.lambda$scheduleApply$0:69 android.view.SyncRtSurfaceTransactionApplier.$r8$lambda$SgowXC58rj3PR958kHUfRgLZmvE:0
09-23 14:14:11.764 29262 30145 I ViewRootImpl@79a1f0c[MainActivity]: mWNT: t=0xb40000704c50ad50 mBlastBufferQueue=0xb40000713c4f1b70 fn= 74 mRenderHdrSdrRatio=1.0 caller= android.view.SyncRtSurfaceTransactionApplier.applyTransaction:96 android.view.SyncRtSurfaceTransactionApplier.lambda$scheduleApply$0:69 android.view.SyncRtSurfaceTransactionApplier.$r8$lambda$SgowXC58rj3PR958kHUfRgLZmvE:0
09-23 14:14:11.766 29262 30146 I ViewRootImpl@79a1f0c[MainActivity]: mWNT: t=0xb40000704c50b590 mBlastBufferQueue=0xb40000713c4f1b70 fn= 75 mRenderHdrSdrRatio=1.0 caller= android.view.SyncRtSurfaceTransactionApplier.applyTransaction:96 android.view.SyncRtSurfaceTransactionApplier.lambda$scheduleApply$0:69 android.view.SyncRtSurfaceTransactionApplier.$r8$lambda$SgowXC58rj3PR958kHUfRgLZmvE:0
09-23 14:14:11.774 29262 30145 I ViewRootImpl@79a1f0c[MainActivity]: mWNT: t=0xb40000704c4fcff0 mBlastBufferQueue=0xb40000713c4f1b70 fn= 76 mRenderHdrSdrRatio=1.0 caller= android.view.SyncRtSurfaceTransactionApplier.applyTransaction:96 android.view.SyncRtSurfaceTransactionApplier.lambda$scheduleApply$0:69 android.view.SyncRtSurfaceTransactionApplier.$r8$lambda$SgowXC58rj3PR958kHUfRgLZmvE:0
09-23 14:14:11.782 29262 30146 I ViewRootImpl@79a1f0c[MainActivity]: mWNT: t=0xb40000704c53b210 mBlastBufferQueue=0xb40000713c4f1b70 fn= 77 mRenderHdrSdrRatio=1.0 caller= android.view.SyncRtSurfaceTransactionApplier.applyTransaction:96 android.view.SyncRtSurfaceTransactionApplier.lambda$scheduleApply$0:69 android.view.SyncRtSurfaceTransactionApplier.$r8$lambda$SgowXC58rj3PR958kHUfRgLZmvE:0
09-23 14:14:11.803 29262 30145 I ViewRootImpl@79a1f0c[MainActivity]: mWNT: t=0xb40000704c54b330 mBlastBufferQueue=0xb40000713c4f1b70 fn= 78 mRenderHdrSdrRatio=1.0 caller= android.view.SyncRtSurfaceTransactionApplier.applyTransaction:96 android.view.SyncRtSurfaceTransactionApplier.lambda$scheduleApply$0:69 android.view.SyncRtSurfaceTransactionApplier.$r8$lambda$SgowXC58rj3PR958kHUfRgLZmvE:0
09-23 14:14:11.804 29262 30145 I ViewRootImpl@79a1f0c[MainActivity]: mWNT: t=0xb40000704c525630 mBlastBufferQueue=0xb40000713c4f1b70 fn= 79 mRenderHdrSdrRatio=1.0 caller= android.view.SyncRtSurfaceTransactionApplier.applyTransaction:96 android.view.SyncRtSurfaceTransactionApplier.lambda$scheduleApply$0:69 android.view.SyncRtSurfaceTransactionApplier.$r8$lambda$SgowXC58rj3PR958kHUfRgLZmvE:0
09-23 14:14:11.808 29262 30146 I ViewRootImpl@79a1f0c[MainActivity]: mWNT: t=0xb40000704c4fc650 mBlastBufferQueue=0xb40000713c4f1b70 fn= 80 mRenderHdrSdrRatio=1.0 caller= android.view.SyncRtSurfaceTransactionApplier.applyTransaction:96 android.view.SyncRtSurfaceTransactionApplier.lambda$scheduleApply$0:69 android.view.SyncRtSurfaceTransactionApplier.$r8$lambda$SgowXC58rj3PR958kHUfRgLZmvE:0
09-23 14:14:11.822 29262 30145 I ViewRootImpl@79a1f0c[MainActivity]: mWNT: t=0xb40000704c544530 mBlastBufferQueue=0xb40000713c4f1b70 fn= 81 mRenderHdrSdrRatio=1.0 caller= android.view.SyncRtSurfaceTransactionApplier.applyTransaction:96 android.view.SyncRtSurfaceTransactionApplier.lambda$scheduleApply$0:69 android.view.SyncRtSurfaceTransactionApplier.$r8$lambda$SgowXC58rj3PR958kHUfRgLZmvE:0
09-23 14:14:11.823 29262 29262 I InsetsController: cancelAnimation: types=ime, animType=1, host=app.revanced.manager.flutter/app.revanced.manager.flutter.MainActivity, from=android.view.InsetsController.notifyFinished:1748 android.view.InsetsAnimationControlImpl.applyChangeInsets:312 android.view.InsetsController.lambda$new$3:918
09-23 14:14:11.824 29262 29262 I ImeTracker: app.revanced.manager.flutter:cb7e8b22: onRequestHide at ORIGIN_CLIENT_HIDE_SOFT_INPUT reason HIDE_SOFT_INPUT_BY_INSETS_API
09-23 14:14:11.824 29262 29262 I InputMethodManager_LC: notifyImeHidden: IInputMethodManagerGlobalInvoker.hideSoftInput
09-23 14:14:11.825 29262 29262 I ImeTracker: app.revanced.manager.flutter:a6985ad0: onHidden
09-23 14:14:11.838 29262 30146 I ViewRootImpl@79a1f0c[MainActivity]: mWNT: t=0xb40000704c5044d0 mBlastBufferQueue=0xb40000713c4f1b70 fn= 82 mRenderHdrSdrRatio=1.0 caller= android.view.SyncRtSurfaceTransactionApplier.applyTransaction:96 android.view.SyncRtSurfaceTransactionApplier.lambda$scheduleApply$0:69 android.view.SyncRtSurfaceTransactionApplier.$r8$lambda$SgowXC58rj3PR958kHUfRgLZmvE:0
09-23 14:14:12.029 29262 29262 I ViewRootImpl@79a1f0c[MainActivity]: ViewPostIme pointer 0
09-23 14:14:12.068 29262 29262 I ViewRootImpl@79a1f0c[MainActivity]: ViewPostIme pointer 1
09-23 14:14:12.339 29262 30147 I ViewRootImpl@79a1f0c[MainActivity]: Resizing android.view.ViewRootImpl@86daeef: frame = [0,0][1080,2340] reportDraw = false forceLayout = false syncSeqId = -1
09-23 14:14:12.389 29262 29271 W manager.flutter: Cleared Reference was only reachable from finalizer (only reported once)
09-23 14:14:12.430 29262 29271 I manager.flutter: Background concurrent mark compact GC freed 78545(4878KB) AllocSpace objects, 51(1400KB) LOS objects, 54% free, 5108KB/10MB, paused 3.301ms,1.922ms total 253.930ms
09-23 14:14:12.452 29262 29272 D InputTransport: Input channel destroyed: 'ClientS', fd=144
09-23 14:14:12.453 29262 29272 D InputTransport: Input channel destroyed: 'ClientS', fd=130
09-23 14:14:12.453 29262 29273 W manager.flutter: ApkAssets: Deleting an ApkAssets object ' and /system/app/DictDiotekForSec/DictDiotekForSec.apk' with 1 weak references
09-23 14:14:12.454 29262 29273 W manager.flutter: ApkAssets: Deleting an ApkAssets object ' and /data/app/~~e1byX0m9ci3HJOQtwrb3GA==/com.samsung.android.app.interpreter-RN0aeZMBGWhLqFY41m44WQ==/base.apk' with 1 weak references
09-23 14:14:12.454 29262 29273 W manager.flutter: ApkAssets: Deleting an ApkAssets object ' and /data/app/~~RlnrQr9cWg42InmjRGFDWw==/com.samsung.android.samsungpass-FMhOctcuawwJHf5DRwQvKw==/base.apk' with 1 weak references
09-23 14:14:12.456 29262 29273 W manager.flutter: ApkAssets: Deleting an ApkAssets object ' and /data/app/~~eUlMgwX698qP95aSI3ifFA==/com.deepl.mobiletranslator-M4s4hqngSAXkhzZYew4X7Q==/base.apk' with 1 weak references
09-23 14:14:12.456 29262 29273 W manager.flutter: ApkAssets: Deleting an ApkAssets object ' and /data/app/~~eUlMgwX698qP95aSI3ifFA==/com.deepl.mobiletranslator-M4s4hqngSAXkhzZYew4X7Q==/split_config.arm64_v8a.apk' with 1 weak references
09-23 14:14:12.456 29262 29273 W manager.flutter: ApkAssets: Deleting an ApkAssets object ' and /data/app/~~eUlMgwX698qP95aSI3ifFA==/com.deepl.mobiletranslator-M4s4hqngSAXkhzZYew4X7Q==/split_config.xxhdpi.apk' with 1 weak references
09-23 14:14:12.456 29262 29273 W manager.flutter: ApkAssets: Deleting an ApkAssets object ' and /data/app/~~79oI5e8LPyiW7-DAhm_ATw==/com.google.android.apps.translate-vDVjWA7A12j8dAJ9ZdDqew==/base.apk' with 1 weak references
09-23 14:14:12.457 29262 29273 W manager.flutter: ApkAssets: Deleting an ApkAssets object ' and /data/app/~~AnXkB-Dl-TzwNwVnyZaZlA==/com.ichi2.anki-XEE4xNh6imcj_HkTLHLlzQ==/base.apk' with 1 weak references
09-23 14:14:12.457 29262 29273 W manager.flutter: ApkAssets: Deleting an ApkAssets object ' and /data/app/~~0PmXXhnz8h6qeyguMhBbtA==/com.microsoft.office.officehubrow-77XeScqlV1lsuq2yYotmPA==/base.apk' with 1 weak references
09-23 14:14:12.458 29262 29273 W manager.flutter: ApkAssets: Deleting an ApkAssets object ' and /data/app/~~0PmXXhnz8h6qeyguMhBbtA==/com.microsoft.office.officehubrow-77XeScqlV1lsuq2yYotmPA==/split_config.en.apk' with 1 weak references
09-23 14:14:12.458 29262 29273 W manager.flutter: ApkAssets: Deleting an ApkAssets object ' and /data/app/~~0PmXXhnz8h6qeyguMhBbtA==/com.microsoft.office.officehubrow-77XeScqlV1lsuq2yYotmPA==/split_config.xxhdpi.apk' with 1 weak references
09-23 14:14:12.458 29262 29273 W manager.flutter: ApkAssets: Deleting an ApkAssets object ' and /data/app/~~0PmXXhnz8h6qeyguMhBbtA==/com.microsoft.office.officehubrow-77XeScqlV1lsuq2yYotmPA==/split_lenssampledoc.apk' with 1 weak references
09-23 14:14:12.458 29262 29273 W manager.flutter: ApkAssets: Deleting an ApkAssets object ' and /data/app/~~0PmXXhnz8h6qeyguMhBbtA==/com.microsoft.office.officehubrow-77XeScqlV1lsuq2yYotmPA==/split_mainassetpack.apk' with 1 weak references
09-23 14:14:12.458 29262 29273 W manager.flutter: ApkAssets: Deleting an ApkAssets object ' and /data/app/~~FzTB1jMdZ2WEvQqiPLVDgQ==/com.tasomaniac.openwith-3OHMUnPaQF9xq8-vJ22odg==/base.apk' with 1 weak references
09-23 14:14:12.458 29262 29273 W manager.flutter: ApkAssets: Deleting an ApkAssets object ' and /data/app/~~FzTB1jMdZ2WEvQqiPLVDgQ==/com.tasomaniac.openwith-3OHMUnPaQF9xq8-vJ22odg==/split_config.es.apk' with 1 weak references
09-23 14:14:12.458 29262 29273 W manager.flutter: ApkAssets: Deleting an ApkAssets object ' and /data/app/~~FzTB1jMdZ2WEvQqiPLVDgQ==/com.tasomaniac.openwith-3OHMUnPaQF9xq8-vJ22odg==/split_config.xxhdpi.apk' with 1 weak references
09-23 14:14:12.458 29262 29273 W manager.flutter: ApkAssets: Deleting an ApkAssets object ' and /data/app/~~XOfi2inEKbbQ-9S-yQ1qGA==/fe.linksheet-vMCVqNiCI4RR6Jf2GY8P1Q==/base.apk' with 1 weak references
09-23 14:14:12.459 29262 29273 W manager.flutter: ApkAssets: Deleting an ApkAssets object ' and /data/app/~~d9sdm8agzBMSLD6IBVvxRw==/com.amazon.mShop.android.shopping-BzK7F9UjRznOgef4MiMYuw==/base.apk' with 1 weak references
09-23 14:14:12.459 29262 29273 W manager.flutter: ApkAssets: Deleting an ApkAssets object ' and /data/app/~~ihlmBMVZ9xkBuBKRcF6Ijg==/com.google.android.apps.photos-JYJZs4ibXW5PghxR23hBTg==/base.apk' with 1 weak references
09-23 14:14:12.459 29262 29273 W manager.flutter: ApkAssets: Deleting an ApkAssets object ' and /data/app/~~ihlmBMVZ9xkBuBKRcF6Ijg==/com.google.android.apps.photos-JYJZs4ibXW5PghxR23hBTg==/split_config.arm64_v8a.apk' with 1 weak references
