--------- beginning of crash
09-22 04:16:20.852 25930 25930 E AndroidRuntime: FATAL EXCEPTION: main
09-22 04:16:20.852 25930 25930 E AndroidRuntime: Process: app.revanced.manager.flutter, PID: 25930
09-22 04:16:20.852 25930 25930 E AndroidRuntime: java.lang.RuntimeException: Unable to start receiver app.revanced.manager.flutter.utils.packageInstaller.InstallerReceiver: java.lang.NullPointerException
09-22 04:16:20.852 25930 25930 E AndroidRuntime: at android.app.ActivityThread.handleReceiver(ActivityThread.java:4905)
09-22 04:16:20.852 25930 25930 E AndroidRuntime: at android.app.ActivityThread.-$$Nest$mhandleReceiver(Unknown Source:0)
09-22 04:16:20.852 25930 25930 E AndroidRuntime: at android.app.ActivityThread$H.handleMessage(ActivityThread.java:2498)
09-22 04:16:20.852 25930 25930 E AndroidRuntime: at android.os.Handler.dispatchMessage(Handler.java:106)
09-22 04:16:20.852 25930 25930 E AndroidRuntime: at android.os.Looper.loopOnce(Looper.java:230)
09-22 04:16:20.852 25930 25930 E AndroidRuntime: at android.os.Looper.loop(Looper.java:319)
09-22 04:16:20.852 25930 25930 E AndroidRuntime: at android.app.ActivityThread.main(ActivityThread.java:8919)
09-22 04:16:20.852 25930 25930 E AndroidRuntime: at java.lang.reflect.Method.invoke(Native Method)
09-22 04:16:20.852 25930 25930 E AndroidRuntime: at com.android.internal.os.RuntimeInit$MethodAndArgsCaller.run(RuntimeInit.java:578)
09-22 04:16:20.852 25930 25930 E AndroidRuntime: at com.android.internal.os.ZygoteInit.main(ZygoteInit.java:1103)
09-22 04:16:20.852 25930 25930 E AndroidRuntime: Caused by: java.lang.NullPointerException
09-22 04:16:20.852 25930 25930 E AndroidRuntime: at app.revanced.manager.flutter.utils.packageInstaller.InstallerReceiver.onReceive(Unknown Source:63)
09-22 04:16:20.852 25930 25930 E AndroidRuntime: at android.app.ActivityThread.handleReceiver(ActivityThread.java:4896)
09-22 04:16:20.852 25930 25930 E AndroidRuntime: ... 9 more --------- beginning of main
09-23 14:13:43.906 28153 28153 I manager.flutter: Using CollectorTypeCMC GC.
09-23 14:13:43.909 28153 28153 E manager.flutter: Not starting debugger since process cannot load the jdwp agent.
09-23 14:13:43.915 28153 28153 D ActivityThread: setConscryptValidator
09-23 14:13:43.915 28153 28153 D ActivityThread: setConscryptValidator - put
09-23 14:13:44.025 28153 28174 I manager.flutter: Background concurrent mark compact GC freed 9298(6076KB) AllocSpace objects, 0(0B) LOS objects, 75% free, 2035KB/8179KB, paused 30us,53.860ms total 108.336ms
09-23 14:13:44.046 28153 28153 D CompatibilityChangeReporter: Compat change id reported: 171979766; UID 10813; state: ENABLED
09-23 14:13:44.046 28153 28153 D CompatibilityChangeReporter: Compat change id reported: 242716250; UID 10813; state: ENABLED
09-23 14:13:44.064 28153 28153 D nativeloader: Configuring clns-4 for other apk /data/app/~~3mtTgsiO_dkpY-43uXIfVw==/app.revanced.manager.flutter-hQUufLpnyFyYkqgTdxR9vQ==/base.apk. target_sdk_version=34, uses_libraries=, library_path=/data/app/~~3mtTgsiO_dkpY-43uXIfVw==/app.revanced.manager.flutter-hQUufLpnyFyYkqgTdxR9vQ==/lib/arm64:/data/app/~~3mtTgsiO_dkpY-43uXIfVw==/app.revanced.manager.flutter-hQUufLpnyFyYkqgTdxR9vQ==/base.apk!/lib/arm64-v8a, permitted_path=/data:/mnt/expand:/data/user/0/app.revanced.manager.flutter
09-23 14:13:44.086 28153 28153 V GraphicsEnvironment: Currently set values for:
09-23 14:13:44.086 28153 28153 V GraphicsEnvironment: angle_gl_driver_selection_pkgs=[]
09-23 14:13:44.086 28153 28153 V GraphicsEnvironment: angle_gl_driver_selection_values=[]
09-23 14:13:44.086 28153 28153 V GraphicsEnvironment: ANGLE GameManagerService for app.revanced.manager.flutter: false
09-23 14:13:44.086 28153 28153 V GraphicsEnvironment: app.revanced.manager.flutter is not listed in per-application setting
09-23 14:13:44.086 28153 28153 V GraphicsEnvironment: App is not on the allowlist for updatable production driver.
09-23 14:13:53.507 29262 29262 I manager.flutter: Using CollectorTypeCMC GC.
09-23 14:13:53.510 29262 29262 E manager.flutter: Not starting debugger since process cannot load the jdwp agent.
09-23 14:13:53.514 29262 29262 D ActivityThread: setConscryptValidator
09-23 14:13:53.515 29262 29262 D ActivityThread: setConscryptValidator - put
09-23 14:13:53.561 29262 29262 D CompatibilityChangeReporter: Compat change id reported: 171979766; UID 10813; state: ENABLED
09-23 14:13:53.561 29262 29262 D CompatibilityChangeReporter: Compat change id reported: 242716250; UID 10813; state: ENABLED
09-23 14:13:53.573 29262 29262 D nativeloader: Configuring clns-4 for other apk /data/app/~~3mtTgsiO_dkpY-43uXIfVw==/app.revanced.manager.flutter-hQUufLpnyFyYkqgTdxR9vQ==/base.apk. target_sdk_version=34, uses_libraries=, library_path=/data/app/~~3mtTgsiO_dkpY-43uXIfVw==/app.revanced.manager.flutter-hQUufLpnyFyYkqgTdxR9vQ==/lib/arm64:/data/app/~~3mtTgsiO_dkpY-43uXIfVw==/app.revanced.manager.flutter-hQUufLpnyFyYkqgTdxR9vQ==/base.apk!/lib/arm64-v8a, permitted_path=/data:/mnt/expand:/data/user/0/app.revanced.manager.flutter
09-23 14:13:53.585 29262 29262 V GraphicsEnvironment: Currently set values for:
09-23 14:13:53.585 29262 29262 V GraphicsEnvironment: angle_gl_driver_selection_pkgs=[]
09-23 14:13:53.585 29262 29262 V GraphicsEnvironment: angle_gl_driver_selection_values=[]
09-23 14:13:53.585 29262 29262 V GraphicsEnvironment: ANGLE GameManagerService for app.revanced.manager.flutter: false
09-23 14:13:53.585 29262 29262 V GraphicsEnvironment: app.revanced.manager.flutter is not listed in per-application setting
09-23 14:13:53.585 29262 29262 V GraphicsEnvironment: App is not on the allowlist for updatable production driver.
09-23 14:13:53.596 29262 29262 D OpenGLRenderer: HWUI - treat SMPTE_170M as sRGB
09-23 14:13:53.601 29262 29282 I AdrenoGLES-0: QUALCOMM build : 194d5e5755, I6561b7ccb3
09-23 14:13:53.601 29262 29282 I AdrenoGLES-0: Build Date : 08/10/23
09-23 14:13:53.601 29262 29282 I AdrenoGLES-0: OpenGL ES Shader Compiler Version: EV031.36.08.13
09-23 14:13:53.601 29262 29282 I AdrenoGLES-0: Local Branch :
09-23 14:13:53.601 29262 29282 I AdrenoGLES-0: Remote Branch :
09-23 14:13:53.601 29262 29282 I AdrenoGLES-0: Remote Branch :
09-23 14:13:53.601 29262 29282 I AdrenoGLES-0: Reconstruct Branch :
09-23 14:13:53.601 29262 29282 I AdrenoGLES-0: Build Config : S P 12.1.1 AArch64
09-23 14:13:53.601 29262 29282 I AdrenoGLES-0: Driver Path : /vendor/lib64/egl/libGLESv2_adreno.so
09-23 14:13:53.601 29262 29282 I AdrenoGLES-0: Driver Version : 0615.0
09-23 14:13:53.623 29262 29282 I AdrenoGLES-0: PFP: 0x01730155, ME: 0x00000000
09-23 14:13:53.652 29262 29282 W Adreno-AppProfiles: Could not find QSPM HAL service. Skipping adreno profile processing.
09-23 14:13:53.701 29262 29262 D FlutterFileDialogPlugin: onAttachedToEngine - IN
09-23 14:13:53.701 29262 29262 D FlutterFileDialogPlugin: doOnAttachedToEngine - IN
09-23 14:13:53.701 29262 29262 D FlutterFileDialogPlugin: doOnAttachedToEngine - OUT
09-23 14:13:53.701 29262 29262 D FlutterFileDialogPlugin: onAttachedToEngine - OUT
09-23 14:13:53.701 29262 29262 D FlutterFileDialogPlugin: onAttachedToActivity
09-23 14:13:53.701 29262 29262 D FlutterFileDialogPlugin: doOnAttachedToActivity - IN
09-23 14:13:53.701 29262 29262 D FlutterFileDialogPlugin: doOnAttachedToActivity - OUT
09-23 14:13:53.705 29262 29262 D SurfaceView@12ddfb0: 19783600 setAlpha: alpha=0.0
09-23 14:13:53.705 29262 29262 D SurfaceView@12ddfb0: 19783600 updateSurface: has no frame
09-23 14:13:53.720 29262 29262 I DecorView: setWindowBackground: isPopOver=false color=ff000000 d=android.graphics.drawable.ColorDrawable@662b12
09-23 14:13:53.723 29262 29262 D CompatibilityChangeReporter: Compat change id reported: 237531167; UID 10813; state: DISABLED
09-23 14:13:53.726 29262 29282 D NativeCustomFrequencyManager: [NativeCFMS] BpCustomFrequencyManager::BpCustomFrequencyManager()
09-23 14:13:53.733 29262 29262 I InsetsController: onStateChanged: host=app.revanced.manager.flutter/app.revanced.manager.flutter.MainActivity, from=android.view.ViewRootImpl.setView:1753, state=InsetsState: {mDisplayFrame=Rect(0, 0 - 1080, 2340), mDisplayCutout=DisplayCutout{insets=Rect(0, 74 - 0, 0) waterfall=Insets{left=0, top=0, right=0, bottom=0} boundingRect={Bounds=[Rect(0, 0 - 0, 0), Rect(514, 0 - 566, 74), Rect(0, 0 - 0, 0), Rect(0, 0 - 0, 0)]} cutoutPathParserInfo={CutoutPathParserInfo{displayWidth=1080 displayHeight=2340 physicalDisplayWidth=1080 physicalDisplayHeight=2340 density={2.8125} cutoutSpec={M 0,0 H -9.244444444444444 V 26.31111111111111 H 9.244444444444444 V 0 H 0 Z @dp} rotation={0} scale={1.0} physicalPixelDisplaySizeRatio={1.0}}}}, mRoundedCorners=RoundedCorners{[RoundedCorner{position=TopLeft, radius=101, center=Point(101, 101)}, RoundedCorner{position=TopRight, radius=101, center=Point(979, 101)}, RoundedCorner{position=BottomRight, radius=101, center=Point(979, 2239)}, RoundedCorner{position=BottomLeft, radius=101, center=Point(101, 2239)}]} mRoundedCornerFrame=Rect(0, 0 - 1080, 2340), mPrivacyIndicatorBounds=PrivacyIndicatorBounds {static bounds=Rect(956, 0 - 1080, 74) rotation=0}, mDisplayShape=DisplayShape{ spec=-311912193 displayWidth=1080 displayHeight=2340 physicalPixelDisplaySizeRatio=1.0 rotation=0 offsetX=0 offsetY=0 scale=1.0}, mSources= { InsetsSource: {9e990000 mType=statusBars mFrame=[0,0][1080,74] mVisible=true mFlags=[]}, InsetsSource: {9e990005 mType=mandatorySystemGestures mFrame=[0,0][1080,108] mVisible=true mFlags=[]}, InsetsSource: {9e990006 mType=tappableElement mFrame=[0,0][1080,74] mVisible=true mFlags=[]}, InsetsSource: {b8580001 mType=navigationBars mFrame=[0,0][0,0] mVisible=true mFlags=[SUPPRESS_SCRIM]}, InsetsSource: {b8580004 mType=systemGestures mFrame=[0,0][0,0] mVisible=true mFlags=[]}, InsetsSource: {b8580005 mType=mandatorySystemGestures mFrame=[0,2250][1080,2340] mVisible=true mFlags=[]}, InsetsSource: {b8580006 mType=tappableElement mFrame=[0,0][0,0] mVisible=true mFlags=[]}, InsetsSource: {b8580024 mType=systemGestures mFrame=[0,0][0,0] mVisible=true mFlags=[]}, InsetsSource: {3 mType=ime mFrame=[0,0][0,0] mVisible=false mFlags=[]}, InsetsSource: {27 mType=displayCutout mFrame=[0,0][1080,74] mVisible=true mFlags=[]} }
09-23 14:13:53.733 29262 29262 I ViewRootImpl@79a1f0c[MainActivity]: synced displayState. AttachInfo displayState=2
09-23 14:13:53.735 29262 29262 I ViewRootImpl@79a1f0c[MainActivity]: setView = com.android.internal.policy.DecorView@f501ff8 TM=true
09-23 14:13:53.735 29262 29262 I IDS_TAG : Starting IDS observe window
09-23 14:13:53.735 29262 29262 I IDS_TAG : Getting Shared Preference for android.app.Application@ab5cd1 uid = 10813
09-23 14:13:53.739 29262 29262 I IDS_TAG : App android.app.Application@ab5cd1 has not finished training
09-23 14:13:53.741 29262 29262 I IDS_TAG : Closing IDS observe window
09-23 14:13:53.741 29262 29262 I IDS_TAG : Getting Shared Preference for android.app.Application@ab5cd1 uid = 10813
09-23 14:13:53.741 29262 29262 I IDS_TAG : IDS count updated to 1 for android.app.Application@ab5cd1
09-23 14:13:53.753 29262 29262 I SurfaceView@12ddfb0: onWindowVisibilityChanged(0) true io.flutter.embedding.android.FlutterSurfaceView{12ddfb0 V.E...... ......I. 0,0-0,0} of ViewRootImpl@79a1f0c[MainActivity]
09-23 14:13:53.753 29262 29262 D SurfaceView@12ddfb0: 19783600 updateSurface: has no frame
09-23 14:13:53.769 29262 29262 I BufferQueueProducer: [](id:724e00000000,api:0,p:0,c:29262) setDequeueTimeout:2077252342
09-23 14:13:53.769 29262 29262 I BLASTBufferQueue_Java: new BLASTBufferQueue, mName= ViewRootImpl@79a1f0c[MainActivity] mNativeObject= 0xb40000713c4f1b70 sc.mNativeObject= 0xb40000710c4e5190 caller= android.view.ViewRootImpl.updateBlastSurfaceIfNeeded:3028 android.view.ViewRootImpl.relayoutWindow:10131 android.view.ViewRootImpl.performTraversals:4110 android.view.ViewRootImpl.doTraversal:3288 android.view.ViewRootImpl$TraversalRunnable.run:11344 android.view.Choreographer$CallbackRecord.run:1689 android.view.Choreographer$CallbackRecord.run:1698 android.view.Choreographer.doCallbacks:1153 android.view.Choreographer.doFrame:1079 android.view.Choreographer$FrameDisplayEventReceiver.run:1646
09-23 14:13:53.769 29262 29262 I BLASTBufferQueue_Java: update, w= 1080 h= 2340 mName = ViewRootImpl@79a1f0c[MainActivity] mNativeObject= 0xb40000713c4f1b70 sc.mNativeObject= 0xb40000710c4e5190 format= -3 caller= android.graphics.BLASTBufferQueue.:89 android.view.ViewRootImpl.updateBlastSurfaceIfNeeded:3028 android.view.ViewRootImpl.relayoutWindow:10131 android.view.ViewRootImpl.performTraversals:4110 android.view.ViewRootImpl.doTraversal:3288 android.view.ViewRootImpl$TraversalRunnable.run:11344
09-23 14:13:53.770 29262 29262 I ViewRootImpl@79a1f0c[MainActivity]: Relayout returned: old=(0,0,1080,2340) new=(0,0,1080,2340) relayoutAsync=false req=(1080,2340)0 dur=10 res=0x403 s={true 0xb40000700c505950} ch=true seqId=0
09-23 14:13:53.770 29262 29262 I ViewRootImpl@79a1f0c[MainActivity]: performConfigurationChange setNightDimText nightDimLevel=0
09-23 14:13:53.770 29262 29262 D ViewRootImpl@79a1f0c[MainActivity]: mThreadedRenderer.initialize() mSurface={isValid=true 0xb40000700c505950} hwInitialized=true
09-23 14:13:53.771 29262 29262 D SurfaceView@12ddfb0: 19783600 updateSurface: has no frame
09-23 14:13:53.771 29262 29262 I SurfaceView@12ddfb0: windowStopped(false) true io.flutter.embedding.android.FlutterSurfaceView{12ddfb0 V.E...... ......ID 0,0-1080,2340} of ViewRootImpl@79a1f0c[MainActivity]
09-23 14:13:53.771 29262 29262 D SurfaceView@12ddfb0: 19783600 updateSurface: has no frame
09-23 14:13:53.772 29262 29262 D ViewRootImpl@79a1f0c[MainActivity]: reportNextDraw android.view.ViewRootImpl.performTraversals:4718 android.view.ViewRootImpl.doTraversal:3288 android.view.ViewRootImpl$TraversalRunnable.run:11344 android.view.Choreographer$CallbackRecord.run:1689 android.view.Choreographer$CallbackRecord.run:1698
09-23 14:13:53.773 29262 29262 I SurfaceView: 19783600 Changes: creating=true format=true size=true visible=true alpha=true hint=false visible=true left=true top=true z=false attached=true lifecycleStrategy=false
09-23 14:13:53.774 29262 29262 I BufferQueueProducer: [](id:724e00000001,api:0,p:0,c:29262) setDequeueTimeout:2077252342
09-23 14:13:53.780 29262 29262 I BLASTBufferQueue_Java: update, w= 1080 h= 2340 mName = null mNativeObject= 0xb40000713c4f27f0 sc.mNativeObject= 0xb40000710c4e4d10 format= 4 caller= android.view.SurfaceView.createBlastSurfaceControls:1517 android.view.SurfaceView.updateSurface:1193 android.view.SurfaceView.lambda$new$0:258 android.view.SurfaceView.$r8$lambda$cm3nmzErr-srXoT_KjIYQgdhFN0:0 android.view.SurfaceView$$ExternalSyntheticLambda2.onPreDraw:2 android.view.ViewTreeObserver.dispatchOnPreDraw:1204
09-23 14:13:53.780 29262 29262 I SurfaceView@12ddfb0: 19783600 Cur surface: Surface(name=null)/@0x9cf2f9c
09-23 14:13:53.781 29262 29262 I SurfaceView@12ddfb0: pST: sr = Rect(0, 0 - 1080, 2340) sw = 1080 sh = 2340
09-23 14:13:53.781 29262 29262 D SurfaceView@12ddfb0: 19783600 performSurfaceTransaction RenderWorker position = [0, 0, 1080, 2340] surfaceSize = 1080x2340
09-23 14:13:53.781 29262 29262 I SurfaceView@12ddfb0: updateSurface: mVisible = true mSurface.isValid() = true
09-23 14:13:53.781 29262 29262 I SurfaceView@12ddfb0: updateSurface: mSurfaceCreated = false surfaceChanged = true visibleChanged = true
09-23 14:13:53.781 29262 29262 I SurfaceView: 19783600 visibleChanged -- surfaceCreated
09-23 14:13:53.781 29262 29262 I SurfaceView@12ddfb0: surfaceCreated 1 #8 io.flutter.embedding.android.FlutterSurfaceView{12ddfb0 V.E...... ......ID 0,0-1080,2340}
09-23 14:13:53.783 29262 29262 I SurfaceView: 19783600 surfaceChanged -- format=4 w=1080 h=2340
09-23 14:13:53.783 29262 29262 I SurfaceView@12ddfb0: surfaceChanged (1080,2340) 1 #8 io.flutter.embedding.android.FlutterSurfaceView{12ddfb0 V.E...... ......ID 0,0-1080,2340}
09-23 14:13:53.783 29262 29262 I SurfaceView: 19783600 surfaceRedrawNeeded
09-23 14:13:53.784 29262 29262 I SurfaceView: 19783600 finishedDrawing
09-23 14:13:53.784 29262 29262 V SurfaceView@12ddfb0: Layout: x=0 y=0 w=1080 h=2340, frame=Rect(0, 0 - 1080, 2340)
09-23 14:13:53.784 29262 29282 D OpenGLRenderer: CacheManager::trimMemory(10)
09-23 14:13:53.784 29262 29282 D OpenGLRenderer: HWUI - treat SMPTE_170M as sRGB
09-23 14:13:53.786 29262 29262 I InsetsSourceConsumer: applyRequestedVisibilityToControl: visible=true, type=navigationBars, host=app.revanced.manager.flutter/app.revanced.manager.flutter.MainActivity
09-23 14:13:53.786 29262 29262 I InsetsSourceConsumer: applyRequestedVisibilityToControl: visible=true, type=statusBars, host=app.revanced.manager.flutter/app.revanced.manager.flutter.MainActivity
09-23 14:13:54.369 29262 29262 I Choreographer: Skipped 45 frames! The application may be doing too much work on its main thread.
09-23 14:13:54.777 29262 29262 I Choreographer: Skipped 46 frames! The application may be doing too much work on its main thread.
09-23 14:13:54.789 29262 29262 D permissions_handler: No permissions found in manifest for: []15
09-23 14:13:54.816 29262 29288 I flutter : dynamic_color: Core palette detected.
09-23 14:13:54.945 29262 29289 I BLASTBufferQueue: [SurfaceView[app.revanced.manager.flutter/app.revanced.manager.flutter.MainActivity]@0#1](f:0,a:0,s:0) onFrameAvailable the first frame is available
09-23 14:13:55.197 29262 29262 D SurfaceView@12ddfb0: 19783600 setAlpha: alpha=1.0
09-23 14:13:55.197 29262 29262 I SurfaceView: 19783600 Changes: creating=false format=false size=false visible=false alpha=true hint=false visible=false left=false top=false z=false attached=true lifecycleStrategy=false
09-23 14:13:55.197 29262 29262 I SurfaceView@12ddfb0: 19783600 Cur surface: Surface(name=null)/@0x9cf2f9c
09-23 14:13:55.198 29262 29262 I SurfaceView@12ddfb0: updateSurface: mVisible = true mSurface.isValid() = true
09-23 14:13:55.198 29262 29262 I SurfaceView@12ddfb0: updateSurface: mSurfaceCreated = true surfaceChanged = false visibleChanged = false
09-23 14:13:55.198 29262 29262 I SurfaceView: 19783600 surfaceRedrawNeeded
09-23 14:13:55.198 29262 29262 I SurfaceView: 19783600 finishedDrawing
09-23 14:13:55.198 29262 29262 V SurfaceView@12ddfb0: Layout: x=0 y=0 w=1080 h=2340, frame=Rect(0, 0 - 1080, 2340)
09-23 14:13:55.199 29262 29262 I Choreographer: Skipped 48 frames! The application may be doing too much work on its main thread.
09-23 14:13:55.200 29262 29262 I ViewRootImpl@79a1f0c[MainActivity]: Setup new sync=wmsSync-ViewRootImpl@79a1f0c[MainActivity]#2
09-23 14:13:55.200 29262 29262 I ViewRootImpl@79a1f0c[MainActivity]: Creating new active sync group ViewRootImpl@79a1f0c[MainActivity]#3
09-23 14:13:55.201 29262 29262 I ViewRootImpl@79a1f0c[MainActivity]: registerCallbacksForSync syncBuffer=false
09-23 14:13:55.203 29262 29282 D SurfaceView: 19783600 updateSurfacePosition RenderWorker, frameNr = 1, position = [0, 0, 1080, 2340] surfaceSize = 1080x2340
09-23 14:13:55.203 29262 29282 I SurfaceView@12ddfb0: uSP: rtp = Rect(0, 0 - 1080, 2340) rtsw = 1080 rtsh = 2340
09-23 14:13:55.203 29262 29282 I SurfaceView@12ddfb0: onSSPAndSRT: pl = 0 pt = 0 sx = 1.0 sy = 1.0
09-23 14:13:55.204 29262 29282 I SurfaceView@12ddfb0: aOrMT: ViewRootImpl@79a1f0c[MainActivity] t = android.view.SurfaceControl$Transaction@7bf9644 fN = 1 android.view.SurfaceView.-$$Nest$mapplyOrMergeTransaction:0 android.view.SurfaceView$SurfaceViewPositionUpdateListener.positionChanged:1666 android.graphics.RenderNode$CompositePositionUpdateListener.positionChanged:369
09-23 14:13:55.204 29262 29282 I ViewRootImpl@79a1f0c[MainActivity]: mWNT: t=0xb40000704c4eb1f0 mBlastBufferQueue=0xb40000713c4f1b70 fn= 1 mRenderHdrSdrRatio=1.0 caller= android.view.SurfaceView.applyOrMergeTransaction:1598 android.view.SurfaceView.-$$Nest$mapplyOrMergeTransaction:0 android.view.SurfaceView$SurfaceViewPositionUpdateListener.positionChanged:1666
09-23 14:13:55.204 29262 30145 I ViewRootImpl@79a1f0c[MainActivity]: Received frameDrawingCallback syncResult=0 frameNum=1.
09-23 14:13:55.205 29262 30145 I ViewRootImpl@79a1f0c[MainActivity]: mWNT: t=0xb40000704c503c90 mBlastBufferQueue=0xb40000713c4f1b70 fn= 1 mRenderHdrSdrRatio=1.0 caller= android.view.ViewRootImpl$8.onFrameDraw:13841 android.view.ThreadedRenderer$1.onFrameDraw:792
09-23 14:13:55.205 29262 30145 I ViewRootImpl@79a1f0c[MainActivity]: Setting up sync and frameCommitCallback
09-23 14:13:55.226 29262 29282 I BLASTBufferQueue: [ViewRootImpl@79a1f0c[MainActivity]#0](f:0,a:0,s:0) onFrameAvailable the first frame is available
09-23 14:13:55.226 29262 29282 I ViewRootImpl@79a1f0c[MainActivity]: Received frameCommittedCallback lastAttemptedDrawFrameNum=1 didProduceBuffer=true
09-23 14:13:55.227 29262 29282 D OpenGLRenderer: CFMS:: SetUp Pid : 29262 Tid : 29282
09-23 14:13:55.227 29262 29262 I ViewRootImpl@79a1f0c[MainActivity]: reportDrawFinished seqId=0
09-23 14:13:55.697 29262 29262 I Choreographer: Skipped 58 frames! The application may be doing too much work on its main thread.
09-23 14:13:55.701 29262 29262 I ViewRootImpl@79a1f0c[MainActivity]: handleWindowFocusChanged: 1 0 call from android.view.ViewRootImpl.-$$Nest$mhandleWindowFocusChanged:0
09-23 14:13:55.701 29262 29262 D ViewRootImpl@79a1f0c[MainActivity]: mThreadedRenderer.initializeIfNeeded()#2 mSurface={isValid=true 0xb40000700c505950}
09-23 14:13:55.704 29262 29262 D InputMethodManagerUtils: startInputInner - Id : 0
09-23 14:13:55.704 29262 29262 I InputMethodManager: startInputInner - IInputMethodManagerGlobalInvoker.startInputOrWindowGainedFocus
09-23 14:13:55.717 29262 29262 I ViewRootImpl@79a1f0c[MainActivity]: onDisplayChanged oldDisplayState=2 newDisplayState=2
09-23 14:13:55.729 29262 29262 D InputMethodManagerUtils: startInputInner - Id : 0
09-23 14:13:55.729 29262 29262 D InputMethodManagerUtils: startInputInner - Id : 0
09-23 14:13:55.794 29262 29262 I BLASTBufferQueue_Java: update, w= 1080 h= 2340 mName = ViewRootImpl@79a1f0c[MainActivity] mNativeObject= 0xb40000713c4f1b70 sc.mNativeObject= 0xb40000710c4e5190 format= -3 caller= android.view.ViewRootImpl.updateBlastSurfaceIfNeeded:3017 android.view.ViewRootImpl.relayoutWindow:10131 android.view.ViewRootImpl.performTraversals:4110 android.view.ViewRootImpl.doTraversal:3288 android.view.ViewRootImpl$TraversalRunnable.run:11344 android.view.Choreographer$CallbackRecord.run:1689
09-23 14:13:55.794 29262 29262 I ViewRootImpl@79a1f0c[MainActivity]: Relayout returned: old=(0,0,1080,2340) new=(0,0,1080,2340) relayoutAsync=true req=(1080,2340)0 dur=1 res=0x0 s={true 0xb40000700c505950} ch=false seqId=0
09-23 14:13:55.795 29262 29262 I ViewRootImpl@79a1f0c[MainActivity]: registerCallbackForPendingTransactions
09-23 14:13:55.796 29262 30146 I ViewRootImpl@79a1f0c[MainActivity]: mWNT: t=0xb40000704c4fee30 mBlastBufferQueue=0xb40000713c4f1b70 fn= 3 mRenderHdrSdrRatio=1.0 caller= android.view.ViewRootImpl$6.onFrameDraw:5635 android.view.ViewRootImpl$2.onFrameDraw:2146 android.view.ThreadedRenderer$1.onFrameDraw:792
09-23 14:13:55.796 29262 29282 I BLASTBufferQueue_Java: applyPendingTransactions, mName= ViewRootImpl@79a1f0c[MainActivity] mNativeObject= 0xb40000713c4f1b70 frameNumber= 3 caller= android.view.ViewRootImpl$6.lambda$onFrameDraw$0:5649 android.view.ViewRootImpl$6.$r8$lambda$9ThyGB6fC3mub7oMSjoAoWLhwMM:0 android.view.ViewRootImpl$6$$ExternalSyntheticLambda0.onFrameCommit:4 android.view.ThreadedRenderer$1.lambda$onFrameDraw$0:804 android.view.ThreadedRenderer$1$$ExternalSyntheticLambda0.onFrameCommit:2
09-23 14:13:55.796 29262 29262 I InsetsSourceConsumer: applyRequestedVisibilityToControl: visible=false, type=ime, host=app.revanced.manager.flutter/app.revanced.manager.flutter.MainActivity
09-23 14:13:55.797 29262 29262 I ViewRootImpl@79a1f0c[MainActivity]: onDisplayChanged oldDisplayState=2 newDisplayState=2
09-23 14:13:55.972 29262 29262 I ViewRootImpl@79a1f0c[MainActivity]: ViewPostIme pointer 0
09-23 14:13:56.040 29262 29262 I ViewRootImpl@79a1f0c[MainActivity]: ViewPostIme pointer 1
09-23 14:13:56.607 29262 29262 I Choreographer: Skipped 67 frames! The application may be doing too much work on its main thread.
09-23 14:13:56.607 29262 29262 W WindowOnBackDispatcher: sendCancelIfRunning: isInProgress=falsecallback=io.flutter.embedding.android.FlutterActivity$1@30755f3
09-23 14:13:57.361 29262 29262 I ViewRootImpl@79a1f0c[MainActivity]: ViewPostIme pointer 0
09-23 14:13:57.420 29262 29262 I ViewRootImpl@79a1f0c[MainActivity]: ViewPostIme pointer 1
09-23 14:13:57.532 29262 29262 W ziparchive: Unable to open '/data/user/0/app.revanced.manager.flutter/cache/libCachedImageData/996fb860-79d7-11ef-a486-6300a6775901.dm': No such file or directory
09-23 14:13:57.597 29262 29271 I manager.flutter: Background concurrent mark compact GC freed 40678(4814KB) AllocSpace objects, 11(284KB) LOS objects, 51% free, 5746KB/11MB, paused 151us,9.676ms total 34.683ms
09-23 14:13:58.021 29262 29262 I ViewRootImpl@79a1f0c[MainActivity]: ViewPostIme pointer 0
09-23 14:13:58.104 29262 29262 I ViewRootImpl@79a1f0c[MainActivity]: ViewPostIme pointer 1
09-23 14:13:58.438 29262 29262 I ViewRootImpl@79a1f0c[MainActivity]: handleWindowFocusChanged: 0 0 call from android.view.ViewRootImpl.-$$Nest$mhandleWindowFocusChanged:0
09-23 14:13:58.438 29262 29262 I ImeFocusController: onPreWindowFocus: skipped, hasWindowFocus=false mHasImeFocus=true
09-23 14:13:58.438 29262 29262 I ImeFocusController: onPostWindowFocus: skipped, hasWindowFocus=false mHasImeFocus=true
09-23 14:13:58.451 29262 29262 D CompatibilityChangeReporter: Compat change id reported: 210923482; UID 10813; state: ENABLED
09-23 14:13:58.454 29262 29262 I Toast : setView: it's a custom toast
09-23 14:13:58.454 29262 29262 D CompatibilityChangeReporter: Compat change id reported: 147798919; UID 10813; state: ENABLED
09-23 14:13:58.459 29262 29262 I Toast : show: caller = io.github.ponnamkarthik.toast.fluttertoast.MethodCallHandlerImpl.onMethodCall:382
09-23 14:13:58.460 29262 29262 I Toast : show: isDexDualMode = false
09-23 14:13:58.460 29262 29262 I Toast : show: contextDispId = 0 mCustomDisplayId = -1 focusedDisplayId = 0 isActivityContext = false
09-23 14:13:58.585 29262 29262 D InputTransport: Input channel destroyed: 'ClientS', fd=139
09-23 14:13:58.786 29262 30775 D ProfileInstaller: Installing profile for app.revanced.manager.flutter
09-23 14:13:59.377 29262 29262 D CompatibilityChangeReporter: Compat change id reported: 78294732; UID 10813; state: ENABLED
09-23 14:13:59.382 29262 29262 I InsetsSourceConsumer: applyRequestedVisibilityToControl: visible=true, type=navigationBars, host=app.revanced.manager.flutter/app.revanced.manager.flutter.MainActivity
09-23 14:13:59.382 29262 29262 I InsetsSourceConsumer: applyRequestedVisibilityToControl: visible=true, type=statusBars, host=app.revanced.manager.flutter/app.revanced.manager.flutter.MainActivity
09-23 14:13:59.393 29262 29262 I ViewRootImpl@79a1f0c[MainActivity]: handleWindowFocusChanged: 1 0 call from android.view.ViewRootImpl.-$$Nest$mhandleWindowFocusChanged:0
09-23 14:13:59.393 29262 29262 D ViewRootImpl@79a1f0c[MainActivity]: mThreadedRenderer.initializeIfNeeded()#2 mSurface={isValid=true 0xb40000700c505950}
09-23 14:13:59.394 29262 29262 D InputMethodManagerUtils: startInputInner - Id : 0
09-23 14:13:59.394 29262 29262 I InputMethodManager: startInputInner - IInputMethodManagerGlobalInvoker.startInputOrWindowGainedFocus
09-23 14:13:59.409 29262 29262 I InsetsSourceConsumer: applyRequestedVisibilityToControl: visible=false, type=ime, host=app.revanced.manager.flutter/app.revanced.manager.flutter.MainActivity
09-23 14:14:00.128 29262 29262 I ViewRootImpl@79a1f0c[MainActivity]: ViewPostIme pointer 0
09-23 14:14:00.139 29262 29262 I ViewRootImpl@79a1f0c[MainActivity]: ViewPostIme pointer 1
09-23 14:14:00.780 29262 29262 I ViewRootImpl@79a1f0c[MainActivity]: ViewPostIme pointer 0
09-23 14:14:00.832 29262 29262 I ViewRootImpl@79a1f0c[MainActivity]: ViewPostIme pointer 1
09-23 14:14:01.256 29262 29262 I ViewRootImpl@79a1f0c[MainActivity]: ViewPostIme pointer 0
09-23 14:14:01.308 29262 29262 I ViewRootImpl@79a1f0c[MainActivity]: ViewPostIme pointer 1
09-23 14:14:01.884 29262 29262 I ViewRootImpl@79a1f0c[MainActivity]: ViewPostIme pointer 0
09-23 14:14:01.935 29262 29262 I ViewRootImpl@79a1f0c[MainActivity]: ViewPostIme pointer 1
09-23 14:14:02.087 29262 29262 I AppIconSolution: night mode is changed to true
09-23 14:14:02.426 29262 29262 I ViewRootImpl@79a1f0c[MainActivity]: ViewPostIme pointer 0
09-23 14:14:02.478 29262 29262 I ViewRootImpl@79a1f0c[MainActivity]: ViewPostIme pointer 1
09-23 14:14:02.489 29262 29262 D FlutterFileDialogPlugin: onMethodCall - IN , method=pickFile
09-23 14:14:02.489 29262 29262 D FlutterFileDialogPlugin: createFileDialog - IN
09-23 14:14:02.489 29262 29262 D FlutterFileDialogPlugin: createFileDialog - OUT
09-23 14:14:02.489 29262 29262 D FileDialog: pickFile - IN, fileExtensionsFilter=null, mimeTypesFilter=[Ljava.lang.String;@698e65d, localOnly=false, copyFileToCacheDir=true
09-23 14:14:02.506 29262 29262 D FileDialog: pickFile - OUT
09-23 14:14:02.535 29262 29262 I ViewRootImpl@79a1f0c[MainActivity]: handleWindowFocusChanged: 0 0 call from android.view.ViewRootImpl.-$$Nest$mhandleWindowFocusChanged:0
09-23 14:14:02.535 29262 29262 I ImeFocusController: onPreWindowFocus: skipped, hasWindowFocus=false mHasImeFocus=true
09-23 14:14:02.535 29262 29262 I ImeFocusController: onPostWindowFocus: skipped, hasWindowFocus=false mHasImeFocus=true
09-23 14:14:02.821 29262 29262 D InputTransport: Input channel destroyed: 'ClientS', fd=138
09-23 14:14:02.996 29262 29262 I ViewRootImpl@79a1f0c[MainActivity]: handleAppVisibility mAppVisible = true visible = false
09-23 14:14:03.008 29262 29262 I SurfaceView@12ddfb0: onWindowVisibilityChanged(8) false io.flutter.embedding.android.FlutterSurfaceView{12ddfb0 V.E...... ........ 0,0-1080,2340} of ViewRootImpl@79a1f0c[MainActivity]
09-23 14:14:03.008 29262 29262 I SurfaceView: 19783600 Changes: creating=false format=false size=false visible=true alpha=false hint=false visible=true left=false top=false z=false attached=true lifecycleStrategy=false
09-23 14:14:03.008 29262 29262 I SurfaceView@12ddfb0: 19783600 Cur surface: Surface(name=null)/@0x9cf2f9c
09-23 14:14:03.009 29262 29262 I SurfaceView: 19783600 surfaceDestroyed
09-23 14:14:03.009 29262 29262 I SurfaceView@12ddfb0: surfaceDestroyed callback.size 1 #2 io.flutter.embedding.android.FlutterSurfaceView{12ddfb0 V.E...... ........ 0,0-1080,2340}
09-23 14:14:03.025 29262 29262 I SurfaceView@12ddfb0: updateSurface: mVisible = false mSurface.isValid() = true
09-23 14:14:03.026 29262 29262 I SurfaceView@12ddfb0: releaseSurfaces: viewRoot = ViewRootImpl@79a1f0c[MainActivity]
09-23 14:14:03.026 29262 29262 V SurfaceView@12ddfb0: Layout: x=0 y=0 w=1080 h=2340, frame=Rect(0, 0 - 1080, 2340)
09-23 14:14:03.027 29262 29262 I ViewRootImpl@79a1f0c[MainActivity]: destroyHardwareResources: Callers=android.view.ViewRootImpl.performTraversals:3932 android.view.ViewRootImpl.doTraversal:3288 android.view.ViewRootImpl$TraversalRunnable.run:11344 android.view.Choreographer$CallbackRecord.run:1689 android.view.Choreographer$CallbackRecord.run:1698 android.view.Choreographer.doCallbacks:1153 android.view.Choreographer.doFrame:1079 android.view.Choreographer$FrameDisplayEventReceiver.run:1646 android.os.Handler.handleCallback:958 android.os.Handler.dispatchMessage:99
09-23 14:14:03.028 29262 29282 D SurfaceView: 6333214 windowPositionLost, frameNr = 0
09-23 14:14:03.029 29262 29282 D OpenGLRenderer: CacheManager::trimMemory(20)
09-23 14:14:03.034 29262 29262 I ViewRootImpl@79a1f0c[MainActivity]: Relayout returned: old=(0,0,1080,2340) new=(0,0,1080,2340) relayoutAsync=false req=(1080,2340)8 dur=4 res=0x402 s={false 0x0} ch=true seqId=0
09-23 14:14:03.034 29262 29262 I SurfaceView@12ddfb0: windowStopped(true) false io.flutter.embedding.android.FlutterSurfaceView{12ddfb0 V.E...... ........ 0,0-1080,2340} of ViewRootImpl@79a1f0c[MainActivity]
09-23 14:14:03.034 29262 29262 D SurfaceView@12ddfb0: updateSurface: surface is not valid
09-23 14:14:03.034 29262 29262 I SurfaceView@12ddfb0: releaseSurfaces: viewRoot = ViewRootImpl@79a1f0c[MainActivity]
09-23 14:14:03.034 29262 29262 D SurfaceView@12ddfb0: updateSurface: surface is not valid
09-23 14:14:03.034 29262 29262 I SurfaceView@12ddfb0: releaseSurfaces: viewRoot = ViewRootImpl@79a1f0c[MainActivity]
09-23 14:14:03.035 29262 29282 D OpenGLRenderer: CacheManager::trimMemory(20)
09-23 14:14:03.036 29262 29262 I ViewRootImpl@79a1f0c[MainActivity]: stopped(true) old = false
09-23 14:14:03.036 29262 29262 D ViewRootImpl@79a1f0c[MainActivity]: WindowStopped on app.revanced.manager.flutter/app.revanced.manager.flutter.MainActivity set to true
09-23 14:14:03.036 29262 29282 D OpenGLRenderer: CacheManager::trimMemory(20)
09-23 14:14:03.037 29262 29262 D SurfaceView@12ddfb0: updateSurface: surface is not valid
09-23 14:14:03.037 29262 29262 I SurfaceView@12ddfb0: releaseSurfaces: viewRoot = ViewRootImpl@79a1f0c[MainActivity]
09-23 14:14:03.039 29262 29262 D SurfaceView@12ddfb0: updateSurface: surface is not valid
09-23 14:14:03.039 29262 29262 I SurfaceView@12ddfb0: releaseSurfaces: viewRoot = ViewRootImpl@79a1f0c[MainActivity]
09-23 14:14:06.524 29262 29262 I ViewRootImpl@79a1f0c[MainActivity]: handleAppVisibility mAppVisible = false visible = true
09-23 14:14:06.529 29262 29262 I ViewRootImpl@79a1f0c[MainActivity]: stopped(false) old = true
09-23 14:14:06.529 29262 29262 D ViewRootImpl@79a1f0c[MainActivity]: WindowStopped on app.revanced.manager.flutter/app.revanced.manager.flutter.MainActivity set to false
09-23 14:14:06.531 29262 29262 D SurfaceView@12ddfb0: updateSurface: surface is not valid
09-23 14:14:06.531 29262 29262 I SurfaceView@12ddfb0: releaseSurfaces: viewRoot = ViewRootImpl@79a1f0c[MainActivity]
09-23 14:14:06.533 29262 29262 D FileDialog: Picked file: content://com.android.providers.downloads.documents/document/msf%3A1000205007
09-23 14:14:06.555 29262 29262 I SurfaceView@12ddfb0: onWindowVisibilityChanged(0) false io.flutter.embedding.android.FlutterSurfaceView{12ddfb0 V.E...... ......ID 0,0-1080,2340} of ViewRootImpl@79a1f0c[MainActivity]
09-23 14:14:06.555 29262 29262 D SurfaceView@12ddfb0: updateSurface: surface is not valid
09-23 14:14:06.555 29262 29262 I SurfaceView@12ddfb0: releaseSurfaces: viewRoot = ViewRootImpl@79a1f0c[MainActivity]
09-23 14:14:06.567 29262 29262 I BufferQueueProducer: [](id:724e00000002,api:0,p:-1,c:29262) setDequeueTimeout:2077252342
09-23 14:14:06.568 29262 29262 I BLASTBufferQueue_Java: new BLASTBufferQueue, mName= ViewRootImpl@79a1f0c[MainActivity] mNativeObject= 0xb40000713c4f1b70 sc.mNativeObject= 0xb40000710c4e5d90 caller= android.view.ViewRootImpl.updateBlastSurfaceIfNeeded:3028 android.view.ViewRootImpl.relayoutWindow:10131 android.view.ViewRootImpl.performTraversals:4110 android.view.ViewRootImpl.doTraversal:3288 android.view.ViewRootImpl$TraversalRunnable.run:11344 android.view.Choreographer$CallbackRecord.run:1689 android.view.Choreographer$CallbackRecord.run:1698 android.view.Choreographer.doCallbacks:1153 android.view.Choreographer.doFrame:1079 android.view.Choreographer$FrameDisplayEventReceiver.run:1646
09-23 14:14:06.569 29262 29262 I BLASTBufferQueue_Java: update, w= 1080 h= 2340 mName = ViewRootImpl@79a1f0c[MainActivity] mNativeObject= 0xb40000713c4f1b70 sc.mNativeObject= 0xb40000710c4e5d90 format= -3 caller= android.graphics.BLASTBufferQueue.:89 android.view.ViewRootImpl.updateBlastSurfaceIfNeeded:3028 android.view.ViewRootImpl.relayoutWindow:10131 android.view.ViewRootImpl.performTraversals:4110 android.view.ViewRootImpl.doTraversal:3288 android.view.ViewRootImpl$TraversalRunnable.run:11344
09-23 14:14:06.570 29262 29262 I ViewRootImpl@79a1f0c[MainActivity]: Relayout returned: old=(0,0,1080,2340) new=(0,0,1080,2340) relayoutAsync=false req=(1080,2340)0 dur=11 res=0x403 s={true 0xb40000700c505950} ch=true seqId=0
09-23 14:14:06.570 29262 29262 D ViewRootImpl@79a1f0c[MainActivity]: mThreadedRenderer.initialize() mSurface={isValid=true 0xb40000700c505950} hwInitialized=true
09-23 14:14:06.571 29262 29262 I SurfaceView: 19783600 Changes: creating=false format=false size=false visible=false alpha=false hint=false visible=false left=false top=false z=false attached=true lifecycleStrategy=false
09-23 14:14:06.571 29262 29262 I SurfaceView@12ddfb0: windowStopped(false) true io.flutter.embedding.android.FlutterSurfaceView{12ddfb0 V.E...... ......ID 0,0-1080,2340} of ViewRootImpl@79a1f0c[MainActivity]
09-23 14:14:06.571 29262 29262 I SurfaceView: 19783600 Changes: creating=true format=false size=false visible=true alpha=false hint=false visible=true left=false top=false z=false attached=true lifecycleStrategy=false
09-23 14:14:06.573 29262 29262 I BufferQueueProducer: [](id:724e00000003,api:0,p:0,c:29262) setDequeueTimeout:2077252342
09-23 14:14:06.573 29262 29262 I BLASTBufferQueue_Java: update, w= 1080 h= 2340 mName = null mNativeObject= 0xb40000713c4fb170 sc.mNativeObject= 0xb40000710c4f6ad0 format= 4 caller= android.view.SurfaceView.createBlastSurfaceControls:1517 android.view.SurfaceView.updateSurface:1193 android.view.SurfaceView.setWindowStopped:403 android.view.SurfaceView.surfaceCreated:1994 android.view.ViewRootImpl.notifySurfaceCreated:2945 android.view.ViewRootImpl.performTraversals:4580
09-23 14:14:06.573 29262 29262 I SurfaceView@12ddfb0: 19783600 Cur surface: Surface(name=null)/@0x9cf2f9c
09-23 14:14:06.573 29262 29262 I SurfaceView@12ddfb0: pST: sr = Rect(0, 0 - 1080, 2340) sw = 1080 sh = 2340
09-23 14:14:06.574 29262 29262 D SurfaceView@12ddfb0: 19783600 performSurfaceTransaction RenderWorker position = [0, 0, 1080, 2340] surfaceSize = 1080x2340
09-23 14:14:06.575 29262 29262 I SurfaceView@12ddfb0: updateSurface: mVisible = true mSurface.isValid() = true
09-23 14:14:06.575 29262 29262 I SurfaceView@12ddfb0: updateSurface: mSurfaceCreated = false surfaceChanged = true visibleChanged = true
09-23 14:14:06.575 29262 29262 I SurfaceView: 19783600 visibleChanged -- surfaceCreated
09-23 14:14:06.575 29262 29262 I SurfaceView@12ddfb0: surfaceCreated 1 #1 io.flutter.embedding.android.FlutterSurfaceView{12ddfb0 V.E...... ......ID 0,0-1080,2340}
09-23 14:14:06.578 29262 29262 I SurfaceView: 19783600 surfaceChanged -- format=4 w=1080 h=2340
09-23 14:14:06.578 29262 29262 I SurfaceView@12ddfb0: surfaceChanged (1080,2340) 1 #1 io.flutter.embedding.android.FlutterSurfaceView{12ddfb0 V.E...... ......ID 0,0-1080,2340}
09-23 14:14:06.578 29262 29262 I SurfaceView: 19783600 surfaceRedrawNeeded
09-23 14:14:06.578 29262 29262 I SurfaceView: 19783600 finishedDrawing
09-23 14:14:06.578 29262 29262 V SurfaceView@12ddfb0: Layout: x=0 y=0 w=1080 h=2340, frame=Rect(0, 0 - 1080, 2340)
09-23 14:14:06.579 29262 29262 D ViewRootImpl@79a1f0c[MainActivity]: reportNextDraw android.view.ViewRootImpl.performTraversals:4718 android.view.ViewRootImpl.doTraversal:3288 android.view.ViewRootImpl$TraversalRunnable.run:11344 android.view.Choreographer$CallbackRecord.run:1689 android.view.Choreographer$CallbackRecord.run:1698
09-23 14:14:06.579 29262 29262 I ViewRootImpl@79a1f0c[MainActivity]: Setup new sync=wmsSync-ViewRootImpl@79a1f0c[MainActivity]#5
09-23 14:14:06.579 29262 29262 I ViewRootImpl@79a1f0c[MainActivity]: Creating new active sync group ViewRootImpl@79a1f0c[MainActivity]#6
09-23 14:14:06.579 29262 29262 I ViewRootImpl@79a1f0c[MainActivity]: registerCallbacksForSync syncBuffer=false
09-23 14:14:06.580 29262 29282 D SurfaceView: 19783600 updateSurfacePosition RenderWorker, frameNr = 1, position = [0, 0, 1080, 2340] surfaceSize = 1080x2340
09-23 14:14:06.580 29262 29282 I SurfaceView@12ddfb0: uSP: rtp = Rect(0, 0 - 1080, 2340) rtsw = 1080 rtsh = 2340
09-23 14:14:06.580 29262 29282 I SurfaceView@12ddfb0: onSSPAndSRT: pl = 0 pt = 0 sx = 1.0 sy = 1.0
09-23 14:14:06.580 29262 29282 I SurfaceView@12ddfb0: aOrMT: ViewRootImpl@79a1f0c[MainActivity] t = android.view.SurfaceControl$Transaction@9bb9d82 fN = 1 android.view.SurfaceView.-$$Nest$mapplyOrMergeTransaction:0 android.view.SurfaceView$SurfaceViewPositionUpdateListener.positionChanged:1666 android.graphics.RenderNode$CompositePositionUpdateListener.positionChanged:369
09-23 14:14:06.580 29262 29282 I ViewRootImpl@79a1f0c[MainActivity]: mWNT: t=0xb40000704c506b50 mBlastBufferQueue=0xb40000713c4f1b70 fn= 1 mRenderHdrSdrRatio=1.0 caller= android.view.SurfaceView.applyOrMergeTransaction:1598 android.view.SurfaceView.-$$Nest$mapplyOrMergeTransaction:0 android.view.SurfaceView$SurfaceViewPositionUpdateListener.positionChanged:1666
09-23 14:14:06.580 29262 30145 I ViewRootImpl@79a1f0c[MainActivity]: Received frameDrawingCallback syncResult=0 frameNum=1.
09-23 14:14:06.581 29262 30145 I ViewRootImpl@79a1f0c[MainActivity]: mWNT: t=0xb40000704c532b50 mBlastBufferQueue=0xb40000713c4f1b70 fn= 1 mRenderHdrSdrRatio=1.0 caller= android.view.ViewRootImpl$8.onFrameDraw:13841 android.view.ThreadedRenderer$1.onFrameDraw:792
09-23 14:14:06.581 29262 30145 I ViewRootImpl@79a1f0c[MainActivity]: Setting up sync and frameCommitCallback
09-23 14:14:06.582 29262 29282 I BLASTBufferQueue: [ViewRootImpl@79a1f0c[MainActivity]#2](f:0,a:0,s:0) onFrameAvailable the first frame is available
09-23 14:14:06.582 29262 29282 I ViewRootImpl@79a1f0c[MainActivity]: Received frameCommittedCallback lastAttemptedDrawFrameNum=1 didProduceBuffer=true
09-23 14:14:06.583 29262 29262 I ViewRootImpl@79a1f0c[MainActivity]: reportDrawFinished seqId=0
09-23 14:14:06.583 29262 29262 D FileDialog: Launch...
09-23 14:14:06.583 29262 29262 D FileDialog: Copy on background...
09-23 14:14:06.583 29262 29289 I BLASTBufferQueue: [SurfaceView[app.revanced.manager.flutter/app.revanced.manager.flutter.MainActivity]@0#3](f:0,a:0,s:0) onFrameAvailable the first frame is available
09-23 14:14:06.584 29262 29262 I InsetsSourceConsumer: applyRequestedVisibilityToControl: visible=true, type=navigationBars, host=app.revanced.manager.flutter/app.revanced.manager.flutter.MainActivity
09-23 14:14:06.584 29262 30925 D FileDialog: Copying 'content://com.android.providers.downloads.documents/document/msf%3A1000205007' to '/data/user/0/app.revanced.manager.flutter/cache/com.google.android.youtube_19.16.39-1545731520_minAPI26(arm64-v8a,armeabi-v7a,x86,x86_64)(nodpi)_apkmirror.com(2).apk'
09-23 14:14:06.584 29262 29262 I InsetsSourceConsumer: applyRequestedVisibilityToControl: visible=true, type=statusBars, host=app.revanced.manager.flutter/app.revanced.manager.flutter.MainActivity
09-23 14:14:06.617 29262 29262 I ViewRootImpl@79a1f0c[MainActivity]: handleWindowFocusChanged: 1 0 call from android.view.ViewRootImpl.-$$Nest$mhandleWindowFocusChanged:0
09-23 14:14:06.617 29262 29262 D ViewRootImpl@79a1f0c[MainActivity]: mThreadedRenderer.initializeIfNeeded()#2 mSurface={isValid=true 0xb40000700c505950}
09-23 14:14:06.618 29262 29262 D InputMethodManagerUtils: startInputInner - Id : 0
09-23 14:14:06.618 29262 29262 I InputMethodManager: startInputInner - IInputMethodManagerGlobalInvoker.startInputOrWindowGainedFocus
09-23 14:14:06.632 29262 29262 I InsetsSourceConsumer: applyRequestedVisibilityToControl: visible=false, type=ime, host=app.revanced.manager.flutter/app.revanced.manager.flutter.MainActivity
09-23 14:14:06.645 29262 29438 I ViewRootImpl@79a1f0c[MainActivity]: Resizing android.view.ViewRootImpl@86daeef: frame = [0,0][1080,2340] reportDraw = false forceLayout = false syncSeqId = -1
09-23 14:14:06.646 29262 29262 I ViewRootImpl@79a1f0c[MainActivity]: handleResized, msg = 4 frames=ClientWindowFrames{frame=[0,0][1080,2340] display=[0,0][1080,2340] parentFrame=[0,0][0,0]} forceNextWindowRelayout=false displayId=0 dragResizing=false compatScale=1.0 frameChanged=false attachedFrameChanged=false configChanged=false displayChanged=false compatScaleChanged=false
09-23 14:14:07.463 29262 30925 D FileDialog: Successfully copied file to '/data/user/0/app.revanced.manager.flutter/cache/com.google.android.youtube_19.16.39-1545731520_minAPI26(arm64-v8a,armeabi-v7a,x86,x86_64)(nodpi)_apkmirror.com(2).apk, bytes=143855426'
09-23 14:14:07.463 29262 29262 D FileDialog: ...copied on background, result: /data/user/0/app.revanced.manager.flutter/cache/com.google.android.youtube_19.16.39-1545731520_minAPI26(arm64-v8a,armeabi-v7a,x86,x86_64)(nodpi)_apkmirror.com(2).apk
09-23 14:14:07.463 29262 29262 D FileDialog: ...launch --------- beginning of system
09-23 14:14:07.470 29262 29262 W PackageParser: Unknown element under : queries at /data/user/0/app.revanced.manager.flutter/cache/com.google.android.youtube_19.16.39-1545731520_minAPI26(arm64-v8a,armeabi-v7a,x86,x86_64)(nodpi)_apkmirror.com(2).apk Binary XML file line #42
09-23 14:14:07.472 29262 29262 W PackageParser: Unknown element under : property at /data/user/0/app.revanced.manager.flutter/cache/com.google.android.youtube_19.16.39-1545731520_minAPI26(arm64-v8a,armeabi-v7a,x86,x86_64)(nodpi)_apkmirror.com(2).apk Binary XML file line #443
09-23 14:14:08.018 29262 29262 I ViewRootImpl@79a1f0c[MainActivity]: ViewPostIme pointer 0
09-23 14:14:08.081 29262 29262 I ViewRootImpl@79a1f0c[MainActivity]: ViewPostIme pointer 1
09-23 14:14:08.592 29262 29262 I ViewRootImpl@79a1f0c[MainActivity]: ViewPostIme pointer 0
09-23 14:14:08.625 29262 29262 I ViewRootImpl@79a1f0c[MainActivity]: ViewPostIme pointer 1
09-23 14:14:08.886 29262 29262 I ViewRootImpl@79a1f0c[MainActivity]: ViewPostIme pointer 0
09-23 14:14:08.942 29262 29262 I ViewRootImpl@79a1f0c[MainActivity]: ViewPostIme pointer 1
09-23 14:14:08.948 29262 29262 I InputMethodManager_LC: showSoftInput(View,I)
09-23 14:14:08.949 29262 29262 I ImeTracker: app.revanced.manager.flutter:f36532d1: onRequestShow at ORIGIN_CLIENT_SHOW_SOFT_INPUT reason SHOW_SOFT_INPUT
09-23 14:14:08.952 29262 29262 I InputMethodManager_LC: ssi(): flags=0 view=app.revanced.manager.flutter reason = SHOW_SOFT_INPUT
09-23 14:14:08.952 29262 29262 I InputMethodManager_LC: ssi() view is not EditText
09-23 14:14:08.953 29262 29262 D InputMethodManagerUtils: startInputInner - Id : 0
09-23 14:14:08.954 29262 29262 I InputMethodManager: startInputInner - IInputMethodManagerGlobalInvoker.startInputOrWindowGainedFocus
09-23 14:14:08.957 29262 29262 D InputMethodManager: showSoftInput() view=io.flutter.embedding.android.FlutterView{1d48be9 VFED..... .F....ID 0,0-1080,2340 #1 aid=1073741824} flags=0 reason=SHOW_SOFT_INPUT
09-23 14:14:09.304 29262 30480 I ViewRootImpl@79a1f0c[MainActivity]: Resizing android.view.ViewRootImpl@86daeef: frame = [0,0][1080,2340] reportDraw = false forceLayout = false syncSeqId = -1
09-23 14:14:09.304 29262 29262 I InsetsController: onStateChanged: host=app.revanced.manager.flutter/app.revanced.manager.flutter.MainActivity, from=android.view.ViewRootImpl$ViewRootHandler.handleMessageImpl:7196, state=InsetsState: {mDisplayFrame=Rect(0, 0 - 1080, 2340), mDisplayCutout=DisplayCutout{insets=Rect(0, 74 - 0, 0) waterfall=Insets{left=0, top=0, right=0, bottom=0} boundingRect={Bounds=[Rect(0, 0 - 0, 0), Rect(514, 0 - 566, 74), Rect(0, 0 - 0, 0), Rect(0, 0 - 0, 0)]} cutoutPathParserInfo={CutoutPathParserInfo{displayWidth=1080 displayHeight=2340 physicalDisplayWidth=1080 physicalDisplayHeight=2340 density={2.8125} cutoutSpec={M 0,0 H -9.244444444444444 V 26.31111111111111 H 9.244444444444444 V 0 H 0 Z @dp} rotation={0} scale={1.0} physicalPixelDisplaySizeRatio={1.0}}}}, mRoundedCorners=RoundedCorners{[RoundedCorner{position=TopLeft, radius=101, center=Point(101, 101)}, RoundedCorner{position=TopRight, radius=101, center=Point(979, 101)}, RoundedCorner{position=BottomRight, radius=101, center=Point(979, 2239)}, RoundedCorner{position=BottomLeft, radius=101, center=Point(101, 2239)}]} mRoundedCornerFrame=Rect(0, 0 - 1080, 2340), mPrivacyIndicatorBounds=PrivacyIndicatorBounds {static bounds=Rect(956, 0 - 1080, 74) rotation=0}, mDisplayShape=DisplayShape{ spec=-311912193 displayWidth=1080 displayHeight=2340 physicalPixelDisplaySizeRatio=1.0 rotation=0 offsetX=0 offsetY=0 scale=1.0}, mSources= { InsetsSource: {9e990000 mType=statusBars mFrame=[0,0][1080,74] mVisible=true mFlags=[]}, InsetsSource: {9e990005 mType=mandatorySystemGestures mFrame=[0,0][1080,108] mVisible=true mFlags=[]}, InsetsSource: {9e990006 mType=tappableElement mFrame=[0,0][1080,74] mVisible=true mFlags=[]}, InsetsSource: {b8580001 mType=navigationBars mFrame=[0,0][0,0] mVisible=true mFlags=[SUPPRESS_SCRIM]}, InsetsSource: {b8580004 mType=systemGestures mFrame=[0,0][0,0] mVisible=true mFlags=[]}, InsetsSource: {b8580005 mType=mandatorySystemGestures mFrame=[0,2250][1080,2340] mVisible=true mFlags=[]}, InsetsSource: {b8580006 mType=tappableElement mFrame=[0,0][0,0] mVisible=true mFlags=[]}, InsetsSource: {b8580024 mType=systemGestures mFrame=[0,0][0,0] mVisible=true mFlags=[]}, InsetsSource: {3 mType=ime mFrame=[0,1421][1080,2340] mVisible=false mFlags=[]}, InsetsSource: {27 mType=displayCutout mFrame=[0,0][1080,74] mVisible=true mFlags=[]} }
09-23 14:14:09.305 29262 29262 I ViewRootImpl@79a1f0c[MainActivity]: handleResized, msg = 4 frames=ClientWindowFrames{frame=[0,0][1080,2340] display=[0,0][1080,2340] parentFrame=[0,0][0,0]} forceNextWindowRelayout=false displayId=0 dragResizing=false compatScale=1.0 frameChanged=false attachedFrameChanged=false configChanged=false displayChanged=false compatScaleChanged=false
09-23 14:14:09.360 29262 29262 D InsetsController: show(ime(), fromIme=true)
09-23 14:14:09.361 29262 29262 I InsetsController: setRequestedVisibleTypes: visible=true, mask=ime, host=app.revanced.manager.flutter/app.revanced.manager.flutter.MainActivity, from=android.view.InsetsController.controlAnimationUnchecked:1445 android.view.InsetsController.applyAnimation:2005 android.view.InsetsController.applyAnimation:1968 android.view.InsetsController.show:1309 android.view.ViewRootImpl$ViewRootHandler.handleMessageImpl:7233 android.view.ViewRootImpl$ViewRootHandler.handleMessage:7166 android.os.Handler.dispatchMessage:106 android.os.Looper.loopOnce:230 android.os.Looper.loop:319 android.app.ActivityThread.main:8919
