09-23 14:18:51.466 29262 10292 I manager.flutter: WaitForGcToComplete blocked Alloc on HeapTrim for 641.151ms
09-23 14:18:51.466 29262 10292 I manager.flutter: Starting a blocking GC Alloc
09-23 14:18:51.773 29262 10290 I manager.flutter: Waiting for a blocking GC Alloc
09-23 14:18:51.773 29262 10293 I manager.flutter: Waiting for a blocking GC Alloc
09-23 14:18:51.773 29262 10291 I manager.flutter: Waiting for a blocking GC Alloc
09-23 14:18:51.773 29262 10292 I manager.flutter: Waiting for a blocking GC Alloc
09-23 14:18:52.643 29262 29271 I manager.flutter: Background concurrent mark compact GC freed 9595953(198MB) AllocSpace objects, 0(0B) LOS objects, 7% free, 313MB/337MB, paused 449us,3.947ms total 1.151s
09-23 14:18:52.643 29262 10290 I manager.flutter: WaitForGcToComplete blocked Alloc on Background for 869.957ms
09-23 14:18:52.643 29262 10290 I manager.flutter: Starting a blocking GC Alloc
09-23 14:18:52.644 29262 10293 I manager.flutter: WaitForGcToComplete blocked Alloc on Background for 870.392ms
09-23 14:18:52.644 29262 10293 I manager.flutter: Starting a blocking GC Alloc
09-23 14:18:52.644 29262 10291 I manager.flutter: WaitForGcToComplete blocked Alloc on Background for 870.476ms
09-23 14:18:52.644 29262 10291 I manager.flutter: Starting a blocking GC Alloc
09-23 14:18:52.644 29262 10292 I manager.flutter: WaitForGcToComplete blocked Alloc on Background for 870.900ms
09-23 14:18:52.644 29262 10292 I manager.flutter: Starting a blocking GC Alloc
09-23 14:18:52.909 29262 10293 I manager.flutter: Waiting for a blocking GC Alloc
09-23 14:18:52.909 29262 10290 I manager.flutter: Waiting for a blocking GC Alloc
09-23 14:18:52.909 29262 10292 I manager.flutter: Waiting for a blocking GC Alloc
09-23 14:18:52.909 29262 10291 I manager.flutter: Waiting for a blocking GC Alloc
09-23 14:18:53.764 29262 29271 I manager.flutter: Background concurrent mark compact GC freed 9631271(195MB) AllocSpace objects, 2(328KB) LOS objects, 7% free, 316MB/340MB, paused 456us,3.713ms total 1.086s
09-23 14:18:53.764 29262 10293 I manager.flutter: WaitForGcToComplete blocked Alloc on Background for 855.293ms
09-23 14:18:53.764 29262 10293 I manager.flutter: Starting a blocking GC Alloc
09-23 14:18:53.765 29262 10290 I manager.flutter: WaitForGcToComplete blocked Alloc on Background for 855.470ms
09-23 14:18:53.765 29262 10290 I manager.flutter: Starting a blocking GC Alloc
09-23 14:18:53.765 29262 10292 I manager.flutter: WaitForGcToComplete blocked Alloc on Background for 855.824ms
09-23 14:18:53.765 29262 10292 I manager.flutter: Starting a blocking GC Alloc
09-23 14:18:53.765 29262 10291 I manager.flutter: WaitForGcToComplete blocked Alloc on Background for 855.903ms
09-23 14:18:53.765 29262 10291 I manager.flutter: Starting a blocking GC Alloc
09-23 14:18:54.035 29262 10292 I manager.flutter: Waiting for a blocking GC Alloc
09-23 14:18:54.036 29262 10290 I manager.flutter: Waiting for a blocking GC Alloc
09-23 14:18:54.036 29262 10291 I manager.flutter: Waiting for a blocking GC Alloc
09-23 14:18:54.036 29262 10293 I manager.flutter: Waiting for a blocking GC Alloc
09-23 14:18:54.889 29262 29271 I manager.flutter: Background concurrent mark compact GC freed 9284087(192MB) AllocSpace objects, 2(520KB) LOS objects, 7% free, 318MB/342MB, paused 413us,3.789ms total 1.088s
09-23 14:18:54.889 29262 10292 I manager.flutter: WaitForGcToComplete blocked Alloc on Background for 853.852ms
09-23 14:18:54.889 29262 10292 I manager.flutter: Starting a blocking GC Alloc
09-23 14:18:54.890 29262 10290 I manager.flutter: WaitForGcToComplete blocked Alloc on Background for 854.198ms
09-23 14:18:54.890 29262 10290 I manager.flutter: Starting a blocking GC Alloc
09-23 14:18:54.890 29262 10291 I manager.flutter: WaitForGcToComplete blocked Alloc on Background for 854.247ms
09-23 14:18:54.890 29262 10291 I manager.flutter: Starting a blocking GC Alloc
09-23 14:18:54.890 29262 10293 I manager.flutter: WaitForGcToComplete blocked Alloc on Background for 854.199ms
09-23 14:18:54.890 29262 10293 I manager.flutter: Starting a blocking GC Alloc
09-23 14:18:55.283 29262 10293 I manager.flutter: Waiting for a blocking GC Alloc
09-23 14:18:55.283 29262 10291 I manager.flutter: Waiting for a blocking GC Alloc
09-23 14:18:55.283 29262 10290 I manager.flutter: Waiting for a blocking GC Alloc
09-23 14:18:55.283 29262 10292 I manager.flutter: Waiting for a blocking GC Alloc
09-23 14:18:55.761 29262 29271 I manager.flutter: Background concurrent mark compact GC freed 9357272(191MB) AllocSpace objects, 3(396KB) LOS objects, 6% free, 320MB/344MB, paused 295us,3.549ms total 829.306ms
09-23 14:18:55.762 29262 10293 I manager.flutter: WaitForGcToComplete blocked Alloc on Background for 479.404ms
09-23 14:18:55.762 29262 10293 I manager.flutter: Starting a blocking GC Alloc
09-23 14:18:55.762 29262 10291 I manager.flutter: WaitForGcToComplete blocked Alloc on Background for 479.729ms
09-23 14:18:55.762 29262 10291 I manager.flutter: Starting a blocking GC Alloc
09-23 14:18:55.763 29262 10290 I manager.flutter: WaitForGcToComplete blocked Alloc on Background for 479.798ms
09-23 14:18:55.763 29262 10290 I manager.flutter: Starting a blocking GC Alloc
09-23 14:18:55.770 29262 10292 I manager.flutter: WaitForGcToComplete blocked Alloc on Background for 487.329ms
09-23 14:18:55.770 29262 10292 I manager.flutter: Starting a blocking GC Alloc
09-23 14:18:56.045 29262 10292 I manager.flutter: Waiting for a blocking GC Alloc
09-23 14:18:56.045 29262 10290 I manager.flutter: Waiting for a blocking GC Alloc
09-23 14:18:56.046 29262 10293 I manager.flutter: Waiting for a blocking GC Alloc
09-23 14:18:56.046 29262 10291 I manager.flutter: Waiting for a blocking GC Alloc
09-23 14:18:56.749 29262 29271 I manager.flutter: Background concurrent mark compact GC freed 9345311(189MB) AllocSpace objects, 1(68KB) LOS objects, 6% free, 322MB/346MB, paused 282us,3.605ms total 948.894ms
09-23 14:18:56.750 29262 10292 I manager.flutter: WaitForGcToComplete blocked Alloc on Background for 704.347ms
09-23 14:18:56.750 29262 10292 I manager.flutter: Starting a blocking GC Alloc
09-23 14:18:56.750 29262 10290 I manager.flutter: WaitForGcToComplete blocked Alloc on Background for 704.488ms
09-23 14:18:56.750 29262 10290 I manager.flutter: Starting a blocking GC Alloc
09-23 14:18:56.750 29262 10293 I manager.flutter: WaitForGcToComplete blocked Alloc on Background for 704.841ms
09-23 14:18:56.750 29262 10293 I manager.flutter: Starting a blocking GC Alloc
09-23 14:18:56.752 29262 10291 I manager.flutter: WaitForGcToComplete blocked Alloc on Background for 706.034ms
09-23 14:18:56.752 29262 10291 I manager.flutter: Starting a blocking GC Alloc
09-23 14:18:57.005 29262 10291 I manager.flutter: Waiting for a blocking GC Alloc
09-23 14:18:57.005 29262 10293 I manager.flutter: Waiting for a blocking GC Alloc
09-23 14:18:57.005 29262 10292 I manager.flutter: Waiting for a blocking GC Alloc
09-23 14:18:57.005 29262 10290 I manager.flutter: Waiting for a blocking GC Alloc
09-23 14:18:57.824 29262 29271 I manager.flutter: Background concurrent mark compact GC freed 9084091(187MB) AllocSpace objects, 104(2080KB) LOS objects, 6% free, 322MB/346MB, paused 280us,3.554ms total 1.035s
09-23 14:18:57.824 29262 10293 I manager.flutter: WaitForGcToComplete blocked Alloc on HeapTrim for 819.149ms
09-23 14:18:57.824 29262 10293 I manager.flutter: Starting a blocking GC Alloc
09-23 14:18:57.824 29262 10290 I manager.flutter: WaitForGcToComplete blocked Alloc on HeapTrim for 819.284ms
09-23 14:18:57.824 29262 10290 I manager.flutter: Starting a blocking GC Alloc
09-23 14:18:57.825 29262 10292 I manager.flutter: WaitForGcToComplete blocked Alloc on HeapTrim for 819.804ms
09-23 14:18:57.825 29262 10292 I manager.flutter: Starting a blocking GC Alloc
09-23 14:18:57.825 29262 10291 I manager.flutter: WaitForGcToComplete blocked Alloc on HeapTrim for 820.316ms
09-23 14:18:57.825 29262 10291 I manager.flutter: Starting a blocking GC Alloc
09-23 14:18:58.237 29262 10292 I manager.flutter: Waiting for a blocking GC Alloc
09-23 14:18:58.237 29262 10291 I manager.flutter: Waiting for a blocking GC Alloc
09-23 14:18:58.237 29262 10290 I manager.flutter: Waiting for a blocking GC Alloc
09-23 14:18:58.860 29262 29271 I manager.flutter: Background concurrent mark compact GC freed 9077386(187MB) AllocSpace objects, 1(260KB) LOS objects, 6% free, 324MB/348MB, paused 271us,3.692ms total 987.863ms
09-23 14:18:58.860 29262 10292 I manager.flutter: WaitForGcToComplete blocked Alloc on Background for 623.378ms
09-23 14:18:58.860 29262 10292 I manager.flutter: Starting a blocking GC Alloc
09-23 14:18:58.861 29262 10291 I manager.flutter: WaitForGcToComplete blocked Alloc on Background for 623.766ms
09-23 14:18:58.861 29262 10291 I manager.flutter: Starting a blocking GC Alloc
09-23 14:18:58.861 29262 10290 I manager.flutter: WaitForGcToComplete blocked Alloc on Background for 623.837ms
09-23 14:18:58.861 29262 10290 I manager.flutter: Starting a blocking GC Alloc
09-23 14:18:59.241 29262 10290 I manager.flutter: Waiting for a blocking GC Alloc
09-23 14:18:59.241 29262 10291 I manager.flutter: Waiting for a blocking GC Alloc
09-23 14:18:59.781 29262 29271 I manager.flutter: Background concurrent mark compact GC freed 9230118(196MB) AllocSpace objects, 127(3500KB) LOS objects, 7% free, 311MB/335MB, paused 297us,3.645ms total 877.169ms
09-23 14:18:59.781 29262 10290 I manager.flutter: WaitForGcToComplete blocked Alloc on Background for 540.841ms
09-23 14:18:59.781 29262 10290 I manager.flutter: Starting a blocking GC Alloc
09-23 14:18:59.782 29262 10291 I manager.flutter: WaitForGcToComplete blocked Alloc on Background for 541.187ms
09-23 14:18:59.782 29262 10291 I manager.flutter: Starting a blocking GC Alloc
09-23 14:19:00.522 29262 29271 I manager.flutter: Background concurrent mark compact GC freed 4091128(89MB) AllocSpace objects, 285(6900KB) LOS objects, 7% free, 293MB/317MB, paused 168us,2.950ms total 686.628ms
09-23 14:19:28.098 29262 29282 D OpenGLRenderer: CacheManager::trimMemory(15)
09-23 14:19:34.010 29262 29271 I manager.flutter: Background concurrent mark compact GC freed 3572340(102MB) AllocSpace objects, 24(3260KB) LOS objects, 8% free, 257MB/281MB, paused 3.651ms,3.850ms total 543.937ms
09-23 14:19:34.758 29262 29271 I manager.flutter: Background concurrent mark compact GC freed 70958(2592KB) AllocSpace objects, 36(32MB) LOS objects, 7% free, 283MB/307MB, paused 132us,2.739ms total 579.530ms
09-23 14:19:34.759 29262 29273 W System : A resource failed to call end.
09-23 14:19:35.617 29262 29271 I manager.flutter: Background concurrent mark compact GC freed 421(408KB) AllocSpace objects, 34(31MB) LOS objects, 7% free, 306MB/330MB, paused 140us,2.822ms total 570.308ms
09-23 14:19:35.619 29262 29273 W System : A resource failed to call end.
09-23 14:19:35.619 29262 29273 W System : A resource failed to call end.
09-23 14:19:36.540 29262 29271 I manager.flutter: Background concurrent mark compact GC freed 1007(800KB) AllocSpace objects, 66(64MB) LOS objects, 7% free, 308MB/332MB, paused 106us,2.628ms total 573.340ms
09-23 14:19:36.542 29262 29273 W System : A resource failed to call end.
09-23 14:19:36.542 29262 29273 W System : A resource failed to call end.
09-23 14:19:36.543 29262 29273 W System : A resource failed to call end.
09-23 14:19:36.543 29262 29273 W System : A resource failed to call end.
09-23 14:19:37.252 29262 29271 I manager.flutter: Background concurrent mark compact GC freed 1410369(50MB) AllocSpace objects, 13(11MB) LOS objects, 4% free, 484MB/508MB, paused 895us,2.638ms total 526.818ms
09-23 14:19:37.264 29262 29273 W System : A resource failed to call end.
09-23 14:19:37.305 29262 10176 I manager.flutter: Waiting for a blocking GC Alloc
09-23 14:19:37.813 29262 29271 I manager.flutter: Background concurrent mark compact GC freed 407351(127MB) AllocSpace objects, 147(80MB) LOS objects, 7% free, 304MB/328MB, paused 128us,3.148ms total 520.033ms
09-23 14:19:37.814 29262 10176 I manager.flutter: WaitForGcToComplete blocked Alloc on Background for 509.157ms
09-23 14:19:37.814 29262 10176 I manager.flutter: Starting a blocking GC Alloc
09-23 14:19:38.379 29262 29271 I manager.flutter: Background concurrent mark compact GC freed 301316(97MB) AllocSpace objects, 73(6252KB) LOS objects, 7% free, 308MB/332MB, paused 244us,3.226ms total 517.519ms
09-23 14:19:39.400 29262 29271 I manager.flutter: Background concurrent mark compact GC freed 1025245(37MB) AllocSpace objects, 305(66MB) LOS objects, 7% free, 295MB/319MB, paused 194us,2.501ms total 572.023ms
09-23 14:19:39.401 29262 29273 W System : A resource failed to call close.
09-23 14:19:40.884 29262 29271 I manager.flutter: Background concurrent mark compact GC freed 477715(16MB) AllocSpace objects, 515(65MB) LOS objects, 6% free, 327MB/351MB, paused 99us,2.374ms total 544.062ms
09-23 14:19:40.885 29262 29273 W System : A resource failed to call close.
09-23 14:19:40.885 29262 29273 W System : A resource failed to call close.
09-23 14:19:40.885 29262 29273 W System : A resource failed to call close.
09-23 14:19:40.885 29262 29273 W System : A resource failed to call close.
09-23 14:19:40.885 29262 29273 W System : A resource failed to call close.
09-23 14:19:40.885 29262 29273 W System : A resource failed to call close.
09-23 14:19:40.885 29262 29273 W System : A resource failed to call close.
09-23 14:19:40.885 29262 29273 W System : A resource failed to call close.
09-23 14:19:41.401 29262 29271 I manager.flutter: Background concurrent mark compact GC freed 235049(20MB) AllocSpace objects, 3658(247MB) LOS objects, 7% free, 290MB/314MB, paused 1.489ms,2.650ms total 481.823ms
09-23 14:19:41.889 29262 11591 I manager.flutter: Waiting for a blocking GC Alloc
09-23 14:19:41.891 29262 11594 I manager.flutter: Waiting for a blocking GC Alloc
09-23 14:19:41.891 29262 11587 I manager.flutter: Waiting for a blocking GC Alloc
09-23 14:19:41.891 29262 11592 I manager.flutter: Waiting for a blocking GC Alloc
09-23 14:19:41.892 29262 11588 I manager.flutter: Waiting for a blocking GC Alloc
09-23 14:19:41.892 29262 11589 I manager.flutter: Waiting for a blocking GC Alloc
09-23 14:19:41.894 29262 11593 I manager.flutter: Waiting for a blocking GC Alloc
09-23 14:19:41.895 29262 11590 I manager.flutter: Waiting for a blocking GC Alloc
09-23 14:19:41.919 29262 29271 I manager.flutter: Clamp target GC heap from 535MB to 512MB
09-23 14:19:41.919 29262 29271 I manager.flutter: Background concurrent mark compact GC freed 772791(37MB) AllocSpace objects, 307(34MB) LOS objects, 0% free, 511MB/512MB, paused 178us,2.765ms total 424.579ms
09-23 14:19:41.919 29262 11591 I manager.flutter: WaitForGcToComplete blocked Alloc on Background for 29.760ms
09-23 14:19:41.919 29262 11591 I manager.flutter: Starting a blocking GC Alloc
09-23 14:19:41.919 29262 11591 I manager.flutter: Forcing collection of SoftReferences for 1024KB allocation
09-23 14:19:41.919 29262 11591 I manager.flutter: Starting a blocking GC Alloc
09-23 14:19:41.919 29262 11594 I manager.flutter: Waiting for a blocking GC Alloc
09-23 14:19:41.919 29262 11592 I manager.flutter: Waiting for a blocking GC Alloc
09-23 14:19:41.919 29262 11587 I manager.flutter: Waiting for a blocking GC Alloc
09-23 14:19:41.919 29262 11589 I manager.flutter: Waiting for a blocking GC Alloc
09-23 14:19:41.919 29262 11593 I manager.flutter: Waiting for a blocking GC Alloc
09-23 14:19:41.919 29262 11590 I manager.flutter: Waiting for a blocking GC Alloc
09-23 14:19:41.919 29262 11588 I manager.flutter: Waiting for a blocking GC Alloc
09-23 14:19:41.920 29262 29273 W System : A resource failed to call end.
09-23 14:19:41.920 29262 29273 W System : A resource failed to call end.
09-23 14:19:42.344 29262 11591 I manager.flutter: Alloc concurrent mark compact GC freed 3835(380KB) AllocSpace objects, 254(254MB) LOS objects, 8% free, 256MB/280MB, paused 111us,2.700ms total 425.113ms
09-23 14:19:42.345 29262 11594 I manager.flutter: WaitForGcToComplete blocked Alloc on Alloc for 453.796ms
09-23 14:19:42.345 29262 11594 I manager.flutter: Starting a blocking GC Alloc
09-23 14:19:42.345 29262 11592 I manager.flutter: WaitForGcToComplete blocked Alloc on Alloc for 453.567ms
09-23 14:19:42.345 29262 11592 I manager.flutter: Starting a blocking GC Alloc
09-23 14:19:42.345 29262 11589 I manager.flutter: WaitForGcToComplete blocked Alloc on Alloc for 452.604ms
09-23 14:19:42.345 29262 11589 I manager.flutter: Starting a blocking GC Alloc
09-23 14:19:42.345 29262 11587 I manager.flutter: WaitForGcToComplete blocked Alloc on Alloc for 453.957ms
09-23 14:19:42.345 29262 11587 I manager.flutter: Starting a blocking GC Alloc
09-23 14:19:42.345 29262 11593 I manager.flutter: WaitForGcToComplete blocked Alloc on Alloc for 451.224ms
09-23 14:19:42.345 29262 11593 I manager.flutter: Starting a blocking GC Alloc
09-23 14:19:42.345 29262 11590 I manager.flutter: WaitForGcToComplete blocked Alloc on Alloc for 449.875ms
09-23 14:19:42.345 29262 11590 I manager.flutter: Starting a blocking GC Alloc
09-23 14:19:42.345 29262 11588 I manager.flutter: WaitForGcToComplete blocked Alloc on Alloc for 453.306ms
09-23 14:19:42.345 29262 11588 I manager.flutter: Starting a blocking GC Alloc
09-23 14:19:42.346 29262 29271 I manager.flutter: WaitForGcToComplete blocked Background on Alloc for 425.474ms
09-23 14:19:42.346 29262 29273 W System : A resource failed to call end.
09-23 14:19:42.504 29262 11600 I manager.flutter: Waiting for a blocking GC Alloc
09-23 14:19:42.504 29262 11605 I manager.flutter: Waiting for a blocking GC Alloc
09-23 14:19:42.505 29262 11598 I manager.flutter: Waiting for a blocking GC Alloc
09-23 14:19:42.506 29262 11599 I manager.flutter: Waiting for a blocking GC Alloc
09-23 14:19:42.507 29262 11604 I manager.flutter: Waiting for a blocking GC Alloc
09-23 14:19:42.508 29262 11601 I manager.flutter: Waiting for a blocking GC Alloc
09-23 14:19:42.509 29262 11602 I manager.flutter: Waiting for a blocking GC Alloc
09-23 14:19:42.510 29262 11597 I manager.flutter: Waiting for a blocking GC Alloc
09-23 14:19:42.775 29262 29271 I manager.flutter: Background concurrent mark compact GC freed 1309(596KB) AllocSpace objects, 250(248MB) LOS objects, 8% free, 263MB/287MB, paused 217us,2.785ms total 419.732ms
09-23 14:19:42.776 29262 11600 I manager.flutter: WaitForGcToComplete blocked Alloc on Background for 271.715ms
09-23 14:19:42.776 29262 11600 I manager.flutter: Starting a blocking GC Alloc
09-23 14:19:42.776 29262 11605 I manager.flutter: WaitForGcToComplete blocked Alloc on Background for 271.742ms
09-23 14:19:42.776 29262 11605 I manager.flutter: Starting a blocking GC Alloc
09-23 14:19:42.776 29262 11598 I manager.flutter: WaitForGcToComplete blocked Alloc on Background for 271.687ms
09-23 14:19:42.776 29262 11598 I manager.flutter: Starting a blocking GC Alloc
09-23 14:19:42.776 29262 11599 I manager.flutter: WaitForGcToComplete blocked Alloc on Background for 270.319ms
09-23 14:19:42.776 29262 11599 I manager.flutter: Starting a blocking GC Alloc
09-23 14:19:42.777 29262 11604 I manager.flutter: WaitForGcToComplete blocked Alloc on Background for 269.222ms
09-23 14:19:42.777 29262 11604 I manager.flutter: Starting a blocking GC Alloc
09-23 14:19:42.777 29262 11601 I manager.flutter: WaitForGcToComplete blocked Alloc on Background for 268.600ms
09-23 14:19:42.777 29262 11601 I manager.flutter: Starting a blocking GC Alloc
09-23 14:19:42.777 29262 11602 I manager.flutter: WaitForGcToComplete blocked Alloc on Background for 267.531ms
09-23 14:19:42.777 29262 11602 I manager.flutter: Starting a blocking GC Alloc
09-23 14:19:42.777 29262 11597 I manager.flutter: WaitForGcToComplete blocked Alloc on Background for 266.435ms
09-23 14:19:42.777 29262 11597 I manager.flutter: Starting a blocking GC Alloc
09-23 14:19:43.277 29262 29271 I manager.flutter: Background concurrent mark compact GC freed 26595(2448KB) AllocSpace objects, 70(59MB) LOS objects, 8% free, 261MB/285MB, paused 106us,2.565ms total 487.636ms
09-23 14:19:44.787 29262 29262 I BLASTBufferQueue_Java: update, w= 1080 h= 2340 mName = ViewRootImpl@79a1f0c[MainActivity] mNativeObject= 0xb40000713c4f1b70 sc.mNativeObject= 0xb40000710c502b90 format= -3 caller= android.view.ViewRootImpl.updateBlastSurfaceIfNeeded:3017 android.view.ViewRootImpl.relayoutWindow:10131 android.view.ViewRootImpl.performTraversals:4110 android.view.ViewRootImpl.doTraversal:3288 android.view.ViewRootImpl$TraversalRunnable.run:11344 android.view.Choreographer$CallbackRecord.run:1689
09-23 14:19:44.788 29262 29262 I ViewRootImpl@79a1f0c[MainActivity]: Relayout returned: old=(0,0,1080,2340) new=(0,0,1080,2340) relayoutAsync=true req=(1080,2340)0 dur=1 res=0x0 s={true 0xb40000700c505950} ch=false seqId=0
09-23 14:19:44.788 29262 29262 I ViewRootImpl@79a1f0c[MainActivity]: updateBoundsLayer: t=android.view.SurfaceControl$Transaction@79f5be3 sc=Surface(name=Bounds for - app.revanced.manager.flutter/app.revanced.manager.flutter.MainActivity@3)/@0xca8f373 frame=3
09-23 14:19:44.789 29262 29262 I ViewRootImpl@79a1f0c[MainActivity]: registerCallbackForPendingTransactions
09-23 14:19:44.791 29262 30145 I ViewRootImpl@79a1f0c[MainActivity]: mWNT: t=0xb40000704c5901f0 mBlastBufferQueue=0xb40000713c4f1b70 fn= 3 mRenderHdrSdrRatio=1.0 caller= android.view.ViewRootImpl$6.onFrameDraw:5635 android.view.ViewRootImpl$2.onFrameDraw:2146 android.view.ThreadedRenderer$1.onFrameDraw:792
09-23 14:19:45.129 29262 29271 I manager.flutter: Background concurrent mark compact GC freed 845817(28MB) AllocSpace objects, 56(39MB) LOS objects, 9% free, 220MB/244MB, paused 106us,3.412ms total 404.107ms
09-23 14:19:46.815 29262 29262 I ViewRootImpl@79a1f0c[MainActivity]: ViewPostIme pointer 0
09-23 14:19:46.856 29262 29262 I ViewRootImpl@79a1f0c[MainActivity]: ViewPostIme pointer 1
09-23 14:19:47.390 29262 29262 I ViewRootImpl@79a1f0c[MainActivity]: ViewPostIme pointer 0
09-23 14:19:47.447 29262 29262 I ViewRootImpl@79a1f0c[MainActivity]: ViewPostIme pointer 1
09-23 14:19:48.466 29262 29262 E DartMessenger: Uncaught exception in binary message listener
09-23 14:19:48.466 29262 29262 E DartMessenger: java.io.FileNotFoundException: /data/user/0/app.revanced.manager.flutter/files/lastPatchedApp.apk: open failed: ENOENT (No such file or directory)
09-23 14:19:48.466 29262 29262 E DartMessenger: at libcore.io.IoBridge.open(IoBridge.java:574)
09-23 14:19:48.466 29262 29262 E DartMessenger: at java.io.FileInputStream.(FileInputStream.java:160)
09-23 14:19:48.466 29262 29262 E DartMessenger: at app.revanced.manager.flutter.MainActivity.installApk(Unknown Source:65)
09-23 14:19:48.466 29262 29262 E DartMessenger: at app.revanced.manager.flutter.MainActivity.configureFlutterEngine$lambda$19(Unknown Source:176)
09-23 14:19:48.466 29262 29262 E DartMessenger: at app.revanced.manager.flutter.MainActivity.$r8$lambda$C3cUe_dHEdP1GsfFm3c8DvZ_hqc(SourceFile:0)
09-23 14:19:48.466 29262 29262 E DartMessenger: at app.revanced.manager.flutter.MainActivity$$ExternalSyntheticLambda5.onMethodCall(SourceFile:0)
09-23 14:19:48.466 29262 29262 E DartMessenger: at io.flutter.plugin.common.MethodChannel$IncomingMethodCallHandler.onMessage(Unknown Source:17)
09-23 14:19:48.466 29262 29262 E DartMessenger: at io.flutter.embedding.engine.dart.DartMessenger.invokeHandler(Unknown Source:18)
09-23 14:19:48.466 29262 29262 E DartMessenger: at io.flutter.embedding.engine.dart.DartMessenger.lambda$dispatchMessageToQueue$0(Unknown Source:41)
09-23 14:19:48.466 29262 29262 E DartMessenger: at io.flutter.embedding.engine.dart.DartMessenger.$r8$lambda$BqGJF3aBeRT05gDeKMoHH6eOjH0(SourceFile:0)
09-23 14:19:48.466 29262 29262 E DartMessenger: at io.flutter.embedding.engine.dart.DartMessenger$$ExternalSyntheticLambda0.run(SourceFile:0)
09-23 14:19:48.466 29262 29262 E DartMessenger: at android.os.Handler.handleCallback(Handler.java:958)
09-23 14:19:48.466 29262 29262 E DartMessenger: at android.os.Handler.dispatchMessage(Handler.java:99)
09-23 14:19:48.466 29262 29262 E DartMessenger: at android.os.Looper.loopOnce(Looper.java:230)
09-23 14:19:48.466 29262 29262 E DartMessenger: at android.os.Looper.loop(Looper.java:319)
09-23 14:19:48.466 29262 29262 E DartMessenger: at android.app.ActivityThread.main(ActivityThread.java:8919)
09-23 14:19:48.466 29262 29262 E DartMessenger: at java.lang.reflect.Method.invoke(Native Method)
09-23 14:19:48.466 29262 29262 E DartMessenger: at com.android.internal.os.RuntimeInit$MethodAndArgsCaller.run(RuntimeInit.java:578)
09-23 14:19:48.466 29262 29262 E DartMessenger: at com.android.internal.os.ZygoteInit.main(ZygoteInit.java:1103)
09-23 14:19:48.466 29262 29262 E DartMessenger: Caused by: android.system.ErrnoException: open failed: ENOENT (No such file or directory)
09-23 14:19:48.466 29262 29262 E DartMessenger: at libcore.io.Linux.open(Native Method)
09-23 14:19:48.466 29262 29262 E DartMessenger: at libcore.io.ForwardingOs.open(ForwardingOs.java:563)
09-23 14:19:48.466 29262 29262 E DartMessenger: at libcore.io.BlockGuardOs.open(BlockGuardOs.java:274)
09-23 14:19:48.466 29262 29262 E DartMessenger: at libcore.io.ForwardingOs.open(ForwardingOs.java:563)
09-23 14:19:48.466 29262 29262 E DartMessenger: at android.app.ActivityThread$AndroidOs.open(ActivityThread.java:8782)
09-23 14:19:48.466 29262 29262 E DartMessenger: at libcore.io.IoBridge.open(IoBridge.java:560)
09-23 14:19:48.466 29262 29262 E DartMessenger: ... 18 more
09-23 14:19:49.865 29262 29262 I ViewRootImpl@79a1f0c[MainActivity]: ViewPostIme pointer 0
09-23 14:19:50.212 29262 29262 I ViewRootImpl@79a1f0c[MainActivity]: handleWindowFocusChanged: 0 0 call from android.view.ViewRootImpl.-$$Nest$mhandleWindowFocusChanged:0
09-23 14:19:50.213 29262 29262 I ImeFocusController: onPreWindowFocus: skipped, hasWindowFocus=false mHasImeFocus=true
09-23 14:19:50.213 29262 29262 I ImeFocusController: onPostWindowFocus: skipped, hasWindowFocus=false mHasImeFocus=true
09-23 14:19:50.647 29262 29262 I ViewRootImpl@79a1f0c[MainActivity]: handleAppVisibility mAppVisible = true visible = false
09-23 14:19:50.662 29262 29262 I SurfaceView@12ddfb0: onWindowVisibilityChanged(8) false io.flutter.embedding.android.FlutterSurfaceView{12ddfb0 V.E...... ........ 0,0-1080,2340} of ViewRootImpl@79a1f0c[MainActivity]
09-23 14:19:50.662 29262 29262 I SurfaceView: 19783600 Changes: creating=false format=false size=false visible=true alpha=false hint=false visible=true left=false top=false z=false attached=true lifecycleStrategy=false
09-23 14:19:50.662 29262 29262 I SurfaceView@12ddfb0: 19783600 Cur surface: Surface(name=null)/@0x9cf2f9c
09-23 14:19:50.663 29262 29262 I SurfaceView: 19783600 surfaceDestroyed
09-23 14:19:50.663 29262 29262 I SurfaceView@12ddfb0: surfaceDestroyed callback.size 1 #2 io.flutter.embedding.android.FlutterSurfaceView{12ddfb0 V.E...... ........ 0,0-1080,2340}
09-23 14:19:50.684 29262 29262 I SurfaceView@12ddfb0: updateSurface: mVisible = false mSurface.isValid() = true
09-23 14:19:50.684 29262 29262 I SurfaceView@12ddfb0: releaseSurfaces: viewRoot = ViewRootImpl@79a1f0c[MainActivity]
09-23 14:19:50.685 29262 29262 V SurfaceView@12ddfb0: Layout: x=0 y=0 w=1080 h=2340, frame=Rect(0, 0 - 1080, 2340)
09-23 14:19:50.686 29262 29262 I ViewRootImpl@79a1f0c[MainActivity]: destroyHardwareResources: Callers=android.view.ViewRootImpl.performTraversals:3932 android.view.ViewRootImpl.doTraversal:3288 android.view.ViewRootImpl$TraversalRunnable.run:11344 android.view.Choreographer$CallbackRecord.run:1689 android.view.Choreographer$CallbackRecord.run:1698 android.view.Choreographer.doCallbacks:1153 android.view.Choreographer.doFrame:1079 android.view.Choreographer$FrameDisplayEventReceiver.run:1646 android.os.Handler.handleCallback:958 android.os.Handler.dispatchMessage:99
09-23 14:19:50.687 29262 29282 D SurfaceView: 256895857 windowPositionLost, frameNr = 0
09-23 14:19:50.688 29262 29282 D OpenGLRenderer: CacheManager::trimMemory(20)
09-23 14:19:50.705 29262 29262 I ViewRootImpl@79a1f0c[MainActivity]: Relayout returned: old=(0,0,1080,2340) new=(0,0,1080,2340) relayoutAsync=false req=(1080,2340)8 dur=8 res=0x402 s={false 0x0} ch=true seqId=0
09-23 14:19:50.705 29262 29262 I SurfaceView@12ddfb0: windowStopped(true) false io.flutter.embedding.android.FlutterSurfaceView{12ddfb0 V.E...... ........ 0,0-1080,2340} of ViewRootImpl@79a1f0c[MainActivity]
09-23 14:19:50.708 29262 29262 D SurfaceView@12ddfb0: updateSurface: surface is not valid
09-23 14:19:50.708 29262 29262 I SurfaceView@12ddfb0: releaseSurfaces: viewRoot = ViewRootImpl@79a1f0c[MainActivity]
09-23 14:19:50.708 29262 29262 D SurfaceView@12ddfb0: updateSurface: surface is not valid
09-23 14:19:50.708 29262 29262 I SurfaceView@12ddfb0: releaseSurfaces: viewRoot = ViewRootImpl@79a1f0c[MainActivity]
09-23 14:19:50.709 29262 29282 D OpenGLRenderer: CacheManager::trimMemory(20)
09-23 14:19:50.710 29262 29262 I ViewRootImpl@79a1f0c[MainActivity]: stopped(true) old = false
09-23 14:19:50.711 29262 29262 D ViewRootImpl@79a1f0c[MainActivity]: WindowStopped on app.revanced.manager.flutter/app.revanced.manager.flutter.MainActivity set to true
09-23 14:19:50.711 29262 29282 D OpenGLRenderer: CacheManager::trimMemory(20)
09-23 14:19:50.712 29262 29262 D SurfaceView@12ddfb0: updateSurface: surface is not valid
09-23 14:19:50.712 29262 29262 I SurfaceView@12ddfb0: releaseSurfaces: viewRoot = ViewRootImpl@79a1f0c[MainActivity]
09-23 14:19:50.713 29262 29262 D SurfaceView@12ddfb0: updateSurface: surface is not valid
09-23 14:19:50.713 29262 29262 I SurfaceView@12ddfb0: releaseSurfaces: viewRoot = ViewRootImpl@79a1f0c[MainActivity]
09-23 14:19:50.714 29262 29262 D InputTransport: Input channel destroyed: 'ClientS', fd=139
09-23 14:20:12.521 29262 29262 D CompatibilityChangeReporter: Compat change id reported: 150939131; UID 10813; state: ENABLED
09-23 14:20:14.173 29262 29262 D Choreographer: CoreRune.SYSPERF_ACTIVE_APP_BBA_ENABLE : stop animation in background states
09-23 14:20:14.174 29262 29282 D OpenGLRenderer: CacheManager::trimMemory(40)
09-23 14:20:14.174 29262 29282 D OpenGLRenderer: RenderThread::destroyRenderingContext()
09-23 14:20:14.502 29262 29262 I ViewRootImpl@79a1f0c[MainActivity]: handleAppVisibility mAppVisible = false visible = true
09-23 14:20:14.504 29262 29262 I ViewRootImpl@79a1f0c[MainActivity]: stopped(false) old = true
09-23 14:20:14.504 29262 29262 D ViewRootImpl@79a1f0c[MainActivity]: WindowStopped on app.revanced.manager.flutter/app.revanced.manager.flutter.MainActivity set to false
09-23 14:20:14.505 29262 29262 D SurfaceView@12ddfb0: updateSurface: surface is not valid
09-23 14:20:14.505 29262 29262 I SurfaceView@12ddfb0: releaseSurfaces: viewRoot = ViewRootImpl@79a1f0c[MainActivity]
09-23 14:20:14.515 29262 29262 I SurfaceView@12ddfb0: onWindowVisibilityChanged(0) false io.flutter.embedding.android.FlutterSurfaceView{12ddfb0 V.E...... ......ID 0,0-1080,2340} of ViewRootImpl@79a1f0c[MainActivity]
09-23 14:20:14.515 29262 29262 D SurfaceView@12ddfb0: updateSurface: surface is not valid
09-23 14:20:14.515 29262 29262 I SurfaceView@12ddfb0: releaseSurfaces: viewRoot = ViewRootImpl@79a1f0c[MainActivity]
09-23 14:20:14.530 29262 29262 I InsetsSourceConsumer: applyRequestedVisibilityToControl: visible=true, type=navigationBars, host=app.revanced.manager.flutter/app.revanced.manager.flutter.MainActivity
09-23 14:20:14.531 29262 29262 I InsetsSourceConsumer: applyRequestedVisibilityToControl: visible=true, type=statusBars, host=app.revanced.manager.flutter/app.revanced.manager.flutter.MainActivity
09-23 14:20:14.531 29262 29262 I BufferQueueProducer: [](id:724e00000008,api:0,p:0,c:29262) setDequeueTimeout:2077252342
09-23 14:20:14.534 29262 29262 I BLASTBufferQueue_Java: new BLASTBufferQueue, mName= ViewRootImpl@79a1f0c[MainActivity] mNativeObject= 0xb40000713c551070 sc.mNativeObject= 0xb40000710c4f6e90 caller= android.view.ViewRootImpl.updateBlastSurfaceIfNeeded:3028 android.view.ViewRootImpl.relayoutWindow:10131 android.view.ViewRootImpl.performTraversals:4110 android.view.ViewRootImpl.doTraversal:3288 android.view.ViewRootImpl$TraversalRunnable.run:11344 android.view.Choreographer$CallbackRecord.run:1689 android.view.Choreographer$CallbackRecord.run:1698 android.view.Choreographer.doCallbacks:1153 android.view.Choreographer.doFrame:1079 android.view.Choreographer$FrameDisplayEventReceiver.run:1646
09-23 14:20:14.534 29262 29262 I BLASTBufferQueue_Java: update, w= 1080 h= 2340 mName = ViewRootImpl@79a1f0c[MainActivity] mNativeObject= 0xb40000713c551070 sc.mNativeObject= 0xb40000710c4f6e90 format= -3 caller= android.graphics.BLASTBufferQueue.:89 android.view.ViewRootImpl.updateBlastSurfaceIfNeeded:3028 android.view.ViewRootImpl.relayoutWindow:10131 android.view.ViewRootImpl.performTraversals:4110 android.view.ViewRootImpl.doTraversal:3288 android.view.ViewRootImpl$TraversalRunnable.run:11344
09-23 14:20:14.534 29262 29262 I ViewRootImpl@79a1f0c[MainActivity]: Relayout returned: old=(0,0,1080,2340) new=(0,0,1080,2340) relayoutAsync=false req=(1080,2340)0 dur=15 res=0x403 s={true 0xb40000700c592170} ch=true seqId=0
09-23 14:20:14.535 29262 29262 D ViewRootImpl@79a1f0c[MainActivity]: mThreadedRenderer.initialize() mSurface={isValid=true 0xb40000700c592170} hwInitialized=true
09-23 14:20:14.535 29262 29262 I SurfaceView: 19783600 Changes: creating=false format=false size=false visible=false alpha=false hint=false visible=false left=false top=false z=false attached=true lifecycleStrategy=false
09-23 14:20:14.535 29262 29262 I SurfaceView@12ddfb0: windowStopped(false) true io.flutter.embedding.android.FlutterSurfaceView{12ddfb0 V.E...... ......ID 0,0-1080,2340} of ViewRootImpl@79a1f0c[MainActivity]
09-23 14:20:14.535 29262 29262 I SurfaceView: 19783600 Changes: creating=true format=false size=false visible=true alpha=false hint=false visible=true left=false top=false z=false attached=true lifecycleStrategy=false
09-23 14:20:14.536 29262 29262 I BufferQueueProducer: [](id:724e00000009,api:0,p:0,c:29262) setDequeueTimeout:2077252342
09-23 14:20:14.537 29262 29262 I BLASTBufferQueue_Java: update, w= 1080 h= 2340 mName = null mNativeObject= 0xb40000713c53ac30 sc.mNativeObject= 0xb40000710c50aed0 format= 4 caller= android.view.SurfaceView.createBlastSurfaceControls:1517 android.view.SurfaceView.updateSurface:1193 android.view.SurfaceView.setWindowStopped:403 android.view.SurfaceView.surfaceCreated:1994 android.view.ViewRootImpl.notifySurfaceCreated:2945 android.view.ViewRootImpl.performTraversals:4580
09-23 14:20:14.537 29262 29262 I SurfaceView@12ddfb0: 19783600 Cur surface: Surface(name=null)/@0x9cf2f9c
09-23 14:20:14.537 29262 29262 I SurfaceView@12ddfb0: pST: sr = Rect(0, 0 - 1080, 2340) sw = 1080 sh = 2340
09-23 14:20:14.537 29262 29262 D SurfaceView@12ddfb0: 19783600 performSurfaceTransaction RenderWorker position = [0, 0, 1080, 2340] surfaceSize = 1080x2340
09-23 14:20:14.537 29262 29262 I SurfaceView@12ddfb0: updateSurface: mVisible = true mSurface.isValid() = true
09-23 14:20:14.537 29262 29262 I SurfaceView@12ddfb0: updateSurface: mSurfaceCreated = false surfaceChanged = true visibleChanged = true
09-23 14:20:14.537 29262 29262 I SurfaceView: 19783600 visibleChanged -- surfaceCreated
09-23 14:20:14.538 29262 29262 I SurfaceView@12ddfb0: surfaceCreated 1 #1 io.flutter.embedding.android.FlutterSurfaceView{12ddfb0 V.E...... ......ID 0,0-1080,2340}
09-23 14:20:14.549 29262 29262 I SurfaceView: 19783600 surfaceChanged -- format=4 w=1080 h=2340
09-23 14:20:14.549 29262 29262 I SurfaceView@12ddfb0: surfaceChanged (1080,2340) 1 #1 io.flutter.embedding.android.FlutterSurfaceView{12ddfb0 V.E...... ......ID 0,0-1080,2340}
09-23 14:20:14.550 29262 29262 I SurfaceView: 19783600 surfaceRedrawNeeded
09-23 14:20:14.551 29262 29262 I SurfaceView: 19783600 finishedDrawing
09-23 14:20:14.551 29262 29262 V SurfaceView@12ddfb0: Layout: x=0 y=0 w=1080 h=2340, frame=Rect(0, 0 - 1080, 2340)
09-23 14:20:14.552 29262 29262 D ViewRootImpl@79a1f0c[MainActivity]: reportNextDraw android.view.ViewRootImpl.performTraversals:4718 android.view.ViewRootImpl.doTraversal:3288 android.view.ViewRootImpl$TraversalRunnable.run:11344 android.view.Choreographer$CallbackRecord.run:1689 android.view.Choreographer$CallbackRecord.run:1698
09-23 14:20:14.552 29262 29262 I ViewRootImpl@79a1f0c[MainActivity]: Setup new sync=wmsSync-ViewRootImpl@79a1f0c[MainActivity]#14
09-23 14:20:14.552 29262 29262 I ViewRootImpl@79a1f0c[MainActivity]: Creating new active sync group ViewRootImpl@79a1f0c[MainActivity]#15
09-23 14:20:14.554 29262 29262 I ViewRootImpl@79a1f0c[MainActivity]: registerCallbacksForSync syncBuffer=false
09-23 14:20:14.554 29262 29282 D SurfaceView: 19783600 updateSurfacePosition RenderWorker, frameNr = 1, position = [0, 0, 1080, 2340] surfaceSize = 1080x2340
09-23 14:20:14.554 29262 29282 I SurfaceView@12ddfb0: uSP: rtp = Rect(0, 0 - 1080, 2340) rtsw = 1080 rtsh = 2340
09-23 14:20:14.554 29262 29282 I SurfaceView@12ddfb0: onSSPAndSRT: pl = 0 pt = 0 sx = 1.0 sy = 1.0
09-23 14:20:14.554 29262 29282 I SurfaceView@12ddfb0: aOrMT: ViewRootImpl@79a1f0c[MainActivity] t = android.view.SurfaceControl$Transaction@3a10565 fN = 1 android.view.SurfaceView.-$$Nest$mapplyOrMergeTransaction:0 android.view.SurfaceView$SurfaceViewPositionUpdateListener.positionChanged:1666 android.graphics.RenderNode$CompositePositionUpdateListener.positionChanged:369
09-23 14:20:14.554 29262 29282 I ViewRootImpl@79a1f0c[MainActivity]: mWNT: t=0xb40000704c58db70 mBlastBufferQueue=0xb40000713c551070 fn= 1 mRenderHdrSdrRatio=1.0 caller= android.view.SurfaceView.applyOrMergeTransaction:1598 android.view.SurfaceView.-$$Nest$mapplyOrMergeTransaction:0 android.view.SurfaceView$SurfaceViewPositionUpdateListener.positionChanged:1666
09-23 14:20:14.556 29262 30146 I ViewRootImpl@79a1f0c[MainActivity]: Received frameDrawingCallback syncResult=0 frameNum=1.
09-23 14:20:14.556 29262 30146 I ViewRootImpl@79a1f0c[MainActivity]: mWNT: t=0xb40000704c589c30 mBlastBufferQueue=0xb40000713c551070 fn= 1 mRenderHdrSdrRatio=1.0 caller= android.view.ViewRootImpl$8.onFrameDraw:13841 android.view.ThreadedRenderer$1.onFrameDraw:792
09-23 14:20:14.556 29262 30146 I ViewRootImpl@79a1f0c[MainActivity]: Setting up sync and frameCommitCallback
09-23 14:20:14.557 29262 29282 I BLASTBufferQueue: [ViewRootImpl@79a1f0c[MainActivity]#8](f:0,a:0,s:0) onFrameAvailable the first frame is available
09-23 14:20:14.557 29262 29282 I ViewRootImpl@79a1f0c[MainActivity]: Received frameCommittedCallback lastAttemptedDrawFrameNum=1 didProduceBuffer=true
09-23 14:20:14.561 29262 29262 I ViewRootImpl@79a1f0c[MainActivity]: reportDrawFinished seqId=0
09-23 14:20:14.564 29262 29289 I BLASTBufferQueue: [SurfaceView[app.revanced.manager.flutter/app.revanced.manager.flutter.MainActivity]@0#9](f:0,a:0,s:0) onFrameAvailable the first frame is available
09-23 14:20:14.577 29262 29262 I ViewRootImpl@79a1f0c[MainActivity]: handleWindowFocusChanged: 1 0 call from android.view.ViewRootImpl.-$$Nest$mhandleWindowFocusChanged:0
09-23 14:20:14.577 29262 29262 D ViewRootImpl@79a1f0c[MainActivity]: mThreadedRenderer.initializeIfNeeded()#2 mSurface={isValid=true 0xb40000700c592170}
09-23 14:20:14.577 29262 29262 D InputMethodManagerUtils: startInputInner - Id : 0
09-23 14:20:14.577 29262 29262 I InputMethodManager: startInputInner - IInputMethodManagerGlobalInvoker.startInputOrWindowGainedFocus
09-23 14:20:14.589 29262 29262 I InsetsSourceConsumer: applyRequestedVisibilityToControl: visible=false, type=ime, host=app.revanced.manager.flutter/app.revanced.manager.flutter.MainActivity
09-23 14:20:14.591 29262 29278 I ViewRootImpl@79a1f0c[MainActivity]: Resizing android.view.ViewRootImpl@86daeef: frame = [0,0][1080,2340] reportDraw = false forceLayout = false syncSeqId = -1
09-23 14:20:14.593 29262 29262 I ViewRootImpl@79a1f0c[MainActivity]: handleResized, msg = 4 frames=ClientWindowFrames{frame=[0,0][1080,2340] display=[0,0][1080,2340] parentFrame=[0,0][0,0]} forceNextWindowRelayout=false displayId=0 dragResizing=false compatScale=1.0 frameChanged=false attachedFrameChanged=false configChanged=false displayChanged=false compatScaleChanged=false
09-23 14:20:14.832 29262 29271 I manager.flutter: CollectorTransition concurrent mark compact GC freed 14841(3636KB) AllocSpace objects, 34(1088KB) LOS objects, 9% free, 220MB/244MB, paused 97us,2.094ms total 675.328ms
09-23 14:20:15.044 29262 29262 I ViewRootImpl@79a1f0c[MainActivity]: ViewPostIme pointer 0
09-23 14:20:15.113 29262 29262 I ViewRootImpl@79a1f0c[MainActivity]: ViewPostIme pointer 1
09-23 14:20:15.750 29262 29262 I ViewRootImpl@79a1f0c[MainActivity]: ViewPostIme pointer 0
09-23 14:20:15.807 29262 29262 I ViewRootImpl@79a1f0c[MainActivity]: ViewPostIme pointer 1
09-23 14:20:16.259 29262 29262 I ViewRootImpl@79a1f0c[MainActivity]: ViewPostIme pointer 0
09-23 14:20:16.397 29262 29262 I ViewRootImpl@79a1f0c[MainActivity]: ViewPostIme pointer 1
09-23 14:20:16.537 29262 29262 I ViewRootImpl@79a1f0c[MainActivity]: ViewPostIme pointer 0
09-23 14:20:16.727 29262 29262 I ViewRootImpl@79a1f0c[MainActivity]: ViewPostIme pointer 1
09-23 14:20:16.879 29262 29262 I ViewRootImpl@79a1f0c[MainActivity]: ViewPostIme pointer 0
09-23 14:20:17.564 29262 29262 I ViewRootImpl@79a1f0c[MainActivity]: ViewPostIme pointer 1
09-23 14:20:17.801 29262 29262 I ViewRootImpl@79a1f0c[MainActivity]: ViewPostIme pointer 0
09-23 14:20:18.300 29262 29262 I ViewRootImpl@79a1f0c[MainActivity]: ViewPostIme pointer 1
09-23 14:20:18.694 29262 29262 I ViewRootImpl@79a1f0c[MainActivity]: ViewPostIme pointer 0
09-23 14:20:19.487 29262 29262 I ViewRootImpl@79a1f0c[MainActivity]: ViewPostIme pointer 1
09-23 14:20:20.484 29262 29262 I ViewRootImpl@79a1f0c[MainActivity]: ViewPostIme pointer 0
09-23 14:20:20.499 29262 29262 I ViewRootImpl@79a1f0c[MainActivity]: ViewPostIme pointer 1