09-23 14:14:12.459 29262 29273 W manager.flutter: ApkAssets: Deleting an ApkAssets object ' and /data/app/~~ihlmBMVZ9xkBuBKRcF6Ijg==/com.google.android.apps.photos-JYJZs4ibXW5PghxR23hBTg==/split_config.en.apk' with 1 weak references
09-23 14:14:12.459 29262 29273 W manager.flutter: ApkAssets: Deleting an ApkAssets object ' and /data/app/~~ihlmBMVZ9xkBuBKRcF6Ijg==/com.google.android.apps.photos-JYJZs4ibXW5PghxR23hBTg==/split_config.xxhdpi.apk' with 1 weak references
09-23 14:14:12.459 29262 29273 W manager.flutter: ApkAssets: Deleting an ApkAssets object ' and /data/app/~~oGBRRXjMIJvV2-eCLv_gow==/com.adobe.lrmobile-Np83XlfuhAuzXHluohjXyg==/base.apk' with 1 weak references
09-23 14:14:12.459 29262 29273 W manager.flutter: ApkAssets: Deleting an ApkAssets object ' and /data/app/~~oGBRRXjMIJvV2-eCLv_gow==/com.adobe.lrmobile-Np83XlfuhAuzXHluohjXyg==/split_config.arm64_v8a.apk' with 1 weak references
09-23 14:14:12.459 29262 29273 W manager.flutter: ApkAssets: Deleting an ApkAssets object ' and /data/app/~~oGBRRXjMIJvV2-eCLv_gow==/com.adobe.lrmobile-Np83XlfuhAuzXHluohjXyg==/split_config.en.apk' with 1 weak references
09-23 14:14:12.459 29262 29273 W manager.flutter: ApkAssets: Deleting an ApkAssets object ' and /data/app/~~oGBRRXjMIJvV2-eCLv_gow==/com.adobe.lrmobile-Np83XlfuhAuzXHluohjXyg==/split_config.xxhdpi.apk' with 1 weak references
09-23 14:14:12.460 29262 29273 W manager.flutter: ApkAssets: Deleting an ApkAssets object ' and /data/app/~~VJBrvVZv0mnBVOceRf160w==/com.google.android.apps.youtube.music-zMVpKh6r2ckhsiikH1R6eA==/base.apk' with 1 weak references
09-23 14:14:12.460 29262 29273 W manager.flutter: ApkAssets: Deleting an ApkAssets object ' and /data/app/~~VJBrvVZv0mnBVOceRf160w==/com.google.android.apps.youtube.music-zMVpKh6r2ckhsiikH1R6eA==/split_config.en.apk' with 1 weak references
09-23 14:14:12.460 29262 29273 W manager.flutter: ApkAssets: Deleting an ApkAssets object ' and /data/app/~~YU0D7K2I61oFtdk_A4vOZw==/com.soundcloud.android-d6LYZsJRPZXMnYa8S4rukw==/base.apk' with 1 weak references
09-23 14:14:12.460 29262 29273 W manager.flutter: ApkAssets: Deleting an ApkAssets object ' and /data/app/~~YU0D7K2I61oFtdk_A4vOZw==/com.soundcloud.android-d6LYZsJRPZXMnYa8S4rukw==/split_config.arm64_v8a.apk' with 1 weak references
09-23 14:14:12.460 29262 29273 W manager.flutter: ApkAssets: Deleting an ApkAssets object ' and /data/app/~~NNb_p1s4M6mvXvxFcmEV6Q==/com.spotify.music-SKGtxSbuIOeRyOInCYFXVA==/base.apk' with 1 weak references
09-23 14:14:12.461 29262 29273 W manager.flutter: ApkAssets: Deleting an ApkAssets object ' and /data/app/~~NNb_p1s4M6mvXvxFcmEV6Q==/com.spotify.music-SKGtxSbuIOeRyOInCYFXVA==/split_config.arm64_v8a.apk' with 1 weak references
09-23 14:14:12.463 29262 29273 W manager.flutter: ApkAssets: Deleting an ApkAssets object ' and /data/app/~~NNb_p1s4M6mvXvxFcmEV6Q==/com.spotify.music-SKGtxSbuIOeRyOInCYFXVA==/split_config.en.apk' with 1 weak references
09-23 14:14:12.464 29262 29273 W manager.flutter: ApkAssets: Deleting an ApkAssets object ' and /data/app/~~NNb_p1s4M6mvXvxFcmEV6Q==/com.spotify.music-SKGtxSbuIOeRyOInCYFXVA==/split_config.xxhdpi.apk' with 1 weak references
09-23 14:14:12.464 29262 29273 W manager.flutter: ApkAssets: Deleting an ApkAssets object ' and /data/app/~~5gDWkTSUZXQJajXRHuxmOg==/tv.twitch.android.app-Ak_Glaor6DzjxG_93TNi8w==/base.apk' with 1 weak references
09-23 14:14:12.471 29262 29273 W manager.flutter: ApkAssets: Deleting an ApkAssets object ' and /data/app/~~N5f21uk2Z7aSE70rVaYgxA==/com.twitter.android-L9FmIaRs-TJ-OgD3LEL8Gg==/base.apk' with 1 weak references
09-23 14:14:12.472 29262 29273 W manager.flutter: ApkAssets: Deleting an ApkAssets object ' and /data/app/~~N5f21uk2Z7aSE70rVaYgxA==/com.twitter.android-L9FmIaRs-TJ-OgD3LEL8Gg==/split_config.arm64_v8a.apk' with 1 weak references
09-23 14:14:12.472 29262 29273 W manager.flutter: ApkAssets: Deleting an ApkAssets object ' and /data/app/~~N5f21uk2Z7aSE70rVaYgxA==/com.twitter.android-L9FmIaRs-TJ-OgD3LEL8Gg==/split_config.en.apk' with 1 weak references
09-23 14:14:12.472 29262 29273 W manager.flutter: ApkAssets: Deleting an ApkAssets object ' and /data/app/~~N5f21uk2Z7aSE70rVaYgxA==/com.twitter.android-L9FmIaRs-TJ-OgD3LEL8Gg==/split_config.xxhdpi.apk' with 1 weak references
09-23 14:14:12.472 29262 29273 W manager.flutter: ApkAssets: Deleting an ApkAssets object ' and /data/app/~~EIWvFA3rDesMV3V6pVk_kQ==/com.google.android.youtube--IiAME_C9rl4t8mgdLAr2A==/base.apk' with 1 weak references
09-23 14:14:12.472 29262 29273 W manager.flutter: ApkAssets: Deleting an ApkAssets object ' and /data/app/~~EIWvFA3rDesMV3V6pVk_kQ==/com.google.android.youtube--IiAME_C9rl4t8mgdLAr2A==/split_config.arm64_v8a.apk' with 1 weak references
09-23 14:14:12.473 29262 29273 W manager.flutter: ApkAssets: Deleting an ApkAssets object ' and /data/app/~~EIWvFA3rDesMV3V6pVk_kQ==/com.google.android.youtube--IiAME_C9rl4t8mgdLAr2A==/split_config.en.apk' with 1 weak references
09-23 14:14:12.473 29262 29273 W manager.flutter: ApkAssets: Deleting an ApkAssets object ' and /data/app/~~EIWvFA3rDesMV3V6pVk_kQ==/com.google.android.youtube--IiAME_C9rl4t8mgdLAr2A==/split_config.xxhdpi.apk' with 1 weak references
09-23 14:14:12.474 29262 29273 W manager.flutter: ApkAssets: Deleting an ApkAssets object ' and /data/user/0/app.revanced.manager.flutter/cache/com.google.android.youtube_19.16.39-1545731520_minAPI26(arm64-v8a,armeabi-v7a,x86,x86_64)(nodpi)_apkmirror.com(2).apk' with 1 weak references
09-23 14:14:12.748 29262 29262 I InsetsController: onStateChanged: host=app.revanced.manager.flutter/app.revanced.manager.flutter.MainActivity, from=android.view.ViewRootImpl$ViewRootHandler.handleMessageImpl:7196, state=InsetsState: {mDisplayFrame=Rect(0, 0 - 1080, 2340), mDisplayCutout=DisplayCutout{insets=Rect(0, 74 - 0, 0) waterfall=Insets{left=0, top=0, right=0, bottom=0} boundingRect={Bounds=[Rect(0, 0 - 0, 0), Rect(514, 0 - 566, 74), Rect(0, 0 - 0, 0), Rect(0, 0 - 0, 0)]} cutoutPathParserInfo={CutoutPathParserInfo{displayWidth=1080 displayHeight=2340 physicalDisplayWidth=1080 physicalDisplayHeight=2340 density={2.8125} cutoutSpec={M 0,0 H -9.244444444444444 V 26.31111111111111 H 9.244444444444444 V 0 H 0 Z @dp} rotation={0} scale={1.0} physicalPixelDisplaySizeRatio={1.0}}}}, mRoundedCorners=RoundedCorners{[RoundedCorner{position=TopLeft, radius=101, center=Point(101, 101)}, RoundedCorner{position=TopRight, radius=101, center=Point(979, 101)}, RoundedCorner{position=BottomRight, radius=101, center=Point(979, 2239)}, RoundedCorner{position=BottomLeft, radius=101, center=Point(101, 2239)}]} mRoundedCornerFrame=Rect(0, 0 - 1080, 2340), mPrivacyIndicatorBounds=PrivacyIndicatorBounds {static bounds=Rect(956, 0 - 1080, 74) rotation=0}, mDisplayShape=DisplayShape{ spec=-311912193 displayWidth=1080 displayHeight=2340 physicalPixelDisplaySizeRatio=1.0 rotation=0 offsetX=0 offsetY=0 scale=1.0}, mSources= { InsetsSource: {9e990000 mType=statusBars mFrame=[0,0][1080,74] mVisible=true mFlags=[]}, InsetsSource: {9e990005 mType=mandatorySystemGestures mFrame=[0,0][1080,108] mVisible=true mFlags=[]}, InsetsSource: {9e990006 mType=tappableElement mFrame=[0,0][1080,74] mVisible=true mFlags=[]}, InsetsSource: {b8580001 mType=navigationBars mFrame=[0,0][0,0] mVisible=true mFlags=[SUPPRESS_SCRIM]}, InsetsSource: {b8580004 mType=systemGestures mFrame=[0,0][0,0] mVisible=true mFlags=[]}, InsetsSource: {b8580005 mType=mandatorySystemGestures mFrame=[0,2250][1080,2340] mVisible=true mFlags=[]}, InsetsSource: {b8580006 mType=tappableElement mFrame=[0,0][0,0] mVisible=true mFlags=[]}, InsetsSource: {b8580024 mType=systemGestures mFrame=[0,0][0,0] mVisible=true mFlags=[]}, InsetsSource: {3 mType=ime mFrame=[0,0][0,0] mVisible=false mFlags=[]}, InsetsSource: {27 mType=displayCutout mFrame=[0,0][1080,74] mVisible=true mFlags=[]} }
09-23 14:14:12.748 29262 29262 I ViewRootImpl@79a1f0c[MainActivity]: handleResized, msg = 4 frames=ClientWindowFrames{frame=[0,0][1080,2340] display=[0,0][1080,2340] parentFrame=[0,0][0,0]} forceNextWindowRelayout=false displayId=0 dragResizing=false compatScale=1.0 frameChanged=false attachedFrameChanged=false configChanged=false displayChanged=false compatScaleChanged=false
09-23 14:14:12.784 29262 29262 I BLASTBufferQueue_Java: update, w= 1080 h= 2340 mName = ViewRootImpl@79a1f0c[MainActivity] mNativeObject= 0xb40000713c4f1b70 sc.mNativeObject= 0xb40000710c4e5d90 format= -3 caller= android.view.ViewRootImpl.updateBlastSurfaceIfNeeded:3017 android.view.ViewRootImpl.relayoutWindow:10131 android.view.ViewRootImpl.performTraversals:4110 android.view.ViewRootImpl.doTraversal:3288 android.view.ViewRootImpl$TraversalRunnable.run:11344 android.view.Choreographer$CallbackRecord.run:1689
09-23 14:14:12.784 29262 29262 I ViewRootImpl@79a1f0c[MainActivity]: Relayout returned: old=(0,0,1080,2340) new=(0,0,1080,2340) relayoutAsync=true req=(1080,2340)0 dur=0 res=0x0 s={true 0xb40000700c505950} ch=false seqId=0
09-23 14:14:12.784 29262 29262 I ViewRootImpl@79a1f0c[MainActivity]: updateBoundsLayer: t=android.view.SurfaceControl$Transaction@79f5be3 sc=Surface(name=Bounds for - app.revanced.manager.flutter/app.revanced.manager.flutter.MainActivity@1)/@0x16b79e0 frame=83
09-23 14:14:12.784 29262 29262 I ViewRootImpl@79a1f0c[MainActivity]: registerCallbackForPendingTransactions
09-23 14:14:12.785 29262 30145 I ViewRootImpl@79a1f0c[MainActivity]: mWNT: t=0xb40000704c53c970 mBlastBufferQueue=0xb40000713c4f1b70 fn= 83 mRenderHdrSdrRatio=1.0 caller= android.view.ViewRootImpl$6.onFrameDraw:5635 android.view.ViewRootImpl$2.onFrameDraw:2146 android.view.ThreadedRenderer$1.onFrameDraw:792
09-23 14:14:12.788 29262 29262 D CompatibilityChangeReporter: Compat change id reported: 160794467; UID 10813; state: ENABLED
09-23 14:14:14.073 29262 29271 I manager.flutter: Background concurrent mark compact GC freed 657021(28MB) AllocSpace objects, 0(0B) LOS objects, 32% free, 48MB/72MB, paused 3.276ms,1.080ms total 125.862ms
09-23 14:14:14.384 29262 29271 I manager.flutter: Background concurrent mark compact GC freed 825654(34MB) AllocSpace objects, 0(0B) LOS objects, 27% free, 62MB/86MB, paused 2.512ms,1.064ms total 165.115ms
09-23 14:14:14.658 29262 29271 I manager.flutter: Background concurrent mark compact GC freed 974340(33MB) AllocSpace objects, 2(408KB) LOS objects, 25% free, 71MB/95MB, paused 206us,859us total 158.971ms
09-23 14:14:14.867 29262 29273 W System : A resource failed to call close.
09-23 14:14:15.571 29262 29271 I manager.flutter: Background concurrent mark compact GC freed 3159773(68MB) AllocSpace objects, 0(0B) LOS objects, 22% free, 81MB/105MB, paused 6.254ms,1.315ms total 188.430ms
09-23 14:14:15.905 29262 29271 I manager.flutter: Background concurrent mark compact GC freed 5058722(109MB) AllocSpace objects, 0(0B) LOS objects, 20% free, 94MB/118MB, paused 10.920ms,1.601ms total 275.815ms
09-23 14:14:16.353 29262 29271 I manager.flutter: Background concurrent mark compact GC freed 4867182(110MB) AllocSpace objects, 0(0B) LOS objects, 15% free, 129MB/153MB, paused 4.126ms,1.778ms total 386.887ms
09-23 14:14:16.868 29262 29271 I manager.flutter: Background concurrent mark compact GC freed 1750254(63MB) AllocSpace objects, 0(0B) LOS objects, 14% free, 141MB/165MB, paused 3.412ms,1.223ms total 365.132ms
09-23 14:14:17.444 29262 29271 I manager.flutter: Background concurrent mark compact GC freed 1533110(61MB) AllocSpace objects, 0(0B) LOS objects, 12% free, 168MB/192MB, paused 2.064ms,1.248ms total 430.205ms
09-23 14:14:18.092 29262 29271 I manager.flutter: Background concurrent mark compact GC freed 1688769(65MB) AllocSpace objects, 5(10052KB) LOS objects, 10% free, 197MB/221MB, paused 5.965ms,1.631ms total 519.884ms
09-23 14:14:18.809 29262 29271 I manager.flutter: Background concurrent mark compact GC freed 2344981(92MB) AllocSpace objects, 1(68KB) LOS objects, 10% free, 211MB/235MB, paused 2.794ms,1.586ms total 568.187ms
09-23 14:14:19.596 29262 29271 I manager.flutter: Background concurrent mark compact GC freed 842397(42MB) AllocSpace objects, 5(10MB) LOS objects, 10% free, 197MB/221MB, paused 247us,1.607ms total 368.127ms
09-23 14:14:19.597 29262 29273 W System : A resource failed to call close.
09-23 14:14:19.848 29262 29262 I ViewRootImpl@79a1f0c[MainActivity]: ViewPostIme pointer 0
09-23 14:14:19.856 29262 29262 I ViewRootImpl@79a1f0c[MainActivity]: ViewPostIme pointer 1
09-23 14:14:20.353 29262 29271 I manager.flutter: Background concurrent mark compact GC freed 785375(43MB) AllocSpace objects, 1(68KB) LOS objects, 10% free, 196MB/220MB, paused 506us,1.427ms total 391.279ms
09-23 14:14:21.013 29262 29271 I manager.flutter: Background concurrent mark compact GC freed 748762(38MB) AllocSpace objects, 1(16KB) LOS objects, 10% free, 196MB/220MB, paused 285us,1.438ms total 367.162ms
09-23 14:14:21.996 29262 29271 I manager.flutter: Background concurrent mark compact GC freed 954356(51MB) AllocSpace objects, 2(60KB) LOS objects, 10% free, 199MB/223MB, paused 984us,1.958ms total 637.887ms
09-23 14:14:22.776 29262 29271 I manager.flutter: Background concurrent mark compact GC freed 775388(42MB) AllocSpace objects, 3(84KB) LOS objects, 10% free, 204MB/228MB, paused 381us,1.537ms total 442.614ms
09-23 14:14:23.071 29262 29262 I ViewRootImpl@79a1f0c[MainActivity]: onDisplayChanged oldDisplayState=2 newDisplayState=2
09-23 14:14:23.658 29262 29271 I manager.flutter: Background concurrent mark compact GC freed 1206850(64MB) AllocSpace objects, 1(68KB) LOS objects, 10% free, 199MB/223MB, paused 1.379ms,2.004ms total 531.334ms
09-23 14:14:24.496 29262 29271 I manager.flutter: Background concurrent mark compact GC freed 792212(43MB) AllocSpace objects, 1(68KB) LOS objects, 10% free, 205MB/229MB, paused 432us,1.506ms total 448.902ms
09-23 14:14:25.410 29262 29271 I manager.flutter: Background concurrent mark compact GC freed 1192427(62MB) AllocSpace objects, 1(56KB) LOS objects, 10% free, 201MB/225MB, paused 1.238ms,1.786ms total 573.878ms
09-23 14:14:26.192 29262 29271 I manager.flutter: Background concurrent mark compact GC freed 838871(45MB) AllocSpace objects, 3(152KB) LOS objects, 9% free, 222MB/246MB, paused 312us,1.564ms total 424.290ms
09-23 14:14:27.044 29262 29271 I manager.flutter: Background concurrent mark compact GC freed 2304427(85MB) AllocSpace objects, 3(108KB) LOS objects, 10% free, 215MB/239MB, paused 279us,1.815ms total 590.406ms
09-23 14:14:27.841 29262 29271 I manager.flutter: Background concurrent mark compact GC freed 1530583(56MB) AllocSpace objects, 0(0B) LOS objects, 9% free, 219MB/243MB, paused 116us,1.488ms total 457.929ms
09-23 14:14:28.540 29262 29271 I manager.flutter: Background concurrent mark compact GC freed 1675768(60MB) AllocSpace objects, 0(0B) LOS objects, 9% free, 218MB/242MB, paused 194us,1.821ms total 441.447ms
09-23 14:14:29.302 29262 29271 I manager.flutter: Background concurrent mark compact GC freed 2208648(79MB) AllocSpace objects, 0(0B) LOS objects, 9% free, 217MB/241MB, paused 122us,1.652ms total 550.173ms
09-23 14:14:29.979 29262 29271 I manager.flutter: Background concurrent mark compact GC freed 1622041(58MB) AllocSpace objects, 0(0B) LOS objects, 9% free, 217MB/241MB, paused 118us,1.498ms total 425.797ms
09-23 14:14:30.734 29262 29271 I manager.flutter: Background concurrent mark compact GC freed 2198662(73MB) AllocSpace objects, 2(68KB) LOS objects, 9% free, 225MB/249MB, paused 180us,8.057ms total 530.257ms
09-23 14:14:30.737 29262 29273 W System : A resource failed to call close.
09-23 14:14:31.426 29262 29271 I manager.flutter: Background concurrent mark compact GC freed 2262791(111MB) AllocSpace objects, 3(108KB) LOS objects, 9% free, 216MB/240MB, paused 115us,1.615ms total 525.607ms
09-23 14:14:31.799 29262 29262 I ViewRootImpl@79a1f0c[MainActivity]: onDisplayChanged oldDisplayState=2 newDisplayState=2
09-23 14:14:32.592 29262 31679 D CompatibilityChangeReporter: Compat change id reported: 289878283; UID 10813; state: ENABLED
09-23 14:14:33.156 29262 29271 I manager.flutter: Background concurrent mark compact GC freed 2163271(89MB) AllocSpace objects, 79(1580KB) LOS objects, 7% free, 302MB/326MB, paused 727us,5.170ms total 1.505s
09-23 14:14:33.882 29262 29271 I manager.flutter: Background concurrent mark compact GC freed 5085132(319MB) AllocSpace objects, 96(5428KB) LOS objects, 10% free, 194MB/218MB, paused 533us,13.564ms total 591.283ms
09-23 14:14:34.291 29262 29271 I manager.flutter: Background concurrent mark compact GC freed 1026985(127MB) AllocSpace objects, 3(60KB) LOS objects, 16% free, 121MB/145MB, paused 364us,2.673ms total 294.615ms
09-23 14:14:34.409 29262 29270 I manager.flutter: Compiler allocated 8163KB to compile com.android.tools.smali.smali.smaliParser$simple_name_return com.android.tools.smali.smali.smaliParser.simple_name()
09-23 14:14:34.754 29262 29271 I manager.flutter: Background concurrent mark compact GC freed 3571178(75MB) AllocSpace objects, 33(1848KB) LOS objects, 14% free, 142MB/166MB, paused 244us,1.968ms total 278.958ms
09-23 14:14:35.114 29262 29271 I manager.flutter: Background concurrent mark compact GC freed 6786180(135MB) AllocSpace objects, 0(0B) LOS objects, 16% free, 121MB/145MB, paused 278us,2.401ms total 299.052ms
09-23 14:14:35.738 29262 29271 I manager.flutter: Background concurrent mark compact GC freed 6186477(119MB) AllocSpace objects, 0(0B) LOS objects, 14% free, 139MB/163MB, paused 749us,2.254ms total 525.253ms
09-23 14:14:36.185 29262 29271 I manager.flutter: Background concurrent mark compact GC freed 6429944(126MB) AllocSpace objects, 0(0B) LOS objects, 15% free, 126MB/150MB, paused 205us,2.184ms total 362.856ms
09-23 14:14:36.693 29262 29271 I manager.flutter: Background concurrent mark compact GC freed 6492585(126MB) AllocSpace objects, 0(0B) LOS objects, 13% free, 152MB/176MB, paused 318us,2.307ms total 340.505ms
09-23 14:14:37.057 29262 29271 I manager.flutter: Background concurrent mark compact GC freed 6730400(137MB) AllocSpace objects, 1(36KB) LOS objects, 16% free, 118MB/142MB, paused 940us,2.052ms total 307.789ms
09-23 14:14:37.562 29262 29271 I manager.flutter: Background concurrent mark compact GC freed 4928633(114MB) AllocSpace objects, 15(588KB) LOS objects, 12% free, 168MB/192MB, paused 360us,2.265ms total 385.258ms
09-23 14:14:37.987 29262 29271 I manager.flutter: Background concurrent mark compact GC freed 7341484(173MB) AllocSpace objects, 1(16KB) LOS objects, 11% free, 179MB/203MB, paused 464us,2.534ms total 362.505ms
09-23 14:14:38.106 29262 29262 I ViewRootImpl@79a1f0c[MainActivity]: onDisplayChanged oldDisplayState=2 newDisplayState=2
09-23 14:14:38.213 29262 29262 I ViewRootImpl@79a1f0c[MainActivity]: onDisplayChanged oldDisplayState=2 newDisplayState=2
09-23 14:14:38.326 29262 29271 I manager.flutter: Background concurrent mark compact GC freed 3571027(94MB) AllocSpace objects, 26(648KB) LOS objects, 15% free, 132MB/156MB, paused 368us,1.808ms total 245.268ms
09-23 14:14:38.736 29262 29271 I manager.flutter: Background concurrent mark compact GC freed 1224345(48MB) AllocSpace objects, 46(920KB) LOS objects, 14% free, 144MB/168MB, paused 359us,1.514ms total 253.413ms
09-23 14:14:39.421 29262 29271 I manager.flutter: Background concurrent mark compact GC freed 12776398(274MB) AllocSpace objects, 26(520KB) LOS objects, 10% free, 200MB/224MB, paused 18.706ms,2.665ms total 613.612ms
09-23 14:14:39.891 29262 29271 I manager.flutter: Background concurrent mark compact GC freed 14244142(291MB) AllocSpace objects, 0(0B) LOS objects, 10% free, 200MB/224MB, paused 12.830ms,2.779ms total 443.994ms
09-23 14:14:40.334 29262 32246 I manager.flutter: Waiting for a blocking GC Alloc
09-23 14:14:40.334 29262 32244 I manager.flutter: Waiting for a blocking GC Alloc
09-23 14:14:40.334 29262 32243 I manager.flutter: Waiting for a blocking GC Alloc
09-23 14:14:40.334 29262 32245 I manager.flutter: Waiting for a blocking GC Alloc
09-23 14:14:40.568 29262 29271 I manager.flutter: Background concurrent mark compact GC freed 17767462(357MB) AllocSpace objects, 0(0B) LOS objects, 13% free, 154MB/178MB, paused 11.658ms,2.786ms total 651.156ms
09-23 14:14:40.569 29262 32246 I manager.flutter: WaitForGcToComplete blocked Alloc on Background for 235.236ms
09-23 14:14:40.569 29262 32246 I manager.flutter: Starting a blocking GC Alloc
09-23 14:14:40.569 29262 32244 I manager.flutter: WaitForGcToComplete blocked Alloc on Background for 235.213ms
09-23 14:14:40.569 29262 32244 I manager.flutter: Starting a blocking GC Alloc
09-23 14:14:40.569 29262 32243 I manager.flutter: WaitForGcToComplete blocked Alloc on Background for 235.211ms
09-23 14:14:40.569 29262 32243 I manager.flutter: Starting a blocking GC Alloc
09-23 14:14:40.569 29262 32245 I manager.flutter: WaitForGcToComplete blocked Alloc on Background for 235.147ms
09-23 14:14:40.569 29262 32245 I manager.flutter: Starting a blocking GC Alloc
09-23 14:14:41.008 29262 32244 I manager.flutter: Waiting for a blocking GC Alloc
09-23 14:14:41.008 29262 32243 I manager.flutter: Waiting for a blocking GC Alloc
09-23 14:14:41.008 29262 32246 I manager.flutter: Waiting for a blocking GC Alloc
09-23 14:14:41.008 29262 32245 I manager.flutter: Waiting for a blocking GC Alloc
09-23 14:14:41.432 29262 29271 I manager.flutter: Background concurrent mark compact GC freed 17674260(348MB) AllocSpace objects, 0(0B) LOS objects, 12% free, 163MB/187MB, paused 476us,2.924ms total 825.019ms
09-23 14:14:41.432 29262 32244 I manager.flutter: WaitForGcToComplete blocked Alloc on Background for 424.059ms
09-23 14:14:41.432 29262 32244 I manager.flutter: Starting a blocking GC Alloc
09-23 14:14:41.432 29262 32243 I manager.flutter: WaitForGcToComplete blocked Alloc on Background for 424.099ms
09-23 14:14:41.432 29262 32243 I manager.flutter: Starting a blocking GC Alloc
09-23 14:14:41.432 29262 32246 I manager.flutter: WaitForGcToComplete blocked Alloc on Background for 423.941ms
09-23 14:14:41.432 29262 32246 I manager.flutter: Starting a blocking GC Alloc
09-23 14:14:41.432 29262 32245 I manager.flutter: WaitForGcToComplete blocked Alloc on Background for 424.007ms
09-23 14:14:41.432 29262 32245 I manager.flutter: Starting a blocking GC Alloc
09-23 14:14:41.976 29262 32244 I manager.flutter: Waiting for a blocking GC Alloc
09-23 14:14:41.976 29262 32243 I manager.flutter: Waiting for a blocking GC Alloc
09-23 14:14:41.976 29262 32245 I manager.flutter: Waiting for a blocking GC Alloc
09-23 14:14:41.976 29262 32246 I manager.flutter: Waiting for a blocking GC Alloc
09-23 14:14:42.354 29262 29271 I manager.flutter: Background concurrent mark compact GC freed 16423004(336MB) AllocSpace objects, 0(0B) LOS objects, 12% free, 175MB/199MB, paused 400us,2.795ms total 890.369ms
09-23 14:14:42.354 29262 32244 I manager.flutter: WaitForGcToComplete blocked Alloc on Background for 378.346ms
09-23 14:14:42.354 29262 32244 I manager.flutter: Starting a blocking GC Alloc
09-23 14:14:42.354 29262 32243 I manager.flutter: WaitForGcToComplete blocked Alloc on Background for 378.330ms
09-23 14:14:42.354 29262 32243 I manager.flutter: Starting a blocking GC Alloc
09-23 14:14:42.354 29262 32245 I manager.flutter: WaitForGcToComplete blocked Alloc on Background for 377.997ms
09-23 14:14:42.354 29262 32245 I manager.flutter: Starting a blocking GC Alloc
09-23 14:14:42.354 29262 32246 I manager.flutter: WaitForGcToComplete blocked Alloc on Background for 378.002ms
09-23 14:14:42.354 29262 32246 I manager.flutter: Starting a blocking GC Alloc
09-23 14:14:42.959 29262 32246 I manager.flutter: Waiting for a blocking GC Alloc
09-23 14:14:42.959 29262 32245 I manager.flutter: Waiting for a blocking GC Alloc
09-23 14:14:42.959 29262 32244 I manager.flutter: Waiting for a blocking GC Alloc
09-23 14:14:42.967 29262 32243 I manager.flutter: Waiting for a blocking GC Alloc
09-23 14:14:43.282 29262 29271 I manager.flutter: Background concurrent mark compact GC freed 16150989(324MB) AllocSpace objects, 0(0B) LOS objects, 11% free, 187MB/211MB, paused 465us,3.925ms total 901.212ms
09-23 14:14:43.282 29262 32246 I manager.flutter: WaitForGcToComplete blocked Alloc on Background for 323.400ms
09-23 14:14:43.282 29262 32246 I manager.flutter: Starting a blocking GC Alloc
09-23 14:14:43.282 29262 32245 I manager.flutter: WaitForGcToComplete blocked Alloc on Background for 323.404ms
09-23 14:14:43.282 29262 32245 I manager.flutter: Starting a blocking GC Alloc
09-23 14:14:43.282 29262 32244 I manager.flutter: WaitForGcToComplete blocked Alloc on Background for 323.507ms
09-23 14:14:43.282 29262 32244 I manager.flutter: Starting a blocking GC Alloc
09-23 14:14:43.282 29262 32243 I manager.flutter: WaitForGcToComplete blocked Alloc on Background for 315.010ms
09-23 14:14:43.282 29262 32243 I manager.flutter: Starting a blocking GC Alloc
09-23 14:14:43.784 29262 32246 I manager.flutter: Waiting for a blocking GC Alloc
09-23 14:14:43.784 29262 32243 I manager.flutter: Waiting for a blocking GC Alloc
09-23 14:14:43.784 29262 32244 I manager.flutter: Waiting for a blocking GC Alloc
09-23 14:14:43.787 29262 32245 I manager.flutter: Waiting for a blocking GC Alloc
09-23 14:14:44.265 29262 29271 I manager.flutter: Background concurrent mark compact GC freed 15588647(316MB) AllocSpace objects, 1(180KB) LOS objects, 10% free, 195MB/219MB, paused 397us,2.606ms total 938.058ms
09-23 14:14:44.266 29262 32246 I manager.flutter: WaitForGcToComplete blocked Alloc on Background for 481.687ms
09-23 14:14:44.266 29262 32246 I manager.flutter: Starting a blocking GC Alloc
09-23 14:14:44.266 29262 32243 I manager.flutter: WaitForGcToComplete blocked Alloc on Background for 481.706ms
09-23 14:14:44.266 29262 32243 I manager.flutter: Starting a blocking GC Alloc
09-23 14:14:44.266 29262 32244 I manager.flutter: WaitForGcToComplete blocked Alloc on Background for 481.584ms
09-23 14:14:44.266 29262 32244 I manager.flutter: Starting a blocking GC Alloc
09-23 14:14:44.266 29262 32245 I manager.flutter: WaitForGcToComplete blocked Alloc on Background for 479.077ms
09-23 14:14:44.266 29262 32245 I manager.flutter: Starting a blocking GC Alloc
09-23 14:14:44.912 29262 32244 I manager.flutter: Waiting for a blocking GC Alloc
09-23 14:14:44.912 29262 32243 I manager.flutter: Waiting for a blocking GC Alloc
09-23 14:14:44.912 29262 32246 I manager.flutter: Waiting for a blocking GC Alloc
09-23 14:14:44.912 29262 32245 I manager.flutter: Waiting for a blocking GC Alloc
09-23 14:14:45.206 29262 29271 I manager.flutter: Background concurrent mark compact GC freed 15020298(308MB) AllocSpace objects, 0(0B) LOS objects, 10% free, 203MB/227MB, paused 1.263ms,3.102ms total 902.512ms
09-23 14:14:45.206 29262 32244 I manager.flutter: WaitForGcToComplete blocked Alloc on Background for 293.416ms
09-23 14:14:45.206 29262 32244 I manager.flutter: Starting a blocking GC Alloc
09-23 14:14:45.206 29262 32243 I manager.flutter: WaitForGcToComplete blocked Alloc on Background for 293.724ms
09-23 14:14:45.206 29262 32243 I manager.flutter: Starting a blocking GC Alloc
09-23 14:14:45.206 29262 32246 I manager.flutter: WaitForGcToComplete blocked Alloc on Background for 293.691ms
09-23 14:14:45.206 29262 32246 I manager.flutter: Starting a blocking GC Alloc
09-23 14:14:45.206 29262 32245 I manager.flutter: WaitForGcToComplete blocked Alloc on Background for 293.697ms
09-23 14:14:45.206 29262 32245 I manager.flutter: Starting a blocking GC Alloc
09-23 14:14:45.723 29262 32246 I manager.flutter: Waiting for a blocking GC Alloc
09-23 14:14:45.723 29262 32245 I manager.flutter: Waiting for a blocking GC Alloc
09-23 14:14:45.723 29262 32243 I manager.flutter: Waiting for a blocking GC Alloc
09-23 14:14:45.731 29262 32244 I manager.flutter: Waiting for a blocking GC Alloc
09-23 14:14:46.264 29262 29271 I manager.flutter: Background concurrent mark compact GC freed 15205677(306MB) AllocSpace objects, 0(0B) LOS objects, 10% free, 205MB/229MB, paused 412us,2.780ms total 1.033s
09-23 14:14:46.264 29262 32246 I manager.flutter: WaitForGcToComplete blocked Alloc on Background for 541.011ms
09-23 14:14:46.264 29262 32246 I manager.flutter: Starting a blocking GC Alloc
09-23 14:14:46.264 29262 32245 I manager.flutter: WaitForGcToComplete blocked Alloc on Background for 541.002ms
09-23 14:14:46.264 29262 32245 I manager.flutter: Starting a blocking GC Alloc
09-23 14:14:46.265 29262 32243 I manager.flutter: WaitForGcToComplete blocked Alloc on HeapTrim for 541.305ms
09-23 14:14:46.265 29262 32243 I manager.flutter: Starting a blocking GC Alloc
09-23 14:14:46.265 29262 32244 I manager.flutter: WaitForGcToComplete blocked Alloc on HeapTrim for 533.873ms
09-23 14:14:46.265 29262 32244 I manager.flutter: Starting a blocking GC Alloc
09-23 14:14:47.006 29262 32246 I manager.flutter: Waiting for a blocking GC Alloc
09-23 14:14:47.007 29262 32244 I manager.flutter: Waiting for a blocking GC Alloc
09-23 14:14:47.007 29262 32245 I manager.flutter: Waiting for a blocking GC Alloc
09-23 14:14:47.010 29262 32243 I manager.flutter: Waiting for a blocking GC Alloc
09-23 14:14:47.924 29262 29271 I manager.flutter: Background concurrent mark compact GC freed 15131578(302MB) AllocSpace objects, 3(588KB) LOS objects, 10% free, 208MB/232MB, paused 1.371ms,6.126ms total 1.621s
09-23 14:14:47.924 29262 32246 I manager.flutter: WaitForGcToComplete blocked Alloc on Background for 917.814ms
09-23 14:14:47.924 29262 32246 I manager.flutter: Starting a blocking GC Alloc
09-23 14:14:47.926 29262 32244 I manager.flutter: WaitForGcToComplete blocked Alloc on Background for 919.656ms
09-23 14:14:47.926 29262 32244 I manager.flutter: Starting a blocking GC Alloc
09-23 14:14:47.927 29262 32245 I manager.flutter: WaitForGcToComplete blocked Alloc on Background for 920.015ms
09-23 14:14:47.927 29262 32245 I manager.flutter: Starting a blocking GC Alloc
09-23 14:14:47.938 29262 32243 I manager.flutter: WaitForGcToComplete blocked Alloc on Background for 928.000ms
09-23 14:14:47.938 29262 32243 I manager.flutter: Starting a blocking GC Alloc
09-23 14:14:48.833 29262 32244 I manager.flutter: Waiting for a blocking GC Alloc
09-23 14:14:48.834 29262 32245 I manager.flutter: Waiting for a blocking GC Alloc
09-23 14:14:48.835 29262 32246 I manager.flutter: Waiting for a blocking GC Alloc
09-23 14:14:48.836 29262 32243 I manager.flutter: Waiting for a blocking GC Alloc
09-23 14:14:49.504 29262 29271 I manager.flutter: Background concurrent mark compact GC freed 14822234(301MB) AllocSpace objects, 0(0B) LOS objects, 10% free, 210MB/234MB, paused 435us,4.447ms total 1.522s
09-23 14:14:49.504 29262 32244 I manager.flutter: WaitForGcToComplete blocked Alloc on Background for 671.538ms
09-23 14:14:49.504 29262 32244 I manager.flutter: Starting a blocking GC Alloc
09-23 14:14:49.504 29262 32245 I manager.flutter: WaitForGcToComplete blocked Alloc on Background for 670.035ms
09-23 14:14:49.504 29262 32245 I manager.flutter: Starting a blocking GC Alloc
09-23 14:14:49.505 29262 32246 I manager.flutter: WaitForGcToComplete blocked Alloc on Background for 669.949ms
09-23 14:14:49.505 29262 32246 I manager.flutter: Starting a blocking GC Alloc
09-23 14:14:49.505 29262 32243 I manager.flutter: WaitForGcToComplete blocked Alloc on Background for 669.033ms
09-23 14:14:49.505 29262 32243 I manager.flutter: Starting a blocking GC Alloc
09-23 14:14:50.237 29262 32244 I manager.flutter: Waiting for a blocking GC Alloc
09-23 14:14:50.237 29262 32243 I manager.flutter: Waiting for a blocking GC Alloc
09-23 14:14:50.238 29262 32246 I manager.flutter: Waiting for a blocking GC Alloc
09-23 14:14:51.220 29262 29271 I manager.flutter: Background concurrent mark compact GC freed 14339734(298MB) AllocSpace objects, 4(604KB) LOS objects, 10% free, 213MB/237MB, paused 489us,6.594ms total 1.676s
09-23 14:14:51.221 29262 32244 I manager.flutter: WaitForGcToComplete blocked Alloc on Background for 983.898ms
09-23 14:14:51.221 29262 32244 I manager.flutter: Starting a blocking GC Alloc
09-23 14:14:51.221 29262 32243 I manager.flutter: WaitForGcToComplete blocked Alloc on Background for 983.956ms
09-23 14:14:51.221 29262 32243 I manager.flutter: Starting a blocking GC Alloc
09-23 14:14:51.221 29262 32246 I manager.flutter: WaitForGcToComplete blocked Alloc on Background for 983.299ms
09-23 14:14:51.221 29262 32246 I manager.flutter: Starting a blocking GC Alloc
09-23 14:14:51.222 29262 32245 W manager.flutter: Long monitor contention with owner pool-7-thread-2 (32244) at boolean com.android.internal.compat.ChangeReporter.isAlreadyReported(int, com.android.internal.compat.ChangeReporter$ChangeReport)(ChangeReporter.java:149) waiters=0 in boolean com.android.internal.compat.ChangeReporter.isAlreadyReported(int, com.android.internal.compat.ChangeReporter$ChangeReport) for 982ms
09-23 14:14:51.933 29262 32243 I manager.flutter: Waiting for a blocking GC Alloc
09-23 14:14:51.933 29262 32244 I manager.flutter: Waiting for a blocking GC Alloc
09-23 14:14:51.933 29262 32246 I manager.flutter: Waiting for a blocking GC Alloc
09-23 14:14:51.933 29262 32245 I manager.flutter: Waiting for a blocking GC Alloc
09-23 14:14:52.404 29262 29271 I manager.flutter: Background concurrent mark compact GC freed 14656609(296MB) AllocSpace objects, 0(0B) LOS objects, 10% free, 215MB/239MB, paused 314us,3.089ms total 1.109s
09-23 14:14:52.404 29262 32243 I manager.flutter: WaitForGcToComplete blocked Alloc on Background for 471.736ms
09-23 14:14:52.404 29262 32243 I manager.flutter: Starting a blocking GC Alloc
09-23 14:14:52.404 29262 32244 I manager.flutter: WaitForGcToComplete blocked Alloc on Background for 471.759ms
09-23 14:14:52.404 29262 32244 I manager.flutter: Starting a blocking GC Alloc
09-23 14:14:52.404 29262 32246 I manager.flutter: WaitForGcToComplete blocked Alloc on Background for 471.739ms
09-23 14:14:52.404 29262 32246 I manager.flutter: Starting a blocking GC Alloc
09-23 14:14:52.405 29262 32245 I manager.flutter: WaitForGcToComplete blocked Alloc on Background for 471.542ms
09-23 14:14:52.405 29262 32245 I manager.flutter: Starting a blocking GC Alloc
09-23 14:14:53.048 29262 32245 I manager.flutter: Waiting for a blocking GC Alloc
09-23 14:14:53.048 29262 32246 I manager.flutter: Waiting for a blocking GC Alloc
09-23 14:14:53.049 29262 32244 I manager.flutter: Waiting for a blocking GC Alloc
09-23 14:14:53.050 29262 32243 I manager.flutter: Waiting for a blocking GC Alloc
09-23 14:14:53.957 29262 29271 I manager.flutter: Background concurrent mark compact GC freed 14320136(292MB) AllocSpace objects, 2(136KB) LOS objects, 9% free, 218MB/242MB, paused 377us,2.860ms total 1.512s
09-23 14:14:53.957 29262 32245 I manager.flutter: WaitForGcToComplete blocked Alloc on Background for 909.087ms
09-23 14:14:53.957 29262 32245 I manager.flutter: Starting a blocking GC Alloc
09-23 14:14:53.957 29262 32246 I manager.flutter: WaitForGcToComplete blocked Alloc on Background for 908.982ms
09-23 14:14:53.957 29262 32246 I manager.flutter: Starting a blocking GC Alloc
09-23 14:14:53.958 29262 32244 I manager.flutter: WaitForGcToComplete blocked Alloc on Background for 908.123ms
09-23 14:14:53.958 29262 32244 I manager.flutter: Starting a blocking GC Alloc
09-23 14:14:53.958 29262 32243 I manager.flutter: WaitForGcToComplete blocked Alloc on Background for 907.693ms
09-23 14:14:53.958 29262 32243 I manager.flutter: Starting a blocking GC Alloc
09-23 14:14:54.794 29262 32246 I manager.flutter: Waiting for a blocking GC Alloc
09-23 14:14:54.794 29262 32243 I manager.flutter: Waiting for a blocking GC Alloc
09-23 14:14:54.800 29262 32244 I manager.flutter: Waiting for a blocking GC Alloc
09-23 14:14:54.800 29262 32245 I manager.flutter: Waiting for a blocking GC Alloc
09-23 14:14:55.530 29262 29271 I manager.flutter: Background concurrent mark compact GC freed 14020395(290MB) AllocSpace objects, 2(180KB) LOS objects, 9% free, 221MB/245MB, paused 343us,2.745ms total 1.516s
09-23 14:14:55.530 29262 32246 I manager.flutter: WaitForGcToComplete blocked Alloc on Background for 736.461ms
09-23 14:14:55.530 29262 32246 I manager.flutter: Starting a blocking GC Alloc
09-23 14:14:55.530 29262 32243 I manager.flutter: WaitForGcToComplete blocked Alloc on Background for 736.436ms
09-23 14:14:55.530 29262 32243 I manager.flutter: Starting a blocking GC Alloc
09-23 14:14:55.531 29262 32244 I manager.flutter: WaitForGcToComplete blocked Alloc on Background for 731.322ms
09-23 14:14:55.531 29262 32244 I manager.flutter: Starting a blocking GC Alloc
09-23 14:14:55.532 29262 32245 I manager.flutter: WaitForGcToComplete blocked Alloc on Background for 732.240ms
09-23 14:14:55.532 29262 32245 I manager.flutter: Starting a blocking GC Alloc
09-23 14:14:56.009 29262 32243 I manager.flutter: Waiting for a blocking GC Alloc
09-23 14:14:56.009 29262 32246 I manager.flutter: Waiting for a blocking GC Alloc
09-23 14:14:56.009 29262 32245 I manager.flutter: Waiting for a blocking GC Alloc
09-23 14:14:56.011 29262 32244 I manager.flutter: Waiting for a blocking GC Alloc
09-23 14:14:56.506 29262 29271 I manager.flutter: Background concurrent mark compact GC freed 14107267(287MB) AllocSpace objects, 0(0B) LOS objects, 9% free, 224MB/248MB, paused 301us,3.522ms total 935.452ms
09-23 14:14:56.506 29262 32246 I manager.flutter: WaitForGcToComplete blocked Alloc on Background for 496.778ms
09-23 14:14:56.506 29262 32246 I manager.flutter: Starting a blocking GC Alloc
09-23 14:14:56.506 29262 32243 I manager.flutter: WaitForGcToComplete blocked Alloc on Background for 497.085ms
09-23 14:14:56.506 29262 32243 I manager.flutter: Starting a blocking GC Alloc
09-23 14:14:56.506 29262 32245 I manager.flutter: WaitForGcToComplete blocked Alloc on Background for 496.965ms
09-23 14:14:56.506 29262 32245 I manager.flutter: Starting a blocking GC Alloc
09-23 14:14:56.507 29262 32244 I manager.flutter: WaitForGcToComplete blocked Alloc on Background for 496.470ms
09-23 14:14:56.507 29262 32244 I manager.flutter: Starting a blocking GC Alloc
09-23 14:14:57.005 29262 32244 I manager.flutter: Waiting for a blocking GC Alloc
09-23 14:14:57.005 29262 32243 I manager.flutter: Waiting for a blocking GC Alloc
09-23 14:14:57.006 29262 32245 I manager.flutter: Waiting for a blocking GC Alloc
09-23 14:14:57.043 29262 32246 I manager.flutter: Waiting for a blocking GC Alloc
09-23 14:14:57.603 29262 29271 I manager.flutter: Background concurrent mark compact GC freed 13941706(284MB) AllocSpace objects, 476(9520KB) LOS objects, 9% free, 218MB/242MB, paused 351us,2.980ms total 1.066s
09-23 14:14:57.603 29262 32244 I manager.flutter: WaitForGcToComplete blocked Alloc on Background for 598.061ms
09-23 14:14:57.603 29262 32244 I manager.flutter: Starting a blocking GC Alloc
09-23 14:14:57.603 29262 32243 I manager.flutter: WaitForGcToComplete blocked Alloc on Background for 597.945ms
09-23 14:14:57.603 29262 32243 I manager.flutter: Starting a blocking GC Alloc
09-23 14:14:57.603 29262 32245 I manager.flutter: WaitForGcToComplete blocked Alloc on Background for 597.396ms
09-23 14:14:57.603 29262 32245 I manager.flutter: Starting a blocking GC Alloc
09-23 14:14:57.603 29262 32246 I manager.flutter: WaitForGcToComplete blocked Alloc on Background for 560.190ms
09-23 14:14:57.603 29262 32246 I manager.flutter: Starting a blocking GC Alloc
09-23 14:14:58.101 29262 32245 I manager.flutter: Waiting for a blocking GC Alloc
09-23 14:14:58.101 29262 32244 I manager.flutter: Waiting for a blocking GC Alloc
09-23 14:14:58.101 29262 32246 I manager.flutter: Waiting for a blocking GC Alloc
09-23 14:14:58.102 29262 32243 I manager.flutter: Waiting for a blocking GC Alloc
09-23 14:14:58.565 29262 29271 I manager.flutter: Background concurrent mark compact GC freed 15093570(310MB) AllocSpace objects, 7(1580KB) LOS objects, 10% free, 200MB/224MB, paused 367us,3.057ms total 933.214ms
09-23 14:14:58.565 29262 32245 I manager.flutter: WaitForGcToComplete blocked Alloc on Background for 463.599ms
09-23 14:14:58.565 29262 32245 I manager.flutter: Starting a blocking GC Alloc
09-23 14:14:58.565 29262 32244 I manager.flutter: WaitForGcToComplete blocked Alloc on Background for 463.624ms
09-23 14:14:58.565 29262 32244 I manager.flutter: Starting a blocking GC Alloc
09-23 14:14:58.565 29262 32246 I manager.flutter: WaitForGcToComplete blocked Alloc on Background for 463.708ms
09-23 14:14:58.565 29262 32246 I manager.flutter: Starting a blocking GC Alloc
09-23 14:14:58.565 29262 32243 I manager.flutter: WaitForGcToComplete blocked Alloc on Background for 463.656ms
09-23 14:14:58.565 29262 32243 I manager.flutter: Starting a blocking GC Alloc
09-23 14:14:59.174 29262 32246 I manager.flutter: Waiting for a blocking GC Alloc
09-23 14:14:59.174 29262 32243 I manager.flutter: Waiting for a blocking GC Alloc
09-23 14:14:59.175 29262 32244 I manager.flutter: Waiting for a blocking GC Alloc
09-23 14:14:59.176 29262 32245 I manager.flutter: Waiting for a blocking GC Alloc
09-23 14:14:59.604 29262 29271 I manager.flutter: Background concurrent mark compact GC freed 15717988(325MB) AllocSpace objects, 249(6236KB) LOS objects, 11% free, 180MB/204MB, paused 326us,3.086ms total 994.865ms
09-23 14:14:59.605 29262 32246 I manager.flutter: WaitForGcToComplete blocked Alloc on Background for 430.256ms
09-23 14:14:59.605 29262 32246 I manager.flutter: Starting a blocking GC Alloc
09-23 14:14:59.605 29262 32243 I manager.flutter: WaitForGcToComplete blocked Alloc on Background for 430.221ms
09-23 14:14:59.605 29262 32243 I manager.flutter: Starting a blocking GC Alloc
09-23 14:14:59.610 29262 32244 I manager.flutter: WaitForGcToComplete blocked Alloc on Background for 435.312ms
09-23 14:14:59.610 29262 32244 I manager.flutter: Starting a blocking GC Alloc
09-23 14:14:59.620 29262 32245 I manager.flutter: WaitForGcToComplete blocked Alloc on Background for 443.997ms
09-23 14:14:59.620 29262 32245 I manager.flutter: Starting a blocking GC Alloc
09-23 14:15:00.332 29262 32243 I manager.flutter: Waiting for a blocking GC Alloc
09-23 14:15:00.332 29262 32246 I manager.flutter: Waiting for a blocking GC Alloc
09-23 14:15:00.332 29262 32245 I manager.flutter: Waiting for a blocking GC Alloc
09-23 14:15:00.334 29262 32244 I manager.flutter: Waiting for a blocking GC Alloc
09-23 14:15:00.702 29262 29271 I manager.flutter: Background concurrent mark compact GC freed 15964560(321MB) AllocSpace objects, 241(5060KB) LOS objects, 11% free, 185MB/209MB, paused 435us,3.168ms total 1.021s
09-23 14:15:00.702 29262 32243 I manager.flutter: WaitForGcToComplete blocked Alloc on Background for 369.859ms
09-23 14:15:00.702 29262 32243 I manager.flutter: Starting a blocking GC Alloc
09-23 14:15:00.702 29262 32246 I manager.flutter: WaitForGcToComplete blocked Alloc on Background for 369.836ms
09-23 14:15:00.702 29262 32246 I manager.flutter: Starting a blocking GC Alloc
09-23 14:15:00.702 29262 32245 I manager.flutter: WaitForGcToComplete blocked Alloc on Background for 369.771ms
09-23 14:15:00.702 29262 32245 I manager.flutter: Starting a blocking GC Alloc
09-23 14:15:00.702 29262 32244 I manager.flutter: WaitForGcToComplete blocked Alloc on Background for 368.360ms
09-23 14:15:00.702 29262 32244 I manager.flutter: Starting a blocking GC Alloc
09-23 14:15:01.285 29262 32243 I manager.flutter: Waiting for a blocking GC Alloc
09-23 14:15:01.285 29262 32245 I manager.flutter: Waiting for a blocking GC Alloc
09-23 14:15:01.285 29262 32244 I manager.flutter: Waiting for a blocking GC Alloc
09-23 14:15:01.285 29262 32246 I manager.flutter: Waiting for a blocking GC Alloc
09-23 14:15:01.541 29262 29271 I manager.flutter: Background concurrent mark compact GC freed 17436123(357MB) AllocSpace objects, 11(2380KB) LOS objects, 13% free, 152MB/176MB, paused 23.191ms,2.823ms total 802.140ms
09-23 14:15:01.541 29262 32243 I manager.flutter: WaitForGcToComplete blocked Alloc on Background for 256.167ms
09-23 14:15:01.541 29262 32243 I manager.flutter: Starting a blocking GC Alloc
09-23 14:15:01.541 29262 32245 I manager.flutter: WaitForGcToComplete blocked Alloc on Background for 256.182ms
09-23 14:15:01.541 29262 32245 I manager.flutter: Starting a blocking GC Alloc
09-23 14:15:01.541 29262 32244 I manager.flutter: WaitForGcToComplete blocked Alloc on Background for 256.172ms
09-23 14:15:01.541 29262 32244 I manager.flutter: Starting a blocking GC Alloc
09-23 14:15:01.541 29262 32246 I manager.flutter: WaitForGcToComplete blocked Alloc on Background for 256.222ms
09-23 14:15:01.541 29262 32246 I manager.flutter: Starting a blocking GC Alloc
09-23 14:15:02.456 29262 29271 I manager.flutter: Background concurrent mark compact GC freed 9057225(203MB) AllocSpace objects, 3(48KB) LOS objects, 7% free, 296MB/320MB, paused 59.615ms,3.158ms total 888.945ms
09-23 14:15:02.939 29262 32243 I manager.flutter: Waiting for a blocking GC Alloc
09-23 14:15:02.939 29262 32246 I manager.flutter: Waiting for a blocking GC Alloc
09-23 14:15:02.939 29262 32245 I manager.flutter: Waiting for a blocking GC Alloc
09-23 14:15:02.943 29262 32244 I manager.flutter: Waiting for a blocking GC Alloc
09-23 14:15:03.439 29262 29271 I manager.flutter: Background concurrent mark compact GC freed 14466576(304MB) AllocSpace objects, 16(612KB) LOS objects, 10% free, 206MB/230MB, paused 473us,3.108ms total 936.509ms
09-23 14:15:03.440 29262 32243 I manager.flutter: WaitForGcToComplete blocked Alloc on Background for 500.503ms
09-23 14:15:03.440 29262 32243 I manager.flutter: Starting a blocking GC Alloc
09-23 14:15:03.440 29262 32246 I manager.flutter: WaitForGcToComplete blocked Alloc on Background for 500.502ms
09-23 14:15:03.440 29262 32246 I manager.flutter: Starting a blocking GC Alloc
09-23 14:15:03.440 29262 32245 I manager.flutter: WaitForGcToComplete blocked Alloc on Background for 500.425ms
09-23 14:15:03.440 29262 32245 I manager.flutter: Starting a blocking GC Alloc
09-23 14:15:03.440 29262 32244 I manager.flutter: WaitForGcToComplete blocked Alloc on Background for 497.224ms
09-23 14:15:03.440 29262 32244 I manager.flutter: Starting a blocking GC Alloc
09-23 14:15:04.019 29262 32245 I manager.flutter: Waiting for a blocking GC Alloc
09-23 14:15:04.019 29262 32246 I manager.flutter: Waiting for a blocking GC Alloc
09-23 14:15:04.019 29262 32243 I manager.flutter: Waiting for a blocking GC Alloc
09-23 14:15:04.376 29262 29271 I manager.flutter: Background concurrent mark compact GC freed 14722990(301MB) AllocSpace objects, 41(1108KB) LOS objects, 10% free, 209MB/233MB, paused 387us,3.245ms total 904.246ms
09-23 14:15:04.376 29262 32245 I manager.flutter: WaitForGcToComplete blocked Alloc on Background for 357.638ms
09-23 14:15:04.376 29262 32245 I manager.flutter: Starting a blocking GC Alloc
09-23 14:15:04.376 29262 32246 I manager.flutter: WaitForGcToComplete blocked Alloc on Background for 357.451ms
09-23 14:15:04.376 29262 32246 I manager.flutter: Starting a blocking GC Alloc
09-23 14:15:04.376 29262 32243 I manager.flutter: WaitForGcToComplete blocked Alloc on Background for 357.413ms
09-23 14:15:04.376 29262 32243 I manager.flutter: Starting a blocking GC Alloc
09-23 14:15:04.874 29262 32243 I manager.flutter: Waiting for a blocking GC Alloc
09-23 14:15:04.875 29262 32245 I manager.flutter: Waiting for a blocking GC Alloc
09-23 14:15:04.875 29262 32246 I manager.flutter: Waiting for a blocking GC Alloc
09-23 14:15:05.185 29262 29271 I manager.flutter: Background concurrent mark compact GC freed 14796151(303MB) AllocSpace objects, 10(1976KB) LOS objects, 10% free, 206MB/230MB, paused 408us,2.956ms total 771.602ms
09-23 14:15:05.185 29262 32243 I manager.flutter: WaitForGcToComplete blocked Alloc on Background for 310.971ms
09-23 14:15:05.185 29262 32243 I manager.flutter: Starting a blocking GC Alloc
09-23 14:15:05.185 29262 32245 I manager.flutter: WaitForGcToComplete blocked Alloc on Background for 310.915ms
09-23 14:15:05.185 29262 32245 I manager.flutter: Starting a blocking GC Alloc
09-23 14:15:05.186 29262 32246 I manager.flutter: WaitForGcToComplete blocked Alloc on Background for 311.284ms
09-23 14:15:05.186 29262 32246 I manager.flutter: Starting a blocking GC Alloc
09-23 14:15:05.696 29262 32243 I manager.flutter: Waiting for a blocking GC Alloc
09-23 14:15:05.696 29262 32246 I manager.flutter: Waiting for a blocking GC Alloc
09-23 14:15:05.961 29262 29271 I manager.flutter: Background concurrent mark compact GC freed 14700679(302MB) AllocSpace objects, 100(2000KB) LOS objects, 10% free, 207MB/231MB, paused 296us,2.938ms total 744.848ms
09-23 14:15:05.961 29262 32243 I manager.flutter: WaitForGcToComplete blocked Alloc on Background for 264.889ms
09-23 14:15:05.961 29262 32243 I manager.flutter: Starting a blocking GC Alloc
09-23 14:15:05.961 29262 32246 I manager.flutter: WaitForGcToComplete blocked Alloc on Background for 264.931ms
09-23 14:15:05.961 29262 32246 I manager.flutter: Starting a blocking GC Alloc
09-23 14:15:06.703 29262 29271 I manager.flutter: Background concurrent mark compact GC freed 13725051(285MB) AllocSpace objects, 6(1320KB) LOS objects, 8% free, 258MB/282MB, paused 1.467ms,4.908ms total 696.845ms
09-23 14:15:07.098 29262 29262 I ViewRootImpl@79a1f0c[MainActivity]: onDisplayChanged oldDisplayState=2 newDisplayState=2
09-23 14:15:07.187 29262 29262 I ViewRootImpl@79a1f0c[MainActivity]: onDisplayChanged oldDisplayState=2 newDisplayState=2
09-23 14:15:07.340 29262 29271 I manager.flutter: Background concurrent mark compact GC freed 8781041(182MB) AllocSpace objects, 363(7260KB) LOS objects, 10% free, 194MB/218MB, paused 239us,2.605ms total 587.376ms
09-23 14:15:21.445 29262 29262 I ViewRootImpl@79a1f0c[MainActivity]: onDisplayChanged oldDisplayState=2 newDisplayState=2
09-23 14:15:21.536 29262 29262 I ViewRootImpl@79a1f0c[MainActivity]: onDisplayChanged oldDisplayState=2 newDisplayState=2
09-23 14:15:39.460 29262 29271 I manager.flutter: Background concurrent mark compact GC freed 3564773(102MB) AllocSpace objects, 23(3192KB) LOS objects, 15% free, 127MB/151MB, paused 1.950ms,2.583ms total 258.321ms
