09-23 14:17:44.448 29262 29262 W PackageParser: Unknown element under : property at /data/user/0/app.revanced.manager.flutter/cache/com.google.android.youtube_19.16.39-1545731520_minAPI26(arm64-v8a,armeabi-v7a,x86,x86_64)(nodpi)_apkmirror.com(2).apk Binary XML file line #443
09-23 14:17:45.880 29262 29262 I ViewRootImpl@79a1f0c[MainActivity]: ViewPostIme pointer 0
09-23 14:17:45.943 29262 29262 I ViewRootImpl@79a1f0c[MainActivity]: ViewPostIme pointer 1
09-23 14:17:46.818 29262 29262 I BLASTBufferQueue_Java: update, w= 1080 h= 2340 mName = ViewRootImpl@79a1f0c[MainActivity] mNativeObject= 0xb40000713c4f1b70 sc.mNativeObject= 0xb40000710c502b90 format= -3 caller= android.view.ViewRootImpl.updateBlastSurfaceIfNeeded:3017 android.view.ViewRootImpl.relayoutWindow:10131 android.view.ViewRootImpl.performTraversals:4110 android.view.ViewRootImpl.doTraversal:3288 android.view.ViewRootImpl$TraversalRunnable.run:11344 android.view.Choreographer$CallbackRecord.run:1689
09-23 14:17:46.818 29262 29262 I ViewRootImpl@79a1f0c[MainActivity]: Relayout returned: old=(0,0,1080,2340) new=(0,0,1080,2340) relayoutAsync=true req=(1080,2340)0 dur=0 res=0x0 s={true 0xb40000700c505950} ch=false seqId=0
09-23 14:17:46.818 29262 29262 I ViewRootImpl@79a1f0c[MainActivity]: updateBoundsLayer: t=android.view.SurfaceControl$Transaction@79f5be3 sc=Surface(name=Bounds for - app.revanced.manager.flutter/app.revanced.manager.flutter.MainActivity@3)/@0xca8f373 frame=2
09-23 14:17:46.818 29262 29262 I ViewRootImpl@79a1f0c[MainActivity]: registerCallbackForPendingTransactions
09-23 14:17:46.819 29262 30146 I ViewRootImpl@79a1f0c[MainActivity]: mWNT: t=0xb40000704c580bd0 mBlastBufferQueue=0xb40000713c4f1b70 fn= 2 mRenderHdrSdrRatio=1.0 caller= android.view.ViewRootImpl$6.onFrameDraw:5635 android.view.ViewRootImpl$2.onFrameDraw:2146 android.view.ThreadedRenderer$1.onFrameDraw:792
09-23 14:17:47.714 29262 29271 I manager.flutter: Background concurrent mark compact GC freed 617741(28MB) AllocSpace objects, 19(380KB) LOS objects, 14% free, 145MB/169MB, paused 2.696ms,2.383ms total 307.774ms
09-23 14:17:47.717 29262 29273 W manager.flutter: ApkAssets: Deleting an ApkAssets object ' and /data/user/0/app.revanced.manager.flutter/cache/com.google.android.youtube_19.16.39-1545731520_minAPI26(arm64-v8a,armeabi-v7a,x86,x86_64)(nodpi)_apkmirror.com(2).apk' with 1 weak references
09-23 14:17:48.349 29262 29271 I manager.flutter: Background concurrent mark compact GC freed 1155484(49MB) AllocSpace objects, 1(68KB) LOS objects, 11% free, 177MB/201MB, paused 3.403ms,2.863ms total 456.584ms
09-23 14:17:49.003 29262 29271 I manager.flutter: Background concurrent mark compact GC freed 1665857(62MB) AllocSpace objects, 0(0B) LOS objects, 10% free, 197MB/221MB, paused 245us,2.391ms total 462.309ms
09-23 14:17:49.529 29262 29271 I manager.flutter: Background concurrent mark compact GC freed 2539810(79MB) AllocSpace objects, 8(11MB) LOS objects, 10% free, 213MB/237MB, paused 1.342ms,3.009ms total 322.333ms
09-23 14:17:49.530 29262 29273 W System : A resource failed to call close.
09-23 14:17:50.447 29262 29271 I manager.flutter: Background concurrent mark compact GC freed 10872794(235MB) AllocSpace objects, 9(612KB) LOS objects, 8% free, 267MB/291MB, paused 25.804ms,3.772ms total 847.195ms
09-23 14:17:51.339 29262 29271 I manager.flutter: Background concurrent mark compact GC freed 4696109(127MB) AllocSpace objects, 0(0B) LOS objects, 8% free, 263MB/287MB, paused 3.502ms,2.790ms total 763.662ms
09-23 14:17:52.432 29262 29271 I manager.flutter: Background concurrent mark compact GC freed 2581461(100MB) AllocSpace objects, 0(0B) LOS objects, 7% free, 306MB/330MB, paused 1.305ms,3.110ms total 893.656ms
09-23 14:17:53.659 29262 29271 I manager.flutter: Background concurrent mark compact GC freed 2395492(101MB) AllocSpace objects, 5(10052KB) LOS objects, 6% free, 351MB/375MB, paused 4.875ms,3.737ms total 1.044s
09-23 14:17:54.749 29262 29271 I manager.flutter: Background concurrent mark compact GC freed 1846057(79MB) AllocSpace objects, 6(10MB) LOS objects, 7% free, 310MB/334MB, paused 465us,3.391ms total 654.004ms
09-23 14:17:54.752 29262 29273 W System : A resource failed to call close.
09-23 14:17:55.832 29262 29271 I manager.flutter: Background concurrent mark compact GC freed 940407(51MB) AllocSpace objects, 3(152KB) LOS objects, 7% free, 310MB/334MB, paused 401us,2.907ms total 666.669ms
09-23 14:17:56.960 29262 29271 I manager.flutter: Background concurrent mark compact GC freed 924959(49MB) AllocSpace objects, 3(96KB) LOS objects, 6% free, 320MB/344MB, paused 383us,3.130ms total 753.062ms
09-23 14:17:58.216 29262 29271 I manager.flutter: Background concurrent mark compact GC freed 1125038(58MB) AllocSpace objects, 1(68KB) LOS objects, 6% free, 321MB/345MB, paused 690us,3.198ms total 761.364ms
09-23 14:17:59.375 29262 29271 I manager.flutter: Background concurrent mark compact GC freed 1062933(56MB) AllocSpace objects, 3(128KB) LOS objects, 6% free, 323MB/347MB, paused 567us,3.221ms total 758.603ms
09-23 14:18:00.626 29262 29271 I manager.flutter: Background concurrent mark compact GC freed 1203811(62MB) AllocSpace objects, 2(120KB) LOS objects, 6% free, 322MB/346MB, paused 515us,3.182ms total 818.597ms
09-23 14:18:02.027 29262 29271 I manager.flutter: Background concurrent mark compact GC freed 1439403(77MB) AllocSpace objects, 1(16KB) LOS objects, 6% free, 324MB/348MB, paused 1.010ms,3.355ms total 956.554ms
09-23 14:18:02.962 29262 29271 I manager.flutter: Background concurrent mark compact GC freed 1931768(77MB) AllocSpace objects, 3(100KB) LOS objects, 6% free, 322MB/346MB, paused 250us,2.963ms total 812.726ms
09-23 14:18:04.060 29262 29271 I manager.flutter: Background concurrent mark compact GC freed 1603589(59MB) AllocSpace objects, 0(0B) LOS objects, 6% free, 338MB/362MB, paused 157us,2.852ms total 782.469ms
09-23 14:18:05.381 29262 29271 I manager.flutter: Background concurrent mark compact GC freed 2764776(102MB) AllocSpace objects, 0(0B) LOS objects, 6% free, 338MB/362MB, paused 364us,3.370ms total 1.010s
09-23 14:18:06.354 29262 29271 I manager.flutter: Background concurrent mark compact GC freed 2046694(75MB) AllocSpace objects, 0(0B) LOS objects, 6% free, 320MB/344MB, paused 161us,2.905ms total 667.174ms
09-23 14:18:07.302 29262 29271 I manager.flutter: Background concurrent mark compact GC freed 1663907(58MB) AllocSpace objects, 0(0B) LOS objects, 6% free, 326MB/350MB, paused 151us,3.098ms total 689.282ms
09-23 14:18:08.331 29262 29271 I manager.flutter: Background concurrent mark compact GC freed 2034853(67MB) AllocSpace objects, 2(68KB) LOS objects, 6% free, 342MB/366MB, paused 235us,2.975ms total 743.030ms
09-23 14:18:08.332 29262 29273 W System : A resource failed to call close.
09-23 14:18:09.435 29262 29271 I manager.flutter: Background concurrent mark compact GC freed 2813265(138MB) AllocSpace objects, 3(108KB) LOS objects, 6% free, 333MB/357MB, paused 322us,3.136ms total 889.559ms
09-23 14:18:10.164 29262 29271 I manager.flutter: Background concurrent mark compact GC freed 5190816(199MB) AllocSpace objects, 92(1968KB) LOS objects, 6% free, 349MB/373MB, paused 9.516ms,3.535ms total 589.050ms
09-23 14:18:10.471 29262 10176 I manager.flutter: Waiting for a blocking GC Alloc
09-23 14:18:10.726 29262 29271 I manager.flutter: Background concurrent mark compact GC freed 1662215(288MB) AllocSpace objects, 86(5100KB) LOS objects, 9% free, 218MB/242MB, paused 259us,3.422ms total 526.444ms
09-23 14:18:10.727 29262 10176 I manager.flutter: WaitForGcToComplete blocked Alloc on Background for 256.206ms
09-23 14:18:10.727 29262 10176 I manager.flutter: Starting a blocking GC Alloc
09-23 14:18:10.945 29262 29270 I manager.flutter: Compiler allocated 8163KB to compile com.android.tools.smali.smali.smaliParser$simple_name_return com.android.tools.smali.smali.smaliParser.simple_name()
09-23 14:18:11.498 29262 29271 I manager.flutter: Background concurrent mark compact GC freed 6570033(136MB) AllocSpace objects, 32(1828KB) LOS objects, 7% free, 293MB/317MB, paused 420us,3.429ms total 654.461ms
09-23 14:18:12.212 29262 29271 I manager.flutter: Background concurrent mark compact GC freed 11682014(229MB) AllocSpace objects, 0(0B) LOS objects, 7% free, 300MB/324MB, paused 392us,3.948ms total 639.412ms
09-23 14:18:12.908 29262 29271 I manager.flutter: Background concurrent mark compact GC freed 12303432(239MB) AllocSpace objects, 0(0B) LOS objects, 7% free, 309MB/333MB, paused 356us,3.630ms total 630.154ms
09-23 14:18:13.678 29262 29271 I manager.flutter: Background concurrent mark compact GC freed 9091909(190MB) AllocSpace objects, 13(428KB) LOS objects, 7% free, 314MB/338MB, paused 450us,3.534ms total 702.227ms
09-23 14:18:14.361 29262 29271 I manager.flutter: Background concurrent mark compact GC freed 10892999(260MB) AllocSpace objects, 4(212KB) LOS objects, 8% free, 275MB/299MB, paused 468us,3.828ms total 616.757ms
09-23 14:18:15.104 29262 29271 I manager.flutter: Background concurrent mark compact GC freed 3183929(97MB) AllocSpace objects, 58(1288KB) LOS objects, 8% free, 270MB/294MB, paused 801us,3.103ms total 570.369ms
09-23 14:18:15.539 29262 10291 I manager.flutter: Waiting for a blocking GC Alloc
09-23 14:18:15.539 29262 10292 I manager.flutter: Waiting for a blocking GC Alloc
09-23 14:18:15.540 29262 10290 I manager.flutter: Waiting for a blocking GC Alloc
09-23 14:18:15.540 29262 10293 I manager.flutter: Waiting for a blocking GC Alloc
09-23 14:18:15.916 29262 29271 I manager.flutter: Background concurrent mark compact GC freed 12352289(274MB) AllocSpace objects, 40(800KB) LOS objects, 9% free, 237MB/261MB, paused 395us,3.559ms total 765.876ms
09-23 14:18:15.916 29262 10291 I manager.flutter: WaitForGcToComplete blocked Alloc on Background for 376.827ms
09-23 14:18:15.916 29262 10291 I manager.flutter: Starting a blocking GC Alloc
09-23 14:18:15.922 29262 10292 I manager.flutter: WaitForGcToComplete blocked Alloc on Background for 382.326ms
09-23 14:18:15.922 29262 10292 I manager.flutter: Starting a blocking GC Alloc
09-23 14:18:15.922 29262 10290 I manager.flutter: WaitForGcToComplete blocked Alloc on Background for 382.301ms
09-23 14:18:15.922 29262 10290 I manager.flutter: Starting a blocking GC Alloc
09-23 14:18:15.922 29262 10293 I manager.flutter: WaitForGcToComplete blocked Alloc on Background for 382.500ms
09-23 14:18:15.922 29262 10293 I manager.flutter: Starting a blocking GC Alloc
09-23 14:18:16.383 29262 10290 I manager.flutter: Waiting for a blocking GC Alloc
09-23 14:18:16.383 29262 10291 I manager.flutter: Waiting for a blocking GC Alloc
09-23 14:18:16.383 29262 10292 I manager.flutter: Waiting for a blocking GC Alloc
09-23 14:18:16.383 29262 10293 I manager.flutter: Waiting for a blocking GC Alloc
09-23 14:18:16.807 29262 29271 I manager.flutter: Background concurrent mark compact GC freed 12918537(265MB) AllocSpace objects, 0(0B) LOS objects, 8% free, 246MB/270MB, paused 540us,3.473ms total 850.135ms
09-23 14:18:16.807 29262 10290 I manager.flutter: WaitForGcToComplete blocked Alloc on Background for 423.875ms
09-23 14:18:16.807 29262 10290 I manager.flutter: Starting a blocking GC Alloc
09-23 14:18:16.807 29262 10291 I manager.flutter: WaitForGcToComplete blocked Alloc on Background for 423.885ms
09-23 14:18:16.807 29262 10291 I manager.flutter: Starting a blocking GC Alloc
09-23 14:18:16.807 29262 10292 I manager.flutter: WaitForGcToComplete blocked Alloc on Background for 424.252ms
09-23 14:18:16.807 29262 10292 I manager.flutter: Starting a blocking GC Alloc
09-23 14:18:16.808 29262 10293 I manager.flutter: WaitForGcToComplete blocked Alloc on Background for 424.169ms
09-23 14:18:16.808 29262 10293 I manager.flutter: Starting a blocking GC Alloc
09-23 14:18:17.277 29262 10292 I manager.flutter: Waiting for a blocking GC Alloc
09-23 14:18:17.278 29262 10293 I manager.flutter: Waiting for a blocking GC Alloc
09-23 14:18:17.278 29262 10291 I manager.flutter: Waiting for a blocking GC Alloc
09-23 14:18:17.278 29262 10290 I manager.flutter: Waiting for a blocking GC Alloc
09-23 14:18:17.623 29262 29271 I manager.flutter: Background concurrent mark compact GC freed 12780255(256MB) AllocSpace objects, 0(0B) LOS objects, 8% free, 255MB/279MB, paused 375us,3.348ms total 785.052ms
09-23 14:18:17.623 29262 10292 I manager.flutter: WaitForGcToComplete blocked Alloc on HeapTrim for 345.948ms
09-23 14:18:17.623 29262 10292 I manager.flutter: Starting a blocking GC Alloc
09-23 14:18:17.624 29262 10290 I manager.flutter: WaitForGcToComplete blocked Alloc on HeapTrim for 345.920ms
09-23 14:18:17.624 29262 10290 I manager.flutter: Starting a blocking GC Alloc
09-23 14:18:17.624 29262 10293 I manager.flutter: WaitForGcToComplete blocked Alloc on HeapTrim for 346.228ms
09-23 14:18:17.624 29262 10293 I manager.flutter: Starting a blocking GC Alloc
09-23 14:18:17.624 29262 10291 I manager.flutter: WaitForGcToComplete blocked Alloc on HeapTrim for 346.252ms
09-23 14:18:17.624 29262 10291 I manager.flutter: Starting a blocking GC Alloc
09-23 14:18:18.046 29262 10293 I manager.flutter: Waiting for a blocking GC Alloc
09-23 14:18:18.046 29262 10290 I manager.flutter: Waiting for a blocking GC Alloc
09-23 14:18:18.046 29262 10292 I manager.flutter: Waiting for a blocking GC Alloc
09-23 14:18:18.046 29262 10291 I manager.flutter: Waiting for a blocking GC Alloc
09-23 14:18:18.591 29262 29271 I manager.flutter: Background concurrent mark compact GC freed 12433041(248MB) AllocSpace objects, 0(0B) LOS objects, 8% free, 263MB/287MB, paused 423us,4.119ms total 930.795ms
09-23 14:18:18.591 29262 10293 I manager.flutter: WaitForGcToComplete blocked Alloc on Background for 545.241ms
09-23 14:18:18.591 29262 10293 I manager.flutter: Starting a blocking GC Alloc
09-23 14:18:18.592 29262 10290 I manager.flutter: WaitForGcToComplete blocked Alloc on Background for 545.459ms
09-23 14:18:18.592 29262 10290 I manager.flutter: Starting a blocking GC Alloc
09-23 14:18:18.592 29262 10292 I manager.flutter: WaitForGcToComplete blocked Alloc on Background for 545.524ms
09-23 14:18:18.592 29262 10292 I manager.flutter: Starting a blocking GC Alloc
09-23 14:18:18.592 29262 10291 I manager.flutter: WaitForGcToComplete blocked Alloc on Background for 545.910ms
09-23 14:18:18.592 29262 10291 I manager.flutter: Starting a blocking GC Alloc
09-23 14:18:18.981 29262 10291 I manager.flutter: Waiting for a blocking GC Alloc
09-23 14:18:18.981 29262 10292 I manager.flutter: Waiting for a blocking GC Alloc
09-23 14:18:18.981 29262 10290 I manager.flutter: Waiting for a blocking GC Alloc
09-23 14:18:18.981 29262 10293 I manager.flutter: Waiting for a blocking GC Alloc
09-23 14:18:19.487 29262 29271 I manager.flutter: Background concurrent mark compact GC freed 12266897(241MB) AllocSpace objects, 0(0B) LOS objects, 8% free, 270MB/294MB, paused 457us,3.816ms total 865.344ms
09-23 14:18:19.488 29262 10291 I manager.flutter: WaitForGcToComplete blocked Alloc on Background for 507.377ms
09-23 14:18:19.488 29262 10291 I manager.flutter: Starting a blocking GC Alloc
09-23 14:18:19.488 29262 10292 I manager.flutter: WaitForGcToComplete blocked Alloc on Background for 507.374ms
09-23 14:18:19.488 29262 10292 I manager.flutter: Starting a blocking GC Alloc
09-23 14:18:19.488 29262 10290 I manager.flutter: WaitForGcToComplete blocked Alloc on Background for 507.418ms
09-23 14:18:19.488 29262 10290 I manager.flutter: Starting a blocking GC Alloc
09-23 14:18:19.488 29262 10293 I manager.flutter: WaitForGcToComplete blocked Alloc on Background for 507.465ms
09-23 14:18:19.488 29262 10293 I manager.flutter: Starting a blocking GC Alloc
09-23 14:18:19.861 29262 10292 I manager.flutter: Waiting for a blocking GC Alloc
09-23 14:18:19.861 29262 10293 I manager.flutter: Waiting for a blocking GC Alloc
09-23 14:18:19.861 29262 10291 I manager.flutter: Waiting for a blocking GC Alloc
09-23 14:18:19.861 29262 10290 I manager.flutter: Waiting for a blocking GC Alloc
09-23 14:18:20.630 29262 29271 I manager.flutter: Background concurrent mark compact GC freed 11435351(233MB) AllocSpace objects, 0(0B) LOS objects, 7% free, 278MB/302MB, paused 459us,3.662ms total 1.108s
09-23 14:18:20.630 29262 10292 I manager.flutter: WaitForGcToComplete blocked Alloc on Background for 769.202ms
09-23 14:18:20.630 29262 10292 I manager.flutter: Starting a blocking GC Alloc
09-23 14:18:20.630 29262 10293 I manager.flutter: WaitForGcToComplete blocked Alloc on Background for 769.150ms
09-23 14:18:20.630 29262 10293 I manager.flutter: Starting a blocking GC Alloc
09-23 14:18:20.631 29262 10291 I manager.flutter: WaitForGcToComplete blocked Alloc on Background for 769.495ms
09-23 14:18:20.631 29262 10291 I manager.flutter: Starting a blocking GC Alloc
09-23 14:18:20.631 29262 10290 I manager.flutter: WaitForGcToComplete blocked Alloc on Background for 769.577ms
09-23 14:18:20.631 29262 10290 I manager.flutter: Starting a blocking GC Alloc
09-23 14:18:21.066 29262 10291 I manager.flutter: Waiting for a blocking GC Alloc
09-23 14:18:21.066 29262 10293 I manager.flutter: Waiting for a blocking GC Alloc
09-23 14:18:21.066 29262 10292 I manager.flutter: Waiting for a blocking GC Alloc
09-23 14:18:21.066 29262 10290 I manager.flutter: Waiting for a blocking GC Alloc
09-23 14:18:21.683 29262 29271 I manager.flutter: Background concurrent mark compact GC freed 11201460(226MB) AllocSpace objects, 0(0B) LOS objects, 7% free, 285MB/309MB, paused 458us,4.020ms total 1.020s
09-23 14:18:21.684 29262 10291 I manager.flutter: WaitForGcToComplete blocked Alloc on Background for 617.473ms
09-23 14:18:21.684 29262 10291 I manager.flutter: Starting a blocking GC Alloc
09-23 14:18:21.684 29262 10292 I manager.flutter: WaitForGcToComplete blocked Alloc on Background for 617.431ms
09-23 14:18:21.684 29262 10292 I manager.flutter: Starting a blocking GC Alloc
09-23 14:18:21.684 29262 10293 I manager.flutter: WaitForGcToComplete blocked Alloc on Background for 617.602ms
09-23 14:18:21.684 29262 10293 I manager.flutter: Starting a blocking GC Alloc
09-23 14:18:21.686 29262 10290 I manager.flutter: WaitForGcToComplete blocked Alloc on Background for 619.312ms
09-23 14:18:21.686 29262 10290 I manager.flutter: Starting a blocking GC Alloc
09-23 14:18:22.042 29262 10290 I manager.flutter: Waiting for a blocking GC Alloc
09-23 14:18:22.042 29262 10292 I manager.flutter: Waiting for a blocking GC Alloc
09-23 14:18:22.042 29262 10293 I manager.flutter: Waiting for a blocking GC Alloc
09-23 14:18:22.042 29262 10291 I manager.flutter: Waiting for a blocking GC Alloc
09-23 14:18:22.867 29262 29271 I manager.flutter: Background concurrent mark compact GC freed 10994618(219MB) AllocSpace objects, 0(0B) LOS objects, 7% free, 292MB/316MB, paused 465us,3.872ms total 1.150s
09-23 14:18:22.868 29262 10290 I manager.flutter: WaitForGcToComplete blocked Alloc on Background for 825.518ms
09-23 14:18:22.868 29262 10290 I manager.flutter: Starting a blocking GC Alloc
09-23 14:18:22.868 29262 10292 I manager.flutter: WaitForGcToComplete blocked Alloc on Background for 825.807ms
09-23 14:18:22.868 29262 10292 I manager.flutter: Starting a blocking GC Alloc
09-23 14:18:22.868 29262 10293 I manager.flutter: WaitForGcToComplete blocked Alloc on Background for 825.836ms
09-23 14:18:22.868 29262 10293 I manager.flutter: Starting a blocking GC Alloc
09-23 14:18:22.868 29262 10291 I manager.flutter: WaitForGcToComplete blocked Alloc on Background for 825.875ms
09-23 14:18:22.868 29262 10291 I manager.flutter: Starting a blocking GC Alloc
09-23 14:18:23.300 29262 10292 I manager.flutter: Waiting for a blocking GC Alloc
09-23 14:18:23.300 29262 10291 I manager.flutter: Waiting for a blocking GC Alloc
09-23 14:18:23.300 29262 10290 I manager.flutter: Waiting for a blocking GC Alloc
09-23 14:18:23.309 29262 10293 I manager.flutter: Waiting for a blocking GC Alloc
09-23 14:18:24.029 29262 29271 I manager.flutter: Background concurrent mark compact GC freed 10298143(210MB) AllocSpace objects, 0(0B) LOS objects, 7% free, 301MB/325MB, paused 509us,3.555ms total 1.128s
09-23 14:18:24.030 29262 10291 I manager.flutter: WaitForGcToComplete blocked Alloc on HeapTrim for 729.842ms
09-23 14:18:24.030 29262 10291 I manager.flutter: Starting a blocking GC Alloc
09-23 14:18:24.030 29262 10293 I manager.flutter: WaitForGcToComplete blocked Alloc on HeapTrim for 720.634ms
09-23 14:18:24.030 29262 10293 I manager.flutter: Starting a blocking GC Alloc
09-23 14:18:24.030 29262 10290 I manager.flutter: WaitForGcToComplete blocked Alloc on HeapTrim for 729.874ms
09-23 14:18:24.030 29262 10290 I manager.flutter: Starting a blocking GC Alloc
09-23 14:18:24.030 29262 10292 I manager.flutter: WaitForGcToComplete blocked Alloc on HeapTrim for 730.165ms
09-23 14:18:24.030 29262 10292 I manager.flutter: Starting a blocking GC Alloc
09-23 14:18:24.397 29262 10291 I manager.flutter: Waiting for a blocking GC Alloc
09-23 14:18:24.397 29262 10293 I manager.flutter: Waiting for a blocking GC Alloc
09-23 14:18:24.397 29262 10292 I manager.flutter: Waiting for a blocking GC Alloc
09-23 14:18:24.397 29262 10290 I manager.flutter: Waiting for a blocking GC Alloc
09-23 14:18:25.236 29262 29271 I manager.flutter: Background concurrent mark compact GC freed 9891442(205MB) AllocSpace objects, 1(180KB) LOS objects, 7% free, 306MB/330MB, paused 487us,3.659ms total 1.164s
09-23 14:18:25.236 29262 10291 I manager.flutter: WaitForGcToComplete blocked Alloc on Background for 838.960ms
09-23 14:18:25.236 29262 10291 I manager.flutter: Starting a blocking GC Alloc
09-23 14:18:25.236 29262 10293 I manager.flutter: WaitForGcToComplete blocked Alloc on Background for 838.891ms
09-23 14:18:25.236 29262 10293 I manager.flutter: Starting a blocking GC Alloc
09-23 14:18:25.236 29262 10292 I manager.flutter: WaitForGcToComplete blocked Alloc on Background for 839.311ms
09-23 14:18:25.236 29262 10292 I manager.flutter: Starting a blocking GC Alloc
09-23 14:18:25.237 29262 10290 I manager.flutter: WaitForGcToComplete blocked Alloc on Background for 839.607ms
09-23 14:18:25.237 29262 10290 I manager.flutter: Starting a blocking GC Alloc
09-23 14:18:25.533 29262 10290 I manager.flutter: Waiting for a blocking GC Alloc
09-23 14:18:25.533 29262 10292 I manager.flutter: Waiting for a blocking GC Alloc
09-23 14:18:25.533 29262 10291 I manager.flutter: Waiting for a blocking GC Alloc
09-23 14:18:25.533 29262 10293 I manager.flutter: Waiting for a blocking GC Alloc
09-23 14:18:26.308 29262 29271 I manager.flutter: Background concurrent mark compact GC freed 10244949(204MB) AllocSpace objects, 0(0B) LOS objects, 7% free, 307MB/331MB, paused 394us,3.505ms total 1.039s
09-23 14:18:26.308 29262 10290 I manager.flutter: WaitForGcToComplete blocked Alloc on Background for 774.796ms
09-23 14:18:26.308 29262 10290 I manager.flutter: Starting a blocking GC Alloc
09-23 14:18:26.308 29262 10292 I manager.flutter: WaitForGcToComplete blocked Alloc on Background for 775.140ms
09-23 14:18:26.308 29262 10292 I manager.flutter: Starting a blocking GC Alloc
09-23 14:18:26.308 29262 10291 I manager.flutter: WaitForGcToComplete blocked Alloc on Background for 775.157ms
09-23 14:18:26.308 29262 10291 I manager.flutter: Starting a blocking GC Alloc
09-23 14:18:26.308 29262 10293 I manager.flutter: WaitForGcToComplete blocked Alloc on Background for 775.189ms
09-23 14:18:26.308 29262 10293 I manager.flutter: Starting a blocking GC Alloc
09-23 14:18:26.594 29262 10291 I manager.flutter: Waiting for a blocking GC Alloc
09-23 14:18:26.594 29262 10292 I manager.flutter: Waiting for a blocking GC Alloc
09-23 14:18:26.594 29262 10290 I manager.flutter: Waiting for a blocking GC Alloc
09-23 14:18:26.594 29262 10293 I manager.flutter: Waiting for a blocking GC Alloc
09-23 14:18:27.542 29262 29271 I manager.flutter: Background concurrent mark compact GC freed 9904315(200MB) AllocSpace objects, 0(0B) LOS objects, 7% free, 311MB/335MB, paused 437us,3.492ms total 1.197s
09-23 14:18:27.542 29262 10291 I manager.flutter: WaitForGcToComplete blocked Alloc on Background for 948.456ms
09-23 14:18:27.542 29262 10291 I manager.flutter: Starting a blocking GC Alloc
09-23 14:18:27.543 29262 10292 I manager.flutter: WaitForGcToComplete blocked Alloc on Background for 948.809ms
09-23 14:18:27.543 29262 10292 I manager.flutter: Starting a blocking GC Alloc
09-23 14:18:27.543 29262 10290 I manager.flutter: WaitForGcToComplete blocked Alloc on Background for 948.877ms
09-23 14:18:27.543 29262 10290 I manager.flutter: Starting a blocking GC Alloc
09-23 14:18:27.543 29262 10293 I manager.flutter: WaitForGcToComplete blocked Alloc on Background for 948.934ms
09-23 14:18:27.543 29262 10293 I manager.flutter: Starting a blocking GC Alloc
09-23 14:18:27.803 29262 10293 I manager.flutter: Waiting for a blocking GC Alloc
09-23 14:18:27.803 29262 10291 I manager.flutter: Waiting for a blocking GC Alloc
09-23 14:18:27.803 29262 10290 I manager.flutter: Waiting for a blocking GC Alloc
09-23 14:18:27.803 29262 10292 I manager.flutter: Waiting for a blocking GC Alloc
09-23 14:18:28.693 29262 29271 I manager.flutter: Background concurrent mark compact GC freed 10010503(200MB) AllocSpace objects, 0(0B) LOS objects, 7% free, 311MB/335MB, paused 360us,3.501ms total 1.119s
09-23 14:18:28.694 29262 10293 I manager.flutter: WaitForGcToComplete blocked Alloc on Background for 890.963ms
09-23 14:18:28.694 29262 10293 I manager.flutter: Starting a blocking GC Alloc
09-23 14:18:28.694 29262 10291 I manager.flutter: WaitForGcToComplete blocked Alloc on Background for 891.272ms
09-23 14:18:28.694 29262 10291 I manager.flutter: Starting a blocking GC Alloc
09-23 14:18:28.694 29262 10290 I manager.flutter: WaitForGcToComplete blocked Alloc on Background for 891.344ms
09-23 14:18:28.694 29262 10290 I manager.flutter: Starting a blocking GC Alloc
09-23 14:18:28.694 29262 10292 I manager.flutter: WaitForGcToComplete blocked Alloc on Background for 891.717ms
09-23 14:18:28.695 29262 10292 I manager.flutter: Starting a blocking GC Alloc
09-23 14:18:28.977 29262 10292 I manager.flutter: Waiting for a blocking GC Alloc
09-23 14:18:28.977 29262 10293 I manager.flutter: Waiting for a blocking GC Alloc
09-23 14:18:28.977 29262 10290 I manager.flutter: Waiting for a blocking GC Alloc
09-23 14:18:28.978 29262 10291 I manager.flutter: Waiting for a blocking GC Alloc
09-23 14:18:29.122 29262 29438 I manager.flutter: Waiting for a blocking GC Alloc
09-23 14:18:29.186 29262 30147 I manager.flutter: Waiting for a blocking GC Alloc
09-23 14:18:30.585 29262 29271 I manager.flutter: Background concurrent mark compact GC freed 9810885(197MB) AllocSpace objects, 1(260KB) LOS objects, 7% free, 313MB/337MB, paused 1.199ms,11.512ms total 1.859s
09-23 14:18:30.585 29262 10292 I manager.flutter: WaitForGcToComplete blocked Alloc on Background for 1.608s
09-23 14:18:30.585 29262 10292 I manager.flutter: Starting a blocking GC Alloc
09-23 14:18:30.585 29262 10293 I manager.flutter: WaitForGcToComplete blocked Alloc on Background for 1.608s
09-23 14:18:30.585 29262 10293 I manager.flutter: Starting a blocking GC Alloc
09-23 14:18:30.585 29262 10290 I manager.flutter: WaitForGcToComplete blocked Alloc on Background for 1.608s
09-23 14:18:30.585 29262 10290 I manager.flutter: Starting a blocking GC Alloc
09-23 14:18:30.586 29262 10291 I manager.flutter: WaitForGcToComplete blocked Alloc on Background for 1.608s
09-23 14:18:30.586 29262 10291 I manager.flutter: Starting a blocking GC Alloc
09-23 14:18:30.590 29262 29438 I manager.flutter: WaitForGcToComplete blocked Alloc on Background for 1.468s
09-23 14:18:30.590 29262 29438 I manager.flutter: Starting a blocking GC Alloc
09-23 14:18:30.591 29262 30147 I manager.flutter: WaitForGcToComplete blocked Alloc on Background for 1.404s
09-23 14:18:30.591 29262 30147 I manager.flutter: Starting a blocking GC Alloc
09-23 14:18:31.801 29262 10292 I manager.flutter: Waiting for a blocking GC Alloc
09-23 14:18:31.801 29262 10293 I manager.flutter: Waiting for a blocking GC Alloc
09-23 14:18:32.813 29262 29271 I manager.flutter: Background concurrent mark compact GC freed 9532083(195MB) AllocSpace objects, 3(780KB) LOS objects, 7% free, 315MB/339MB, paused 7.559ms,9.111ms total 2.137s
09-23 14:18:32.814 29262 10292 I manager.flutter: WaitForGcToComplete blocked Alloc on Background for 1.012s
09-23 14:18:32.814 29262 10292 I manager.flutter: Starting a blocking GC Alloc
09-23 14:18:32.814 29262 10293 I manager.flutter: WaitForGcToComplete blocked Alloc on Background for 1.012s
09-23 14:18:32.814 29262 10293 I manager.flutter: Starting a blocking GC Alloc
09-23 14:18:32.814 29262 10291 W manager.flutter: Long monitor contention with owner pool-11-thread-3 (10292) at boolean com.android.internal.compat.ChangeReporter.isAlreadyReported(int, com.android.internal.compat.ChangeReporter$ChangeReport)(ChangeReporter.java:149) waiters=1 in boolean com.android.internal.compat.ChangeReporter.isAlreadyReported(int, com.android.internal.compat.ChangeReporter$ChangeReport) for 1.014s
09-23 14:18:33.711 29262 10291 I manager.flutter: Waiting for a blocking GC Alloc
09-23 14:18:33.711 29262 10292 I manager.flutter: Waiting for a blocking GC Alloc
09-23 14:18:33.711 29262 10290 I manager.flutter: Waiting for a blocking GC Alloc
09-23 14:18:33.712 29262 10293 I manager.flutter: Waiting for a blocking GC Alloc
09-23 14:18:34.131 29262 29271 I manager.flutter: Background concurrent mark compact GC freed 9799365(195MB) AllocSpace objects, 0(0B) LOS objects, 7% free, 316MB/340MB, paused 361us,4.783ms total 1.202s
09-23 14:18:34.131 29262 10291 I manager.flutter: WaitForGcToComplete blocked Alloc on Background for 420.356ms
09-23 14:18:34.131 29262 10291 I manager.flutter: Starting a blocking GC Alloc
09-23 14:18:34.131 29262 10292 I manager.flutter: WaitForGcToComplete blocked Alloc on Background for 420.126ms
09-23 14:18:34.131 29262 10292 I manager.flutter: Starting a blocking GC Alloc
09-23 14:18:34.138 29262 10290 I manager.flutter: WaitForGcToComplete blocked Alloc on Background for 426.863ms
09-23 14:18:34.138 29262 10290 I manager.flutter: Starting a blocking GC Alloc
09-23 14:18:34.139 29262 10293 I manager.flutter: WaitForGcToComplete blocked Alloc on Background for 427.090ms
09-23 14:18:34.139 29262 10293 I manager.flutter: Starting a blocking GC Alloc
09-23 14:18:34.637 29262 10291 I manager.flutter: Waiting for a blocking GC Alloc
09-23 14:18:34.637 29262 10290 I manager.flutter: Waiting for a blocking GC Alloc
09-23 14:18:34.637 29262 10292 I manager.flutter: Waiting for a blocking GC Alloc
09-23 14:18:34.638 29262 10293 I manager.flutter: Waiting for a blocking GC Alloc
09-23 14:18:35.797 29262 29271 I manager.flutter: Background concurrent mark compact GC freed 9412735(193MB) AllocSpace objects, 4(272KB) LOS objects, 7% free, 318MB/342MB, paused 289us,3.595ms total 1.612s
09-23 14:18:35.798 29262 10291 I manager.flutter: WaitForGcToComplete blocked Alloc on Background for 1.160s
09-23 14:18:35.798 29262 10291 I manager.flutter: Starting a blocking GC Alloc
09-23 14:18:35.798 29262 10290 I manager.flutter: WaitForGcToComplete blocked Alloc on Background for 1.160s
09-23 14:18:35.798 29262 10290 I manager.flutter: Starting a blocking GC Alloc
09-23 14:18:35.798 29262 10292 I manager.flutter: WaitForGcToComplete blocked Alloc on Background for 1.160s
09-23 14:18:35.798 29262 10292 I manager.flutter: Starting a blocking GC Alloc
09-23 14:18:35.802 29262 10293 I manager.flutter: WaitForGcToComplete blocked Alloc on Background for 1.164s
09-23 14:18:35.802 29262 10293 I manager.flutter: Starting a blocking GC Alloc
09-23 14:18:36.255 29262 10290 I manager.flutter: Waiting for a blocking GC Alloc
09-23 14:18:36.255 29262 10293 I manager.flutter: Waiting for a blocking GC Alloc
09-23 14:18:36.255 29262 10291 I manager.flutter: Waiting for a blocking GC Alloc
09-23 14:18:36.255 29262 10292 I manager.flutter: Waiting for a blocking GC Alloc
09-23 14:18:36.789 29262 29271 I manager.flutter: Background concurrent mark compact GC freed 9095567(191MB) AllocSpace objects, 0(0B) LOS objects, 6% free, 320MB/344MB, paused 287us,3.314ms total 952.445ms
09-23 14:18:36.789 29262 10290 I manager.flutter: WaitForGcToComplete blocked Alloc on Background for 534.113ms
09-23 14:18:36.789 29262 10290 I manager.flutter: Starting a blocking GC Alloc
09-23 14:18:36.789 29262 10293 I manager.flutter: WaitForGcToComplete blocked Alloc on Background for 533.908ms
09-23 14:18:36.789 29262 10293 I manager.flutter: Starting a blocking GC Alloc
09-23 14:18:36.789 29262 10291 I manager.flutter: WaitForGcToComplete blocked Alloc on Background for 533.924ms
09-23 14:18:36.789 29262 10291 I manager.flutter: Starting a blocking GC Alloc
09-23 14:18:36.789 29262 10292 I manager.flutter: WaitForGcToComplete blocked Alloc on Background for 533.970ms
09-23 14:18:36.789 29262 10292 I manager.flutter: Starting a blocking GC Alloc
09-23 14:18:37.129 29262 10290 I manager.flutter: Waiting for a blocking GC Alloc
09-23 14:18:37.129 29262 10293 I manager.flutter: Waiting for a blocking GC Alloc
09-23 14:18:37.130 29262 10292 I manager.flutter: Waiting for a blocking GC Alloc
09-23 14:18:37.130 29262 10291 I manager.flutter: Waiting for a blocking GC Alloc
09-23 14:18:38.075 29262 29271 I manager.flutter: Background concurrent mark compact GC freed 8896971(189MB) AllocSpace objects, 0(0B) LOS objects, 6% free, 322MB/346MB, paused 290us,3.230ms total 1.251s
09-23 14:18:38.075 29262 10290 I manager.flutter: WaitForGcToComplete blocked Alloc on Background for 946.121ms
09-23 14:18:38.075 29262 10290 I manager.flutter: Starting a blocking GC Alloc
09-23 14:18:38.075 29262 10292 I manager.flutter: Waiting for a blocking GC Alloc
09-23 14:18:38.075 29262 10291 I manager.flutter: Waiting for a blocking GC Alloc
09-23 14:18:38.075 29262 10293 I manager.flutter: WaitForGcToComplete blocked Alloc on HeapTrim for 946.418ms
09-23 14:18:38.075 29262 10293 I manager.flutter: Starting a blocking GC Alloc
09-23 14:18:38.075 29262 10292 I manager.flutter: WaitForGcToComplete blocked Alloc on HeapTrim for 946.196ms
09-23 14:18:38.076 29262 10292 I manager.flutter: Starting a blocking GC Alloc
09-23 14:18:38.076 29262 10291 I manager.flutter: WaitForGcToComplete blocked Alloc on HeapTrim for 945.601ms
09-23 14:18:38.076 29262 10291 I manager.flutter: Starting a blocking GC Alloc
09-23 14:18:38.452 29262 10290 I manager.flutter: Waiting for a blocking GC Alloc
09-23 14:18:38.453 29262 10291 I manager.flutter: Waiting for a blocking GC Alloc
09-23 14:18:38.453 29262 10292 I manager.flutter: Waiting for a blocking GC Alloc
09-23 14:18:38.453 29262 10293 I manager.flutter: Waiting for a blocking GC Alloc
09-23 14:18:39.119 29262 29271 I manager.flutter: Background concurrent mark compact GC freed 9240995(187MB) AllocSpace objects, 1(16KB) LOS objects, 6% free, 324MB/348MB, paused 282us,3.494ms total 1.004s
09-23 14:18:39.119 29262 10290 I manager.flutter: WaitForGcToComplete blocked Alloc on Background for 666.736ms
09-23 14:18:39.119 29262 10290 I manager.flutter: Starting a blocking GC Alloc
09-23 14:18:39.119 29262 10291 I manager.flutter: WaitForGcToComplete blocked Alloc on Background for 666.716ms
09-23 14:18:39.119 29262 10291 I manager.flutter: Starting a blocking GC Alloc
09-23 14:18:39.119 29262 10292 I manager.flutter: WaitForGcToComplete blocked Alloc on Background for 666.792ms
09-23 14:18:39.119 29262 10292 I manager.flutter: Starting a blocking GC Alloc
09-23 14:18:39.120 29262 10293 I manager.flutter: WaitForGcToComplete blocked Alloc on Background for 666.761ms
09-23 14:18:39.120 29262 10293 I manager.flutter: Starting a blocking GC Alloc
09-23 14:18:39.443 29262 10291 I manager.flutter: Waiting for a blocking GC Alloc
09-23 14:18:39.443 29262 10292 I manager.flutter: Waiting for a blocking GC Alloc
09-23 14:18:39.443 29262 10293 I manager.flutter: Waiting for a blocking GC Alloc
09-23 14:18:39.443 29262 10290 I manager.flutter: Waiting for a blocking GC Alloc
09-23 14:18:40.183 29262 29271 I manager.flutter: Background concurrent mark compact GC freed 9169673(185MB) AllocSpace objects, 0(0B) LOS objects, 6% free, 326MB/350MB, paused 338us,3.431ms total 1.026s
09-23 14:18:40.183 29262 10291 I manager.flutter: WaitForGcToComplete blocked Alloc on Background for 740.099ms
09-23 14:18:40.183 29262 10291 I manager.flutter: Starting a blocking GC Alloc
09-23 14:18:40.183 29262 10292 I manager.flutter: WaitForGcToComplete blocked Alloc on Background for 740.094ms
09-23 14:18:40.183 29262 10292 I manager.flutter: Starting a blocking GC Alloc
09-23 14:18:40.184 29262 10293 I manager.flutter: WaitForGcToComplete blocked Alloc on Background for 740.378ms
09-23 14:18:40.184 29262 10293 I manager.flutter: Starting a blocking GC Alloc
09-23 14:18:40.184 29262 10290 I manager.flutter: WaitForGcToComplete blocked Alloc on Background for 740.536ms
09-23 14:18:40.184 29262 10290 I manager.flutter: Starting a blocking GC Alloc
09-23 14:18:40.438 29262 10292 I manager.flutter: Waiting for a blocking GC Alloc
09-23 14:18:40.438 29262 10293 I manager.flutter: Waiting for a blocking GC Alloc
09-23 14:18:40.439 29262 10290 I manager.flutter: Waiting for a blocking GC Alloc
09-23 14:18:40.439 29262 10291 I manager.flutter: Waiting for a blocking GC Alloc
09-23 14:18:41.295 29262 29271 I manager.flutter: Background concurrent mark compact GC freed 9130992(183MB) AllocSpace objects, 0(0B) LOS objects, 6% free, 328MB/352MB, paused 303us,3.407ms total 1.080s
09-23 14:18:41.296 29262 10292 I manager.flutter: WaitForGcToComplete blocked Alloc on Background for 857.194ms
09-23 14:18:41.296 29262 10292 I manager.flutter: Starting a blocking GC Alloc
09-23 14:18:41.296 29262 10293 I manager.flutter: WaitForGcToComplete blocked Alloc on Background for 857.283ms
09-23 14:18:41.296 29262 10293 I manager.flutter: Starting a blocking GC Alloc
09-23 14:18:41.296 29262 10290 I manager.flutter: WaitForGcToComplete blocked Alloc on Background for 857.529ms
09-23 14:18:41.296 29262 10290 I manager.flutter: Starting a blocking GC Alloc
09-23 14:18:41.296 29262 10291 I manager.flutter: WaitForGcToComplete blocked Alloc on Background for 857.382ms
09-23 14:18:41.296 29262 10291 I manager.flutter: Starting a blocking GC Alloc
09-23 14:18:41.642 29262 10291 I manager.flutter: Waiting for a blocking GC Alloc
09-23 14:18:41.642 29262 10290 I manager.flutter: Waiting for a blocking GC Alloc
09-23 14:18:41.642 29262 10293 I manager.flutter: Waiting for a blocking GC Alloc
09-23 14:18:41.642 29262 10292 I manager.flutter: Waiting for a blocking GC Alloc
09-23 14:18:42.359 29262 29271 I manager.flutter: Background concurrent mark compact GC freed 8924358(181MB) AllocSpace objects, 2(180KB) LOS objects, 6% free, 330MB/354MB, paused 265us,3.351ms total 1.016s
09-23 14:18:42.359 29262 10291 I manager.flutter: WaitForGcToComplete blocked Alloc on Background for 717.324ms
09-23 14:18:42.359 29262 10291 I manager.flutter: Starting a blocking GC Alloc
09-23 14:18:42.360 29262 10290 I manager.flutter: WaitForGcToComplete blocked Alloc on Background for 717.564ms
09-23 14:18:42.360 29262 10290 I manager.flutter: Starting a blocking GC Alloc
09-23 14:18:42.360 29262 10293 I manager.flutter: WaitForGcToComplete blocked Alloc on Background for 717.916ms
09-23 14:18:42.360 29262 10293 I manager.flutter: Starting a blocking GC Alloc
09-23 14:18:42.366 29262 10292 I manager.flutter: WaitForGcToComplete blocked Alloc on Background for 723.834ms
09-23 14:18:42.366 29262 10292 I manager.flutter: Starting a blocking GC Alloc
09-23 14:18:42.600 29262 10291 I manager.flutter: Waiting for a blocking GC Alloc
09-23 14:18:42.601 29262 10292 I manager.flutter: Waiting for a blocking GC Alloc
09-23 14:18:42.601 29262 10290 I manager.flutter: Waiting for a blocking GC Alloc
09-23 14:18:42.601 29262 10293 I manager.flutter: Waiting for a blocking GC Alloc
09-23 14:18:43.526 29262 29271 I manager.flutter: Background concurrent mark compact GC freed 8845402(180MB) AllocSpace objects, 0(0B) LOS objects, 6% free, 331MB/355MB, paused 285us,3.746ms total 1.131s
09-23 14:18:43.527 29262 10291 I manager.flutter: WaitForGcToComplete blocked Alloc on Background for 926.349ms
09-23 14:18:43.527 29262 10291 I manager.flutter: Starting a blocking GC Alloc
09-23 14:18:43.527 29262 10292 I manager.flutter: WaitForGcToComplete blocked Alloc on Background for 926.351ms
09-23 14:18:43.527 29262 10292 I manager.flutter: Starting a blocking GC Alloc
09-23 14:18:43.527 29262 10290 I manager.flutter: WaitForGcToComplete blocked Alloc on Background for 926.694ms
09-23 14:18:43.527 29262 10290 I manager.flutter: Starting a blocking GC Alloc
09-23 14:18:43.527 29262 10293 I manager.flutter: WaitForGcToComplete blocked Alloc on Background for 926.783ms
09-23 14:18:43.528 29262 10293 I manager.flutter: Starting a blocking GC Alloc
09-23 14:18:43.764 29262 10290 I manager.flutter: Waiting for a blocking GC Alloc
09-23 14:18:43.764 29262 10293 I manager.flutter: Waiting for a blocking GC Alloc
09-23 14:18:43.764 29262 10291 I manager.flutter: Waiting for a blocking GC Alloc
09-23 14:18:43.764 29262 10292 I manager.flutter: Waiting for a blocking GC Alloc
09-23 14:18:44.680 29262 29271 I manager.flutter: Background concurrent mark compact GC freed 8749135(178MB) AllocSpace objects, 0(0B) LOS objects, 6% free, 333MB/357MB, paused 288us,3.530ms total 1.118s
09-23 14:18:44.680 29262 10291 I manager.flutter: WaitForGcToComplete blocked Alloc on HeapTrim for 915.581ms
09-23 14:18:44.680 29262 10291 I manager.flutter: Starting a blocking GC Alloc
09-23 14:18:44.680 29262 10292 I manager.flutter: WaitForGcToComplete blocked Alloc on HeapTrim for 915.689ms
09-23 14:18:44.680 29262 10292 I manager.flutter: Starting a blocking GC Alloc
09-23 14:18:44.680 29262 10290 I manager.flutter: WaitForGcToComplete blocked Alloc on HeapTrim for 916.151ms
09-23 14:18:44.680 29262 10290 I manager.flutter: Starting a blocking GC Alloc
09-23 14:18:44.680 29262 10293 I manager.flutter: WaitForGcToComplete blocked Alloc on HeapTrim for 916.016ms
09-23 14:18:44.680 29262 10293 I manager.flutter: Starting a blocking GC Alloc
09-23 14:18:44.924 29262 10290 I manager.flutter: Waiting for a blocking GC Alloc
09-23 14:18:44.924 29262 10291 I manager.flutter: Waiting for a blocking GC Alloc
09-23 14:18:44.924 29262 10293 I manager.flutter: Waiting for a blocking GC Alloc
09-23 14:18:44.924 29262 10292 I manager.flutter: Waiting for a blocking GC Alloc
09-23 14:18:45.827 29262 29271 I manager.flutter: Background concurrent mark compact GC freed 8613295(176MB) AllocSpace objects, 238(4760KB) LOS objects, 6% free, 331MB/355MB, paused 285us,3.620ms total 1.112s
09-23 14:18:45.827 29262 10290 I manager.flutter: WaitForGcToComplete blocked Alloc on Background for 903.759ms
09-23 14:18:45.827 29262 10290 I manager.flutter: Starting a blocking GC Alloc
09-23 14:18:45.828 29262 10291 I manager.flutter: WaitForGcToComplete blocked Alloc on Background for 903.645ms
09-23 14:18:45.828 29262 10291 I manager.flutter: Starting a blocking GC Alloc
09-23 14:18:45.828 29262 10293 I manager.flutter: WaitForGcToComplete blocked Alloc on Background for 903.683ms
09-23 14:18:45.828 29262 10293 I manager.flutter: Starting a blocking GC Alloc
09-23 14:18:45.828 29262 10292 I manager.flutter: WaitForGcToComplete blocked Alloc on Background for 903.704ms
09-23 14:18:45.828 29262 10292 I manager.flutter: Starting a blocking GC Alloc
09-23 14:18:46.170 29262 10293 I manager.flutter: Waiting for a blocking GC Alloc
09-23 14:18:46.170 29262 10292 I manager.flutter: Waiting for a blocking GC Alloc
09-23 14:18:46.170 29262 10290 I manager.flutter: Waiting for a blocking GC Alloc
09-23 14:18:46.211 29262 10291 I manager.flutter: Waiting for a blocking GC Alloc
09-23 14:18:46.954 29262 29271 I manager.flutter: Background concurrent mark compact GC freed 8784433(179MB) AllocSpace objects, 478(9800KB) LOS objects, 6% free, 323MB/347MB, paused 301us,3.555ms total 1.088s
09-23 14:18:46.954 29262 10293 I manager.flutter: WaitForGcToComplete blocked Alloc on Background for 784.769ms
09-23 14:18:46.954 29262 10293 I manager.flutter: Starting a blocking GC Alloc
09-23 14:18:46.955 29262 10292 I manager.flutter: WaitForGcToComplete blocked Alloc on Background for 785.143ms
09-23 14:18:46.955 29262 10292 I manager.flutter: Starting a blocking GC Alloc
09-23 14:18:46.955 29262 10290 I manager.flutter: WaitForGcToComplete blocked Alloc on Background for 785.223ms
09-23 14:18:46.955 29262 10290 I manager.flutter: Starting a blocking GC Alloc
09-23 14:18:46.955 29262 10291 I manager.flutter: WaitForGcToComplete blocked Alloc on Background for 743.782ms
09-23 14:18:46.955 29262 10291 I manager.flutter: Starting a blocking GC Alloc
09-23 14:18:47.343 29262 10290 I manager.flutter: Waiting for a blocking GC Alloc
09-23 14:18:47.343 29262 10291 I manager.flutter: Waiting for a blocking GC Alloc
09-23 14:18:47.343 29262 10292 I manager.flutter: Waiting for a blocking GC Alloc
09-23 14:18:47.353 29262 10293 I manager.flutter: Waiting for a blocking GC Alloc
09-23 14:18:47.793 29262 29271 I manager.flutter: Background concurrent mark compact GC freed 11372599(247MB) AllocSpace objects, 260(8856KB) LOS objects, 8% free, 255MB/279MB, paused 334us,3.474ms total 794.226ms
09-23 14:18:47.793 29262 10290 I manager.flutter: WaitForGcToComplete blocked Alloc on Background for 450.922ms
09-23 14:18:47.793 29262 10290 I manager.flutter: Starting a blocking GC Alloc
09-23 14:18:47.794 29262 10291 I manager.flutter: WaitForGcToComplete blocked Alloc on Background for 451.191ms
09-23 14:18:47.794 29262 10291 I manager.flutter: Starting a blocking GC Alloc
09-23 14:18:47.795 29262 10292 I manager.flutter: WaitForGcToComplete blocked Alloc on Background for 451.766ms
09-23 14:18:47.795 29262 10292 I manager.flutter: Starting a blocking GC Alloc
09-23 14:18:47.802 29262 10293 I manager.flutter: WaitForGcToComplete blocked Alloc on Background for 449.618ms
09-23 14:18:47.802 29262 10293 I manager.flutter: Starting a blocking GC Alloc
09-23 14:18:48.461 29262 29271 I manager.flutter: Background concurrent mark compact GC freed 12166953(250MB) AllocSpace objects, 6(1320KB) LOS objects, 6% free, 359MB/383MB, paused 11.669ms,4.608ms total 629.029ms
09-23 14:18:48.689 29262 10290 I manager.flutter: Waiting for a blocking GC Alloc
09-23 14:18:48.689 29262 10292 I manager.flutter: Waiting for a blocking GC Alloc
09-23 14:18:48.689 29262 10291 I manager.flutter: Waiting for a blocking GC Alloc
09-23 14:18:48.689 29262 10293 I manager.flutter: Waiting for a blocking GC Alloc
09-23 14:18:49.249 29262 29271 I manager.flutter: Background concurrent mark compact GC freed 13064411(259MB) AllocSpace objects, 0(0B) LOS objects, 8% free, 252MB/276MB, paused 445us,3.946ms total 756.603ms
09-23 14:18:49.249 29262 10290 I manager.flutter: WaitForGcToComplete blocked Alloc on Background for 560.393ms
09-23 14:18:49.249 29262 10290 I manager.flutter: Starting a blocking GC Alloc
09-23 14:18:49.249 29262 10292 I manager.flutter: WaitForGcToComplete blocked Alloc on Background for 560.405ms
09-23 14:18:49.249 29262 10292 I manager.flutter: Starting a blocking GC Alloc
09-23 14:18:49.250 29262 10291 I manager.flutter: WaitForGcToComplete blocked Alloc on Background for 560.839ms
09-23 14:18:49.250 29262 10291 I manager.flutter: Starting a blocking GC Alloc
09-23 14:18:49.250 29262 10293 I manager.flutter: WaitForGcToComplete blocked Alloc on Background for 561.063ms
09-23 14:18:49.250 29262 10293 I manager.flutter: Starting a blocking GC Alloc
09-23 14:18:49.797 29262 10290 I manager.flutter: Waiting for a blocking GC Alloc
09-23 14:18:49.797 29262 10293 I manager.flutter: Waiting for a blocking GC Alloc
09-23 14:18:49.797 29262 10291 I manager.flutter: Waiting for a blocking GC Alloc
09-23 14:18:49.797 29262 10292 I manager.flutter: Waiting for a blocking GC Alloc
09-23 14:18:50.405 29262 29271 I manager.flutter: Background concurrent mark compact GC freed 12178880(249MB) AllocSpace objects, 0(0B) LOS objects, 8% free, 262MB/286MB, paused 443us,3.912ms total 1.124s
09-23 14:18:50.406 29262 10290 I manager.flutter: WaitForGcToComplete blocked Alloc on Background for 608.981ms
09-23 14:18:50.406 29262 10290 I manager.flutter: Starting a blocking GC Alloc
09-23 14:18:50.406 29262 10293 I manager.flutter: WaitForGcToComplete blocked Alloc on Background for 609.031ms
09-23 14:18:50.406 29262 10293 I manager.flutter: Starting a blocking GC Alloc
09-23 14:18:50.406 29262 10291 I manager.flutter: WaitForGcToComplete blocked Alloc on Background for 609.150ms
09-23 14:18:50.406 29262 10291 I manager.flutter: Starting a blocking GC Alloc
09-23 14:18:50.411 29262 10292 I manager.flutter: WaitForGcToComplete blocked Alloc on Background for 614.081ms
09-23 14:18:50.411 29262 10292 I manager.flutter: Starting a blocking GC Alloc
09-23 14:18:50.825 29262 10290 I manager.flutter: Waiting for a blocking GC Alloc
09-23 14:18:50.825 29262 10291 I manager.flutter: Waiting for a blocking GC Alloc
09-23 14:18:50.825 29262 10293 I manager.flutter: Waiting for a blocking GC Alloc
09-23 14:18:50.825 29262 10292 I manager.flutter: Waiting for a blocking GC Alloc
09-23 14:18:51.458 29262 29271 I manager.flutter: Background concurrent mark compact GC freed 9813977(212MB) AllocSpace objects, 17(332KB) LOS objects, 7% free, 298MB/322MB, paused 487us,3.695ms total 1.015s
09-23 14:18:51.458 29262 10290 I manager.flutter: WaitForGcToComplete blocked Alloc on HeapTrim for 633.455ms
09-23 14:18:51.458 29262 10290 I manager.flutter: Starting a blocking GC Alloc
09-23 14:18:51.459 29262 10293 I manager.flutter: WaitForGcToComplete blocked Alloc on HeapTrim for 633.493ms
09-23 14:18:51.459 29262 10293 I manager.flutter: Starting a blocking GC Alloc
09-23 14:18:51.459 29262 10291 I manager.flutter: WaitForGcToComplete blocked Alloc on HeapTrim for 633.635ms
09-23 14:18:51.459 29262 10291 I manager.flutter: Starting a blocking GC Alloc
