09-24 19:49:47.909 30270 32751 I manager.flutter: Starting a blocking GC Alloc
09-24 19:49:47.909 30270 32749 I manager.flutter: WaitForGcToComplete blocked Alloc on Background for 358.336ms
09-24 19:49:47.909 30270 32749 I manager.flutter: Starting a blocking GC Alloc
09-24 19:49:47.909 30270 32752 I manager.flutter: WaitForGcToComplete blocked Alloc on Background for 358.174ms
09-24 19:49:47.909 30270 32752 I manager.flutter: Starting a blocking GC Alloc
09-24 19:49:48.441 30270 32752 I manager.flutter: Waiting for a blocking GC Alloc
09-24 19:49:48.712 30270 30281 I manager.flutter: Background concurrent mark compact GC freed 14748236(306MB) AllocSpace objects, 203(4348KB) LOS objects, 10% free, 201MB/225MB, paused 394us,4.504ms total 771.118ms
09-24 19:49:48.712 30270 32752 I manager.flutter: WaitForGcToComplete blocked Alloc on Background for 270.710ms
09-24 19:49:48.712 30270 32752 I manager.flutter: Starting a blocking GC Alloc
09-24 19:49:49.522 30270 30281 I manager.flutter: Background concurrent mark compact GC freed 9271110(193MB) AllocSpace objects, 12(2640KB) LOS objects, 8% free, 255MB/279MB, paused 826us,2.969ms total 745.702ms
09-24 19:49:50.197 30270 30281 I manager.flutter: Background concurrent mark compact GC freed 7741320(159MB) AllocSpace objects, 0(0B) LOS objects, 10% free, 211MB/235MB, paused 563us,2.884ms total 601.965ms
09-24 19:49:50.814 30270 30281 I manager.flutter: Background concurrent mark compact GC freed 6585876(138MB) AllocSpace objects, 220(4400KB) LOS objects, 11% free, 178MB/202MB, paused 212us,1.989ms total 552.487ms
09-24 19:49:55.018 30270 30270 I ViewRootImpl@faa2361[MainActivity]: handleAppVisibility mAppVisible = false visible = true
09-24 19:49:55.018 30270 30270 I ViewRootImpl@faa2361[MainActivity]: stopped(false) old = true
09-24 19:49:55.018 30270 30270 D ViewRootImpl@faa2361[MainActivity]: WindowStopped on app.revanced.manager.flutter/app.revanced.manager.flutter.MainActivity set to false
09-24 19:49:55.020 30270 30270 D SurfaceView@55d75: updateSurface: surface is not valid
09-24 19:49:55.020 30270 30270 I SurfaceView@55d75: releaseSurfaces: viewRoot = ViewRootImpl@faa2361[MainActivity]
09-24 19:49:55.025 30270 30270 I SurfaceView@55d75: onWindowVisibilityChanged(0) false io.flutter.embedding.android.FlutterSurfaceView{55d75 V.E...... ......ID 0,0-1080,2340} of ViewRootImpl@faa2361[MainActivity]
09-24 19:49:55.026 30270 30270 D SurfaceView@55d75: updateSurface: surface is not valid
09-24 19:49:55.026 30270 30270 I SurfaceView@55d75: releaseSurfaces: viewRoot = ViewRootImpl@faa2361[MainActivity]
09-24 19:49:55.037 30270 30270 I BufferQueueProducer: [](id:763e00000004,api:0,p:0,c:30270) setDequeueTimeout:2077252342
09-24 19:49:55.037 30270 30270 I BLASTBufferQueue_Java: new BLASTBufferQueue, mName= ViewRootImpl@faa2361[MainActivity] mNativeObject= 0xb400007957e81630 sc.mNativeObject= 0xb4000079e7e74ed0 caller= android.view.ViewRootImpl.updateBlastSurfaceIfNeeded:3028 android.view.ViewRootImpl.relayoutWindow:10131 android.view.ViewRootImpl.performTraversals:4110 android.view.ViewRootImpl.doTraversal:3288 android.view.ViewRootImpl$TraversalRunnable.run:11344 android.view.Choreographer$CallbackRecord.run:1689 android.view.Choreographer$CallbackRecord.run:1698 android.view.Choreographer.doCallbacks:1153 android.view.Choreographer.doFrame:1079 android.view.Choreographer$FrameDisplayEventReceiver.run:1646
09-24 19:49:55.038 30270 30270 I BLASTBufferQueue_Java: update, w= 1080 h= 2340 mName = ViewRootImpl@faa2361[MainActivity] mNativeObject= 0xb400007957e81630 sc.mNativeObject= 0xb4000079e7e74ed0 format= -3 caller= android.graphics.BLASTBufferQueue.:89 android.view.ViewRootImpl.updateBlastSurfaceIfNeeded:3028 android.view.ViewRootImpl.relayoutWindow:10131 android.view.ViewRootImpl.performTraversals:4110 android.view.ViewRootImpl.doTraversal:3288 android.view.ViewRootImpl$TraversalRunnable.run:11344
09-24 19:49:55.038 30270 30270 I ViewRootImpl@faa2361[MainActivity]: Relayout returned: old=(0,0,1080,2340) new=(0,0,1080,2340) relayoutAsync=false req=(1080,2340)0 dur=11 res=0x403 s={true 0xb400007a47e9af80} ch=true seqId=0
09-24 19:49:55.039 30270 30270 D ViewRootImpl@faa2361[MainActivity]: mThreadedRenderer.initialize() mSurface={isValid=true 0xb400007a47e9af80} hwInitialized=true
09-24 19:49:55.039 30270 30270 I SurfaceView: 351605 Changes: creating=false format=false size=false visible=false alpha=false hint=false visible=false left=false top=false z=false attached=true lifecycleStrategy=false
09-24 19:49:55.040 30270 30270 I SurfaceView@55d75: windowStopped(false) true io.flutter.embedding.android.FlutterSurfaceView{55d75 V.E...... ......ID 0,0-1080,2340} of ViewRootImpl@faa2361[MainActivity]
09-24 19:49:55.040 30270 30270 I SurfaceView: 351605 Changes: creating=true format=false size=false visible=true alpha=false hint=false visible=true left=false top=false z=false attached=true lifecycleStrategy=false
09-24 19:49:55.043 30270 30270 I BufferQueueProducer: [](id:763e00000005,api:0,p:-1,c:30270) setDequeueTimeout:2077252342
09-24 19:49:55.043 30270 30270 I BLASTBufferQueue_Java: update, w= 1080 h= 2340 mName = null mNativeObject= 0xb400007957ed6590 sc.mNativeObject= 0xb4000079e7e7de10 format= 4 caller= android.view.SurfaceView.createBlastSurfaceControls:1517 android.view.SurfaceView.updateSurface:1193 android.view.SurfaceView.setWindowStopped:403 android.view.SurfaceView.surfaceCreated:1994 android.view.ViewRootImpl.notifySurfaceCreated:2945 android.view.ViewRootImpl.performTraversals:4580
09-24 19:49:55.043 30270 30270 I SurfaceView@55d75: 351605 Cur surface: Surface(name=null)/@0xec6e1b1
09-24 19:49:55.044 30270 30270 I SurfaceView@55d75: pST: sr = Rect(0, 0 - 1080, 2340) sw = 1080 sh = 2340
09-24 19:49:55.044 30270 30270 D SurfaceView@55d75: 351605 performSurfaceTransaction RenderWorker position = [0, 0, 1080, 2340] surfaceSize = 1080x2340
09-24 19:49:55.044 30270 30270 I SurfaceView@55d75: updateSurface: mVisible = true mSurface.isValid() = true
09-24 19:49:55.044 30270 30270 I SurfaceView@55d75: updateSurface: mSurfaceCreated = false surfaceChanged = true visibleChanged = true
09-24 19:49:55.044 30270 30270 I SurfaceView: 351605 visibleChanged -- surfaceCreated
09-24 19:49:55.044 30270 30270 I SurfaceView@55d75: surfaceCreated 1 #1 io.flutter.embedding.android.FlutterSurfaceView{55d75 V.E...... ......ID 0,0-1080,2340}
09-24 19:49:55.046 30270 30270 I SurfaceView: 351605 surfaceChanged -- format=4 w=1080 h=2340
09-24 19:49:55.046 30270 30270 I SurfaceView@55d75: surfaceChanged (1080,2340) 1 #1 io.flutter.embedding.android.FlutterSurfaceView{55d75 V.E...... ......ID 0,0-1080,2340}
09-24 19:49:55.053 30270 30270 I SurfaceView: 351605 surfaceRedrawNeeded
09-24 19:49:55.054 30270 30270 I SurfaceView: 351605 finishedDrawing
09-24 19:49:55.055 30270 30270 V SurfaceView@55d75: Layout: x=0 y=0 w=1080 h=2340, frame=Rect(0, 0 - 1080, 2340)
09-24 19:49:55.056 30270 30270 D ViewRootImpl@faa2361[MainActivity]: reportNextDraw android.view.ViewRootImpl.performTraversals:4718 android.view.ViewRootImpl.doTraversal:3288 android.view.ViewRootImpl$TraversalRunnable.run:11344 android.view.Choreographer$CallbackRecord.run:1689 android.view.Choreographer$CallbackRecord.run:1698
09-24 19:49:55.056 30270 30270 I ViewRootImpl@faa2361[MainActivity]: Setup new sync=wmsSync-ViewRootImpl@faa2361[MainActivity]#8
09-24 19:49:55.056 30270 30270 I ViewRootImpl@faa2361[MainActivity]: Creating new active sync group ViewRootImpl@faa2361[MainActivity]#9
09-24 19:49:55.057 30270 30270 I ViewRootImpl@faa2361[MainActivity]: registerCallbacksForSync syncBuffer=false
09-24 19:49:55.061 30270 30296 D SurfaceView: 351605 updateSurfacePosition RenderWorker, frameNr = 1, position = [0, 0, 1080, 2340] surfaceSize = 1080x2340
09-24 19:49:55.061 30270 30296 I SurfaceView@55d75: uSP: rtp = Rect(0, 0 - 1080, 2340) rtsw = 1080 rtsh = 2340
09-24 19:49:55.061 30270 30296 I SurfaceView@55d75: onSSPAndSRT: pl = 0 pt = 0 sx = 1.0 sy = 1.0
09-24 19:49:55.062 30270 30296 I SurfaceView@55d75: aOrMT: ViewRootImpl@faa2361[MainActivity] t = android.view.SurfaceControl$Transaction@2e6ba8 fN = 1 android.view.SurfaceView.-$$Nest$mapplyOrMergeTransaction:0 android.view.SurfaceView$SurfaceViewPositionUpdateListener.positionChanged:1666 android.graphics.RenderNode$CompositePositionUpdateListener.positionChanged:369
09-24 19:49:55.062 30270 30296 I ViewRootImpl@faa2361[MainActivity]: mWNT: t=0xb400007947ec0670 mBlastBufferQueue=0xb400007957e81630 fn= 1 mRenderHdrSdrRatio=1.0 caller= android.view.SurfaceView.applyOrMergeTransaction:1598 android.view.SurfaceView.-$$Nest$mapplyOrMergeTransaction:0 android.view.SurfaceView$SurfaceViewPositionUpdateListener.positionChanged:1666
09-24 19:49:55.063 30270 31228 I ViewRootImpl@faa2361[MainActivity]: Received frameDrawingCallback syncResult=0 frameNum=1.
09-24 19:49:55.063 30270 31228 I ViewRootImpl@faa2361[MainActivity]: mWNT: t=0xb400007947e99bb0 mBlastBufferQueue=0xb400007957e81630 fn= 1 mRenderHdrSdrRatio=1.0 caller= android.view.ViewRootImpl$8.onFrameDraw:13841 android.view.ThreadedRenderer$1.onFrameDraw:792
09-24 19:49:55.063 30270 31228 I ViewRootImpl@faa2361[MainActivity]: Setting up sync and frameCommitCallback
09-24 19:49:55.065 30270 30296 I BLASTBufferQueue: [ViewRootImpl@faa2361[MainActivity]#4](f:0,a:0,s:0) onFrameAvailable the first frame is available
09-24 19:49:55.065 30270 30296 I ViewRootImpl@faa2361[MainActivity]: Received frameCommittedCallback lastAttemptedDrawFrameNum=1 didProduceBuffer=true
09-24 19:49:55.065 30270 30270 I ViewRootImpl@faa2361[MainActivity]: reportDrawFinished seqId=0
09-24 19:49:55.066 30270 30270 I InsetsSourceConsumer: applyRequestedVisibilityToControl: visible=true, type=navigationBars, host=app.revanced.manager.flutter/app.revanced.manager.flutter.MainActivity
09-24 19:49:55.066 30270 30270 I InsetsSourceConsumer: applyRequestedVisibilityToControl: visible=true, type=statusBars, host=app.revanced.manager.flutter/app.revanced.manager.flutter.MainActivity
09-24 19:49:55.068 30270 30307 I BLASTBufferQueue: [SurfaceView[app.revanced.manager.flutter/app.revanced.manager.flutter.MainActivity]@0#5](f:0,a:0,s:0) onFrameAvailable the first frame is available
09-24 19:49:55.082 30270 30270 I ViewRootImpl@faa2361[MainActivity]: handleWindowFocusChanged: 1 0 call from android.view.ViewRootImpl.-$$Nest$mhandleWindowFocusChanged:0
09-24 19:49:55.082 30270 30270 D ViewRootImpl@faa2361[MainActivity]: mThreadedRenderer.initializeIfNeeded()#2 mSurface={isValid=true 0xb400007a47e9af80}
09-24 19:49:55.082 30270 30270 D InputMethodManagerUtils: startInputInner - Id : 0
09-24 19:49:55.082 30270 30270 I InputMethodManager: startInputInner - IInputMethodManagerGlobalInvoker.startInputOrWindowGainedFocus
09-24 19:49:55.097 30270 30270 I InsetsSourceConsumer: applyRequestedVisibilityToControl: visible=false, type=ime, host=app.revanced.manager.flutter/app.revanced.manager.flutter.MainActivity
09-24 19:49:55.100 30270 31536 I ViewRootImpl@faa2361[MainActivity]: Resizing android.view.ViewRootImpl@6a345a0: frame = [0,0][1080,2340] reportDraw = false forceLayout = false syncSeqId = -1
09-24 19:49:55.101 30270 30270 I ViewRootImpl@faa2361[MainActivity]: handleResized, msg = 4 frames=ClientWindowFrames{frame=[0,0][1080,2340] display=[0,0][1080,2340] parentFrame=[0,0][0,0]} forceNextWindowRelayout=false displayId=0 dragResizing=false compatScale=1.0 frameChanged=false attachedFrameChanged=false configChanged=false displayChanged=false compatScaleChanged=false
09-24 19:50:13.757 30270 30281 I manager.flutter: Background concurrent mark compact GC freed 3260964(94MB) AllocSpace objects, 18(1940KB) LOS objects, 13% free, 149MB/173MB, paused 3.554ms,2.081ms total 199.607ms
09-24 19:50:14.202 30270 30281 I manager.flutter: Background concurrent mark compact GC freed 96235(3436KB) AllocSpace objects, 33(29MB) LOS objects, 13% free, 155MB/179MB, paused 74us,1.405ms total 196.374ms
09-24 19:50:14.202 30270 30283 W System : A resource failed to call end.
09-24 19:50:14.508 30270 30281 I manager.flutter: Background concurrent mark compact GC freed 218(224KB) AllocSpace objects, 18(19MB) LOS objects, 12% free, 171MB/195MB, paused 91us,1.375ms total 196.016ms
09-24 19:50:14.508 30270 30283 W System : A resource failed to call end.
09-24 19:50:14.802 30270 30281 I manager.flutter: Background concurrent mark compact GC freed 214(224KB) AllocSpace objects, 18(20MB) LOS objects, 11% free, 186MB/210MB, paused 74us,1.433ms total 196.625ms
09-24 19:50:14.802 30270 30283 W System : A resource failed to call end.
09-24 19:50:15.140 30270 30281 I manager.flutter: Background concurrent mark compact GC freed 280(260KB) AllocSpace objects, 21(30MB) LOS objects, 11% free, 186MB/210MB, paused 87us,1.390ms total 183.867ms
09-24 19:50:15.140 30270 30283 W System : A resource failed to call end.
09-24 19:50:15.526 30270 30281 I manager.flutter: Background concurrent mark compact GC freed 543(436KB) AllocSpace objects, 31(29MB) LOS objects, 10% free, 195MB/219MB, paused 60us,1.329ms total 178.473ms
09-24 19:50:15.526 30270 30283 W System : A resource failed to call end.
09-24 19:50:15.526 30270 30283 W System : A resource failed to call end.
09-24 19:50:15.893 30270 30281 I manager.flutter: Background concurrent mark compact GC freed 1114907(41MB) AllocSpace objects, 25(9236KB) LOS objects, 7% free, 288MB/312MB, paused 3.887ms,1.457ms total 231.677ms
09-24 19:50:15.901 30270 30283 W System : A resource failed to call end.
09-24 19:50:15.901 30270 30283 W System : A resource failed to call end.
09-24 19:50:16.140 30270 30281 I manager.flutter: Background concurrent mark compact GC freed 504582(90MB) AllocSpace objects, 108(78MB) LOS objects, 7% free, 290MB/314MB, paused 334us,1.806ms total 215.925ms
09-24 19:50:16.256 30270 30270 I ViewRootImpl@faa2361[MainActivity]: onDisplayChanged oldDisplayState=2 newDisplayState=2
09-24 19:50:16.336 30270 30270 I ViewRootImpl@faa2361[MainActivity]: onDisplayChanged oldDisplayState=2 newDisplayState=2
09-24 19:50:16.394 30270 30281 I manager.flutter: Background concurrent mark compact GC freed 436772(141MB) AllocSpace objects, 113(10MB) LOS objects, 10% free, 205MB/229MB, paused 141us,1.808ms total 229.146ms
09-24 19:50:16.958 30270 30281 I manager.flutter: Background concurrent mark compact GC freed 1028238(35MB) AllocSpace objects, 77(52MB) LOS objects, 14% free, 145MB/169MB, paused 73us,1.421ms total 224.228ms
09-24 19:50:17.404 30270 30281 I manager.flutter: Background concurrent mark compact GC freed 488426(16MB) AllocSpace objects, 248(23MB) LOS objects, 12% free, 165MB/189MB, paused 67us,1.317ms total 214.127ms
09-24 19:50:17.405 30270 30283 W System : A resource failed to call close.
09-24 19:50:17.405 30270 30283 W System : A resource failed to call close.
09-24 19:50:17.405 30270 30283 W System : A resource failed to call close.
09-24 19:50:17.405 30270 30283 W System : A resource failed to call close.
09-24 19:50:17.405 30270 30283 W System : A resource failed to call close.
09-24 19:50:17.405 30270 30283 W System : A resource failed to call close.
09-24 19:50:17.405 30270 30283 W System : A resource failed to call close.
09-24 19:50:17.405 30270 30283 W System : A resource failed to call close.
09-24 19:50:18.191 30270 30281 I manager.flutter: Background concurrent mark compact GC freed 27272(2525KB) AllocSpace objects, 471(55MB) LOS objects, 14% free, 136MB/160MB, paused 71us,1.395ms total 186.046ms
09-24 19:50:18.458 30270 30281 I manager.flutter: Background concurrent mark compact GC freed 88660(7646KB) AllocSpace objects, 1302(92MB) LOS objects, 9% free, 227MB/251MB, paused 502us,1.365ms total 192.625ms
09-24 19:50:18.656 30270 30281 I manager.flutter: Background concurrent mark compact GC freed 157292(12MB) AllocSpace objects, 2302(151MB) LOS objects, 11% free, 179MB/203MB, paused 665us,1.354ms total 176.180ms
09-24 19:50:18.895 30270 30281 I manager.flutter: Background concurrent mark compact GC freed 739079(35MB) AllocSpace objects, 381(36MB) LOS objects, 7% free, 303MB/327MB, paused 99us,2.141ms total 192.372ms
09-24 19:50:18.899 30270 30283 W System : A resource failed to call end.
09-24 19:50:18.899 30270 30283 W System : A resource failed to call end.
09-24 19:50:19.110 30270 30281 I manager.flutter: Background concurrent mark compact GC freed 41134(3068KB) AllocSpace objects, 277(277MB) LOS objects, 7% free, 309MB/333MB, paused 64us,2.332ms total 205.664ms
09-24 19:50:19.110 30270 30283 W System : A resource failed to call end.
09-24 19:50:19.294 30270 30281 I manager.flutter: Background concurrent mark compact GC freed 1650(352KB) AllocSpace objects, 288(288MB) LOS objects, 13% free, 157MB/181MB, paused 69us,1.802ms total 175.390ms
09-24 19:50:20.853 30270 30270 I BLASTBufferQueue_Java: update, w= 1080 h= 2340 mName = ViewRootImpl@faa2361[MainActivity] mNativeObject= 0xb400007957e81630 sc.mNativeObject= 0xb4000079e7e74ed0 format= -3 caller= android.view.ViewRootImpl.updateBlastSurfaceIfNeeded:3017 android.view.ViewRootImpl.relayoutWindow:10131 android.view.ViewRootImpl.performTraversals:4110 android.view.ViewRootImpl.doTraversal:3288 android.view.ViewRootImpl$TraversalRunnable.run:11344 android.view.Choreographer$CallbackRecord.run:1689
09-24 19:50:20.853 30270 30270 I ViewRootImpl@faa2361[MainActivity]: Relayout returned: old=(0,0,1080,2340) new=(0,0,1080,2340) relayoutAsync=true req=(1080,2340)0 dur=0 res=0x0 s={true 0xb400007a47e9af80} ch=false seqId=0
09-24 19:50:20.853 30270 30270 I ViewRootImpl@faa2361[MainActivity]: updateBoundsLayer: t=android.view.SurfaceControl$Transaction@10d7a44 sc=Surface(name=Bounds for - app.revanced.manager.flutter/app.revanced.manager.flutter.MainActivity@2)/@0xe000f5b frame=2
09-24 19:50:20.854 30270 30270 I ViewRootImpl@faa2361[MainActivity]: registerCallbackForPendingTransactions
09-24 19:50:20.855 30270 31230 I ViewRootImpl@faa2361[MainActivity]: mWNT: t=0xb400007947f12bb0 mBlastBufferQueue=0xb400007957e81630 fn= 2 mRenderHdrSdrRatio=1.0 caller= android.view.ViewRootImpl$6.onFrameDraw:5635 android.view.ViewRootImpl$2.onFrameDraw:2146 android.view.ThreadedRenderer$1.onFrameDraw:792
09-24 19:50:20.869 30270 30281 I manager.flutter: Background concurrent mark compact GC freed 1007464(33MB) AllocSpace objects, 52(40MB) LOS objects, 16% free, 122MB/146MB, paused 272us,1.491ms total 166.841ms
09-24 19:50:40.929 30270 30270 I ViewRootImpl@faa2361[MainActivity]: onDisplayChanged oldDisplayState=2 newDisplayState=2
09-24 19:50:51.150 30270 30270 I ViewRootImpl@faa2361[MainActivity]: onDisplayChanged oldDisplayState=2 newDisplayState=2
09-24 19:50:51.414 30270 30270 I ViewRootImpl@faa2361[MainActivity]: handleAppVisibility mAppVisible = true visible = false
09-24 19:50:51.427 30270 30270 I SurfaceView@55d75: onWindowVisibilityChanged(8) false io.flutter.embedding.android.FlutterSurfaceView{55d75 V.E...... ........ 0,0-1080,2340} of ViewRootImpl@faa2361[MainActivity]
09-24 19:50:51.427 30270 30270 I SurfaceView: 351605 Changes: creating=false format=false size=false visible=true alpha=false hint=false visible=true left=false top=false z=false attached=true lifecycleStrategy=false
09-24 19:50:51.427 30270 30270 I SurfaceView@55d75: 351605 Cur surface: Surface(name=null)/@0xec6e1b1
09-24 19:50:51.428 30270 30270 I SurfaceView: 351605 surfaceDestroyed
09-24 19:50:51.428 30270 30270 I SurfaceView@55d75: surfaceDestroyed callback.size 1 #2 io.flutter.embedding.android.FlutterSurfaceView{55d75 V.E...... ........ 0,0-1080,2340}
09-24 19:50:51.432 30270 30270 I SurfaceView@55d75: updateSurface: mVisible = false mSurface.isValid() = true
09-24 19:50:51.433 30270 30270 I SurfaceView@55d75: releaseSurfaces: viewRoot = ViewRootImpl@faa2361[MainActivity]
09-24 19:50:51.434 30270 30270 V SurfaceView@55d75: Layout: x=0 y=0 w=1080 h=2340, frame=Rect(0, 0 - 1080, 2340)
09-24 19:50:51.434 30270 30270 I ViewRootImpl@faa2361[MainActivity]: destroyHardwareResources: Callers=android.view.ViewRootImpl.performTraversals:3932 android.view.ViewRootImpl.doTraversal:3288 android.view.ViewRootImpl$TraversalRunnable.run:11344 android.view.Choreographer$CallbackRecord.run:1689 android.view.Choreographer$CallbackRecord.run:1698 android.view.Choreographer.doCallbacks:1153 android.view.Choreographer.doFrame:1079 android.view.Choreographer$FrameDisplayEventReceiver.run:1646 android.os.Handler.handleCallback:958 android.os.Handler.dispatchMessage:99
09-24 19:50:51.435 30270 30296 D SurfaceView: 154851236 windowPositionLost, frameNr = 0
09-24 19:50:51.436 30270 30296 D OpenGLRenderer: CacheManager::trimMemory(20)
09-24 19:50:51.446 30270 30270 I ViewRootImpl@faa2361[MainActivity]: Relayout returned: old=(0,0,1080,2340) new=(0,0,1080,2340) relayoutAsync=false req=(1080,2340)8 dur=7 res=0x402 s={false 0x0} ch=true seqId=0
09-24 19:50:51.446 30270 30270 I SurfaceView@55d75: windowStopped(true) false io.flutter.embedding.android.FlutterSurfaceView{55d75 V.E...... ........ 0,0-1080,2340} of ViewRootImpl@faa2361[MainActivity]
09-24 19:50:51.446 30270 30270 D SurfaceView@55d75: updateSurface: surface is not valid
09-24 19:50:51.446 30270 30270 I SurfaceView@55d75: releaseSurfaces: viewRoot = ViewRootImpl@faa2361[MainActivity]
09-24 19:50:51.447 30270 30270 D SurfaceView@55d75: updateSurface: surface is not valid
09-24 19:50:51.447 30270 30270 I SurfaceView@55d75: releaseSurfaces: viewRoot = ViewRootImpl@faa2361[MainActivity]
09-24 19:50:51.449 30270 30296 D OpenGLRenderer: CacheManager::trimMemory(20)
09-24 19:50:51.449 30270 30270 I ViewRootImpl@faa2361[MainActivity]: stopped(true) old = false
09-24 19:50:51.449 30270 30270 D ViewRootImpl@faa2361[MainActivity]: WindowStopped on app.revanced.manager.flutter/app.revanced.manager.flutter.MainActivity set to true
09-24 19:50:51.449 30270 30296 D OpenGLRenderer: CacheManager::trimMemory(20)
09-24 19:50:51.457 30270 30270 D SurfaceView@55d75: updateSurface: surface is not valid
09-24 19:50:51.458 30270 30270 I SurfaceView@55d75: releaseSurfaces: viewRoot = ViewRootImpl@faa2361[MainActivity]
09-24 19:50:51.459 30270 30270 I ViewRootImpl@faa2361[MainActivity]: handleWindowFocusChanged: 0 0 call from android.view.ViewRootImpl.-$$Nest$mhandleWindowFocusChanged:0
09-24 19:50:51.459 30270 30270 I ImeFocusController: onPreWindowFocus: skipped, hasWindowFocus=false mHasImeFocus=true
09-24 19:50:51.459 30270 30270 I ImeFocusController: onPostWindowFocus: skipped, hasWindowFocus=false mHasImeFocus=true
09-24 19:50:51.460 30270 30270 D SurfaceView@55d75: updateSurface: surface is not valid
09-24 19:50:51.460 30270 30270 I SurfaceView@55d75: releaseSurfaces: viewRoot = ViewRootImpl@faa2361[MainActivity]
09-24 19:50:51.460 30270 30270 I ViewRootImpl@faa2361[MainActivity]: onDisplayChanged oldDisplayState=2 newDisplayState=1
09-24 19:50:51.625 30270 30270 I ViewRootImpl@faa2361[MainActivity]: onDisplayChanged oldDisplayState=1 newDisplayState=1
09-24 19:50:51.632 30270 30270 I ViewRootImpl@faa2361[MainActivity]: onDisplayChanged oldDisplayState=1 newDisplayState=1
09-24 19:50:56.405 30270 30270 I ViewRootImpl@faa2361[MainActivity]: stopped(false) old = true
09-24 19:50:56.405 30270 30270 D ViewRootImpl@faa2361[MainActivity]: WindowStopped on app.revanced.manager.flutter/app.revanced.manager.flutter.MainActivity set to false
09-24 19:50:56.407 30270 30315 I ViewRootImpl@faa2361[MainActivity]: Resizing android.view.ViewRootImpl@6a345a0: frame = [0,0][1080,2340] reportDraw = false forceLayout = false syncSeqId = -1
09-24 19:50:56.408 30270 30270 D SurfaceView@55d75: updateSurface: surface is not valid
09-24 19:50:56.408 30270 30270 I SurfaceView@55d75: releaseSurfaces: viewRoot = ViewRootImpl@faa2361[MainActivity]
09-24 19:50:56.411 30270 30270 I ViewRootImpl@faa2361[MainActivity]: handleAppVisibility mAppVisible = false visible = true
09-24 19:50:56.411 30270 30270 I InsetsController: onStateChanged: host=app.revanced.manager.flutter/app.revanced.manager.flutter.MainActivity, from=android.view.ViewRootImpl$ViewRootHandler.handleMessageImpl:7209, state=InsetsState: {mDisplayFrame=Rect(0, 0 - 1080, 2340), mDisplayCutout=DisplayCutout{insets=Rect(0, 74 - 0, 0) waterfall=Insets{left=0, top=0, right=0, bottom=0} boundingRect={Bounds=[Rect(0, 0 - 0, 0), Rect(514, 0 - 566, 74), Rect(0, 0 - 0, 0), Rect(0, 0 - 0, 0)]} cutoutPathParserInfo={CutoutPathParserInfo{displayWidth=1080 displayHeight=2340 physicalDisplayWidth=1080 physicalDisplayHeight=2340 density={2.8125} cutoutSpec={M 0,0 H -9.244444444444444 V 26.31111111111111 H 9.244444444444444 V 0 H 0 Z @dp} rotation={0} scale={1.0} physicalPixelDisplaySizeRatio={1.0}}}}, mRoundedCorners=RoundedCorners{[RoundedCorner{position=TopLeft, radius=101, center=Point(101, 101)}, RoundedCorner{position=TopRight, radius=101, center=Point(979, 101)}, RoundedCorner{position=BottomRight, radius=101, center=Point(979, 2239)}, RoundedCorner{position=BottomLeft, radius=101, center=Point(101, 2239)}]} mRoundedCornerFrame=Rect(0, 0 - 1080, 2340), mPrivacyIndicatorBounds=PrivacyIndicatorBounds {static bounds=Rect(956, 0 - 1080, 74) rotation=0}, mDisplayShape=DisplayShape{ spec=-311912193 displayWidth=1080 displayHeight=2340 physicalPixelDisplaySizeRatio=1.0 rotation=0 offsetX=0 offsetY=0 scale=1.0}, mSources= { InsetsSource: {c07b0000 mType=statusBars mFrame=[0,0][1080,74] mVisible=true mFlags=[]}, InsetsSource: {c07b0005 mType=mandatorySystemGestures mFrame=[0,0][1080,108] mVisible=true mFlags=[]}, InsetsSource: {c07b0006 mType=tappableElement mFrame=[0,0][1080,74] mVisible=true mFlags=[]}, InsetsSource: {e6100001 mType=navigationBars mFrame=[0,0][0,0] mVisible=false mFlags=[SUPPRESS_SCRIM]}, InsetsSource: {e6100004 mType=systemGestures mFrame=[0,0][0,0] mVisible=true mFlags=[]}, InsetsSource: {e6100005 mType=mandatorySystemGestures mFrame=[0,2250][1080,2340] mVisible=true mFlags=[]}, InsetsSource: {e6100006 mType=tappableElement mFrame=[0,0][0,0] mVisible=true mFlags=[]}, InsetsSource: {e6100024 mType=systemGestures mFrame=[0,0][0,0] mVisible=true mFlags=[]}, InsetsSource: {3 mType=ime mFrame=[0,0][0,0] mVisible=false mFlags=[]}, InsetsSource: {27 mType=displayCutout mFrame=[0,0][1080,74] mVisible=true mFlags=[]} }
09-24 19:50:56.412 30270 30270 I InsetsController: onStateChanged: host=app.revanced.manager.flutter/app.revanced.manager.flutter.MainActivity, from=android.view.ViewRootImpl$ViewRootHandler.handleMessageImpl:7196, state=InsetsState: {mDisplayFrame=Rect(0, 0 - 1080, 2340), mDisplayCutout=DisplayCutout{insets=Rect(0, 74 - 0, 0) waterfall=Insets{left=0, top=0, right=0, bottom=0} boundingRect={Bounds=[Rect(0, 0 - 0, 0), Rect(514, 0 - 566, 74), Rect(0, 0 - 0, 0), Rect(0, 0 - 0, 0)]} cutoutPathParserInfo={CutoutPathParserInfo{displayWidth=1080 displayHeight=2340 physicalDisplayWidth=1080 physicalDisplayHeight=2340 density={2.8125} cutoutSpec={M 0,0 H -9.244444444444444 V 26.31111111111111 H 9.244444444444444 V 0 H 0 Z @dp} rotation={0} scale={1.0} physicalPixelDisplaySizeRatio={1.0}}}}, mRoundedCorners=RoundedCorners{[RoundedCorner{position=TopLeft, radius=101, center=Point(101, 101)}, RoundedCorner{position=TopRight, radius=101, center=Point(979, 101)}, RoundedCorner{position=BottomRight, radius=101, center=Point(979, 2239)}, RoundedCorner{position=BottomLeft, radius=101, center=Point(101, 2239)}]} mRoundedCornerFrame=Rect(0, 0 - 1080, 2340), mPrivacyIndicatorBounds=PrivacyIndicatorBounds {static bounds=Rect(956, 0 - 1080, 74) rotation=0}, mDisplayShape=DisplayShape{ spec=-311912193 displayWidth=1080 displayHeight=2340 physicalPixelDisplaySizeRatio=1.0 rotation=0 offsetX=0 offsetY=0 scale=1.0}, mSources= { InsetsSource: {c07b0000 mType=statusBars mFrame=[0,0][1080,74] mVisible=true mFlags=[]}, InsetsSource: {c07b0005 mType=mandatorySystemGestures mFrame=[0,0][1080,108] mVisible=true mFlags=[]}, InsetsSource: {c07b0006 mType=tappableElement mFrame=[0,0][1080,74] mVisible=true mFlags=[]}, InsetsSource: {e6100001 mType=navigationBars mFrame=[0,0][0,0] mVisible=false mFlags=[SUPPRESS_SCRIM]}, InsetsSource: {e6100004 mType=systemGestures mFrame=[0,0][0,0] mVisible=true mFlags=[]}, InsetsSource: {e6100005 mType=mandatorySystemGestures mFrame=[0,2250][1080,2340] mVisible=true mFlags=[]}, InsetsSource: {e6100006 mType=tappableElement mFrame=[0,0][0,0] mVisible=true mFlags=[]}, InsetsSource: {e6100024 mType=systemGestures mFrame=[0,0][0,0] mVisible=true mFlags=[]}, InsetsSource: {3 mType=ime mFrame=[0,0][0,0] mVisible=false mFlags=[]}, InsetsSource: {27 mType=displayCutout mFrame=[0,0][1080,74] mVisible=true mFlags=[]} }
09-24 19:50:56.412 30270 30270 I ViewRootImpl@faa2361[MainActivity]: handleResized, msg = 4 frames=ClientWindowFrames{frame=[0,0][1080,2340] display=[0,0][1080,2340] parentFrame=[0,0][0,0]} forceNextWindowRelayout=false displayId=0 dragResizing=false compatScale=1.0 frameChanged=false attachedFrameChanged=false configChanged=false displayChanged=false compatScaleChanged=false
09-24 19:50:56.430 30270 30270 I SurfaceView@55d75: onWindowVisibilityChanged(0) false io.flutter.embedding.android.FlutterSurfaceView{55d75 V.E...... ......ID 0,0-1080,2340} of ViewRootImpl@faa2361[MainActivity]
09-24 19:50:56.430 30270 30270 D SurfaceView@55d75: updateSurface: surface is not valid
09-24 19:50:56.430 30270 30270 I SurfaceView@55d75: releaseSurfaces: viewRoot = ViewRootImpl@faa2361[MainActivity]
09-24 19:50:56.436 30270 30270 I InsetsController: onStateChanged: host=app.revanced.manager.flutter/app.revanced.manager.flutter.MainActivity, from=android.view.ViewRootImpl.relayoutWindow:10072, state=InsetsState: {mDisplayFrame=Rect(0, 0 - 1080, 2340), mDisplayCutout=DisplayCutout{insets=Rect(0, 74 - 0, 0) waterfall=Insets{left=0, top=0, right=0, bottom=0} boundingRect={Bounds=[Rect(0, 0 - 0, 0), Rect(514, 0 - 566, 74), Rect(0, 0 - 0, 0), Rect(0, 0 - 0, 0)]} cutoutPathParserInfo={CutoutPathParserInfo{displayWidth=1080 displayHeight=2340 physicalDisplayWidth=1080 physicalDisplayHeight=2340 density={2.8125} cutoutSpec={M 0,0 H -9.244444444444444 V 26.31111111111111 H 9.244444444444444 V 0 H 0 Z @dp} rotation={0} scale={1.0} physicalPixelDisplaySizeRatio={1.0}}}}, mRoundedCorners=RoundedCorners{[RoundedCorner{position=TopLeft, radius=101, center=Point(101, 101)}, RoundedCorner{position=TopRight, radius=101, center=Point(979, 101)}, RoundedCorner{position=BottomRight, radius=101, center=Point(979, 2239)}, RoundedCorner{position=BottomLeft, radius=101, center=Point(101, 2239)}]} mRoundedCornerFrame=Rect(0, 0 - 1080, 2340), mPrivacyIndicatorBounds=PrivacyIndicatorBounds {static bounds=Rect(956, 0 - 1080, 74) rotation=0}, mDisplayShape=DisplayShape{ spec=-311912193 displayWidth=1080 displayHeight=2340 physicalPixelDisplaySizeRatio=1.0 rotation=0 offsetX=0 offsetY=0 scale=1.0}, mSources= { InsetsSource: {c07b0000 mType=statusBars mFrame=[0,0][1080,74] mVisible=true mFlags=[]}, InsetsSource: {c07b0005 mType=mandatorySystemGestures mFrame=[0,0][1080,108] mVisible=true mFlags=[]}, InsetsSource: {c07b0006 mType=tappableElement mFrame=[0,0][1080,74] mVisible=true mFlags=[]}, InsetsSource: {e6100001 mType=navigationBars mFrame=[0,0][0,0] mVisible=false mFlags=[SUPPRESS_SCRIM]}, InsetsSource: {e6100004 mType=systemGestures mFrame=[0,0][0,0] mVisible=true mFlags=[]}, InsetsSource: {e6100005 mType=mandatorySystemGestures mFrame=[0,2250][1080,2340] mVisible=true mFlags=[]}, InsetsSource: {e6100006 mType=tappableElement mFrame=[0,0][0,0] mVisible=true mFlags=[]}, InsetsSource: {e6100024 mType=systemGestures mFrame=[0,0][0,0] mVisible=true mFlags=[]}, InsetsSource: {3 mType=ime mFrame=[0,0][0,0] mVisible=false mFlags=[]}, InsetsSource: {27 mType=displayCutout mFrame=[0,0][1080,74] mVisible=true mFlags=[]} }
09-24 19:50:56.437 30270 30270 I BufferQueueProducer: [](id:763e00000006,api:0,p:-1,c:30270) setDequeueTimeout:2077252342
09-24 19:50:56.437 30270 30270 I BLASTBufferQueue_Java: new BLASTBufferQueue, mName= ViewRootImpl@faa2361[MainActivity] mNativeObject= 0xb400007957e81630 sc.mNativeObject= 0xb4000079e7e8ea90 caller= android.view.ViewRootImpl.updateBlastSurfaceIfNeeded:3028 android.view.ViewRootImpl.relayoutWindow:10131 android.view.ViewRootImpl.performTraversals:4110 android.view.ViewRootImpl.doTraversal:3288 android.view.ViewRootImpl$TraversalRunnable.run:11344 android.view.Choreographer$CallbackRecord.run:1689 android.view.Choreographer$CallbackRecord.run:1698 android.view.Choreographer.doCallbacks:1153 android.view.Choreographer.doFrame:1079 android.view.Choreographer$FrameDisplayEventReceiver.run:1646
09-24 19:50:56.437 30270 30270 I BLASTBufferQueue_Java: update, w= 1080 h= 2340 mName = ViewRootImpl@faa2361[MainActivity] mNativeObject= 0xb400007957e81630 sc.mNativeObject= 0xb4000079e7e8ea90 format= -3 caller= android.graphics.BLASTBufferQueue.:89 android.view.ViewRootImpl.updateBlastSurfaceIfNeeded:3028 android.view.ViewRootImpl.relayoutWindow:10131 android.view.ViewRootImpl.performTraversals:4110 android.view.ViewRootImpl.doTraversal:3288 android.view.ViewRootImpl$TraversalRunnable.run:11344
09-24 19:50:56.438 30270 30270 I ViewRootImpl@faa2361[MainActivity]: Relayout returned: old=(0,0,1080,2340) new=(0,0,1080,2340) relayoutAsync=false req=(1080,2340)0 dur=7 res=0x403 s={true 0xb400007a47e9af80} ch=true seqId=0
09-24 19:50:56.439 30270 30270 D ViewRootImpl@faa2361[MainActivity]: mThreadedRenderer.initialize() mSurface={isValid=true 0xb400007a47e9af80} hwInitialized=true
09-24 19:50:56.439 30270 30270 I SurfaceView: 351605 Changes: creating=false format=false size=false visible=false alpha=false hint=false visible=false left=false top=false z=false attached=true lifecycleStrategy=false
09-24 19:50:56.439 30270 30270 I SurfaceView@55d75: windowStopped(false) true io.flutter.embedding.android.FlutterSurfaceView{55d75 V.E...... ......ID 0,0-1080,2340} of ViewRootImpl@faa2361[MainActivity]
09-24 19:50:56.439 30270 30270 I SurfaceView: 351605 Changes: creating=true format=false size=false visible=true alpha=false hint=false visible=true left=false top=false z=false attached=true lifecycleStrategy=false
09-24 19:50:56.440 30270 30270 I BufferQueueProducer: [](id:763e00000007,api:0,p:0,c:30270) setDequeueTimeout:2077252342
09-24 19:50:56.441 30270 30270 I BLASTBufferQueue_Java: update, w= 1080 h= 2340 mName = null mNativeObject= 0xb400007957e91350 sc.mNativeObject= 0xb4000079e7e8a050 format= 4 caller= android.view.SurfaceView.createBlastSurfaceControls:1517 android.view.SurfaceView.updateSurface:1193 android.view.SurfaceView.setWindowStopped:403 android.view.SurfaceView.surfaceCreated:1994 android.view.ViewRootImpl.notifySurfaceCreated:2945 android.view.ViewRootImpl.performTraversals:4580
09-24 19:50:56.441 30270 30270 I SurfaceView@55d75: 351605 Cur surface: Surface(name=null)/@0xec6e1b1
09-24 19:50:56.441 30270 30270 I SurfaceView@55d75: pST: sr = Rect(0, 0 - 1080, 2340) sw = 1080 sh = 2340
09-24 19:50:56.441 30270 30270 D SurfaceView@55d75: 351605 performSurfaceTransaction RenderWorker position = [0, 0, 1080, 2340] surfaceSize = 1080x2340
09-24 19:50:56.441 30270 30270 I SurfaceView@55d75: updateSurface: mVisible = true mSurface.isValid() = true
09-24 19:50:56.441 30270 30270 I SurfaceView@55d75: updateSurface: mSurfaceCreated = false surfaceChanged = true visibleChanged = true
09-24 19:50:56.441 30270 30270 I SurfaceView: 351605 visibleChanged -- surfaceCreated
09-24 19:50:56.441 30270 30270 I SurfaceView@55d75: surfaceCreated 1 #1 io.flutter.embedding.android.FlutterSurfaceView{55d75 V.E...... ......ID 0,0-1080,2340}
09-24 19:50:56.446 30270 30270 I SurfaceView: 351605 surfaceChanged -- format=4 w=1080 h=2340
09-24 19:50:56.446 30270 30270 I SurfaceView@55d75: surfaceChanged (1080,2340) 1 #1 io.flutter.embedding.android.FlutterSurfaceView{55d75 V.E...... ......ID 0,0-1080,2340}
09-24 19:50:56.450 30270 30270 I SurfaceView: 351605 surfaceRedrawNeeded
09-24 19:50:56.450 30270 30270 I SurfaceView: 351605 finishedDrawing
09-24 19:50:56.450 30270 30270 V SurfaceView@55d75: Layout: x=0 y=0 w=1080 h=2340, frame=Rect(0, 0 - 1080, 2340)
09-24 19:50:56.451 30270 30270 D ViewRootImpl@faa2361[MainActivity]: reportNextDraw android.view.ViewRootImpl.performTraversals:4718 android.view.ViewRootImpl.doTraversal:3288 android.view.ViewRootImpl$TraversalRunnable.run:11344 android.view.Choreographer$CallbackRecord.run:1689 android.view.Choreographer$CallbackRecord.run:1698
09-24 19:50:56.451 30270 30270 I ViewRootImpl@faa2361[MainActivity]: Setup new sync=wmsSync-ViewRootImpl@faa2361[MainActivity]#11
09-24 19:50:56.451 30270 30270 I ViewRootImpl@faa2361[MainActivity]: Creating new active sync group ViewRootImpl@faa2361[MainActivity]#12
09-24 19:50:56.451 30270 30270 I ViewRootImpl@faa2361[MainActivity]: registerCallbacksForSync syncBuffer=false
09-24 19:50:56.453 30270 30296 D SurfaceView: 351605 updateSurfacePosition RenderWorker, frameNr = 1, position = [0, 0, 1080, 2340] surfaceSize = 1080x2340
09-24 19:50:56.453 30270 30296 I SurfaceView@55d75: uSP: rtp = Rect(0, 0 - 1080, 2340) rtsw = 1080 rtsh = 2340
09-24 19:50:56.453 30270 30296 I SurfaceView@55d75: onSSPAndSRT: pl = 0 pt = 0 sx = 1.0 sy = 1.0
09-24 19:50:56.455 30270 30296 I SurfaceView@55d75: aOrMT: ViewRootImpl@faa2361[MainActivity] t = android.view.SurfaceControl$Transaction@51f854b fN = 1 android.view.SurfaceView.-$$Nest$mapplyOrMergeTransaction:0 android.view.SurfaceView$SurfaceViewPositionUpdateListener.positionChanged:1666 android.graphics.RenderNode$CompositePositionUpdateListener.positionChanged:369
09-24 19:50:56.455 30270 30296 I ViewRootImpl@faa2361[MainActivity]: mWNT: t=0xb400007947ec79f0 mBlastBufferQueue=0xb400007957e81630 fn= 1 mRenderHdrSdrRatio=1.0 caller= android.view.SurfaceView.applyOrMergeTransaction:1598 android.view.SurfaceView.-$$Nest$mapplyOrMergeTransaction:0 android.view.SurfaceView$SurfaceViewPositionUpdateListener.positionChanged:1666
09-24 19:50:56.456 30270 31228 I ViewRootImpl@faa2361[MainActivity]: Received frameDrawingCallback syncResult=0 frameNum=1.
09-24 19:50:56.456 30270 31228 I ViewRootImpl@faa2361[MainActivity]: mWNT: t=0xb400007947f17f90 mBlastBufferQueue=0xb400007957e81630 fn= 1 mRenderHdrSdrRatio=1.0 caller= android.view.ViewRootImpl$8.onFrameDraw:13841 android.view.ThreadedRenderer$1.onFrameDraw:792
09-24 19:50:56.456 30270 31228 I ViewRootImpl@faa2361[MainActivity]: Setting up sync and frameCommitCallback
09-24 19:50:56.458 30270 30296 I BLASTBufferQueue: [ViewRootImpl@faa2361[MainActivity]#6](f:0,a:0,s:0) onFrameAvailable the first frame is available
09-24 19:50:56.458 30270 30296 I ViewRootImpl@faa2361[MainActivity]: Received frameCommittedCallback lastAttemptedDrawFrameNum=1 didProduceBuffer=true
09-24 19:50:56.460 30270 30270 I ViewRootImpl@faa2361[MainActivity]: reportDrawFinished seqId=0
09-24 19:50:56.461 30270 30288 I ViewRootImpl@faa2361[MainActivity]: Resizing android.view.ViewRootImpl@6a345a0: frame = [0,0][1080,2340] reportDraw = true forceLayout = false syncSeqId = -1
09-24 19:50:56.461 30270 30270 I InsetsController: onStateChanged: host=app.revanced.manager.flutter/app.revanced.manager.flutter.MainActivity, from=android.view.ViewRootImpl$ViewRootHandler.handleMessageImpl:7196, state=InsetsState: {mDisplayFrame=Rect(0, 0 - 1080, 2340), mDisplayCutout=DisplayCutout{insets=Rect(0, 74 - 0, 0) waterfall=Insets{left=0, top=0, right=0, bottom=0} boundingRect={Bounds=[Rect(0, 0 - 0, 0), Rect(514, 0 - 566, 74), Rect(0, 0 - 0, 0), Rect(0, 0 - 0, 0)]} cutoutPathParserInfo={CutoutPathParserInfo{displayWidth=1080 displayHeight=2340 physicalDisplayWidth=1080 physicalDisplayHeight=2340 density={2.8125} cutoutSpec={M 0,0 H -9.244444444444444 V 26.31111111111111 H 9.244444444444444 V 0 H 0 Z @dp} rotation={0} scale={1.0} physicalPixelDisplaySizeRatio={1.0}}}}, mRoundedCorners=RoundedCorners{[RoundedCorner{position=TopLeft, radius=101, center=Point(101, 101)}, RoundedCorner{position=TopRight, radius=101, center=Point(979, 101)}, RoundedCorner{position=BottomRight, radius=101, center=Point(979, 2239)}, RoundedCorner{position=BottomLeft, radius=101, center=Point(101, 2239)}]} mRoundedCornerFrame=Rect(0, 0 - 1080, 2340), mPrivacyIndicatorBounds=PrivacyIndicatorBounds {static bounds=Rect(956, 0 - 1080, 74) rotation=0}, mDisplayShape=DisplayShape{ spec=-311912193 displayWidth=1080 displayHeight=2340 physicalPixelDisplaySizeRatio=1.0 rotation=0 offsetX=0 offsetY=0 scale=1.0}, mSources= { InsetsSource: {c07b0000 mType=statusBars mFrame=[0,0][1080,74] mVisible=true mFlags=[]}, InsetsSource: {c07b0005 mType=mandatorySystemGestures mFrame=[0,0][1080,108] mVisible=true mFlags=[]}, InsetsSource: {c07b0006 mType=tappableElement mFrame=[0,0][1080,74] mVisible=true mFlags=[]}, InsetsSource: {e6100001 mType=navigationBars mFrame=[0,0][0,0] mVisible=true mFlags=[SUPPRESS_SCRIM]}, InsetsSource: {e6100004 mType=systemGestures mFrame=[0,0][0,0] mVisible=true mFlags=[]}, InsetsSource: {e6100005 mType=mandatorySystemGestures mFrame=[0,2250][1080,2340] mVisible=true mFlags=[]}, InsetsSource: {e6100006 mType=tappableElement mFrame=[0,0][0,0] mVisible=true mFlags=[]}, InsetsSource: {e6100024 mType=systemGestures mFrame=[0,0][0,0] mVisible=true mFlags=[]}, InsetsSource: {3 mType=ime mFrame=[0,0][0,0] mVisible=false mFlags=[]}, InsetsSource: {27 mType=displayCutout mFrame=[0,0][1080,74] mVisible=true mFlags=[]} }
09-24 19:50:56.461 30270 30270 I ViewRootImpl@faa2361[MainActivity]: handleResized, msg = 5 frames=ClientWindowFrames{frame=[0,0][1080,2340] display=[0,0][1080,2340] parentFrame=[0,0][0,0]} forceNextWindowRelayout=false displayId=0 dragResizing=false compatScale=1.0 frameChanged=false attachedFrameChanged=false configChanged=false displayChanged=false compatScaleChanged=false
09-24 19:50:56.461 30270 30270 I ViewRootImpl@faa2361[MainActivity]: handleResized mSyncSeqId = 0
09-24 19:50:56.461 30270 30270 D ViewRootImpl@faa2361[MainActivity]: reportNextDraw android.view.ViewRootImpl.handleResized:2530 android.view.ViewRootImpl.-$$Nest$mhandleResized:0 android.view.ViewRootImpl$ViewRootHandler.handleMessageImpl:7197 android.view.ViewRootImpl$ViewRootHandler.handleMessage:7166 android.os.Handler.dispatchMessage:106
09-24 19:50:56.465 30270 30270 I ViewRootImpl@faa2361[MainActivity]: Setup new sync=wmsSync-ViewRootImpl@faa2361[MainActivity]#13
09-24 19:50:56.465 30270 30270 I ViewRootImpl@faa2361[MainActivity]: Creating new active sync group ViewRootImpl@faa2361[MainActivity]#14
09-24 19:50:56.465 30270 30270 I ViewRootImpl@faa2361[MainActivity]: registerCallbacksForSync syncBuffer=false
09-24 19:50:56.465 30270 31230 I ViewRootImpl@faa2361[MainActivity]: Received frameDrawingCallback syncResult=0 frameNum=2.
09-24 19:50:56.465 30270 31230 I ViewRootImpl@faa2361[MainActivity]: mWNT: t=0xb400007947f17490 mBlastBufferQueue=0xb400007957e81630 fn= 2 mRenderHdrSdrRatio=1.0 caller= android.view.ViewRootImpl$8.onFrameDraw:13841 android.view.ThreadedRenderer$1.onFrameDraw:792
09-24 19:50:56.465 30270 31230 I ViewRootImpl@faa2361[MainActivity]: Setting up sync and frameCommitCallback
09-24 19:50:56.466 30270 30296 I ViewRootImpl@faa2361[MainActivity]: Received frameCommittedCallback lastAttemptedDrawFrameNum=2 didProduceBuffer=false
09-24 19:50:56.466 30270 30296 I BLASTBufferQueue_Java: gatherPendingTransactions, mName= ViewRootImpl@faa2361[MainActivity] mNativeObject= 0xb400007957e81630 frameNumber= 2 caller= android.view.ViewRootImpl$8.lambda$onFrameDraw$1:13914 android.view.ViewRootImpl$8.$r8$lambda$6frSHsGsDhUEo8Wl9hChpniTVZ0:0 android.view.ViewRootImpl$8$$ExternalSyntheticLambda1.onFrameCommit:9 android.view.ThreadedRenderer$1.lambda$onFrameDraw$0:804 android.view.ThreadedRenderer$1$$ExternalSyntheticLambda0.onFrameCommit:2
09-24 19:50:56.466 30270 30270 I ViewRootImpl@faa2361[MainActivity]: reportDrawFinished seqId=0
09-24 19:50:56.472 30270 30307 I BLASTBufferQueue: [SurfaceView[app.revanced.manager.flutter/app.revanced.manager.flutter.MainActivity]@0#7](f:0,a:0,s:0) onFrameAvailable the first frame is available
09-24 19:50:56.498 30270 30270 I ViewRootImpl@faa2361[MainActivity]: onDisplayChanged oldDisplayState=1 newDisplayState=2
09-24 19:50:56.536 30270 30270 I InsetsSourceConsumer: applyRequestedVisibilityToControl: visible=true, type=navigationBars, host=app.revanced.manager.flutter/app.revanced.manager.flutter.MainActivity
09-24 19:50:56.537 30270 30270 I InsetsSourceConsumer: applyRequestedVisibilityToControl: visible=true, type=statusBars, host=app.revanced.manager.flutter/app.revanced.manager.flutter.MainActivity
09-24 19:50:56.552 30270 31228 I ViewRootImpl@faa2361[MainActivity]: mWNT: t=0xb400007947f16f10 mBlastBufferQueue=0xb400007957e81630 fn= 2 mRenderHdrSdrRatio=1.0 caller= android.view.SyncRtSurfaceTransactionApplier.applyTransaction:96 android.view.SyncRtSurfaceTransactionApplier.lambda$scheduleApply$0:69 android.view.SyncRtSurfaceTransactionApplier.$r8$lambda$SgowXC58rj3PR958kHUfRgLZmvE:0
09-24 19:50:56.553 30270 30270 I ViewRootImpl: updatePointerIcon pointerType = 1, calling pid = 30270
09-24 19:50:56.559 30270 30270 D InputManagerGlobal: setPointerIconType iconId = 1, callingPid = 30270
09-24 19:50:56.612 30270 30270 I ViewRootImpl@faa2361[MainActivity]: handleWindowFocusChanged: 1 0 call from android.view.ViewRootImpl.-$$Nest$mhandleWindowFocusChanged:0
09-24 19:50:56.612 30270 30270 D ViewRootImpl@faa2361[MainActivity]: mThreadedRenderer.initializeIfNeeded()#2 mSurface={isValid=true 0xb400007a47e9af80}
09-24 19:50:56.613 30270 30270 D InputMethodManagerUtils: startInputInner - Id : 0
09-24 19:50:56.613 30270 30270 I InputMethodManager: startInputInner - IInputMethodManagerGlobalInvoker.startInputOrWindowGainedFocus
09-24 19:50:56.653 30270 30270 I ViewRootImpl@faa2361[MainActivity]: onDisplayChanged oldDisplayState=2 newDisplayState=2
09-24 19:50:56.679 30270 30270 I InsetsSourceConsumer: applyRequestedVisibilityToControl: visible=true, type=navigationBars, host=app.revanced.manager.flutter/app.revanced.manager.flutter.MainActivity
09-24 19:50:56.690 30270 31230 I ViewRootImpl@faa2361[MainActivity]: mWNT: t=0xb400007947f16150 mBlastBufferQueue=0xb400007957e81630 fn= 3 mRenderHdrSdrRatio=1.0 caller= android.view.SyncRtSurfaceTransactionApplier.applyTransaction:96 android.view.SyncRtSurfaceTransactionApplier.lambda$scheduleApply$0:69 android.view.SyncRtSurfaceTransactionApplier.$r8$lambda$SgowXC58rj3PR958kHUfRgLZmvE:0
09-24 19:50:56.717 30270 30270 I ViewRootImpl@faa2361[MainActivity]: onDisplayChanged oldDisplayState=2 newDisplayState=2
09-24 19:50:57.873 30270 30270 I ViewRootImpl@faa2361[MainActivity]: ViewPostIme pointer 0
09-24 19:50:57.903 30270 30270 I ViewRootImpl@faa2361[MainActivity]: ViewPostIme pointer 1
09-24 19:50:58.454 30270 30270 I ViewRootImpl@faa2361[MainActivity]: ViewPostIme pointer 0
09-24 19:50:58.496 30270 30270 I ViewRootImpl@faa2361[MainActivity]: ViewPostIme pointer 1
09-24 19:51:00.367 30270 30270 I ViewRootImpl@faa2361[MainActivity]: onDisplayChanged oldDisplayState=2 newDisplayState=2
09-24 19:51:00.422 30270 30270 I ViewRootImpl@faa2361[MainActivity]: handleWindowFocusChanged: 0 0 call from android.view.ViewRootImpl.-$$Nest$mhandleWindowFocusChanged:0
09-24 19:51:00.422 30270 30270 I ImeFocusController: onPreWindowFocus: skipped, hasWindowFocus=false mHasImeFocus=true
09-24 19:51:00.422 30270 30270 I ImeFocusController: onPostWindowFocus: skipped, hasWindowFocus=false mHasImeFocus=true
09-24 19:51:00.503 30270 30270 I ViewRootImpl@faa2361[MainActivity]: onDisplayChanged oldDisplayState=2 newDisplayState=2
09-24 19:51:01.436 30270 30270 I InsetsSourceConsumer: applyRequestedVisibilityToControl: visible=true, type=navigationBars, host=app.revanced.manager.flutter/app.revanced.manager.flutter.MainActivity
09-24 19:51:01.437 30270 30270 I InsetsSourceConsumer: applyRequestedVisibilityToControl: visible=true, type=statusBars, host=app.revanced.manager.flutter/app.revanced.manager.flutter.MainActivity
09-24 19:51:01.453 30270 30270 I ViewRootImpl@faa2361[MainActivity]: handleWindowFocusChanged: 1 0 call from android.view.ViewRootImpl.-$$Nest$mhandleWindowFocusChanged:0
09-24 19:51:01.453 30270 30270 D ViewRootImpl@faa2361[MainActivity]: mThreadedRenderer.initializeIfNeeded()#2 mSurface={isValid=true 0xb400007a47e9af80}
09-24 19:51:01.454 30270 30270 D InputMethodManagerUtils: startInputInner - Id : 0
09-24 19:51:01.454 30270 30270 I InputMethodManager: startInputInner - IInputMethodManagerGlobalInvoker.startInputOrWindowGainedFocus
09-24 19:51:03.282 30270 31536 I ViewRootImpl@faa2361[MainActivity]: Resizing android.view.ViewRootImpl@6a345a0: frame = [0,0][1080,1159] reportDraw = true forceLayout = false syncSeqId = -1
09-24 19:51:03.284 30270 31536 I ViewRootImpl@faa2361[MainActivity]: Resizing android.view.ViewRootImpl@6a345a0: frame = [0,0][1080,1159] reportDraw = true forceLayout = false syncSeqId = -1
