09-24 19:49:06.925 30270 31228 I ViewRootImpl@faa2361[MainActivity]: mWNT: t=0xb400007947ebd910 mBlastBufferQueue=0xb400007957e81630 fn= 74 mRenderHdrSdrRatio=1.0 caller= android.view.SyncRtSurfaceTransactionApplier.applyTransaction:96 android.view.SyncRtSurfaceTransactionApplier.lambda$scheduleApply$0:69 android.view.SyncRtSurfaceTransactionApplier.$r8$lambda$SgowXC58rj3PR958kHUfRgLZmvE:0
09-24 19:49:06.933 30270 31230 I ViewRootImpl@faa2361[MainActivity]: mWNT: t=0xb400007947e93490 mBlastBufferQueue=0xb400007957e81630 fn= 75 mRenderHdrSdrRatio=1.0 caller= android.view.SyncRtSurfaceTransactionApplier.applyTransaction:96 android.view.SyncRtSurfaceTransactionApplier.lambda$scheduleApply$0:69 android.view.SyncRtSurfaceTransactionApplier.$r8$lambda$SgowXC58rj3PR958kHUfRgLZmvE:0
09-24 19:49:06.942 30270 31228 I ViewRootImpl@faa2361[MainActivity]: mWNT: t=0xb400007947e9bb50 mBlastBufferQueue=0xb400007957e81630 fn= 76 mRenderHdrSdrRatio=1.0 caller= android.view.SyncRtSurfaceTransactionApplier.applyTransaction:96 android.view.SyncRtSurfaceTransactionApplier.lambda$scheduleApply$0:69 android.view.SyncRtSurfaceTransactionApplier.$r8$lambda$SgowXC58rj3PR958kHUfRgLZmvE:0
09-24 19:49:06.950 30270 31230 I ViewRootImpl@faa2361[MainActivity]: mWNT: t=0xb400007947edb4d0 mBlastBufferQueue=0xb400007957e81630 fn= 77 mRenderHdrSdrRatio=1.0 caller= android.view.SyncRtSurfaceTransactionApplier.applyTransaction:96 android.view.SyncRtSurfaceTransactionApplier.lambda$scheduleApply$0:69 android.view.SyncRtSurfaceTransactionApplier.$r8$lambda$SgowXC58rj3PR958kHUfRgLZmvE:0
09-24 19:49:06.958 30270 31228 I ViewRootImpl@faa2361[MainActivity]: mWNT: t=0xb400007947eb3990 mBlastBufferQueue=0xb400007957e81630 fn= 78 mRenderHdrSdrRatio=1.0 caller= android.view.SyncRtSurfaceTransactionApplier.applyTransaction:96 android.view.SyncRtSurfaceTransactionApplier.lambda$scheduleApply$0:69 android.view.SyncRtSurfaceTransactionApplier.$r8$lambda$SgowXC58rj3PR958kHUfRgLZmvE:0
09-24 19:49:06.966 30270 31230 I ViewRootImpl@faa2361[MainActivity]: mWNT: t=0xb400007947ed1810 mBlastBufferQueue=0xb400007957e81630 fn= 79 mRenderHdrSdrRatio=1.0 caller= android.view.SyncRtSurfaceTransactionApplier.applyTransaction:96 android.view.SyncRtSurfaceTransactionApplier.lambda$scheduleApply$0:69 android.view.SyncRtSurfaceTransactionApplier.$r8$lambda$SgowXC58rj3PR958kHUfRgLZmvE:0
09-24 19:49:06.975 30270 31228 I ViewRootImpl@faa2361[MainActivity]: mWNT: t=0xb400007947e8d2f0 mBlastBufferQueue=0xb400007957e81630 fn= 80 mRenderHdrSdrRatio=1.0 caller= android.view.SyncRtSurfaceTransactionApplier.applyTransaction:96 android.view.SyncRtSurfaceTransactionApplier.lambda$scheduleApply$0:69 android.view.SyncRtSurfaceTransactionApplier.$r8$lambda$SgowXC58rj3PR958kHUfRgLZmvE:0
09-24 19:49:06.983 30270 31230 I ViewRootImpl@faa2361[MainActivity]: mWNT: t=0xb400007947ed4db0 mBlastBufferQueue=0xb400007957e81630 fn= 81 mRenderHdrSdrRatio=1.0 caller= android.view.SyncRtSurfaceTransactionApplier.applyTransaction:96 android.view.SyncRtSurfaceTransactionApplier.lambda$scheduleApply$0:69 android.view.SyncRtSurfaceTransactionApplier.$r8$lambda$SgowXC58rj3PR958kHUfRgLZmvE:0
09-24 19:49:06.992 30270 31228 I ViewRootImpl@faa2361[MainActivity]: mWNT: t=0xb400007947ed00b0 mBlastBufferQueue=0xb400007957e81630 fn= 82 mRenderHdrSdrRatio=1.0 caller= android.view.SyncRtSurfaceTransactionApplier.applyTransaction:96 android.view.SyncRtSurfaceTransactionApplier.lambda$scheduleApply$0:69 android.view.SyncRtSurfaceTransactionApplier.$r8$lambda$SgowXC58rj3PR958kHUfRgLZmvE:0
09-24 19:49:07.000 30270 31230 I ViewRootImpl@faa2361[MainActivity]: mWNT: t=0xb400007947e96fb0 mBlastBufferQueue=0xb400007957e81630 fn= 83 mRenderHdrSdrRatio=1.0 caller= android.view.SyncRtSurfaceTransactionApplier.applyTransaction:96 android.view.SyncRtSurfaceTransactionApplier.lambda$scheduleApply$0:69 android.view.SyncRtSurfaceTransactionApplier.$r8$lambda$SgowXC58rj3PR958kHUfRgLZmvE:0
09-24 19:49:07.009 30270 30270 I InsetsController: cancelAnimation: types=ime, animType=1, host=app.revanced.manager.flutter/app.revanced.manager.flutter.MainActivity, from=android.view.InsetsController.notifyFinished:1748 android.view.InsetsAnimationControlImpl.applyChangeInsets:312 android.view.InsetsController.lambda$new$3:918
09-24 19:49:07.009 30270 30270 I ImeTracker: app.revanced.manager.flutter:20034b3a: onRequestHide at ORIGIN_CLIENT_HIDE_SOFT_INPUT reason HIDE_SOFT_INPUT_BY_INSETS_API
09-24 19:49:07.009 30270 30270 I InputMethodManager_LC: notifyImeHidden: IInputMethodManagerGlobalInvoker.hideSoftInput
09-24 19:49:07.010 30270 30270 I ImeTracker: app.revanced.manager.flutter:f90c238: onHidden
09-24 19:49:07.011 30270 31228 I ViewRootImpl@faa2361[MainActivity]: mWNT: t=0xb400007947ed5e30 mBlastBufferQueue=0xb400007957e81630 fn= 84 mRenderHdrSdrRatio=1.0 caller= android.view.SyncRtSurfaceTransactionApplier.applyTransaction:96 android.view.SyncRtSurfaceTransactionApplier.lambda$scheduleApply$0:69 android.view.SyncRtSurfaceTransactionApplier.$r8$lambda$SgowXC58rj3PR958kHUfRgLZmvE:0
09-24 19:49:07.233 30270 30270 I ViewRootImpl@faa2361[MainActivity]: ViewPostIme pointer 0
09-24 19:49:07.280 30270 30270 I ViewRootImpl@faa2361[MainActivity]: ViewPostIme pointer 1
09-24 19:49:07.524 30270 30406 I ViewRootImpl@faa2361[MainActivity]: Resizing android.view.ViewRootImpl@6a345a0: frame = [0,0][1080,2340] reportDraw = false forceLayout = false syncSeqId = -1
09-24 19:49:07.967 30270 30270 I InsetsController: onStateChanged: host=app.revanced.manager.flutter/app.revanced.manager.flutter.MainActivity, from=android.view.ViewRootImpl$ViewRootHandler.handleMessageImpl:7196, state=InsetsState: {mDisplayFrame=Rect(0, 0 - 1080, 2340), mDisplayCutout=DisplayCutout{insets=Rect(0, 74 - 0, 0) waterfall=Insets{left=0, top=0, right=0, bottom=0} boundingRect={Bounds=[Rect(0, 0 - 0, 0), Rect(514, 0 - 566, 74), Rect(0, 0 - 0, 0), Rect(0, 0 - 0, 0)]} cutoutPathParserInfo={CutoutPathParserInfo{displayWidth=1080 displayHeight=2340 physicalDisplayWidth=1080 physicalDisplayHeight=2340 density={2.8125} cutoutSpec={M 0,0 H -9.244444444444444 V 26.31111111111111 H 9.244444444444444 V 0 H 0 Z @dp} rotation={0} scale={1.0} physicalPixelDisplaySizeRatio={1.0}}}}, mRoundedCorners=RoundedCorners{[RoundedCorner{position=TopLeft, radius=101, center=Point(101, 101)}, RoundedCorner{position=TopRight, radius=101, center=Point(979, 101)}, RoundedCorner{position=BottomRight, radius=101, center=Point(979, 2239)}, RoundedCorner{position=BottomLeft, radius=101, center=Point(101, 2239)}]} mRoundedCornerFrame=Rect(0, 0 - 1080, 2340), mPrivacyIndicatorBounds=PrivacyIndicatorBounds {static bounds=Rect(956, 0 - 1080, 74) rotation=0}, mDisplayShape=DisplayShape{ spec=-311912193 displayWidth=1080 displayHeight=2340 physicalPixelDisplaySizeRatio=1.0 rotation=0 offsetX=0 offsetY=0 scale=1.0}, mSources= { InsetsSource: {c07b0000 mType=statusBars mFrame=[0,0][1080,74] mVisible=true mFlags=[]}, InsetsSource: {c07b0005 mType=mandatorySystemGestures mFrame=[0,0][1080,108] mVisible=true mFlags=[]}, InsetsSource: {c07b0006 mType=tappableElement mFrame=[0,0][1080,74] mVisible=true mFlags=[]}, InsetsSource: {e6100001 mType=navigationBars mFrame=[0,0][0,0] mVisible=true mFlags=[SUPPRESS_SCRIM]}, InsetsSource: {e6100004 mType=systemGestures mFrame=[0,0][0,0] mVisible=true mFlags=[]}, InsetsSource: {e6100005 mType=mandatorySystemGestures mFrame=[0,2250][1080,2340] mVisible=true mFlags=[]}, InsetsSource: {e6100006 mType=tappableElement mFrame=[0,0][0,0] mVisible=true mFlags=[]}, InsetsSource: {e6100024 mType=systemGestures mFrame=[0,0][0,0] mVisible=true mFlags=[]}, InsetsSource: {3 mType=ime mFrame=[0,0][0,0] mVisible=false mFlags=[]}, InsetsSource: {27 mType=displayCutout mFrame=[0,0][1080,74] mVisible=true mFlags=[]} }
09-24 19:49:07.968 30270 30270 I ViewRootImpl@faa2361[MainActivity]: handleResized, msg = 4 frames=ClientWindowFrames{frame=[0,0][1080,2340] display=[0,0][1080,2340] parentFrame=[0,0][0,0]} forceNextWindowRelayout=false displayId=0 dragResizing=false compatScale=1.0 frameChanged=false attachedFrameChanged=false configChanged=false displayChanged=false compatScaleChanged=false
09-24 19:49:08.011 30270 30270 I BLASTBufferQueue_Java: update, w= 1080 h= 2340 mName = ViewRootImpl@faa2361[MainActivity] mNativeObject= 0xb400007957e81630 sc.mNativeObject= 0xb4000079e7e74ed0 format= -3 caller= android.view.ViewRootImpl.updateBlastSurfaceIfNeeded:3017 android.view.ViewRootImpl.relayoutWindow:10131 android.view.ViewRootImpl.performTraversals:4110 android.view.ViewRootImpl.doTraversal:3288 android.view.ViewRootImpl$TraversalRunnable.run:11344 android.view.Choreographer$CallbackRecord.run:1689
09-24 19:49:08.011 30270 30270 I ViewRootImpl@faa2361[MainActivity]: Relayout returned: old=(0,0,1080,2340) new=(0,0,1080,2340) relayoutAsync=true req=(1080,2340)0 dur=1 res=0x0 s={true 0xb400007a47e9af80} ch=false seqId=0
09-24 19:49:08.011 30270 30270 I ViewRootImpl@faa2361[MainActivity]: updateBoundsLayer: t=android.view.SurfaceControl$Transaction@10d7a44 sc=Surface(name=Bounds for - app.revanced.manager.flutter/app.revanced.manager.flutter.MainActivity@1)/@0x295f72d frame=85
09-24 19:49:08.011 30270 30270 I ViewRootImpl@faa2361[MainActivity]: registerCallbackForPendingTransactions
09-24 19:49:08.012 30270 31230 I ViewRootImpl@faa2361[MainActivity]: mWNT: t=0xb400007947ee10f0 mBlastBufferQueue=0xb400007957e81630 fn= 85 mRenderHdrSdrRatio=1.0 caller= android.view.ViewRootImpl$6.onFrameDraw:5635 android.view.ViewRootImpl$2.onFrameDraw:2146 android.view.ThreadedRenderer$1.onFrameDraw:792
09-24 19:49:08.014 30270 30270 D CompatibilityChangeReporter: Compat change id reported: 160794467; UID 10813; state: ENABLED
09-24 19:49:08.395 30270 30282 D InputTransport: Input channel destroyed: 'ClientS', fd=140
09-24 19:49:09.276 30270 30281 I manager.flutter: Background concurrent mark compact GC freed 814233(33MB) AllocSpace objects, 0(0B) LOS objects, 28% free, 61MB/85MB, paused 1.575ms,831us total 134.005ms
09-24 19:49:09.515 30270 30281 I manager.flutter: Background concurrent mark compact GC freed 975366(33MB) AllocSpace objects, 0(0B) LOS objects, 23% free, 78MB/102MB, paused 271us,773us total 149.696ms
09-24 19:49:09.656 30270 30283 W System : A resource failed to call close.
09-24 19:49:10.142 30270 30281 I manager.flutter: Background concurrent mark compact GC freed 3338965(72MB) AllocSpace objects, 0(0B) LOS objects, 25% free, 71MB/95MB, paused 4.942ms,1.062ms total 136.354ms
09-24 19:49:10.431 30270 30281 I manager.flutter: Background concurrent mark compact GC freed 4645225(100MB) AllocSpace objects, 0(0B) LOS objects, 20% free, 92MB/116MB, paused 13.574ms,1.261ms total 244.066ms
09-24 19:49:10.741 30270 30281 I manager.flutter: Background concurrent mark compact GC freed 3737451(84MB) AllocSpace objects, 0(0B) LOS objects, 16% free, 119MB/143MB, paused 1.566ms,1.203ms total 263.526ms
09-24 19:49:11.053 30270 30281 I manager.flutter: Background concurrent mark compact GC freed 1336803(43MB) AllocSpace objects, 0(0B) LOS objects, 15% free, 129MB/153MB, paused 996us,1.402ms total 210.491ms
09-24 19:49:11.508 30270 30281 I manager.flutter: Background concurrent mark compact GC freed 1377588(55MB) AllocSpace objects, 0(0B) LOS objects, 13% free, 153MB/177MB, paused 2.762ms,1.194ms total 339.058ms
09-24 19:49:11.957 30270 30281 I manager.flutter: Background concurrent mark compact GC freed 1670943(65MB) AllocSpace objects, 0(0B) LOS objects, 12% free, 173MB/197MB, paused 589us,1.234ms total 331.005ms
09-24 19:49:12.407 30270 30281 I manager.flutter: Background concurrent mark compact GC freed 1271544(52MB) AllocSpace objects, 5(10052KB) LOS objects, 11% free, 187MB/211MB, paused 1.514ms,1.249ms total 337.965ms
09-24 19:49:12.980 30270 30281 I manager.flutter: Background concurrent mark compact GC freed 1987277(77MB) AllocSpace objects, 1(68KB) LOS objects, 10% free, 210MB/234MB, paused 2.215ms,1.534ms total 463.310ms
09-24 19:49:13.732 30270 30281 I manager.flutter: Background concurrent mark compact GC freed 813670(43MB) AllocSpace objects, 5(10MB) LOS objects, 11% free, 193MB/217MB, paused 236us,1.301ms total 377.651ms
09-24 19:49:13.734 30270 30283 W System : A resource failed to call close.
09-24 19:49:14.476 30270 30281 I manager.flutter: Background concurrent mark compact GC freed 922611(50MB) AllocSpace objects, 2(104KB) LOS objects, 10% free, 196MB/220MB, paused 333us,1.312ms total 435.956ms
09-24 19:49:15.253 30270 30281 I manager.flutter: Background concurrent mark compact GC freed 904528(50MB) AllocSpace objects, 3(84KB) LOS objects, 10% free, 196MB/220MB, paused 1.075ms,1.565ms total 504.297ms
09-24 19:49:15.995 30270 30281 I manager.flutter: Background concurrent mark compact GC freed 727981(40MB) AllocSpace objects, 3(116KB) LOS objects, 10% free, 197MB/221MB, paused 321us,1.473ms total 369.212ms
09-24 19:49:16.958 30270 30281 I manager.flutter: Background concurrent mark compact GC freed 865642(45MB) AllocSpace objects, 0(0B) LOS objects, 10% free, 199MB/223MB, paused 587us,1.914ms total 570.697ms
09-24 19:49:17.678 30270 30281 I manager.flutter: Background concurrent mark compact GC freed 786959(43MB) AllocSpace objects, 1(68KB) LOS objects, 10% free, 205MB/229MB, paused 411us,1.398ms total 421.509ms
09-24 19:49:18.458 30270 30281 I manager.flutter: Background concurrent mark compact GC freed 1117587(58MB) AllocSpace objects, 1(16KB) LOS objects, 10% free, 201MB/225MB, paused 367us,1.624ms total 437.726ms
09-24 19:49:18.805 30270 30270 I ViewRootImpl@faa2361[MainActivity]: onDisplayChanged oldDisplayState=2 newDisplayState=2
09-24 19:49:19.272 30270 30281 I manager.flutter: Background concurrent mark compact GC freed 830561(45MB) AllocSpace objects, 3(192KB) LOS objects, 10% free, 200MB/224MB, paused 335us,1.473ms total 431.318ms
09-24 19:49:20.094 30270 30281 I manager.flutter: Background concurrent mark compact GC freed 1540521(68MB) AllocSpace objects, 1(68KB) LOS objects, 9% free, 220MB/244MB, paused 513us,1.571ms total 522.115ms
09-24 19:49:20.895 30270 30281 I manager.flutter: Background concurrent mark compact GC freed 2184254(83MB) AllocSpace objects, 2(32KB) LOS objects, 9% free, 220MB/244MB, paused 133us,1.499ms total 572.950ms
09-24 19:49:21.691 30270 30281 I manager.flutter: Background concurrent mark compact GC freed 2245408(82MB) AllocSpace objects, 0(0B) LOS objects, 9% free, 218MB/242MB, paused 133us,1.675ms total 581.004ms
09-24 19:49:22.315 30270 30281 I manager.flutter: Background concurrent mark compact GC freed 1626974(60MB) AllocSpace objects, 0(0B) LOS objects, 10% free, 206MB/230MB, paused 115us,1.387ms total 385.435ms
09-24 19:49:22.986 30270 30281 I manager.flutter: Background concurrent mark compact GC freed 1295234(48MB) AllocSpace objects, 0(0B) LOS objects, 9% free, 216MB/240MB, paused 117us,1.361ms total 429.139ms
09-24 19:49:23.822 30270 30281 I manager.flutter: Background concurrent mark compact GC freed 2298362(78MB) AllocSpace objects, 0(0B) LOS objects, 9% free, 221MB/245MB, paused 212us,1.541ms total 588.244ms
09-24 19:49:24.480 30270 30281 I manager.flutter: Background concurrent mark compact GC freed 2486698(110MB) AllocSpace objects, 4(108KB) LOS objects, 9% free, 222MB/246MB, paused 134us,1.586ms total 523.651ms
09-24 19:49:24.481 30270 30283 W System : A resource failed to call close.
09-24 19:49:24.921 30270 30270 I ViewRootImpl@faa2361[MainActivity]: onDisplayChanged oldDisplayState=2 newDisplayState=2
09-24 19:49:25.019 30270 30281 I manager.flutter: Background concurrent mark compact GC freed 1978396(91MB) AllocSpace objects, 20(448KB) LOS objects, 9% free, 216MB/240MB, paused 1.661ms,1.796ms total 402.373ms
09-24 19:49:25.103 30270 32513 D CompatibilityChangeReporter: Compat change id reported: 289878283; UID 10813; state: ENABLED
09-24 19:49:25.456 30270 30281 I manager.flutter: Background concurrent mark compact GC freed 5824110(228MB) AllocSpace objects, 96(2544KB) LOS objects, 12% free, 163MB/187MB, paused 292us,1.785ms total 347.216ms
09-24 19:49:25.745 30270 30281 I manager.flutter: Background concurrent mark compact GC freed 71135(223MB) AllocSpace objects, 60(4084KB) LOS objects, 17% free, 112MB/136MB, paused 737us,2.117ms total 262.353ms
09-24 19:49:26.131 30270 30281 I manager.flutter: Background concurrent mark compact GC freed 4520916(95MB) AllocSpace objects, 36(1908KB) LOS objects, 14% free, 144MB/168MB, paused 310us,1.805ms total 289.353ms
09-24 19:49:26.441 30270 30281 I manager.flutter: Background concurrent mark compact GC freed 7133962(142MB) AllocSpace objects, 0(0B) LOS objects, 15% free, 126MB/150MB, paused 260us,2.046ms total 256.874ms
09-24 19:49:26.771 30270 30281 I manager.flutter: Background concurrent mark compact GC freed 6189993(120MB) AllocSpace objects, 0(0B) LOS objects, 13% free, 147MB/171MB, paused 279us,3.278ms total 278.601ms
09-24 19:49:27.089 30270 30281 I manager.flutter: Background concurrent mark compact GC freed 7115454(137MB) AllocSpace objects, 0(0B) LOS objects, 14% free, 147MB/171MB, paused 252us,1.853ms total 263.381ms
09-24 19:49:27.373 30270 30281 I manager.flutter: Background concurrent mark compact GC freed 7043503(138MB) AllocSpace objects, 0(0B) LOS objects, 15% free, 127MB/151MB, paused 254us,1.893ms total 231.017ms
09-24 19:49:27.684 30270 30281 I manager.flutter: Background concurrent mark compact GC freed 5929533(122MB) AllocSpace objects, 7(212KB) LOS objects, 16% free, 124MB/148MB, paused 1.957ms,1.678ms total 257.832ms
09-24 19:49:28.059 30270 30281 I manager.flutter: Background concurrent mark compact GC freed 4612221(109MB) AllocSpace objects, 10(428KB) LOS objects, 12% free, 164MB/188MB, paused 642us,1.954ms total 299.902ms
09-24 19:49:28.421 30270 30281 I manager.flutter: Background concurrent mark compact GC freed 6646082(157MB) AllocSpace objects, 0(0B) LOS objects, 11% free, 177MB/201MB, paused 293us,2.079ms total 309.839ms
09-24 19:49:28.541 30270 30270 I ViewRootImpl@faa2361[MainActivity]: onDisplayChanged oldDisplayState=2 newDisplayState=2
09-24 19:49:28.660 30270 30270 I ViewRootImpl@faa2361[MainActivity]: onDisplayChanged oldDisplayState=2 newDisplayState=2
09-24 19:49:28.760 30270 30281 I manager.flutter: Background concurrent mark compact GC freed 4077835(111MB) AllocSpace objects, 32(768KB) LOS objects, 14% free, 140MB/164MB, paused 526us,1.527ms total 286.158ms
09-24 19:49:29.356 30270 30281 I manager.flutter: Background concurrent mark compact GC freed 8680156(211MB) AllocSpace objects, 65(1300KB) LOS objects, 9% free, 221MB/245MB, paused 16.519ms,3.848ms total 450.684ms
09-24 19:49:29.858 30270 30281 I manager.flutter: Background concurrent mark compact GC freed 15315672(312MB) AllocSpace objects, 1(20KB) LOS objects, 9% free, 241MB/265MB, paused 9.829ms,2.698ms total 471.179ms
09-24 19:49:30.217 30270 32750 I manager.flutter: Waiting for a blocking GC Alloc
09-24 19:49:30.217 30270 32749 I manager.flutter: Waiting for a blocking GC Alloc
09-24 19:49:30.217 30270 32752 I manager.flutter: Waiting for a blocking GC Alloc
09-24 19:49:30.217 30270 32751 I manager.flutter: Waiting for a blocking GC Alloc
09-24 19:49:30.400 30270 30281 I manager.flutter: Background concurrent mark compact GC freed 17797287(361MB) AllocSpace objects, 0(0B) LOS objects, 13% free, 150MB/174MB, paused 12.162ms,2.447ms total 519.525ms
09-24 19:49:30.401 30270 32750 I manager.flutter: WaitForGcToComplete blocked Alloc on Background for 183.436ms
09-24 19:49:30.401 30270 32750 I manager.flutter: Starting a blocking GC Alloc
09-24 19:49:30.401 30270 32749 I manager.flutter: WaitForGcToComplete blocked Alloc on Background for 183.433ms
09-24 19:49:30.401 30270 32749 I manager.flutter: Starting a blocking GC Alloc
09-24 19:49:30.401 30270 32752 I manager.flutter: WaitForGcToComplete blocked Alloc on Background for 183.461ms
09-24 19:49:30.401 30270 32752 I manager.flutter: Starting a blocking GC Alloc
09-24 19:49:30.401 30270 32751 I manager.flutter: WaitForGcToComplete blocked Alloc on Background for 183.383ms
09-24 19:49:30.401 30270 32751 I manager.flutter: Starting a blocking GC Alloc
09-24 19:49:30.859 30270 32751 I manager.flutter: Waiting for a blocking GC Alloc
09-24 19:49:30.859 30270 32749 I manager.flutter: Waiting for a blocking GC Alloc
09-24 19:49:31.057 30270 30281 I manager.flutter: Background concurrent mark compact GC freed 17692432(350MB) AllocSpace objects, 0(0B) LOS objects, 12% free, 161MB/185MB, paused 16.646ms,2.522ms total 625.871ms
09-24 19:49:31.058 30270 32751 I manager.flutter: WaitForGcToComplete blocked Alloc on Background for 198.581ms
09-24 19:49:31.058 30270 32751 I manager.flutter: Starting a blocking GC Alloc
09-24 19:49:31.058 30270 32749 I manager.flutter: WaitForGcToComplete blocked Alloc on Background for 198.506ms
09-24 19:49:31.058 30270 32749 I manager.flutter: Starting a blocking GC Alloc
09-24 19:49:31.061 30270 32752 W manager.flutter: Long monitor contention with owner pool-7-thread-3 (32751) at void com.android.internal.compat.ChangeReporter.markAsReported(int, com.android.internal.compat.ChangeReporter$ChangeReport)(ChangeReporter.java:162) waiters=1 in boolean com.android.internal.compat.ChangeReporter.isAlreadyReported(int, com.android.internal.compat.ChangeReporter$ChangeReport) for 199ms
09-24 19:49:31.713 30270 30281 I manager.flutter: Background concurrent mark compact GC freed 16690710(337MB) AllocSpace objects, 0(0B) LOS objects, 8% free, 256MB/280MB, paused 29.265ms,2.765ms total 622.333ms
09-24 19:49:31.987 30270 32749 I manager.flutter: Waiting for a blocking GC Alloc
09-24 19:49:31.987 30270 32752 I manager.flutter: Waiting for a blocking GC Alloc
09-24 19:49:31.987 30270 32750 I manager.flutter: Waiting for a blocking GC Alloc
09-24 19:49:31.987 30270 32751 I manager.flutter: Waiting for a blocking GC Alloc
09-24 19:49:32.466 30270 30281 I manager.flutter: Background concurrent mark compact GC freed 16303855(329MB) AllocSpace objects, 0(0B) LOS objects, 11% free, 182MB/206MB, paused 328us,2.293ms total 730.219ms
09-24 19:49:32.467 30270 32749 I manager.flutter: WaitForGcToComplete blocked Alloc on Background for 479.472ms
09-24 19:49:32.467 30270 32749 I manager.flutter: Starting a blocking GC Alloc
09-24 19:49:32.467 30270 32752 I manager.flutter: WaitForGcToComplete blocked Alloc on Background for 479.462ms
09-24 19:49:32.467 30270 32752 I manager.flutter: Starting a blocking GC Alloc
09-24 19:49:32.467 30270 32751 I manager.flutter: WaitForGcToComplete blocked Alloc on Background for 479.423ms
09-24 19:49:32.467 30270 32751 I manager.flutter: Starting a blocking GC Alloc
09-24 19:49:32.471 30270 32750 I manager.flutter: WaitForGcToComplete blocked Alloc on Background for 483.349ms
09-24 19:49:32.471 30270 32750 I manager.flutter: Starting a blocking GC Alloc
09-24 19:49:32.933 30270 32750 I manager.flutter: Waiting for a blocking GC Alloc
09-24 19:49:32.933 30270 32752 I manager.flutter: Waiting for a blocking GC Alloc
09-24 19:49:32.933 30270 32749 I manager.flutter: Waiting for a blocking GC Alloc
09-24 19:49:32.933 30270 32751 I manager.flutter: Waiting for a blocking GC Alloc
09-24 19:49:33.212 30270 30281 I manager.flutter: Background concurrent mark compact GC freed 15639097(317MB) AllocSpace objects, 1(180KB) LOS objects, 10% free, 194MB/218MB, paused 8.955ms,2.320ms total 720.719ms
09-24 19:49:33.213 30270 32752 I manager.flutter: WaitForGcToComplete blocked Alloc on Background for 279.451ms
09-24 19:49:33.213 30270 32752 I manager.flutter: Starting a blocking GC Alloc
09-24 19:49:33.213 30270 32750 I manager.flutter: WaitForGcToComplete blocked Alloc on Background for 279.904ms
09-24 19:49:33.213 30270 32750 I manager.flutter: Starting a blocking GC Alloc
09-24 19:49:33.213 30270 32749 I manager.flutter: WaitForGcToComplete blocked Alloc on Background for 279.803ms
09-24 19:49:33.213 30270 32749 I manager.flutter: Starting a blocking GC Alloc
09-24 19:49:33.215 30270 32751 I manager.flutter: WaitForGcToComplete blocked Alloc on Background for 281.234ms
09-24 19:49:33.215 30270 32751 I manager.flutter: Starting a blocking GC Alloc
09-24 19:49:33.569 30270 32749 I manager.flutter: Waiting for a blocking GC Alloc
09-24 19:49:33.569 30270 32751 I manager.flutter: Waiting for a blocking GC Alloc
09-24 19:49:33.569 30270 32752 I manager.flutter: Waiting for a blocking GC Alloc
09-24 19:49:33.569 30270 32750 I manager.flutter: Waiting for a blocking GC Alloc
09-24 19:49:34.089 30270 30281 I manager.flutter: Background concurrent mark compact GC freed 15090027(310MB) AllocSpace objects, 0(0B) LOS objects, 10% free, 201MB/225MB, paused 354us,2.383ms total 851.413ms
09-24 19:49:34.089 30270 32751 I manager.flutter: WaitForGcToComplete blocked Alloc on HeapTrim for 519.540ms
09-24 19:49:34.089 30270 32751 I manager.flutter: Starting a blocking GC Alloc
09-24 19:49:34.089 30270 32750 I manager.flutter: WaitForGcToComplete blocked Alloc on HeapTrim for 519.676ms
09-24 19:49:34.089 30270 32750 I manager.flutter: Starting a blocking GC Alloc
09-24 19:49:34.089 30270 32752 I manager.flutter: WaitForGcToComplete blocked Alloc on HeapTrim for 519.871ms
09-24 19:49:34.089 30270 32752 I manager.flutter: Starting a blocking GC Alloc
09-24 19:49:34.091 30270 32749 I manager.flutter: WaitForGcToComplete blocked Alloc on HeapTrim for 521.665ms
09-24 19:49:34.091 30270 32749 I manager.flutter: Starting a blocking GC Alloc
09-24 19:49:34.410 30270 32750 I manager.flutter: Waiting for a blocking GC Alloc
09-24 19:49:34.410 30270 32752 I manager.flutter: Waiting for a blocking GC Alloc
09-24 19:49:34.410 30270 32749 I manager.flutter: Waiting for a blocking GC Alloc
09-24 19:49:34.410 30270 32751 I manager.flutter: Waiting for a blocking GC Alloc
09-24 19:49:34.933 30270 30281 I manager.flutter: Background concurrent mark compact GC freed 15324715(307MB) AllocSpace objects, 0(0B) LOS objects, 10% free, 204MB/228MB, paused 362us,2.414ms total 818.878ms
09-24 19:49:34.933 30270 32752 I manager.flutter: WaitForGcToComplete blocked Alloc on Background for 522.623ms
09-24 19:49:34.933 30270 32752 I manager.flutter: Starting a blocking GC Alloc
09-24 19:49:34.933 30270 32750 I manager.flutter: WaitForGcToComplete blocked Alloc on Background for 523.027ms
09-24 19:49:34.933 30270 32750 I manager.flutter: Starting a blocking GC Alloc
09-24 19:49:34.933 30270 32749 I manager.flutter: WaitForGcToComplete blocked Alloc on Background for 523.013ms
09-24 19:49:34.933 30270 32749 I manager.flutter: Starting a blocking GC Alloc
09-24 19:49:34.933 30270 32751 I manager.flutter: WaitForGcToComplete blocked Alloc on Background for 522.970ms
09-24 19:49:34.933 30270 32751 I manager.flutter: Starting a blocking GC Alloc
09-24 19:49:35.248 30270 32752 I manager.flutter: Waiting for a blocking GC Alloc
09-24 19:49:35.248 30270 32751 I manager.flutter: Waiting for a blocking GC Alloc
09-24 19:49:35.249 30270 32749 I manager.flutter: Waiting for a blocking GC Alloc
09-24 19:49:35.249 30270 32750 I manager.flutter: Waiting for a blocking GC Alloc
09-24 19:49:35.763 30270 30281 I manager.flutter: Background concurrent mark compact GC freed 15244362(305MB) AllocSpace objects, 1(260KB) LOS objects, 10% free, 206MB/230MB, paused 433us,2.392ms total 801.656ms
09-24 19:49:35.763 30270 32752 I manager.flutter: WaitForGcToComplete blocked Alloc on Background for 514.565ms
09-24 19:49:35.763 30270 32752 I manager.flutter: Starting a blocking GC Alloc
09-24 19:49:35.763 30270 32751 I manager.flutter: WaitForGcToComplete blocked Alloc on Background for 514.884ms
09-24 19:49:35.763 30270 32751 I manager.flutter: Starting a blocking GC Alloc
09-24 19:49:35.763 30270 32749 I manager.flutter: WaitForGcToComplete blocked Alloc on Background for 514.887ms
09-24 19:49:35.764 30270 32749 I manager.flutter: Starting a blocking GC Alloc
09-24 19:49:35.764 30270 32750 I manager.flutter: WaitForGcToComplete blocked Alloc on Background for 515.001ms
09-24 19:49:35.764 30270 32750 I manager.flutter: Starting a blocking GC Alloc
09-24 19:49:36.066 30270 32749 I manager.flutter: Waiting for a blocking GC Alloc
09-24 19:49:36.066 30270 32750 I manager.flutter: Waiting for a blocking GC Alloc
09-24 19:49:36.066 30270 32752 I manager.flutter: Waiting for a blocking GC Alloc
09-24 19:49:36.066 30270 32751 I manager.flutter: Waiting for a blocking GC Alloc
09-24 19:49:36.621 30270 30281 I manager.flutter: Background concurrent mark compact GC freed 14781300(301MB) AllocSpace objects, 3(588KB) LOS objects, 10% free, 209MB/233MB, paused 325us,2.226ms total 833.232ms
09-24 19:49:36.621 30270 32749 I manager.flutter: WaitForGcToComplete blocked Alloc on Background for 555.626ms
09-24 19:49:36.621 30270 32749 I manager.flutter: Starting a blocking GC Alloc
09-24 19:49:36.621 30270 32750 I manager.flutter: WaitForGcToComplete blocked Alloc on Background for 555.779ms
09-24 19:49:36.622 30270 32750 I manager.flutter: Starting a blocking GC Alloc
09-24 19:49:36.622 30270 32752 I manager.flutter: WaitForGcToComplete blocked Alloc on Background for 555.826ms
09-24 19:49:36.622 30270 32752 I manager.flutter: Starting a blocking GC Alloc
09-24 19:49:36.623 30270 32751 I manager.flutter: WaitForGcToComplete blocked Alloc on Background for 556.707ms
09-24 19:49:36.623 30270 32751 I manager.flutter: Starting a blocking GC Alloc
09-24 19:49:37.038 30270 32752 I manager.flutter: Waiting for a blocking GC Alloc
09-24 19:49:37.038 30270 32749 I manager.flutter: Waiting for a blocking GC Alloc
09-24 19:49:37.038 30270 32750 I manager.flutter: Waiting for a blocking GC Alloc
09-24 19:49:37.340 30270 30281 I manager.flutter: Background concurrent mark compact GC freed 14708674(299MB) AllocSpace objects, 2(328KB) LOS objects, 10% free, 211MB/235MB, paused 340us,2.218ms total 689.115ms
09-24 19:49:37.340 30270 32752 I manager.flutter: WaitForGcToComplete blocked Alloc on Background for 301.931ms
09-24 19:49:37.340 30270 32752 I manager.flutter: Starting a blocking GC Alloc
09-24 19:49:37.340 30270 32749 I manager.flutter: WaitForGcToComplete blocked Alloc on Background for 302.249ms
09-24 19:49:37.340 30270 32749 I manager.flutter: Starting a blocking GC Alloc
09-24 19:49:37.340 30270 32750 I manager.flutter: WaitForGcToComplete blocked Alloc on Background for 302.233ms
09-24 19:49:37.340 30270 32750 I manager.flutter: Starting a blocking GC Alloc
09-24 19:49:37.684 30270 32750 I manager.flutter: Waiting for a blocking GC Alloc
09-24 19:49:37.684 30270 32749 I manager.flutter: Waiting for a blocking GC Alloc
09-24 19:49:37.684 30270 32752 I manager.flutter: Waiting for a blocking GC Alloc
09-24 19:49:37.684 30270 32751 I manager.flutter: Waiting for a blocking GC Alloc
09-24 19:49:38.024 30270 30281 I manager.flutter: Background concurrent mark compact GC freed 14613669(297MB) AllocSpace objects, 0(0B) LOS objects, 10% free, 214MB/238MB, paused 302us,2.245ms total 656.031ms
09-24 19:49:38.024 30270 32749 I manager.flutter: WaitForGcToComplete blocked Alloc on Background for 340.338ms
09-24 19:49:38.024 30270 32749 I manager.flutter: Starting a blocking GC Alloc
09-24 19:49:38.024 30270 32750 I manager.flutter: WaitForGcToComplete blocked Alloc on Background for 340.515ms
09-24 19:49:38.024 30270 32750 I manager.flutter: Starting a blocking GC Alloc
09-24 19:49:38.024 30270 32752 I manager.flutter: WaitForGcToComplete blocked Alloc on Background for 340.426ms
09-24 19:49:38.024 30270 32752 I manager.flutter: Starting a blocking GC Alloc
09-24 19:49:38.030 30270 32751 I manager.flutter: WaitForGcToComplete blocked Alloc on Background for 346.355ms
09-24 19:49:38.030 30270 32751 I manager.flutter: Starting a blocking GC Alloc
09-24 19:49:38.314 30270 32751 I manager.flutter: Waiting for a blocking GC Alloc
09-24 19:49:38.314 30270 32749 I manager.flutter: Waiting for a blocking GC Alloc
09-24 19:49:38.314 30270 32750 I manager.flutter: Waiting for a blocking GC Alloc
09-24 19:49:38.314 30270 32752 I manager.flutter: Waiting for a blocking GC Alloc
09-24 19:49:38.804 30270 30281 I manager.flutter: Background concurrent mark compact GC freed 14238800(293MB) AllocSpace objects, 2(136KB) LOS objects, 9% free, 217MB/241MB, paused 286us,2.316ms total 755.796ms
09-24 19:49:38.805 30270 32751 I manager.flutter: WaitForGcToComplete blocked Alloc on Background for 490.707ms
09-24 19:49:38.805 30270 32751 I manager.flutter: Starting a blocking GC Alloc
09-24 19:49:38.805 30270 32749 I manager.flutter: WaitForGcToComplete blocked Alloc on Background for 490.979ms
09-24 19:49:38.805 30270 32749 I manager.flutter: Starting a blocking GC Alloc
09-24 19:49:38.805 30270 32750 I manager.flutter: WaitForGcToComplete blocked Alloc on Background for 491.025ms
09-24 19:49:38.805 30270 32750 I manager.flutter: Starting a blocking GC Alloc
09-24 19:49:38.805 30270 32752 I manager.flutter: WaitForGcToComplete blocked Alloc on Background for 491.107ms
09-24 19:49:38.805 30270 32752 I manager.flutter: Starting a blocking GC Alloc
09-24 19:49:39.084 30270 32750 I manager.flutter: Waiting for a blocking GC Alloc
09-24 19:49:39.084 30270 32751 I manager.flutter: Waiting for a blocking GC Alloc
09-24 19:49:39.084 30270 32752 I manager.flutter: Waiting for a blocking GC Alloc
09-24 19:49:39.084 30270 32749 I manager.flutter: Waiting for a blocking GC Alloc
09-24 19:49:39.585 30270 30281 I manager.flutter: Background concurrent mark compact GC freed 14132212(291MB) AllocSpace objects, 1(16KB) LOS objects, 9% free, 220MB/244MB, paused 279us,2.182ms total 756.157ms
09-24 19:49:39.586 30270 32750 I manager.flutter: WaitForGcToComplete blocked Alloc on Background for 501.824ms
09-24 19:49:39.586 30270 32750 I manager.flutter: Starting a blocking GC Alloc
09-24 19:49:39.586 30270 32751 I manager.flutter: WaitForGcToComplete blocked Alloc on Background for 501.795ms
09-24 19:49:39.586 30270 32751 I manager.flutter: Starting a blocking GC Alloc
09-24 19:49:39.586 30270 32752 I manager.flutter: WaitForGcToComplete blocked Alloc on Background for 501.790ms
09-24 19:49:39.586 30270 32752 I manager.flutter: Starting a blocking GC Alloc
09-24 19:49:39.586 30270 32749 I manager.flutter: WaitForGcToComplete blocked Alloc on Background for 501.816ms
09-24 19:49:39.586 30270 32749 I manager.flutter: Starting a blocking GC Alloc
09-24 19:49:39.874 30270 32752 I manager.flutter: Waiting for a blocking GC Alloc
09-24 19:49:39.874 30270 32751 I manager.flutter: Waiting for a blocking GC Alloc
09-24 19:49:39.874 30270 32750 I manager.flutter: Waiting for a blocking GC Alloc
09-24 19:49:39.874 30270 32749 I manager.flutter: Waiting for a blocking GC Alloc
09-24 19:49:40.374 30270 30281 I manager.flutter: Background concurrent mark compact GC freed 14177569(287MB) AllocSpace objects, 241(4820KB) LOS objects, 9% free, 219MB/243MB, paused 379us,2.225ms total 764.021ms
09-24 19:49:40.374 30270 32751 I manager.flutter: WaitForGcToComplete blocked Alloc on HeapTrim for 500.273ms
09-24 19:49:40.374 30270 32751 I manager.flutter: Starting a blocking GC Alloc
09-24 19:49:40.374 30270 32750 I manager.flutter: WaitForGcToComplete blocked Alloc on HeapTrim for 500.266ms
09-24 19:49:40.374 30270 32750 I manager.flutter: Starting a blocking GC Alloc
09-24 19:49:40.374 30270 32749 I manager.flutter: WaitForGcToComplete blocked Alloc on HeapTrim for 500.378ms
09-24 19:49:40.374 30270 32749 I manager.flutter: Starting a blocking GC Alloc
09-24 19:49:40.374 30270 32752 I manager.flutter: WaitForGcToComplete blocked Alloc on HeapTrim for 500.735ms
09-24 19:49:40.374 30270 32752 I manager.flutter: Starting a blocking GC Alloc
09-24 19:49:40.699 30270 32749 I manager.flutter: Waiting for a blocking GC Alloc
09-24 19:49:40.699 30270 32752 I manager.flutter: Waiting for a blocking GC Alloc
09-24 19:49:40.700 30270 32751 I manager.flutter: Waiting for a blocking GC Alloc
09-24 19:49:40.700 30270 32750 I manager.flutter: Waiting for a blocking GC Alloc
09-24 19:49:41.010 30270 30281 I manager.flutter: Background concurrent mark compact GC freed 15051958(309MB) AllocSpace objects, 6(1320KB) LOS objects, 10% free, 201MB/225MB, paused 296us,2.178ms total 611.287ms
09-24 19:49:41.011 30270 32749 I manager.flutter: WaitForGcToComplete blocked Alloc on Background for 311.269ms
09-24 19:49:41.011 30270 32749 I manager.flutter: Starting a blocking GC Alloc
09-24 19:49:41.011 30270 32752 I manager.flutter: WaitForGcToComplete blocked Alloc on Background for 311.174ms
09-24 19:49:41.011 30270 32752 I manager.flutter: Starting a blocking GC Alloc
09-24 19:49:41.011 30270 32751 I manager.flutter: WaitForGcToComplete blocked Alloc on Background for 311.178ms
09-24 19:49:41.011 30270 32751 I manager.flutter: Starting a blocking GC Alloc
09-24 19:49:41.011 30270 32750 I manager.flutter: WaitForGcToComplete blocked Alloc on Background for 311.244ms
09-24 19:49:41.011 30270 32750 I manager.flutter: Starting a blocking GC Alloc
09-24 19:49:41.316 30270 32750 I manager.flutter: Waiting for a blocking GC Alloc
09-24 19:49:41.316 30270 32749 I manager.flutter: Waiting for a blocking GC Alloc
09-24 19:49:41.316 30270 32751 I manager.flutter: Waiting for a blocking GC Alloc
09-24 19:49:41.316 30270 32752 I manager.flutter: Waiting for a blocking GC Alloc
09-24 19:49:41.433 30270 30270 I manager.flutter: Waiting for a blocking GC Alloc
09-24 19:49:41.580 30270 30288 I manager.flutter: Waiting for a blocking GC Alloc
09-24 19:49:41.800 30270 30281 I manager.flutter: Background concurrent mark compact GC freed 15073628(306MB) AllocSpace objects, 2(180KB) LOS objects, 10% free, 205MB/229MB, paused 346us,2.589ms total 764.847ms
09-24 19:49:41.800 30270 32750 I manager.flutter: WaitForGcToComplete blocked Alloc on Background for 483.662ms
09-24 19:49:41.800 30270 32750 I manager.flutter: Starting a blocking GC Alloc
09-24 19:49:41.800 30270 32749 I manager.flutter: WaitForGcToComplete blocked Alloc on Background for 483.595ms
09-24 19:49:41.800 30270 32749 I manager.flutter: Starting a blocking GC Alloc
09-24 19:49:41.800 30270 32751 I manager.flutter: WaitForGcToComplete blocked Alloc on Background for 483.601ms
09-24 19:49:41.800 30270 32751 I manager.flutter: Starting a blocking GC Alloc
09-24 19:49:41.800 30270 32752 I manager.flutter: WaitForGcToComplete blocked Alloc on Background for 483.627ms
09-24 19:49:41.800 30270 32752 I manager.flutter: Starting a blocking GC Alloc
09-24 19:49:41.800 30270 30270 I manager.flutter: WaitForGcToComplete blocked Alloc on Background for 367.035ms
09-24 19:49:41.800 30270 30270 I manager.flutter: Starting a blocking GC Alloc
09-24 19:49:41.800 30270 30288 I manager.flutter: WaitForGcToComplete blocked Alloc on Background for 220.176ms
09-24 19:49:41.800 30270 30270 I ViewRootImpl@faa2361[MainActivity]: ViewPostIme pointer 0
09-24 19:49:41.800 30270 30288 I manager.flutter: Starting a blocking GC Alloc
09-24 19:49:41.813 30270 30270 I ViewRootImpl@faa2361[MainActivity]: handleWindowFocusChanged: 0 0 call from android.view.ViewRootImpl.-$$Nest$mhandleWindowFocusChanged:0
09-24 19:49:41.813 30270 30270 I ImeFocusController: onPreWindowFocus: skipped, hasWindowFocus=false mHasImeFocus=true
09-24 19:49:41.813 30270 30270 I ImeFocusController: onPostWindowFocus: skipped, hasWindowFocus=false mHasImeFocus=true
09-24 19:49:42.099 30270 30270 I ViewRootImpl@faa2361[MainActivity]: handleAppVisibility mAppVisible = true visible = false
09-24 19:49:42.106 30270 30270 I SurfaceView@55d75: onWindowVisibilityChanged(8) false io.flutter.embedding.android.FlutterSurfaceView{55d75 V.E...... ........ 0,0-1080,2340} of ViewRootImpl@faa2361[MainActivity]
09-24 19:49:42.107 30270 30270 I SurfaceView: 351605 Changes: creating=false format=false size=false visible=true alpha=false hint=false visible=true left=false top=false z=false attached=true lifecycleStrategy=false
09-24 19:49:42.107 30270 30270 I SurfaceView@55d75: 351605 Cur surface: Surface(name=null)/@0xec6e1b1
09-24 19:49:42.107 30270 30270 I SurfaceView: 351605 surfaceDestroyed
09-24 19:49:42.107 30270 30270 I SurfaceView@55d75: surfaceDestroyed callback.size 1 #2 io.flutter.embedding.android.FlutterSurfaceView{55d75 V.E...... ........ 0,0-1080,2340}
09-24 19:49:42.141 30270 30270 I SurfaceView@55d75: updateSurface: mVisible = false mSurface.isValid() = true
09-24 19:49:42.142 30270 30270 I SurfaceView@55d75: releaseSurfaces: viewRoot = ViewRootImpl@faa2361[MainActivity]
09-24 19:49:42.142 30270 30270 V SurfaceView@55d75: Layout: x=0 y=0 w=1080 h=2340, frame=Rect(0, 0 - 1080, 2340)
09-24 19:49:42.143 30270 30270 I ViewRootImpl@faa2361[MainActivity]: destroyHardwareResources: Callers=android.view.ViewRootImpl.performTraversals:3932 android.view.ViewRootImpl.doTraversal:3288 android.view.ViewRootImpl$TraversalRunnable.run:11344 android.view.Choreographer$CallbackRecord.run:1689 android.view.Choreographer$CallbackRecord.run:1698 android.view.Choreographer.doCallbacks:1153 android.view.Choreographer.doFrame:1079 android.view.Choreographer$FrameDisplayEventReceiver.run:1646 android.os.Handler.handleCallback:958 android.os.Handler.dispatchMessage:99
09-24 19:49:42.147 30270 30296 D SurfaceView: 34797135 windowPositionLost, frameNr = 0
09-24 19:49:42.151 30270 30296 D OpenGLRenderer: CacheManager::trimMemory(20)
09-24 19:49:42.161 30270 30270 I ViewRootImpl@faa2361[MainActivity]: Relayout returned: old=(0,0,1080,2340) new=(0,0,1080,2340) relayoutAsync=false req=(1080,2340)8 dur=9 res=0x402 s={false 0x0} ch=true seqId=0
09-24 19:49:42.161 30270 30270 I SurfaceView@55d75: windowStopped(true) false io.flutter.embedding.android.FlutterSurfaceView{55d75 V.E...... ........ 0,0-1080,2340} of ViewRootImpl@faa2361[MainActivity]
09-24 19:49:42.161 30270 30270 D SurfaceView@55d75: updateSurface: surface is not valid
09-24 19:49:42.161 30270 30270 I SurfaceView@55d75: releaseSurfaces: viewRoot = ViewRootImpl@faa2361[MainActivity]
09-24 19:49:42.162 30270 30270 D SurfaceView@55d75: updateSurface: surface is not valid
09-24 19:49:42.162 30270 30270 I SurfaceView@55d75: releaseSurfaces: viewRoot = ViewRootImpl@faa2361[MainActivity]
09-24 19:49:42.162 30270 30270 D SurfaceView@55d75: updateSurface: surface is not valid
09-24 19:49:42.162 30270 30270 I SurfaceView@55d75: releaseSurfaces: viewRoot = ViewRootImpl@faa2361[MainActivity]
09-24 19:49:42.164 30270 30270 I ViewRootImpl@faa2361[MainActivity]: stopped(true) old = false
09-24 19:49:42.164 30270 30270 D ViewRootImpl@faa2361[MainActivity]: WindowStopped on app.revanced.manager.flutter/app.revanced.manager.flutter.MainActivity set to true
09-24 19:49:42.164 30270 30296 D OpenGLRenderer: CacheManager::trimMemory(20)
09-24 19:49:42.166 30270 30270 D SurfaceView@55d75: updateSurface: surface is not valid
09-24 19:49:42.166 30270 30270 I SurfaceView@55d75: releaseSurfaces: viewRoot = ViewRootImpl@faa2361[MainActivity]
09-24 19:49:42.167 30270 30270 D InputTransport: Input channel destroyed: 'ClientS', fd=145
09-24 19:49:42.169 30270 30270 D SurfaceView@55d75: updateSurface: surface is not valid
09-24 19:49:42.169 30270 30270 I SurfaceView@55d75: releaseSurfaces: viewRoot = ViewRootImpl@faa2361[MainActivity]
09-24 19:49:42.375 30270 32752 I manager.flutter: Waiting for a blocking GC Alloc
09-24 19:49:42.375 30270 32750 I manager.flutter: Waiting for a blocking GC Alloc
09-24 19:49:42.375 30270 32749 I manager.flutter: Waiting for a blocking GC Alloc
09-24 19:49:42.377 30270 32751 I manager.flutter: Waiting for a blocking GC Alloc
09-24 19:49:42.831 30270 30281 I manager.flutter: Background concurrent mark compact GC freed 14668228(300MB) AllocSpace objects, 237(4740KB) LOS objects, 10% free, 206MB/230MB, paused 356us,2.593ms total 997.700ms
09-24 19:49:42.832 30270 32752 I manager.flutter: WaitForGcToComplete blocked Alloc on Background for 456.741ms
09-24 19:49:42.832 30270 32752 I manager.flutter: Starting a blocking GC Alloc
09-24 19:49:42.832 30270 32750 I manager.flutter: WaitForGcToComplete blocked Alloc on Background for 456.688ms
09-24 19:49:42.832 30270 32750 I manager.flutter: Starting a blocking GC Alloc
09-24 19:49:42.832 30270 32749 I manager.flutter: WaitForGcToComplete blocked Alloc on Background for 456.732ms
09-24 19:49:42.832 30270 32749 I manager.flutter: Starting a blocking GC Alloc
09-24 19:49:42.832 30270 32751 I manager.flutter: WaitForGcToComplete blocked Alloc on Background for 454.559ms
09-24 19:49:42.832 30270 32751 I manager.flutter: Starting a blocking GC Alloc
09-24 19:49:43.305 30270 32752 I manager.flutter: Waiting for a blocking GC Alloc
09-24 19:49:43.305 30270 32750 I manager.flutter: Waiting for a blocking GC Alloc
09-24 19:49:43.305 30270 32749 I manager.flutter: Waiting for a blocking GC Alloc
09-24 19:49:43.305 30270 32751 I manager.flutter: Waiting for a blocking GC Alloc
09-24 19:49:43.806 30270 30281 I manager.flutter: Background concurrent mark compact GC freed 15479390(319MB) AllocSpace objects, 486(10MB) LOS objects, 11% free, 182MB/206MB, paused 348us,2.593ms total 940.255ms
09-24 19:49:43.806 30270 32752 I manager.flutter: WaitForGcToComplete blocked Alloc on Background for 501.511ms
09-24 19:49:43.806 30270 32752 I manager.flutter: Starting a blocking GC Alloc
09-24 19:49:43.806 30270 32750 I manager.flutter: WaitForGcToComplete blocked Alloc on Background for 501.496ms
09-24 19:49:43.806 30270 32750 I manager.flutter: Starting a blocking GC Alloc
09-24 19:49:43.807 30270 32749 I manager.flutter: WaitForGcToComplete blocked Alloc on Background for 501.412ms
09-24 19:49:43.807 30270 32749 I manager.flutter: Starting a blocking GC Alloc
09-24 19:49:43.808 30270 32751 I manager.flutter: WaitForGcToComplete blocked Alloc on Background for 502.697ms
09-24 19:49:43.808 30270 32751 I manager.flutter: Starting a blocking GC Alloc
09-24 19:49:44.361 30270 30281 I manager.flutter: Background concurrent mark compact GC freed 11545613(240MB) AllocSpace objects, 16(3016KB) LOS objects, 9% free, 236MB/260MB, paused 10.749ms,2.982ms total 523.070ms
09-24 19:49:44.953 30270 32749 I manager.flutter: Waiting for a blocking GC Alloc
09-24 19:49:44.953 30270 32752 I manager.flutter: Waiting for a blocking GC Alloc
09-24 19:49:44.953 30270 32751 I manager.flutter: Waiting for a blocking GC Alloc
09-24 19:49:44.954 30270 32750 I manager.flutter: Waiting for a blocking GC Alloc
09-24 19:49:45.183 30270 30315 I manager.flutter: Waiting for a blocking GC Alloc
09-24 19:49:45.449 30270 30281 I manager.flutter: Background concurrent mark compact GC freed 16461415(346MB) AllocSpace objects, 0(0B) LOS objects, 12% free, 165MB/189MB, paused 962us,3.461ms total 1.034s
09-24 19:49:45.450 30270 32749 I manager.flutter: WaitForGcToComplete blocked Alloc on Background for 496.758ms
09-24 19:49:45.450 30270 32749 I manager.flutter: Starting a blocking GC Alloc
09-24 19:49:45.450 30270 32752 I manager.flutter: WaitForGcToComplete blocked Alloc on Background for 496.478ms
09-24 19:49:45.450 30270 32752 I manager.flutter: Starting a blocking GC Alloc
09-24 19:49:45.450 30270 32751 I manager.flutter: WaitForGcToComplete blocked Alloc on Background for 496.464ms
09-24 19:49:45.450 30270 32751 I manager.flutter: Starting a blocking GC Alloc
09-24 19:49:45.453 30270 32750 I manager.flutter: WaitForGcToComplete blocked Alloc on Background for 498.950ms
09-24 19:49:45.453 30270 32750 I manager.flutter: Starting a blocking GC Alloc
09-24 19:49:45.453 30270 30315 I manager.flutter: WaitForGcToComplete blocked Alloc on Background for 270.062ms
09-24 19:49:45.453 30270 30315 I manager.flutter: Starting a blocking GC Alloc
09-24 19:49:45.455 30270 30270 I ViewRootImpl@faa2361[MainActivity]: onDisplayChanged oldDisplayState=2 newDisplayState=2
09-24 19:49:45.455 30270 30270 I ViewRootImpl@faa2361[MainActivity]: onDisplayChanged oldDisplayState=2 newDisplayState=2
09-24 19:49:45.707 30270 30270 I ViewRootImpl@faa2361[MainActivity]: onDisplayChanged oldDisplayState=2 newDisplayState=2
09-24 19:49:46.228 30270 32751 I manager.flutter: Waiting for a blocking GC Alloc
09-24 19:49:46.228 30270 32752 I manager.flutter: Waiting for a blocking GC Alloc
09-24 19:49:46.228 30270 32750 I manager.flutter: Waiting for a blocking GC Alloc
09-24 19:49:46.228 30270 32749 I manager.flutter: Waiting for a blocking GC Alloc
09-24 19:49:46.541 30270 30281 I manager.flutter: Background concurrent mark compact GC freed 14719991(306MB) AllocSpace objects, 17(332KB) LOS objects, 10% free, 205MB/229MB, paused 3.460ms,2.558ms total 1.062s
09-24 19:49:46.541 30270 32751 I manager.flutter: WaitForGcToComplete blocked Alloc on Background for 313.798ms
09-24 19:49:46.541 30270 32751 I manager.flutter: Starting a blocking GC Alloc
09-24 19:49:46.542 30270 32752 I manager.flutter: WaitForGcToComplete blocked Alloc on Background for 313.791ms
09-24 19:49:46.542 30270 32752 I manager.flutter: Starting a blocking GC Alloc
09-24 19:49:46.542 30270 32750 I manager.flutter: WaitForGcToComplete blocked Alloc on Background for 313.863ms
09-24 19:49:46.542 30270 32750 I manager.flutter: Starting a blocking GC Alloc
09-24 19:49:46.542 30270 32749 I manager.flutter: WaitForGcToComplete blocked Alloc on Background for 313.598ms
09-24 19:49:46.542 30270 32749 I manager.flutter: Starting a blocking GC Alloc
09-24 19:49:47.252 30270 30281 I manager.flutter: Background concurrent mark compact GC freed 14623073(300MB) AllocSpace objects, 4(656KB) LOS objects, 7% free, 305MB/329MB, paused 7.294ms,3.714ms total 675.242ms
09-24 19:49:47.551 30270 32749 I manager.flutter: Waiting for a blocking GC Alloc
09-24 19:49:47.551 30270 32751 I manager.flutter: Waiting for a blocking GC Alloc
09-24 19:49:47.551 30270 32752 I manager.flutter: Waiting for a blocking GC Alloc
09-24 19:49:47.901 30270 30270 I ViewRootImpl@faa2361[MainActivity]: onDisplayChanged oldDisplayState=2 newDisplayState=2
09-24 19:49:47.909 30270 30281 I manager.flutter: Background concurrent mark compact GC freed 14848749(307MB) AllocSpace objects, 87(3228KB) LOS objects, 10% free, 201MB/225MB, paused 259us,2.588ms total 621.220ms
09-24 19:49:47.909 30270 32751 I manager.flutter: WaitForGcToComplete blocked Alloc on Background for 358.176ms
