09-24 19:53:00.586 30270 30281 I manager.flutter: Background concurrent mark compact GC freed 9123695(190MB) AllocSpace objects, 181(3908KB) LOS objects, 7% free, 317MB/341MB, paused 253us,2.310ms total 635.825ms
09-24 19:53:00.586 30270 8500 I manager.flutter: WaitForGcToComplete blocked Alloc on Background for 404.936ms
09-24 19:53:00.586 30270 8500 I manager.flutter: Starting a blocking GC Alloc
09-24 19:53:00.586 30270 8503 I manager.flutter: WaitForGcToComplete blocked Alloc on Background for 405.250ms
09-24 19:53:00.586 30270 8503 I manager.flutter: Starting a blocking GC Alloc
09-24 19:53:00.586 30270 8502 I manager.flutter: WaitForGcToComplete blocked Alloc on Background for 405.276ms
09-24 19:53:00.586 30270 8502 I manager.flutter: Starting a blocking GC Alloc
09-24 19:53:00.684 30270 30270 I ViewRootImpl@faa2361[MainActivity]: onDisplayChanged oldDisplayState=2 newDisplayState=2
09-24 19:53:00.924 30270 8500 I manager.flutter: Waiting for a blocking GC Alloc
09-24 19:53:00.924 30270 8502 I manager.flutter: Waiting for a blocking GC Alloc
09-24 19:53:01.261 30270 30281 I manager.flutter: Background concurrent mark compact GC freed 10092108(210MB) AllocSpace objects, 111(4620KB) LOS objects, 7% free, 296MB/320MB, paused 208us,2.283ms total 637.782ms
09-24 19:53:01.261 30270 8500 I manager.flutter: WaitForGcToComplete blocked Alloc on HeapTrim for 336.767ms
09-24 19:53:01.261 30270 8500 I manager.flutter: Starting a blocking GC Alloc
09-24 19:53:01.261 30270 8502 I manager.flutter: WaitForGcToComplete blocked Alloc on HeapTrim for 337.018ms
09-24 19:53:01.261 30270 8502 I manager.flutter: Starting a blocking GC Alloc
09-24 19:53:01.933 30270 30281 I manager.flutter: Background concurrent mark compact GC freed 10480724(215MB) AllocSpace objects, 7(1388KB) LOS objects, 6% free, 334MB/358MB, paused 665us,2.717ms total 624.910ms
09-24 19:53:02.462 30270 30270 I ViewRootImpl@faa2361[MainActivity]: onDisplayChanged oldDisplayState=2 newDisplayState=2
09-24 19:53:02.592 30270 30281 I manager.flutter: Background concurrent mark compact GC freed 9148860(190MB) AllocSpace objects, 224(4480KB) LOS objects, 7% free, 285MB/309MB, paused 210us,2.553ms total 602.273ms
09-24 19:53:16.100 30270 30270 I ViewRootImpl@faa2361[MainActivity]: onDisplayChanged oldDisplayState=2 newDisplayState=2
09-24 19:53:23.883 30270 30281 I manager.flutter: Background concurrent mark compact GC freed 3318232(96MB) AllocSpace objects, 32(18MB) LOS objects, 8% free, 244MB/268MB, paused 1.656ms,1.805ms total 369.911ms
09-24 19:53:24.518 30270 30281 I manager.flutter: Background concurrent mark compact GC freed 61242(2264KB) AllocSpace objects, 36(31MB) LOS objects, 8% free, 274MB/298MB, paused 73us,1.674ms total 340.258ms
09-24 19:53:24.519 30270 30283 W System : A resource failed to call end.
09-24 19:53:24.954 30270 30281 I manager.flutter: Background concurrent mark compact GC freed 224(224KB) AllocSpace objects, 19(14MB) LOS objects, 7% free, 307MB/331MB, paused 118us,1.591ms total 363.766ms
09-24 19:53:24.954 30270 30283 W System : A resource failed to call end.
09-24 19:53:24.954 30270 30283 W System : A resource failed to call end.
09-24 19:53:25.570 30270 30281 I manager.flutter: Background concurrent mark compact GC freed 977(796KB) AllocSpace objects, 61(59MB) LOS objects, 7% free, 312MB/336MB, paused 78us,1.593ms total 357.546ms
09-24 19:53:25.570 30270 30283 W System : A resource failed to call end.
09-24 19:53:25.570 30270 30283 W System : A resource failed to call end.
09-24 19:53:25.570 30270 30283 W System : A resource failed to call end.
09-24 19:53:26.066 30270 8327 I manager.flutter: Waiting for a blocking GC Alloc
09-24 19:53:26.071 30270 30281 I manager.flutter: Clamp target GC heap from 535MB to 512MB
09-24 19:53:26.071 30270 30281 I manager.flutter: Background concurrent mark compact GC freed 1427961(78MB) AllocSpace objects, 37(13MB) LOS objects, 0% free, 511MB/512MB, paused 1.567ms,6.742ms total 404.393ms
09-24 19:53:26.071 30270 8327 I manager.flutter: WaitForGcToComplete blocked Alloc on Background for 5.078ms
09-24 19:53:26.071 30270 8327 I manager.flutter: Starting a blocking GC Alloc
09-24 19:53:26.071 30270 8327 I manager.flutter: Forcing collection of SoftReferences for 528B allocation
09-24 19:53:26.071 30270 8327 I manager.flutter: Starting a blocking GC Alloc
09-24 19:53:26.080 30270 30283 I manager.flutter: Waiting for a blocking GC Alloc
09-24 19:53:26.403 30270 8327 I manager.flutter: Alloc concurrent mark compact GC freed 382018(125MB) AllocSpace objects, 130(78MB) LOS objects, 7% free, 307MB/331MB, paused 77us,2.044ms total 331.769ms
09-24 19:53:26.403 30270 30283 I manager.flutter: WaitForGcToComplete blocked Alloc on Alloc for 322.967ms
09-24 19:53:26.403 30270 30283 I manager.flutter: Starting a blocking GC Alloc
09-24 19:53:26.404 30270 30283 W System : A resource failed to call end.
09-24 19:53:26.404 30270 30283 W System : A resource failed to call end.
09-24 19:53:26.645 30270 30270 I ViewRootImpl@faa2361[MainActivity]: onDisplayChanged oldDisplayState=2 newDisplayState=2
09-24 19:53:26.798 30270 30281 I manager.flutter: Background concurrent mark compact GC freed 246584(68MB) AllocSpace objects, 68(2300KB) LOS objects, 7% free, 312MB/336MB, paused 167us,1.984ms total 370.097ms
09-24 19:53:27.538 30270 30281 I manager.flutter: Background concurrent mark compact GC freed 1054788(37MB) AllocSpace objects, 313(70MB) LOS objects, 7% free, 282MB/306MB, paused 249us,1.626ms total 400.329ms
09-24 19:53:27.539 30270 30283 W System : A resource failed to call close.
09-24 19:53:28.441 30270 30281 I manager.flutter: Background concurrent mark compact GC freed 464315(15MB) AllocSpace objects, 302(53MB) LOS objects, 8% free, 256MB/280MB, paused 75us,1.430ms total 314.849ms
09-24 19:53:28.442 30270 30283 W System : A resource failed to call close.
09-24 19:53:28.442 30270 30283 W System : A resource failed to call close.
09-24 19:53:28.442 30270 30283 W System : A resource failed to call close.
09-24 19:53:28.442 30270 30283 W System : A resource failed to call close.
09-24 19:53:28.442 30270 30283 W System : A resource failed to call close.
09-24 19:53:28.442 30270 30283 W System : A resource failed to call close.
09-24 19:53:28.442 30270 30283 W System : A resource failed to call close.
09-24 19:53:28.442 30270 30283 W System : A resource failed to call close.
09-24 19:53:28.804 30270 30281 I manager.flutter: Background concurrent mark compact GC freed 102382(8961KB) AllocSpace objects, 1510(106MB) LOS objects, 5% free, 391MB/415MB, paused 587us,1.547ms total 334.268ms
09-24 19:53:29.071 30270 8888 I manager.flutter: Waiting for a blocking GC Alloc
09-24 19:53:29.071 30270 8889 I manager.flutter: Waiting for a blocking GC Alloc
09-24 19:53:29.071 30270 8883 I manager.flutter: Waiting for a blocking GC Alloc
09-24 19:53:29.219 30270 30281 I manager.flutter: Clamp target GC heap from 534MB to 512MB
09-24 19:53:29.219 30270 30281 I manager.flutter: Background concurrent mark compact GC freed 897568(49MB) AllocSpace objects, 2664(189MB) LOS objects, 0% free, 510MB/512MB, paused 431us,1.773ms total 366.084ms
09-24 19:53:29.219 30270 8888 I manager.flutter: WaitForGcToComplete blocked Alloc on Background for 148.707ms
09-24 19:53:29.219 30270 8888 I manager.flutter: Starting a blocking GC Alloc
09-24 19:53:29.219 30270 8889 I manager.flutter: WaitForGcToComplete blocked Alloc on Background for 148.231ms
09-24 19:53:29.219 30270 8889 I manager.flutter: Starting a blocking GC Alloc
09-24 19:53:29.220 30270 8883 I manager.flutter: WaitForGcToComplete blocked Alloc on Background for 148.325ms
09-24 19:53:29.220 30270 8883 I manager.flutter: Starting a blocking GC Alloc
09-24 19:53:29.220 30270 8883 I manager.flutter: Forcing collection of SoftReferences for 1024KB allocation
09-24 19:53:29.220 30270 8883 I manager.flutter: Starting a blocking GC Alloc
09-24 19:53:29.220 30270 8889 I manager.flutter: Forcing collection of SoftReferences for 1024KB allocation
09-24 19:53:29.220 30270 8889 I manager.flutter: Waiting for a blocking GC Alloc
09-24 19:53:29.221 30270 8892 I manager.flutter: Waiting for a blocking GC Alloc
09-24 19:53:29.221 30270 8884 I manager.flutter: Waiting for a blocking GC Alloc
09-24 19:53:29.222 30270 8888 I manager.flutter: Waiting for a blocking GC Alloc
09-24 19:53:29.222 30270 8885 I manager.flutter: Waiting for a blocking GC Alloc
09-24 19:53:29.223 30270 8887 I manager.flutter: Waiting for a blocking GC Alloc
09-24 19:53:29.224 30270 8886 I manager.flutter: Waiting for a blocking GC Alloc
09-24 19:53:29.228 30270 30283 W System : A resource failed to call end.
09-24 19:53:29.228 30270 30283 W System : A resource failed to call end.
09-24 19:53:29.228 30270 30283 W System : A resource failed to call end.
09-24 19:53:29.522 30270 8883 I manager.flutter: Alloc concurrent mark compact GC freed 35662(1324KB) AllocSpace objects, 245(245MB) LOS objects, 8% free, 264MB/288MB, paused 88us,1.592ms total 302.461ms
09-24 19:53:29.523 30270 8889 I manager.flutter: WaitForGcToComplete blocked Alloc on Alloc for 303.015ms
09-24 19:53:29.523 30270 8889 I manager.flutter: Starting a blocking GC Alloc
09-24 19:53:29.523 30270 8892 I manager.flutter: Waiting for a blocking GC Alloc
09-24 19:53:29.523 30270 8884 I manager.flutter: Waiting for a blocking GC Alloc
09-24 19:53:29.523 30270 8888 I manager.flutter: Waiting for a blocking GC Alloc
09-24 19:53:29.523 30270 8885 I manager.flutter: Waiting for a blocking GC Alloc
09-24 19:53:29.523 30270 8887 I manager.flutter: Waiting for a blocking GC Alloc
09-24 19:53:29.523 30270 8886 I manager.flutter: Waiting for a blocking GC Alloc
09-24 19:53:29.828 30270 8889 I manager.flutter: Alloc concurrent mark compact GC freed 1462(108KB) AllocSpace objects, 24(23MB) LOS objects, 8% free, 252MB/276MB, paused 87us,2.215ms total 304.903ms
09-24 19:53:29.828 30270 8892 I manager.flutter: WaitForGcToComplete blocked Alloc on Alloc for 607.565ms
09-24 19:53:29.828 30270 8892 I manager.flutter: Starting a blocking GC Alloc
09-24 19:53:29.828 30270 8884 I manager.flutter: WaitForGcToComplete blocked Alloc on Alloc for 606.941ms
09-24 19:53:29.828 30270 8884 I manager.flutter: Starting a blocking GC Alloc
09-24 19:53:29.831 30270 8888 I manager.flutter: WaitForGcToComplete blocked Alloc on Alloc for 608.889ms
09-24 19:53:29.831 30270 8888 I manager.flutter: Starting a blocking GC Alloc
09-24 19:53:29.831 30270 8885 I manager.flutter: WaitForGcToComplete blocked Alloc on Alloc for 609.388ms
09-24 19:53:29.831 30270 8885 I manager.flutter: Starting a blocking GC Alloc
09-24 19:53:29.831 30270 30281 I manager.flutter: WaitForGcToComplete blocked HeapTrim on Alloc for 608.959ms
09-24 19:53:29.833 30270 8887 I manager.flutter: WaitForGcToComplete blocked Alloc on HeapTrim for 609.663ms
09-24 19:53:29.833 30270 8887 I manager.flutter: Starting a blocking GC Alloc
09-24 19:53:29.834 30270 8886 I manager.flutter: WaitForGcToComplete blocked Alloc on HeapTrim for 609.275ms
09-24 19:53:29.834 30270 8886 I manager.flutter: Starting a blocking GC Alloc
09-24 19:53:29.953 30270 8900 I manager.flutter: Waiting for a blocking GC Alloc
09-24 19:53:29.954 30270 8897 I manager.flutter: Waiting for a blocking GC Alloc
09-24 19:53:29.954 30270 8893 I manager.flutter: Waiting for a blocking GC Alloc
09-24 19:53:29.954 30270 8896 I manager.flutter: Waiting for a blocking GC Alloc
09-24 19:53:29.955 30270 8898 I manager.flutter: Waiting for a blocking GC Alloc
09-24 19:53:29.957 30270 8901 I manager.flutter: Waiting for a blocking GC Alloc
09-24 19:53:29.957 30270 8894 I manager.flutter: Waiting for a blocking GC Alloc
09-24 19:53:29.958 30270 8902 I manager.flutter: Waiting for a blocking GC Alloc
09-24 19:53:30.157 30270 30281 I manager.flutter: Background concurrent mark compact GC freed 1462(608KB) AllocSpace objects, 249(249MB) LOS objects, 8% free, 261MB/285MB, paused 80us,1.584ms total 309.154ms
09-24 19:53:30.158 30270 8900 I manager.flutter: WaitForGcToComplete blocked Alloc on Background for 204.482ms
09-24 19:53:30.158 30270 8900 I manager.flutter: Starting a blocking GC Alloc
09-24 19:53:30.158 30270 8897 I manager.flutter: WaitForGcToComplete blocked Alloc on Background for 204.541ms
09-24 19:53:30.158 30270 8897 I manager.flutter: Starting a blocking GC Alloc
09-24 19:53:30.158 30270 8893 I manager.flutter: WaitForGcToComplete blocked Alloc on Background for 204.112ms
09-24 19:53:30.158 30270 8893 I manager.flutter: Starting a blocking GC Alloc
09-24 19:53:30.158 30270 8896 I manager.flutter: WaitForGcToComplete blocked Alloc on Background for 204.160ms
09-24 19:53:30.158 30270 8896 I manager.flutter: Starting a blocking GC Alloc
09-24 19:53:30.158 30270 8898 I manager.flutter: WaitForGcToComplete blocked Alloc on Background for 203.454ms
09-24 19:53:30.158 30270 8898 I manager.flutter: Starting a blocking GC Alloc
09-24 19:53:30.159 30270 8901 I manager.flutter: WaitForGcToComplete blocked Alloc on Background for 202.006ms
09-24 19:53:30.159 30270 8901 I manager.flutter: Starting a blocking GC Alloc
09-24 19:53:30.159 30270 8894 I manager.flutter: WaitForGcToComplete blocked Alloc on Background for 201.463ms
09-24 19:53:30.159 30270 8894 I manager.flutter: Starting a blocking GC Alloc
09-24 19:53:30.159 30270 8902 I manager.flutter: WaitForGcToComplete blocked Alloc on Background for 200.973ms
09-24 19:53:30.159 30270 8902 I manager.flutter: Starting a blocking GC Alloc
09-24 19:53:30.522 30270 30281 I manager.flutter: Background concurrent mark compact GC freed 17950(1732KB) AllocSpace objects, 47(38MB) LOS objects, 8% free, 263MB/287MB, paused 75us,1.557ms total 356.627ms
09-24 19:53:31.555 30270 30281 I manager.flutter: Background concurrent mark compact GC freed 1241277(36MB) AllocSpace objects, 36(41MB) LOS objects, 9% free, 221MB/245MB, paused 133us,1.802ms total 284.815ms
09-24 19:53:31.913 30270 30270 I BLASTBufferQueue_Java: update, w= 1080 h= 1159 mName = ViewRootImpl@faa2361[MainActivity] mNativeObject= 0xb400007957e81630 sc.mNativeObject= 0xb4000079e7ea5110 format= -3 caller= android.view.ViewRootImpl.updateBlastSurfaceIfNeeded:3017 android.view.ViewRootImpl.relayoutWindow:10131 android.view.ViewRootImpl.performTraversals:4110 android.view.ViewRootImpl.doTraversal:3288 android.view.ViewRootImpl$TraversalRunnable.run:11344 android.view.Choreographer$CallbackRecord.run:1689
09-24 19:53:31.913 30270 30270 I ViewRootImpl@faa2361[MainActivity]: Relayout returned: old=(0,0,1080,1159) new=(0,0,1080,1159) relayoutAsync=true req=(1080,1159)0 dur=0 res=0x0 s={true 0xb400007a47e9af80} ch=false seqId=0
09-24 19:53:31.913 30270 30270 I ViewRootImpl@faa2361[MainActivity]: updateBoundsLayer: t=android.view.SurfaceControl$Transaction@10d7a44 sc=Surface(name=Bounds for - app.revanced.manager.flutter/app.revanced.manager.flutter.MainActivity@4)/@0x6e5eec8 frame=3
09-24 19:53:31.913 30270 30270 I ViewRootImpl@faa2361[MainActivity]: registerCallbackForPendingTransactions
09-24 19:53:31.915 30270 31228 I ViewRootImpl@faa2361[MainActivity]: mWNT: t=0xb400007947e96b90 mBlastBufferQueue=0xb400007957e81630 fn= 3 mRenderHdrSdrRatio=1.0 caller= android.view.ViewRootImpl$6.onFrameDraw:5635 android.view.ViewRootImpl$2.onFrameDraw:2146 android.view.ThreadedRenderer$1.onFrameDraw:792
09-24 19:53:34.978 30270 30270 I ViewRootImpl@faa2361[MainActivity]: ViewPostIme pointer 0
09-24 19:53:35.009 30270 30270 I ViewRootImpl@faa2361[MainActivity]: onDisplayChanged oldDisplayState=2 newDisplayState=2
09-24 19:53:35.011 30270 30270 I ViewRootImpl@faa2361[MainActivity]: ViewPostIme pointer 1
09-24 19:53:35.689 30270 30270 I ViewRootImpl@faa2361[MainActivity]: ViewPostIme pointer 0
09-24 19:53:35.714 30270 30270 I ViewRootImpl@faa2361[MainActivity]: ViewPostIme pointer 1
09-24 19:53:36.396 30270 30270 I ViewRootImpl@faa2361[MainActivity]: onDisplayChanged oldDisplayState=2 newDisplayState=2
09-24 19:53:36.446 30270 30270 E DartMessenger: Uncaught exception in binary message listener
09-24 19:53:36.446 30270 30270 E DartMessenger: java.io.FileNotFoundException: /data/user/0/app.revanced.manager.flutter/files/lastPatchedApp.apk: open failed: ENOENT (No such file or directory)
09-24 19:53:36.446 30270 30270 E DartMessenger: at libcore.io.IoBridge.open(IoBridge.java:574)
09-24 19:53:36.446 30270 30270 E DartMessenger: at java.io.FileInputStream.(FileInputStream.java:160)
09-24 19:53:36.446 30270 30270 E DartMessenger: at app.revanced.manager.flutter.MainActivity.installApk(Unknown Source:65)
09-24 19:53:36.446 30270 30270 E DartMessenger: at app.revanced.manager.flutter.MainActivity.configureFlutterEngine$lambda$19(Unknown Source:176)
09-24 19:53:36.446 30270 30270 E DartMessenger: at app.revanced.manager.flutter.MainActivity.$r8$lambda$C3cUe_dHEdP1GsfFm3c8DvZ_hqc(SourceFile:0)
09-24 19:53:36.446 30270 30270 E DartMessenger: at app.revanced.manager.flutter.MainActivity$$ExternalSyntheticLambda5.onMethodCall(SourceFile:0)
09-24 19:53:36.446 30270 30270 E DartMessenger: at io.flutter.plugin.common.MethodChannel$IncomingMethodCallHandler.onMessage(Unknown Source:17)
09-24 19:53:36.446 30270 30270 E DartMessenger: at io.flutter.embedding.engine.dart.DartMessenger.invokeHandler(Unknown Source:18)
09-24 19:53:36.446 30270 30270 E DartMessenger: at io.flutter.embedding.engine.dart.DartMessenger.lambda$dispatchMessageToQueue$0(Unknown Source:41)
09-24 19:53:36.446 30270 30270 E DartMessenger: at io.flutter.embedding.engine.dart.DartMessenger.$r8$lambda$BqGJF3aBeRT05gDeKMoHH6eOjH0(SourceFile:0)
09-24 19:53:36.446 30270 30270 E DartMessenger: at io.flutter.embedding.engine.dart.DartMessenger$$ExternalSyntheticLambda0.run(SourceFile:0)
09-24 19:53:36.446 30270 30270 E DartMessenger: at android.os.Handler.handleCallback(Handler.java:958)
09-24 19:53:36.446 30270 30270 E DartMessenger: at android.os.Handler.dispatchMessage(Handler.java:99)
09-24 19:53:36.446 30270 30270 E DartMessenger: at android.os.Looper.loopOnce(Looper.java:230)
09-24 19:53:36.446 30270 30270 E DartMessenger: at android.os.Looper.loop(Looper.java:319)
09-24 19:53:36.446 30270 30270 E DartMessenger: at android.app.ActivityThread.main(ActivityThread.java:8919)
09-24 19:53:36.446 30270 30270 E DartMessenger: at java.lang.reflect.Method.invoke(Native Method)
09-24 19:53:36.446 30270 30270 E DartMessenger: at com.android.internal.os.RuntimeInit$MethodAndArgsCaller.run(RuntimeInit.java:578)
09-24 19:53:36.446 30270 30270 E DartMessenger: at com.android.internal.os.ZygoteInit.main(ZygoteInit.java:1103)
09-24 19:53:36.446 30270 30270 E DartMessenger: Caused by: android.system.ErrnoException: open failed: ENOENT (No such file or directory)
09-24 19:53:36.446 30270 30270 E DartMessenger: at libcore.io.Linux.open(Native Method)
09-24 19:53:36.446 30270 30270 E DartMessenger: at libcore.io.ForwardingOs.open(ForwardingOs.java:563)
09-24 19:53:36.446 30270 30270 E DartMessenger: at libcore.io.BlockGuardOs.open(BlockGuardOs.java:274)
09-24 19:53:36.446 30270 30270 E DartMessenger: at libcore.io.ForwardingOs.open(ForwardingOs.java:563)
09-24 19:53:36.446 30270 30270 E DartMessenger: at android.app.ActivityThread$AndroidOs.open(ActivityThread.java:8782)
09-24 19:53:36.446 30270 30270 E DartMessenger: at libcore.io.IoBridge.open(IoBridge.java:560)
09-24 19:53:36.446 30270 30270 E DartMessenger: ... 18 more
09-24 19:53:39.424 30270 30270 I ViewRootImpl@faa2361[MainActivity]: ViewPostIme pointer 0
09-24 19:53:39.471 30270 30270 I ViewRootImpl@faa2361[MainActivity]: ViewPostIme pointer 1
09-24 19:53:39.479 30270 30270 I ViewRootImpl@faa2361[MainActivity]: onDisplayChanged oldDisplayState=2 newDisplayState=2
09-24 19:53:39.517 30270 30270 I Toast : setView: it's a custom toast
09-24 19:53:39.521 30270 30270 I Toast : show: caller = io.github.ponnamkarthik.toast.fluttertoast.MethodCallHandlerImpl.onMethodCall:382
09-24 19:53:39.521 30270 30270 I Toast : show: isDexDualMode = false
09-24 19:53:39.521 30270 30270 I Toast : show: contextDispId = 0 mCustomDisplayId = -1 focusedDisplayId = 0 isActivityContext = false
09-24 19:53:41.335 30270 30406 I ViewRootImpl@faa2361[MainActivity]: Resizing android.view.ViewRootImpl@6a345a0: frame = [0,0][1080,2340] reportDraw = true forceLayout = false syncSeqId = -1
09-24 19:53:41.336 30270 30406 I ViewRootImpl@faa2361[MainActivity]: Resizing android.view.ViewRootImpl@6a345a0: frame = [0,0][1080,2340] reportDraw = true forceLayout = false syncSeqId = -1
09-24 19:53:41.346 30270 30270 I InsetsController: onStateChanged: host=app.revanced.manager.flutter/app.revanced.manager.flutter.MainActivity, from=android.view.ViewRootImpl.relayoutWindow:10072, state=InsetsState: {mDisplayFrame=Rect(0, 0 - 1080, 2340), mDisplayCutout=DisplayCutout{insets=Rect(0, 74 - 0, 0) waterfall=Insets{left=0, top=0, right=0, bottom=0} boundingRect={Bounds=[Rect(0, 0 - 0, 0), Rect(514, 0 - 566, 74), Rect(0, 0 - 0, 0), Rect(0, 0 - 0, 0)]} cutoutPathParserInfo={CutoutPathParserInfo{displayWidth=1080 displayHeight=2340 physicalDisplayWidth=1080 physicalDisplayHeight=2340 density={2.8125} cutoutSpec={M 0,0 H -9.244444444444444 V 26.31111111111111 H 9.244444444444444 V 0 H 0 Z @dp} rotation={0} scale={1.0} physicalPixelDisplaySizeRatio={1.0}}}}, mRoundedCorners=RoundedCorners{[RoundedCorner{position=TopLeft, radius=101, center=Point(101, 101)}, RoundedCorner{position=TopRight, radius=101, center=Point(979, 101)}, RoundedCorner{position=BottomRight, radius=101, center=Point(979, 2239)}, RoundedCorner{position=BottomLeft, radius=101, center=Point(101, 2239)}]} mRoundedCornerFrame=Rect(0, 0 - 1080, 2340), mPrivacyIndicatorBounds=PrivacyIndicatorBounds {static bounds=Rect(956, 0 - 1080, 74) rotation=0}, mDisplayShape=DisplayShape{ spec=-311912193 displayWidth=1080 displayHeight=2340 physicalPixelDisplaySizeRatio=1.0 rotation=0 offsetX=0 offsetY=0 scale=1.0}, mSources= { InsetsSource: {c07b0000 mType=statusBars mFrame=[0,0][1080,74] mVisible=true mFlags=[]}, InsetsSource: {c07b0005 mType=mandatorySystemGestures mFrame=[0,0][1080,108] mVisible=true mFlags=[]}, InsetsSource: {c07b0006 mType=tappableElement mFrame=[0,0][1080,74] mVisible=true mFlags=[]}, InsetsSource: {e6100001 mType=navigationBars mFrame=[0,0][0,0] mVisible=true mFlags=[SUPPRESS_SCRIM]}, InsetsSource: {e6100004 mType=systemGestures mFrame=[0,0][0,0] mVisible=true mFlags=[]}, InsetsSource: {e6100005 mType=mandatorySystemGestures mFrame=[0,2250][1080,2340] mVisible=true mFlags=[]}, InsetsSource: {e6100006 mType=tappableElement mFrame=[0,0][0,0] mVisible=true mFlags=[]}, InsetsSource: {e6100024 mType=systemGestures mFrame=[0,0][0,0] mVisible=true mFlags=[]}, InsetsSource: {3 mType=ime mFrame=[0,0][0,0] mVisible=false mFlags=[]}, InsetsSource: {27 mType=displayCutout mFrame=[0,0][1080,74] mVisible=true mFlags=[]} }
09-24 19:53:41.346 30270 30270 I InsetsSourceConsumer: applyRequestedVisibilityToControl: visible=false, type=ime, host=app.revanced.manager.flutter/app.revanced.manager.flutter.MainActivity
09-24 19:53:41.347 30270 30270 I InsetsAnimationCtrlImpl: ISIDE_FLOATING detected: InsetsSourceControl: {e6100001 mType=navigationBars mSurfacePosition=Point(0, 2205) mInsetsHint=Insets{left=0, top=0, right=0, bottom=0}}
09-24 19:53:41.347 30270 30270 I InsetsController: controlAnimationUncheckedInner: Added types=statusBars navigationBars, animType=0, host=app.revanced.manager.flutter/app.revanced.manager.flutter.MainActivity, from=android.view.InsetsController.controlAnimationUnchecked:1449 android.view.InsetsController.applyAnimation:2005 android.view.InsetsController.applyAnimation:1968
09-24 19:53:41.347 30270 30270 I BLASTBufferQueue_Java: update, w= 1080 h= 2340 mName = ViewRootImpl@faa2361[MainActivity] mNativeObject= 0xb400007957e81630 sc.mNativeObject= 0xb4000079e7e88190 format= -3 caller= android.view.ViewRootImpl.updateBlastSurfaceIfNeeded:3017 android.view.ViewRootImpl.relayoutWindow:10131 android.view.ViewRootImpl.performTraversals:4110 android.view.ViewRootImpl.doTraversal:3288 android.view.ViewRootImpl$TraversalRunnable.run:11344 android.view.Choreographer$CallbackRecord.run:1689
09-24 19:53:41.347 30270 30270 I ViewRootImpl@faa2361[MainActivity]: Relayout returned: old=(0,0,1080,1159) new=(0,0,1080,2340) relayoutAsync=false req=(1080,1159)0 dur=7 res=0x401 s={true 0xb400007a47e9af80} ch=false seqId=0
09-24 19:53:41.348 30270 30270 D ViewRootImpl@faa2361[MainActivity]: mThreadedRenderer.updateSurface() mSurface={isValid=true 0xb400007a47e9af80}
09-24 19:53:41.348 30270 30270 I ViewRootImpl@faa2361[MainActivity]: updateBoundsLayer: t=android.view.SurfaceControl$Transaction@10d7a44 sc=Surface(name=Bounds for - app.revanced.manager.flutter/app.revanced.manager.flutter.MainActivity@4)/@0x6e5eec8 frame=4
09-24 19:53:41.348 30270 30270 I SurfaceView: 351605 Changes: creating=false format=false size=true visible=false alpha=false hint=false visible=false left=false top=false z=false attached=true lifecycleStrategy=false
09-24 19:53:41.348 30270 30270 I SurfaceView@55d75: 351605 Cur surface: Surface(name=null)/@0xec6e1b1
09-24 19:53:41.350 30270 30270 I BLASTBufferQueue_Java: update, w= 1080 h= 2340 mName = null mNativeObject= 0xb400007957ef8550 sc.mNativeObject= 0xb4000079e7e7d390 format= 4 caller= android.view.SurfaceView.setBufferSize:1438 android.view.SurfaceView.performSurfaceTransaction:994 android.view.SurfaceView.updateSurface:1210 android.view.SurfaceView.setFrame:559 android.view.View.layout:25765 android.widget.FrameLayout.layoutChildren:332
09-24 19:53:41.350 30270 30270 I SurfaceView@55d75: pST: sr = Rect(0, 0 - 1080, 2340) sw = 1080 sh = 2340
09-24 19:53:41.350 30270 30270 D SurfaceView@55d75: 351605 performSurfaceTransaction RenderWorker position = [0, 0, 1080, 2340] surfaceSize = 1080x2340
09-24 19:53:41.350 30270 30270 I SurfaceView@55d75: updateSurface: mVisible = true mSurface.isValid() = true
09-24 19:53:41.350 30270 30270 I SurfaceView@55d75: updateSurface: mSurfaceCreated = true surfaceChanged = false visibleChanged = false
09-24 19:53:41.350 30270 30270 I SurfaceView: 351605 surfaceChanged -- format=4 w=1080 h=2340
09-24 19:53:41.350 30270 30270 I SurfaceView@55d75: surfaceChanged (1080,2340) 1 #5 io.flutter.embedding.android.FlutterSurfaceView{55d75 V.E...... ......ID 0,0-1080,2340}
09-24 19:53:41.351 30270 30270 I SurfaceView: 351605 surfaceRedrawNeeded
09-24 19:53:41.351 30270 30270 I SurfaceView: 351605 finishedDrawing
09-24 19:53:41.351 30270 30270 V SurfaceView@55d75: Layout: x=0 y=0 w=1080 h=2340, frame=Rect(0, 0 - 1080, 2340)
09-24 19:53:41.351 30270 30270 D ViewRootImpl@faa2361[MainActivity]: reportNextDraw android.view.ViewRootImpl.performTraversals:4718 android.view.ViewRootImpl.doTraversal:3288 android.view.ViewRootImpl$TraversalRunnable.run:11344 android.view.Choreographer$CallbackRecord.run:1689 android.view.Choreographer$CallbackRecord.run:1698
09-24 19:53:41.352 30270 30270 I ViewRootImpl@faa2361[MainActivity]: Setup new sync=wmsSync-ViewRootImpl@faa2361[MainActivity]#24
09-24 19:53:41.352 30270 30270 I ViewRootImpl@faa2361[MainActivity]: Creating new active sync group ViewRootImpl@faa2361[MainActivity]#25
09-24 19:53:41.352 30270 30270 I ViewRootImpl@faa2361[MainActivity]: registerCallbacksForSync syncBuffer=false
09-24 19:53:41.353 30270 30296 D SurfaceView: 351605 updateSurfacePosition RenderWorker, frameNr = 4, position = [0, 0, 1080, 2340] surfaceSize = 1080x2340
09-24 19:53:41.353 30270 30296 I SurfaceView@55d75: uSP: rtp = Rect(0, 0 - 1080, 2340) rtsw = 1080 rtsh = 2340
09-24 19:53:41.353 30270 30296 I SurfaceView@55d75: onSSPAndSRT: pl = 0 pt = 0 sx = 1.0 sy = 1.0
09-24 19:53:41.353 30270 30296 I SurfaceView@55d75: aOrMT: ViewRootImpl@faa2361[MainActivity] t = android.view.SurfaceControl$Transaction@bd68778 fN = 4 android.view.SurfaceView.-$$Nest$mapplyOrMergeTransaction:0 android.view.SurfaceView$SurfaceViewPositionUpdateListener.positionChanged:1666 android.graphics.RenderNode$CompositePositionUpdateListener.positionChanged:369
09-24 19:53:41.353 30270 30296 I ViewRootImpl@faa2361[MainActivity]: mWNT: t=0xb400007947f25350 mBlastBufferQueue=0xb400007957e81630 fn= 4 mRenderHdrSdrRatio=1.0 caller= android.view.SurfaceView.applyOrMergeTransaction:1598 android.view.SurfaceView.-$$Nest$mapplyOrMergeTransaction:0 android.view.SurfaceView$SurfaceViewPositionUpdateListener.positionChanged:1666
09-24 19:53:41.358 30270 31230 I ViewRootImpl@faa2361[MainActivity]: mWNT: t=0xb400007947ed3390 mBlastBufferQueue=0xb400007957e81630 fn= 4 mRenderHdrSdrRatio=1.0 caller= android.view.SyncRtSurfaceTransactionApplier.applyTransaction:96 android.view.SyncRtSurfaceTransactionApplier.lambda$scheduleApply$0:69 android.view.SyncRtSurfaceTransactionApplier.$r8$lambda$SgowXC58rj3PR958kHUfRgLZmvE:0
09-24 19:53:41.358 30270 31230 I ViewRootImpl@faa2361[MainActivity]: Received frameDrawingCallback syncResult=0 frameNum=4.
09-24 19:53:41.358 30270 31230 I ViewRootImpl@faa2361[MainActivity]: mWNT: t=0xb400007947f393b0 mBlastBufferQueue=0xb400007957e81630 fn= 4 mRenderHdrSdrRatio=1.0 caller= android.view.ViewRootImpl$8.onFrameDraw:13841 android.view.ThreadedRenderer$1.onFrameDraw:792
09-24 19:53:41.358 30270 31230 I ViewRootImpl@faa2361[MainActivity]: Setting up sync and frameCommitCallback
09-24 19:53:41.360 30270 30296 I ViewRootImpl@faa2361[MainActivity]: Received frameCommittedCallback lastAttemptedDrawFrameNum=4 didProduceBuffer=true
09-24 19:53:41.360 30270 30270 I ViewRootImpl@faa2361[MainActivity]: reportDrawFinished seqId=0
09-24 19:53:41.361 30270 30270 I InsetsController: onStateChanged: host=app.revanced.manager.flutter/app.revanced.manager.flutter.MainActivity, from=android.view.ViewRootImpl$ViewRootHandler.handleMessageImpl:7209, state=InsetsState: {mDisplayFrame=Rect(0, 0 - 1080, 2340), mDisplayCutout=DisplayCutout{insets=Rect(0, 74 - 0, 0) waterfall=Insets{left=0, top=0, right=0, bottom=0} boundingRect={Bounds=[Rect(0, 0 - 0, 0), Rect(514, 0 - 566, 74), Rect(0, 0 - 0, 0), Rect(0, 0 - 0, 0)]} cutoutPathParserInfo={CutoutPathParserInfo{displayWidth=1080 displayHeight=2340 physicalDisplayWidth=1080 physicalDisplayHeight=2340 density={2.8125} cutoutSpec={M 0,0 H -9.244444444444444 V 26.31111111111111 H 9.244444444444444 V 0 H 0 Z @dp} rotation={0} scale={1.0} physicalPixelDisplaySizeRatio={1.0}}}}, mRoundedCorners=RoundedCorners{[RoundedCorner{position=TopLeft, radius=101, center=Point(101, 101)}, RoundedCorner{position=TopRight, radius=101, center=Point(979, 101)}, RoundedCorner{position=BottomRight, radius=101, center=Point(979, 2239)}, RoundedCorner{position=BottomLeft, radius=101, center=Point(101, 2239)}]} mRoundedCornerFrame=Rect(0, 0 - 1080, 2340), mPrivacyIndicatorBounds=PrivacyIndicatorBounds {static bounds=Rect(956, 0 - 1080, 74) rotation=0}, mDisplayShape=DisplayShape{ spec=-311912193 displayWidth=1080 displayHeight=2340 physicalPixelDisplaySizeRatio=1.0 rotation=0 offsetX=0 offsetY=0 scale=1.0}, mSources= { InsetsSource: {c07b0000 mType=statusBars mFrame=[0,0][1080,74] mVisible=false mFlags=[]}, InsetsSource: {c07b0005 mType=mandatorySystemGestures mFrame=[0,0][1080,108] mVisible=true mFlags=[]}, InsetsSource: {c07b0006 mType=tappableElement mFrame=[0,0][1080,74] mVisible=true mFlags=[]}, InsetsSource: {e6100001 mType=navigationBars mFrame=[0,0][0,0] mVisible=false mFlags=[SUPPRESS_SCRIM]}, InsetsSource: {e6100004 mType=systemGestures mFrame=[0,0][0,0] mVisible=true mFlags=[]}, InsetsSource: {e6100005 mType=mandatorySystemGestures mFrame=[0,2250][1080,2340] mVisible=true mFlags=[]}, InsetsSource: {e6100006 mType=tappableElement mFrame=[0,0][0,0] mVisible=true mFlags=[]}, InsetsSource: {e6100024 mType=systemGestures mFrame=[0,0][0,0] mVisible=true mFlags=[]}, InsetsSource: {3 mType=ime mFrame=[0,0][0,0] mVisible=false mFlags=[]}, InsetsSource: {27 mType=displayCutout mFrame=[0,0][1080,74] mVisible=true mFlags=[]} }
09-24 19:53:41.361 30270 30270 I InsetsController: onStateChanged: host=app.revanced.manager.flutter/app.revanced.manager.flutter.MainActivity, from=android.view.ViewRootImpl$ViewRootHandler.handleMessageImpl:7196, state=InsetsState: {mDisplayFrame=Rect(0, 0 - 1080, 2340), mDisplayCutout=DisplayCutout{insets=Rect(0, 74 - 0, 0) waterfall=Insets{left=0, top=0, right=0, bottom=0} boundingRect={Bounds=[Rect(0, 0 - 0, 0), Rect(514, 0 - 566, 74), Rect(0, 0 - 0, 0), Rect(0, 0 - 0, 0)]} cutoutPathParserInfo={CutoutPathParserInfo{displayWidth=1080 displayHeight=2340 physicalDisplayWidth=1080 physicalDisplayHeight=2340 density={2.8125} cutoutSpec={M 0,0 H -9.244444444444444 V 26.31111111111111 H 9.244444444444444 V 0 H 0 Z @dp} rotation={0} scale={1.0} physicalPixelDisplaySizeRatio={1.0}}}}, mRoundedCorners=RoundedCorners{[RoundedCorner{position=TopLeft, radius=101, center=Point(101, 101)}, RoundedCorner{position=TopRight, radius=101, center=Point(979, 101)}, RoundedCorner{position=BottomRight, radius=101, center=Point(979, 2239)}, RoundedCorner{position=BottomLeft, radius=101, center=Point(101, 2239)}]} mRoundedCornerFrame=Rect(0, 0 - 1080, 2340), mPrivacyIndicatorBounds=PrivacyIndicatorBounds {static bounds=Rect(956, 0 - 1080, 74) rotation=0}, mDisplayShape=DisplayShape{ spec=-311912193 displayWidth=1080 displayHeight=2340 physicalPixelDisplaySizeRatio=1.0 rotation=0 offsetX=0 offsetY=0 scale=1.0}, mSources= { InsetsSource: {c07b0000 mType=statusBars mFrame=[0,0][1080,74] mVisible=true mFlags=[]}, InsetsSource: {c07b0005 mType=mandatorySystemGestures mFrame=[0,0][1080,108] mVisible=true mFlags=[]}, InsetsSource: {c07b0006 mType=tappableElement mFrame=[0,0][1080,74] mVisible=true mFlags=[]}, InsetsSource: {e6100001 mType=navigationBars mFrame=[0,0][0,0] mVisible=true mFlags=[SUPPRESS_SCRIM]}, InsetsSource: {e6100004 mType=systemGestures mFrame=[0,0][0,0] mVisible=true mFlags=[]}, InsetsSource: {e6100005 mType=mandatorySystemGestures mFrame=[0,2250][1080,2340] mVisible=true mFlags=[]}, InsetsSource: {e6100006 mType=tappableElement mFrame=[0,0][0,0] mVisible=true mFlags=[]}, InsetsSource: {e6100024 mType=systemGestures mFrame=[0,0][0,0] mVisible=true mFlags=[]}, InsetsSource: {3 mType=ime mFrame=[0,0][0,0] mVisible=false mFlags=[]}, InsetsSource: {27 mType=displayCutout mFrame=[0,0][1080,74] mVisible=true mFlags=[]} }
09-24 19:53:41.361 30270 30270 I ViewRootImpl@faa2361[MainActivity]: handleResized, msg = 5 frames=ClientWindowFrames{frame=[0,0][1080,2340] display=[0,0][1080,2340] parentFrame=[0,0][0,0]} forceNextWindowRelayout=false displayId=0 dragResizing=false compatScale=1.0 frameChanged=false attachedFrameChanged=false configChanged=false displayChanged=false compatScaleChanged=false
09-24 19:53:41.361 30270 30270 I ViewRootImpl@faa2361[MainActivity]: handleResized mSyncSeqId = 0
09-24 19:53:41.361 30270 30270 D ViewRootImpl@faa2361[MainActivity]: reportNextDraw android.view.ViewRootImpl.handleResized:2530 android.view.ViewRootImpl.-$$Nest$mhandleResized:0 android.view.ViewRootImpl$ViewRootHandler.handleMessageImpl:7197 android.view.ViewRootImpl$ViewRootHandler.handleMessage:7166 android.os.Handler.dispatchMessage:106
09-24 19:53:41.361 30270 30270 I ViewRootImpl@faa2361[MainActivity]: handleResized, msg = 5 frames=ClientWindowFrames{frame=[0,0][1080,2340] display=[0,0][1080,2340] parentFrame=[0,0][0,0]} forceNextWindowRelayout=false displayId=0 dragResizing=false compatScale=1.0 frameChanged=false attachedFrameChanged=false configChanged=false displayChanged=false compatScaleChanged=false
09-24 19:53:41.361 30270 30270 I ViewRootImpl@faa2361[MainActivity]: handleResized mSyncSeqId = 0
09-24 19:53:41.361 30270 30270 D ViewRootImpl@faa2361[MainActivity]: reportNextDraw android.view.ViewRootImpl.handleResized:2530 android.view.ViewRootImpl.-$$Nest$mhandleResized:0 android.view.ViewRootImpl$ViewRootHandler.handleMessageImpl:7197 android.view.ViewRootImpl$ViewRootHandler.handleMessage:7166 android.os.Handler.dispatchMessage:106
09-24 19:53:41.361 30270 30270 I ViewRootImpl@faa2361[MainActivity]: Setup new sync=wmsSync-ViewRootImpl@faa2361[MainActivity]#26
09-24 19:53:41.361 30270 30270 I ViewRootImpl@faa2361[MainActivity]: Creating new active sync group ViewRootImpl@faa2361[MainActivity]#27
09-24 19:53:41.362 30270 30270 I ViewRootImpl@faa2361[MainActivity]: registerCallbacksForSync syncBuffer=false
09-24 19:53:41.362 30270 31228 I ViewRootImpl@faa2361[MainActivity]: mWNT: t=0xb400007947f24dd0 mBlastBufferQueue=0xb400007957e81630 fn= 5 mRenderHdrSdrRatio=1.0 caller= android.view.SyncRtSurfaceTransactionApplier.applyTransaction:96 android.view.SyncRtSurfaceTransactionApplier.lambda$scheduleApply$0:69 android.view.SyncRtSurfaceTransactionApplier.$r8$lambda$SgowXC58rj3PR958kHUfRgLZmvE:0
09-24 19:53:41.362 30270 31228 I ViewRootImpl@faa2361[MainActivity]: Received frameDrawingCallback syncResult=0 frameNum=5.
09-24 19:53:41.362 30270 31228 I ViewRootImpl@faa2361[MainActivity]: mWNT: t=0xb400007947f1d790 mBlastBufferQueue=0xb400007957e81630 fn= 5 mRenderHdrSdrRatio=1.0 caller= android.view.ViewRootImpl$8.onFrameDraw:13841 android.view.ThreadedRenderer$1.onFrameDraw:792
09-24 19:53:41.362 30270 31228 I ViewRootImpl@faa2361[MainActivity]: Setting up sync and frameCommitCallback
09-24 19:53:41.366 30270 30296 I ViewRootImpl@faa2361[MainActivity]: Received frameCommittedCallback lastAttemptedDrawFrameNum=5 didProduceBuffer=true
09-24 19:53:41.367 30270 30270 I ViewRootImpl@faa2361[MainActivity]: reportDrawFinished seqId=0
09-24 19:53:41.369 30270 31230 I ViewRootImpl@faa2361[MainActivity]: mWNT: t=0xb400007947f31110 mBlastBufferQueue=0xb400007957e81630 fn= 6 mRenderHdrSdrRatio=1.0 caller= android.view.SyncRtSurfaceTransactionApplier.applyTransaction:96 android.view.SyncRtSurfaceTransactionApplier.lambda$scheduleApply$0:69 android.view.SyncRtSurfaceTransactionApplier.$r8$lambda$SgowXC58rj3PR958kHUfRgLZmvE:0
09-24 19:53:41.376 30270 31228 I ViewRootImpl@faa2361[MainActivity]: mWNT: t=0xb400007947f410d0 mBlastBufferQueue=0xb400007957e81630 fn= 7 mRenderHdrSdrRatio=1.0 caller= android.view.SyncRtSurfaceTransactionApplier.applyTransaction:96 android.view.SyncRtSurfaceTransactionApplier.lambda$scheduleApply$0:69 android.view.SyncRtSurfaceTransactionApplier.$r8$lambda$SgowXC58rj3PR958kHUfRgLZmvE:0
09-24 19:53:41.387 30270 31230 I ViewRootImpl@faa2361[MainActivity]: mWNT: t=0xb400007947f18bf0 mBlastBufferQueue=0xb400007957e81630 fn= 8 mRenderHdrSdrRatio=1.0 caller= android.view.SyncRtSurfaceTransactionApplier.applyTransaction:96 android.view.SyncRtSurfaceTransactionApplier.lambda$scheduleApply$0:69 android.view.SyncRtSurfaceTransactionApplier.$r8$lambda$SgowXC58rj3PR958kHUfRgLZmvE:0
09-24 19:53:41.393 30270 31228 I ViewRootImpl@faa2361[MainActivity]: mWNT: t=0xb400007947f1bed0 mBlastBufferQueue=0xb400007957e81630 fn= 9 mRenderHdrSdrRatio=1.0 caller= android.view.SyncRtSurfaceTransactionApplier.applyTransaction:96 android.view.SyncRtSurfaceTransactionApplier.lambda$scheduleApply$0:69 android.view.SyncRtSurfaceTransactionApplier.$r8$lambda$SgowXC58rj3PR958kHUfRgLZmvE:0
09-24 19:53:41.403 30270 31230 I ViewRootImpl@faa2361[MainActivity]: mWNT: t=0xb4000079480d4b30 mBlastBufferQueue=0xb400007957e81630 fn= 10 mRenderHdrSdrRatio=1.0 caller= android.view.SyncRtSurfaceTransactionApplier.applyTransaction:96 android.view.SyncRtSurfaceTransactionApplier.lambda$scheduleApply$0:69 android.view.SyncRtSurfaceTransactionApplier.$r8$lambda$SgowXC58rj3PR958kHUfRgLZmvE:0
09-24 19:53:41.412 30270 31228 I ViewRootImpl@faa2361[MainActivity]: mWNT: t=0xb4000079480d2770 mBlastBufferQueue=0xb400007957e81630 fn= 11 mRenderHdrSdrRatio=1.0 caller= android.view.SyncRtSurfaceTransactionApplier.applyTransaction:96 android.view.SyncRtSurfaceTransactionApplier.lambda$scheduleApply$0:69 android.view.SyncRtSurfaceTransactionApplier.$r8$lambda$SgowXC58rj3PR958kHUfRgLZmvE:0
09-24 19:53:41.419 30270 31230 I ViewRootImpl@faa2361[MainActivity]: mWNT: t=0xb4000079480d2a30 mBlastBufferQueue=0xb400007957e81630 fn= 12 mRenderHdrSdrRatio=1.0 caller= android.view.SyncRtSurfaceTransactionApplier.applyTransaction:96 android.view.SyncRtSurfaceTransactionApplier.lambda$scheduleApply$0:69 android.view.SyncRtSurfaceTransactionApplier.$r8$lambda$SgowXC58rj3PR958kHUfRgLZmvE:0
09-24 19:53:41.426 30270 31228 I ViewRootImpl@faa2361[MainActivity]: mWNT: t=0xb4000079480d54d0 mBlastBufferQueue=0xb400007957e81630 fn= 13 mRenderHdrSdrRatio=1.0 caller= android.view.SyncRtSurfaceTransactionApplier.applyTransaction:96 android.view.SyncRtSurfaceTransactionApplier.lambda$scheduleApply$0:69 android.view.SyncRtSurfaceTransactionApplier.$r8$lambda$SgowXC58rj3PR958kHUfRgLZmvE:0
09-24 19:53:41.436 30270 31230 I ViewRootImpl@faa2361[MainActivity]: mWNT: t=0xb4000079480d1dd0 mBlastBufferQueue=0xb400007957e81630 fn= 14 mRenderHdrSdrRatio=1.0 caller= android.view.SyncRtSurfaceTransactionApplier.applyTransaction:96 android.view.SyncRtSurfaceTransactionApplier.lambda$scheduleApply$0:69 android.view.SyncRtSurfaceTransactionApplier.$r8$lambda$SgowXC58rj3PR958kHUfRgLZmvE:0
09-24 19:53:41.443 30270 31228 I ViewRootImpl@faa2361[MainActivity]: mWNT: t=0xb4000079480d16f0 mBlastBufferQueue=0xb400007957e81630 fn= 15 mRenderHdrSdrRatio=1.0 caller= android.view.SyncRtSurfaceTransactionApplier.applyTransaction:96 android.view.SyncRtSurfaceTransactionApplier.lambda$scheduleApply$0:69 android.view.SyncRtSurfaceTransactionApplier.$r8$lambda$SgowXC58rj3PR958kHUfRgLZmvE:0
09-24 19:53:41.453 30270 31230 I ViewRootImpl@faa2361[MainActivity]: mWNT: t=0xb4000079480d33d0 mBlastBufferQueue=0xb400007957e81630 fn= 16 mRenderHdrSdrRatio=1.0 caller= android.view.SyncRtSurfaceTransactionApplier.applyTransaction:96 android.view.SyncRtSurfaceTransactionApplier.lambda$scheduleApply$0:69 android.view.SyncRtSurfaceTransactionApplier.$r8$lambda$SgowXC58rj3PR958kHUfRgLZmvE:0
09-24 19:53:41.463 30270 31228 I ViewRootImpl@faa2361[MainActivity]: mWNT: t=0xb4000079480d4f50 mBlastBufferQueue=0xb400007957e81630 fn= 17 mRenderHdrSdrRatio=1.0 caller= android.view.SyncRtSurfaceTransactionApplier.applyTransaction:96 android.view.SyncRtSurfaceTransactionApplier.lambda$scheduleApply$0:69 android.view.SyncRtSurfaceTransactionApplier.$r8$lambda$SgowXC58rj3PR958kHUfRgLZmvE:0
09-24 19:53:41.471 30270 31230 I ViewRootImpl@faa2361[MainActivity]: mWNT: t=0xb400007947eccf30 mBlastBufferQueue=0xb400007957e81630 fn= 18 mRenderHdrSdrRatio=1.0 caller= android.view.SyncRtSurfaceTransactionApplier.applyTransaction:96 android.view.SyncRtSurfaceTransactionApplier.lambda$scheduleApply$0:69 android.view.SyncRtSurfaceTransactionApplier.$r8$lambda$SgowXC58rj3PR958kHUfRgLZmvE:0
09-24 19:53:41.477 30270 31228 I ViewRootImpl@faa2361[MainActivity]: mWNT: t=0xb400007947ed3910 mBlastBufferQueue=0xb400007957e81630 fn= 19 mRenderHdrSdrRatio=1.0 caller= android.view.SyncRtSurfaceTransactionApplier.applyTransaction:96 android.view.SyncRtSurfaceTransactionApplier.lambda$scheduleApply$0:69 android.view.SyncRtSurfaceTransactionApplier.$r8$lambda$SgowXC58rj3PR958kHUfRgLZmvE:0
09-24 19:53:41.487 30270 31230 I ViewRootImpl@faa2361[MainActivity]: mWNT: t=0xb400007947f2d490 mBlastBufferQueue=0xb400007957e81630 fn= 20 mRenderHdrSdrRatio=1.0 caller= android.view.SyncRtSurfaceTransactionApplier.applyTransaction:96 android.view.SyncRtSurfaceTransactionApplier.lambda$scheduleApply$0:69 android.view.SyncRtSurfaceTransactionApplier.$r8$lambda$SgowXC58rj3PR958kHUfRgLZmvE:0
09-24 19:53:41.493 30270 31228 I ViewRootImpl@faa2361[MainActivity]: mWNT: t=0xb400007947f29ad0 mBlastBufferQueue=0xb400007957e81630 fn= 21 mRenderHdrSdrRatio=1.0 caller= android.view.SyncRtSurfaceTransactionApplier.applyTransaction:96 android.view.SyncRtSurfaceTransactionApplier.lambda$scheduleApply$0:69 android.view.SyncRtSurfaceTransactionApplier.$r8$lambda$SgowXC58rj3PR958kHUfRgLZmvE:0
09-24 19:53:41.502 30270 31230 I ViewRootImpl@faa2361[MainActivity]: mWNT: t=0xb400007947ed8fb0 mBlastBufferQueue=0xb400007957e81630 fn= 22 mRenderHdrSdrRatio=1.0 caller= android.view.SyncRtSurfaceTransactionApplier.applyTransaction:96 android.view.SyncRtSurfaceTransactionApplier.lambda$scheduleApply$0:69 android.view.SyncRtSurfaceTransactionApplier.$r8$lambda$SgowXC58rj3PR958kHUfRgLZmvE:0
09-24 19:53:41.512 30270 31228 I ViewRootImpl@faa2361[MainActivity]: mWNT: t=0xb400007947ed0370 mBlastBufferQueue=0xb400007957e81630 fn= 23 mRenderHdrSdrRatio=1.0 caller= android.view.SyncRtSurfaceTransactionApplier.applyTransaction:96 android.view.SyncRtSurfaceTransactionApplier.lambda$scheduleApply$0:69 android.view.SyncRtSurfaceTransactionApplier.$r8$lambda$SgowXC58rj3PR958kHUfRgLZmvE:0
09-24 19:53:41.518 30270 31230 I ViewRootImpl@faa2361[MainActivity]: mWNT: t=0xb400007947ecda30 mBlastBufferQueue=0xb400007957e81630 fn= 24 mRenderHdrSdrRatio=1.0 caller= android.view.SyncRtSurfaceTransactionApplier.applyTransaction:96 android.view.SyncRtSurfaceTransactionApplier.lambda$scheduleApply$0:69 android.view.SyncRtSurfaceTransactionApplier.$r8$lambda$SgowXC58rj3PR958kHUfRgLZmvE:0
09-24 19:53:41.527 30270 31228 I ViewRootImpl@faa2361[MainActivity]: mWNT: t=0xb400007947ec8bd0 mBlastBufferQueue=0xb400007957e81630 fn= 25 mRenderHdrSdrRatio=1.0 caller= android.view.SyncRtSurfaceTransactionApplier.applyTransaction:96 android.view.SyncRtSurfaceTransactionApplier.lambda$scheduleApply$0:69 android.view.SyncRtSurfaceTransactionApplier.$r8$lambda$SgowXC58rj3PR958kHUfRgLZmvE:0
09-24 19:53:41.537 30270 31230 I ViewRootImpl@faa2361[MainActivity]: mWNT: t=0xb400007947ec33d0 mBlastBufferQueue=0xb400007957e81630 fn= 26 mRenderHdrSdrRatio=1.0 caller= android.view.SyncRtSurfaceTransactionApplier.applyTransaction:96 android.view.SyncRtSurfaceTransactionApplier.lambda$scheduleApply$0:69 android.view.SyncRtSurfaceTransactionApplier.$r8$lambda$SgowXC58rj3PR958kHUfRgLZmvE:0
09-24 19:53:41.544 30270 31228 I ViewRootImpl@faa2361[MainActivity]: mWNT: t=0xb400007947eb6f30 mBlastBufferQueue=0xb400007957e81630 fn= 27 mRenderHdrSdrRatio=1.0 caller= android.view.SyncRtSurfaceTransactionApplier.applyTransaction:96 android.view.SyncRtSurfaceTransactionApplier.lambda$scheduleApply$0:69 android.view.SyncRtSurfaceTransactionApplier.$r8$lambda$SgowXC58rj3PR958kHUfRgLZmvE:0
09-24 19:53:41.555 30270 31230 I ViewRootImpl@faa2361[MainActivity]: mWNT: t=0xb400007947ec9db0 mBlastBufferQueue=0xb400007957e81630 fn= 28 mRenderHdrSdrRatio=1.0 caller= android.view.SyncRtSurfaceTransactionApplier.applyTransaction:96 android.view.SyncRtSurfaceTransactionApplier.lambda$scheduleApply$0:69 android.view.SyncRtSurfaceTransactionApplier.$r8$lambda$SgowXC58rj3PR958kHUfRgLZmvE:0
09-24 19:53:41.560 30270 31228 I ViewRootImpl@faa2361[MainActivity]: mWNT: t=0xb400007947ea2c10 mBlastBufferQueue=0xb400007957e81630 fn= 29 mRenderHdrSdrRatio=1.0 caller= android.view.SyncRtSurfaceTransactionApplier.applyTransaction:96 android.view.SyncRtSurfaceTransactionApplier.lambda$scheduleApply$0:69 android.view.SyncRtSurfaceTransactionApplier.$r8$lambda$SgowXC58rj3PR958kHUfRgLZmvE:0
09-24 19:53:41.569 30270 31230 I ViewRootImpl@faa2361[MainActivity]: mWNT: t=0xb400007947ec6c30 mBlastBufferQueue=0xb400007957e81630 fn= 30 mRenderHdrSdrRatio=1.0 caller= android.view.SyncRtSurfaceTransactionApplier.applyTransaction:96 android.view.SyncRtSurfaceTransactionApplier.lambda$scheduleApply$0:69 android.view.SyncRtSurfaceTransactionApplier.$r8$lambda$SgowXC58rj3PR958kHUfRgLZmvE:0
09-24 19:53:41.579 30270 31228 I ViewRootImpl@faa2361[MainActivity]: mWNT: t=0xb400007947f304b0 mBlastBufferQueue=0xb400007957e81630 fn= 31 mRenderHdrSdrRatio=1.0 caller= android.view.SyncRtSurfaceTransactionApplier.applyTransaction:96 android.view.SyncRtSurfaceTransactionApplier.lambda$scheduleApply$0:69 android.view.SyncRtSurfaceTransactionApplier.$r8$lambda$SgowXC58rj3PR958kHUfRgLZmvE:0
09-24 19:53:41.587 30270 31230 I ViewRootImpl@faa2361[MainActivity]: mWNT: t=0xb400007947f3c270 mBlastBufferQueue=0xb400007957e81630 fn= 32 mRenderHdrSdrRatio=1.0 caller= android.view.SyncRtSurfaceTransactionApplier.applyTransaction:96 android.view.SyncRtSurfaceTransactionApplier.lambda$scheduleApply$0:69 android.view.SyncRtSurfaceTransactionApplier.$r8$lambda$SgowXC58rj3PR958kHUfRgLZmvE:0
09-24 19:53:41.594 30270 31228 I ViewRootImpl@faa2361[MainActivity]: mWNT: t=0xb400007947eb2bd0 mBlastBufferQueue=0xb400007957e81630 fn= 33 mRenderHdrSdrRatio=1.0 caller= android.view.SyncRtSurfaceTransactionApplier.applyTransaction:96 android.view.SyncRtSurfaceTransactionApplier.lambda$scheduleApply$0:69 android.view.SyncRtSurfaceTransactionApplier.$r8$lambda$SgowXC58rj3PR958kHUfRgLZmvE:0
09-24 19:53:41.603 30270 31230 I ViewRootImpl@faa2361[MainActivity]: mWNT: t=0xb400007947f3e0b0 mBlastBufferQueue=0xb400007957e81630 fn= 34 mRenderHdrSdrRatio=1.0 caller= android.view.SyncRtSurfaceTransactionApplier.applyTransaction:96 android.view.SyncRtSurfaceTransactionApplier.lambda$scheduleApply$0:69 android.view.SyncRtSurfaceTransactionApplier.$r8$lambda$SgowXC58rj3PR958kHUfRgLZmvE:0
09-24 19:53:41.612 30270 31228 I ViewRootImpl@faa2361[MainActivity]: mWNT: t=0xb400007947eff910 mBlastBufferQueue=0xb400007957e81630 fn= 35 mRenderHdrSdrRatio=1.0 caller= android.view.SyncRtSurfaceTransactionApplier.applyTransaction:96 android.view.SyncRtSurfaceTransactionApplier.lambda$scheduleApply$0:69 android.view.SyncRtSurfaceTransactionApplier.$r8$lambda$SgowXC58rj3PR958kHUfRgLZmvE:0
09-24 19:53:41.620 30270 31230 I ViewRootImpl@faa2361[MainActivity]: mWNT: t=0xb400007947f3f550 mBlastBufferQueue=0xb400007957e81630 fn= 36 mRenderHdrSdrRatio=1.0 caller= android.view.SyncRtSurfaceTransactionApplier.applyTransaction:96 android.view.SyncRtSurfaceTransactionApplier.lambda$scheduleApply$0:69 android.view.SyncRtSurfaceTransactionApplier.$r8$lambda$SgowXC58rj3PR958kHUfRgLZmvE:0
09-24 19:53:41.629 30270 31228 I ViewRootImpl@faa2361[MainActivity]: mWNT: t=0xb400007947ef89b0 mBlastBufferQueue=0xb400007957e81630 fn= 37 mRenderHdrSdrRatio=1.0 caller= android.view.SyncRtSurfaceTransactionApplier.applyTransaction:96 android.view.SyncRtSurfaceTransactionApplier.lambda$scheduleApply$0:69 android.view.SyncRtSurfaceTransactionApplier.$r8$lambda$SgowXC58rj3PR958kHUfRgLZmvE:0
