--------- beginning of crash
09-23 17:44:54.075 9167 9167 E AndroidRuntime: FATAL EXCEPTION: main
09-23 17:44:54.075 9167 9167 E AndroidRuntime: Process: app.revanced.manager.flutter, PID: 9167
09-23 17:44:54.075 9167 9167 E AndroidRuntime: java.lang.RuntimeException: Unable to start receiver app.revanced.manager.flutter.utils.packageInstaller.InstallerReceiver: java.lang.NullPointerException
09-23 17:44:54.075 9167 9167 E AndroidRuntime: at android.app.ActivityThread.handleReceiver(ActivityThread.java:4905)
09-23 17:44:54.075 9167 9167 E AndroidRuntime: at android.app.ActivityThread.-$$Nest$mhandleReceiver(Unknown Source:0)
09-23 17:44:54.075 9167 9167 E AndroidRuntime: at android.app.ActivityThread$H.handleMessage(ActivityThread.java:2498)
09-23 17:44:54.075 9167 9167 E AndroidRuntime: at android.os.Handler.dispatchMessage(Handler.java:106)
09-23 17:44:54.075 9167 9167 E AndroidRuntime: at android.os.Looper.loopOnce(Looper.java:230)
09-23 17:44:54.075 9167 9167 E AndroidRuntime: at android.os.Looper.loop(Looper.java:319)
09-23 17:44:54.075 9167 9167 E AndroidRuntime: at android.app.ActivityThread.main(ActivityThread.java:8919)
09-23 17:44:54.075 9167 9167 E AndroidRuntime: at java.lang.reflect.Method.invoke(Native Method)
09-23 17:44:54.075 9167 9167 E AndroidRuntime: at com.android.internal.os.RuntimeInit$MethodAndArgsCaller.run(RuntimeInit.java:578)
09-23 17:44:54.075 9167 9167 E AndroidRuntime: at com.android.internal.os.ZygoteInit.main(ZygoteInit.java:1103)
09-23 17:44:54.075 9167 9167 E AndroidRuntime: Caused by: java.lang.NullPointerException
09-23 17:44:54.075 9167 9167 E AndroidRuntime: at app.revanced.manager.flutter.utils.packageInstaller.InstallerReceiver.onReceive(Unknown Source:63)
09-23 17:44:54.075 9167 9167 E AndroidRuntime: at android.app.ActivityThread.handleReceiver(ActivityThread.java:4896)
09-23 17:44:54.075 9167 9167 E AndroidRuntime: ... 9 more --------- beginning of main
09-24 19:48:35.047 28939 28939 I manager.flutter: Using CollectorTypeCMC GC.
09-24 19:48:35.050 28939 28939 E manager.flutter: Not starting debugger since process cannot load the jdwp agent.
09-24 19:48:35.054 28939 28939 D ActivityThread: setConscryptValidator
09-24 19:48:35.054 28939 28939 D ActivityThread: setConscryptValidator - put
09-24 19:48:35.061 28939 28939 D CompatibilityChangeReporter: Compat change id reported: 171979766; UID 10813; state: ENABLED
09-24 19:48:35.061 28939 28939 D CompatibilityChangeReporter: Compat change id reported: 242716250; UID 10813; state: ENABLED
09-24 19:48:35.079 28939 28939 D nativeloader: Configuring clns-4 for other apk /data/app/~~3mtTgsiO_dkpY-43uXIfVw==/app.revanced.manager.flutter-hQUufLpnyFyYkqgTdxR9vQ==/base.apk. target_sdk_version=34, uses_libraries=, library_path=/data/app/~~3mtTgsiO_dkpY-43uXIfVw==/app.revanced.manager.flutter-hQUufLpnyFyYkqgTdxR9vQ==/lib/arm64:/data/app/~~3mtTgsiO_dkpY-43uXIfVw==/app.revanced.manager.flutter-hQUufLpnyFyYkqgTdxR9vQ==/base.apk!/lib/arm64-v8a, permitted_path=/data:/mnt/expand:/data/user/0/app.revanced.manager.flutter
09-24 19:48:35.092 28939 28939 V GraphicsEnvironment: Currently set values for:
09-24 19:48:35.092 28939 28939 V GraphicsEnvironment: angle_gl_driver_selection_pkgs=[]
09-24 19:48:35.092 28939 28939 V GraphicsEnvironment: angle_gl_driver_selection_values=[]
09-24 19:48:35.092 28939 28939 V GraphicsEnvironment: ANGLE GameManagerService for app.revanced.manager.flutter: false
09-24 19:48:35.092 28939 28939 V GraphicsEnvironment: app.revanced.manager.flutter is not listed in per-application setting
09-24 19:48:35.092 28939 28939 V GraphicsEnvironment: App is not on the allowlist for updatable production driver.
09-24 19:48:46.497 30270 30270 I manager.flutter: Using CollectorTypeCMC GC.
09-24 19:48:46.499 30270 30270 E manager.flutter: Not starting debugger since process cannot load the jdwp agent.
09-24 19:48:46.504 30270 30270 D ActivityThread: setConscryptValidator
09-24 19:48:46.504 30270 30270 D ActivityThread: setConscryptValidator - put
09-24 19:48:46.511 30270 30270 D CompatibilityChangeReporter: Compat change id reported: 171979766; UID 10813; state: ENABLED
09-24 19:48:46.511 30270 30270 D CompatibilityChangeReporter: Compat change id reported: 242716250; UID 10813; state: ENABLED
09-24 19:48:46.517 30270 30270 D nativeloader: Configuring clns-4 for other apk /data/app/~~3mtTgsiO_dkpY-43uXIfVw==/app.revanced.manager.flutter-hQUufLpnyFyYkqgTdxR9vQ==/base.apk. target_sdk_version=34, uses_libraries=, library_path=/data/app/~~3mtTgsiO_dkpY-43uXIfVw==/app.revanced.manager.flutter-hQUufLpnyFyYkqgTdxR9vQ==/lib/arm64:/data/app/~~3mtTgsiO_dkpY-43uXIfVw==/app.revanced.manager.flutter-hQUufLpnyFyYkqgTdxR9vQ==/base.apk!/lib/arm64-v8a, permitted_path=/data:/mnt/expand:/data/user/0/app.revanced.manager.flutter
09-24 19:48:46.523 30270 30270 V GraphicsEnvironment: Currently set values for:
09-24 19:48:46.523 30270 30270 V GraphicsEnvironment: angle_gl_driver_selection_pkgs=[]
09-24 19:48:46.523 30270 30270 V GraphicsEnvironment: angle_gl_driver_selection_values=[]
09-24 19:48:46.523 30270 30270 V GraphicsEnvironment: ANGLE GameManagerService for app.revanced.manager.flutter: false
09-24 19:48:46.523 30270 30270 V GraphicsEnvironment: app.revanced.manager.flutter is not listed in per-application setting
09-24 19:48:46.523 30270 30270 V GraphicsEnvironment: App is not on the allowlist for updatable production driver.
09-24 19:48:46.544 30270 30270 D OpenGLRenderer: HWUI - treat SMPTE_170M as sRGB
09-24 19:48:46.551 30270 30296 I AdrenoGLES-0: QUALCOMM build : 194d5e5755, I6561b7ccb3
09-24 19:48:46.551 30270 30296 I AdrenoGLES-0: Build Date : 08/10/23
09-24 19:48:46.551 30270 30296 I AdrenoGLES-0: OpenGL ES Shader Compiler Version: EV031.36.08.13
09-24 19:48:46.551 30270 30296 I AdrenoGLES-0: Local Branch :
09-24 19:48:46.551 30270 30296 I AdrenoGLES-0: Remote Branch :
09-24 19:48:46.551 30270 30296 I AdrenoGLES-0: Remote Branch :
09-24 19:48:46.551 30270 30296 I AdrenoGLES-0: Reconstruct Branch :
09-24 19:48:46.551 30270 30296 I AdrenoGLES-0: Build Config : S P 12.1.1 AArch64
09-24 19:48:46.551 30270 30296 I AdrenoGLES-0: Driver Path : /vendor/lib64/egl/libGLESv2_adreno.so
09-24 19:48:46.551 30270 30296 I AdrenoGLES-0: Driver Version : 0615.0
09-24 19:48:46.557 30270 30296 I AdrenoGLES-0: PFP: 0x01730155, ME: 0x00000000
09-24 19:48:46.562 30270 30296 W Adreno-AppProfiles: Could not find QSPM HAL service. Skipping adreno profile processing.
09-24 19:48:46.625 30270 30270 D FlutterFileDialogPlugin: onAttachedToEngine - IN
09-24 19:48:46.625 30270 30270 D FlutterFileDialogPlugin: doOnAttachedToEngine - IN
09-24 19:48:46.625 30270 30270 D FlutterFileDialogPlugin: doOnAttachedToEngine - OUT
09-24 19:48:46.625 30270 30270 D FlutterFileDialogPlugin: onAttachedToEngine - OUT
09-24 19:48:46.625 30270 30270 D FlutterFileDialogPlugin: onAttachedToActivity
09-24 19:48:46.625 30270 30270 D FlutterFileDialogPlugin: doOnAttachedToActivity - IN
09-24 19:48:46.625 30270 30270 D FlutterFileDialogPlugin: doOnAttachedToActivity - OUT
09-24 19:48:46.629 30270 30270 D SurfaceView@55d75: 351605 setAlpha: alpha=0.0
09-24 19:48:46.629 30270 30270 D SurfaceView@55d75: 351605 updateSurface: has no frame
09-24 19:48:46.638 30270 30270 I DecorView: setWindowBackground: isPopOver=false color=ff000000 d=android.graphics.drawable.ColorDrawable@55d294f
09-24 19:48:46.642 30270 30270 D CompatibilityChangeReporter: Compat change id reported: 237531167; UID 10813; state: DISABLED
09-24 19:48:46.644 30270 30296 D NativeCustomFrequencyManager: [NativeCFMS] BpCustomFrequencyManager::BpCustomFrequencyManager()
09-24 19:48:46.651 30270 30270 I InsetsController: onStateChanged: host=app.revanced.manager.flutter/app.revanced.manager.flutter.MainActivity, from=android.view.ViewRootImpl.setView:1753, state=InsetsState: {mDisplayFrame=Rect(0, 0 - 1080, 2340), mDisplayCutout=DisplayCutout{insets=Rect(0, 74 - 0, 0) waterfall=Insets{left=0, top=0, right=0, bottom=0} boundingRect={Bounds=[Rect(0, 0 - 0, 0), Rect(514, 0 - 566, 74), Rect(0, 0 - 0, 0), Rect(0, 0 - 0, 0)]} cutoutPathParserInfo={CutoutPathParserInfo{displayWidth=1080 displayHeight=2340 physicalDisplayWidth=1080 physicalDisplayHeight=2340 density={2.8125} cutoutSpec={M 0,0 H -9.244444444444444 V 26.31111111111111 H 9.244444444444444 V 0 H 0 Z @dp} rotation={0} scale={1.0} physicalPixelDisplaySizeRatio={1.0}}}}, mRoundedCorners=RoundedCorners{[RoundedCorner{position=TopLeft, radius=101, center=Point(101, 101)}, RoundedCorner{position=TopRight, radius=101, center=Point(979, 101)}, RoundedCorner{position=BottomRight, radius=101, center=Point(979, 2239)}, RoundedCorner{position=BottomLeft, radius=101, center=Point(101, 2239)}]} mRoundedCornerFrame=Rect(0, 0 - 1080, 2340), mPrivacyIndicatorBounds=PrivacyIndicatorBounds {static bounds=Rect(956, 0 - 1080, 74) rotation=0}, mDisplayShape=DisplayShape{ spec=-311912193 displayWidth=1080 displayHeight=2340 physicalPixelDisplaySizeRatio=1.0 rotation=0 offsetX=0 offsetY=0 scale=1.0}, mSources= { InsetsSource: {c07b0000 mType=statusBars mFrame=[0,0][1080,74] mVisible=true mFlags=[]}, InsetsSource: {c07b0005 mType=mandatorySystemGestures mFrame=[0,0][1080,108] mVisible=true mFlags=[]}, InsetsSource: {c07b0006 mType=tappableElement mFrame=[0,0][1080,74] mVisible=true mFlags=[]}, InsetsSource: {e6100001 mType=navigationBars mFrame=[0,0][0,0] mVisible=true mFlags=[SUPPRESS_SCRIM]}, InsetsSource: {e6100004 mType=systemGestures mFrame=[0,0][0,0] mVisible=true mFlags=[]}, InsetsSource: {e6100005 mType=mandatorySystemGestures mFrame=[0,2250][1080,2340] mVisible=true mFlags=[]}, InsetsSource: {e6100006 mType=tappableElement mFrame=[0,0][0,0] mVisible=true mFlags=[]}, InsetsSource: {e6100024 mType=systemGestures mFrame=[0,0][0,0] mVisible=true mFlags=[]}, InsetsSource: {3 mType=ime mFrame=[0,0][0,0] mVisible=false mFlags=[]}, InsetsSource: {27 mType=displayCutout mFrame=[0,0][1080,74] mVisible=true mFlags=[]} }
09-24 19:48:46.651 30270 30270 I ViewRootImpl@faa2361[MainActivity]: synced displayState. AttachInfo displayState=2
09-24 19:48:46.652 30270 30270 I ViewRootImpl@faa2361[MainActivity]: setView = com.android.internal.policy.DecorView@a84949d TM=true
09-24 19:48:46.652 30270 30270 I IDS_TAG : Starting IDS observe window
09-24 19:48:46.652 30270 30270 I IDS_TAG : Getting Shared Preference for android.app.Application@e294d12 uid = 10813
09-24 19:48:46.654 30270 30270 I IDS_TAG : App android.app.Application@e294d12 has not finished training
09-24 19:48:46.654 30270 30296 D OpenGLRenderer: HWUI - treat SMPTE_170M as sRGB
09-24 19:48:46.654 30270 30270 I IDS_TAG : Closing IDS observe window
09-24 19:48:46.654 30270 30270 I IDS_TAG : Getting Shared Preference for android.app.Application@e294d12 uid = 10813
09-24 19:48:46.655 30270 30270 I IDS_TAG : IDS count updated to 1 for android.app.Application@e294d12
09-24 19:48:46.661 30270 30270 I SurfaceView@55d75: onWindowVisibilityChanged(0) true io.flutter.embedding.android.FlutterSurfaceView{55d75 V.E...... ......I. 0,0-0,0} of ViewRootImpl@faa2361[MainActivity]
09-24 19:48:46.661 30270 30270 D SurfaceView@55d75: 351605 updateSurface: has no frame
09-24 19:48:46.672 30270 30270 I BufferQueueProducer: [](id:763e00000000,api:0,p:79,c:30270) setDequeueTimeout:2077252342
09-24 19:48:46.672 30270 30270 I BLASTBufferQueue_Java: new BLASTBufferQueue, mName= ViewRootImpl@faa2361[MainActivity] mNativeObject= 0xb400007957e81630 sc.mNativeObject= 0xb4000079e7e73550 caller= android.view.ViewRootImpl.updateBlastSurfaceIfNeeded:3028 android.view.ViewRootImpl.relayoutWindow:10131 android.view.ViewRootImpl.performTraversals:4110 android.view.ViewRootImpl.doTraversal:3288 android.view.ViewRootImpl$TraversalRunnable.run:11344 android.view.Choreographer$CallbackRecord.run:1689 android.view.Choreographer$CallbackRecord.run:1698 android.view.Choreographer.doCallbacks:1153 android.view.Choreographer.doFrame:1079 android.view.Choreographer$FrameDisplayEventReceiver.run:1646
09-24 19:48:46.672 30270 30270 I BLASTBufferQueue_Java: update, w= 1080 h= 2340 mName = ViewRootImpl@faa2361[MainActivity] mNativeObject= 0xb400007957e81630 sc.mNativeObject= 0xb4000079e7e73550 format= -3 caller= android.graphics.BLASTBufferQueue.:89 android.view.ViewRootImpl.updateBlastSurfaceIfNeeded:3028 android.view.ViewRootImpl.relayoutWindow:10131 android.view.ViewRootImpl.performTraversals:4110 android.view.ViewRootImpl.doTraversal:3288 android.view.ViewRootImpl$TraversalRunnable.run:11344
09-24 19:48:46.672 30270 30270 I ViewRootImpl@faa2361[MainActivity]: Relayout returned: old=(0,0,1080,2340) new=(0,0,1080,2340) relayoutAsync=false req=(1080,2340)0 dur=8 res=0x403 s={true 0xb400007a47e9af80} ch=true seqId=0
09-24 19:48:46.673 30270 30270 I ViewRootImpl@faa2361[MainActivity]: performConfigurationChange setNightDimText nightDimLevel=0
09-24 19:48:46.673 30270 30270 D ViewRootImpl@faa2361[MainActivity]: mThreadedRenderer.initialize() mSurface={isValid=true 0xb400007a47e9af80} hwInitialized=true
09-24 19:48:46.673 30270 30270 D SurfaceView@55d75: 351605 updateSurface: has no frame
09-24 19:48:46.673 30270 30270 I SurfaceView@55d75: windowStopped(false) true io.flutter.embedding.android.FlutterSurfaceView{55d75 V.E...... ......ID 0,0-1080,2340} of ViewRootImpl@faa2361[MainActivity]
09-24 19:48:46.673 30270 30270 D SurfaceView@55d75: 351605 updateSurface: has no frame
09-24 19:48:46.675 30270 30270 D ViewRootImpl@faa2361[MainActivity]: reportNextDraw android.view.ViewRootImpl.performTraversals:4718 android.view.ViewRootImpl.doTraversal:3288 android.view.ViewRootImpl$TraversalRunnable.run:11344 android.view.Choreographer$CallbackRecord.run:1689 android.view.Choreographer$CallbackRecord.run:1698
09-24 19:48:46.675 30270 30270 I SurfaceView: 351605 Changes: creating=true format=true size=true visible=true alpha=true hint=false visible=true left=true top=true z=false attached=true lifecycleStrategy=false
09-24 19:48:46.675 30270 30270 I BufferQueueProducer: [](id:763e00000001,api:0,p:79,c:30270) setDequeueTimeout:2077252342
09-24 19:48:46.681 30270 30270 I BLASTBufferQueue_Java: update, w= 1080 h= 2340 mName = null mNativeObject= 0xb400007957e80050 sc.mNativeObject= 0xb4000079e7e74f90 format= 4 caller= android.view.SurfaceView.createBlastSurfaceControls:1517 android.view.SurfaceView.updateSurface:1193 android.view.SurfaceView.lambda$new$0:258 android.view.SurfaceView.$r8$lambda$cm3nmzErr-srXoT_KjIYQgdhFN0:0 android.view.SurfaceView$$ExternalSyntheticLambda2.onPreDraw:2 android.view.ViewTreeObserver.dispatchOnPreDraw:1204
09-24 19:48:46.681 30270 30270 I SurfaceView@55d75: 351605 Cur surface: Surface(name=null)/@0xec6e1b1
09-24 19:48:46.681 30270 30270 I SurfaceView@55d75: pST: sr = Rect(0, 0 - 1080, 2340) sw = 1080 sh = 2340
09-24 19:48:46.681 30270 30270 D SurfaceView@55d75: 351605 performSurfaceTransaction RenderWorker position = [0, 0, 1080, 2340] surfaceSize = 1080x2340
09-24 19:48:46.681 30270 30270 I SurfaceView@55d75: updateSurface: mVisible = true mSurface.isValid() = true
09-24 19:48:46.681 30270 30270 I SurfaceView@55d75: updateSurface: mSurfaceCreated = false surfaceChanged = true visibleChanged = true
09-24 19:48:46.681 30270 30270 I SurfaceView: 351605 visibleChanged -- surfaceCreated
09-24 19:48:46.681 30270 30270 I SurfaceView@55d75: surfaceCreated 1 #8 io.flutter.embedding.android.FlutterSurfaceView{55d75 V.E...... ......ID 0,0-1080,2340}
09-24 19:48:46.683 30270 30270 I SurfaceView: 351605 surfaceChanged -- format=4 w=1080 h=2340
09-24 19:48:46.683 30270 30270 I SurfaceView@55d75: surfaceChanged (1080,2340) 1 #8 io.flutter.embedding.android.FlutterSurfaceView{55d75 V.E...... ......ID 0,0-1080,2340}
09-24 19:48:46.683 30270 30270 I SurfaceView: 351605 surfaceRedrawNeeded
09-24 19:48:46.684 30270 30270 I SurfaceView: 351605 finishedDrawing
09-24 19:48:46.684 30270 30270 V SurfaceView@55d75: Layout: x=0 y=0 w=1080 h=2340, frame=Rect(0, 0 - 1080, 2340)
09-24 19:48:46.684 30270 30296 D OpenGLRenderer: CacheManager::trimMemory(5)
09-24 19:48:46.684 30270 30270 I InsetsSourceConsumer: applyRequestedVisibilityToControl: visible=true, type=navigationBars, host=app.revanced.manager.flutter/app.revanced.manager.flutter.MainActivity
09-24 19:48:47.186 30270 30270 I Choreographer: Skipped 47 frames! The application may be doing too much work on its main thread.
09-24 19:48:47.545 30270 30270 I Choreographer: Skipped 40 frames! The application may be doing too much work on its main thread.
09-24 19:48:47.556 30270 30270 D permissions_handler: No permissions found in manifest for: []15
09-24 19:48:47.571 30270 30306 I flutter : dynamic_color: Core palette detected.
09-24 19:48:47.693 30270 30307 I BLASTBufferQueue: [SurfaceView[app.revanced.manager.flutter/app.revanced.manager.flutter.MainActivity]@0#1](f:0,a:0,s:0) onFrameAvailable the first frame is available
09-24 19:48:47.969 30270 30270 D SurfaceView@55d75: 351605 setAlpha: alpha=1.0
09-24 19:48:47.969 30270 30270 I SurfaceView: 351605 Changes: creating=false format=false size=false visible=false alpha=true hint=false visible=false left=false top=false z=false attached=true lifecycleStrategy=false
09-24 19:48:47.969 30270 30270 I SurfaceView@55d75: 351605 Cur surface: Surface(name=null)/@0xec6e1b1
09-24 19:48:47.969 30270 30270 I SurfaceView@55d75: updateSurface: mVisible = true mSurface.isValid() = true
09-24 19:48:47.969 30270 30270 I SurfaceView@55d75: updateSurface: mSurfaceCreated = true surfaceChanged = false visibleChanged = false
09-24 19:48:47.969 30270 30270 I SurfaceView: 351605 surfaceRedrawNeeded
09-24 19:48:47.970 30270 30270 I SurfaceView: 351605 finishedDrawing
09-24 19:48:47.970 30270 30270 V SurfaceView@55d75: Layout: x=0 y=0 w=1080 h=2340, frame=Rect(0, 0 - 1080, 2340)
09-24 19:48:47.971 30270 30270 I ViewRootImpl@faa2361[MainActivity]: Setup new sync=wmsSync-ViewRootImpl@faa2361[MainActivity]#2
09-24 19:48:47.971 30270 30270 I ViewRootImpl@faa2361[MainActivity]: Creating new active sync group ViewRootImpl@faa2361[MainActivity]#3
09-24 19:48:47.973 30270 30270 I ViewRootImpl@faa2361[MainActivity]: registerCallbacksForSync syncBuffer=false
09-24 19:48:47.973 30270 30296 D SurfaceView: 351605 updateSurfacePosition RenderWorker, frameNr = 1, position = [0, 0, 1080, 2340] surfaceSize = 1080x2340
09-24 19:48:47.974 30270 30296 I SurfaceView@55d75: uSP: rtp = Rect(0, 0 - 1080, 2340) rtsw = 1080 rtsh = 2340
09-24 19:48:47.974 30270 30296 I SurfaceView@55d75: onSSPAndSRT: pl = 0 pt = 0 sx = 1.0 sy = 1.0
09-24 19:48:47.975 30270 30296 I SurfaceView@55d75: aOrMT: ViewRootImpl@faa2361[MainActivity] t = android.view.SurfaceControl$Transaction@1aa3dfe fN = 1 android.view.SurfaceView.-$$Nest$mapplyOrMergeTransaction:0 android.view.SurfaceView$SurfaceViewPositionUpdateListener.positionChanged:1666 android.graphics.RenderNode$CompositePositionUpdateListener.positionChanged:369
09-24 19:48:47.975 30270 30296 I ViewRootImpl@faa2361[MainActivity]: mWNT: t=0xb400007947e7f010 mBlastBufferQueue=0xb400007957e81630 fn= 1 mRenderHdrSdrRatio=1.0 caller= android.view.SurfaceView.applyOrMergeTransaction:1598 android.view.SurfaceView.-$$Nest$mapplyOrMergeTransaction:0 android.view.SurfaceView$SurfaceViewPositionUpdateListener.positionChanged:1666
09-24 19:48:47.976 30270 31228 I ViewRootImpl@faa2361[MainActivity]: Received frameDrawingCallback syncResult=0 frameNum=1.
09-24 19:48:47.976 30270 31228 I ViewRootImpl@faa2361[MainActivity]: mWNT: t=0xb400007947eb6590 mBlastBufferQueue=0xb400007957e81630 fn= 1 mRenderHdrSdrRatio=1.0 caller= android.view.ViewRootImpl$8.onFrameDraw:13841 android.view.ThreadedRenderer$1.onFrameDraw:792
09-24 19:48:47.976 30270 31228 I ViewRootImpl@faa2361[MainActivity]: Setting up sync and frameCommitCallback
09-24 19:48:47.993 30270 30296 I BLASTBufferQueue: [ViewRootImpl@faa2361[MainActivity]#0](f:0,a:0,s:0) onFrameAvailable the first frame is available
09-24 19:48:47.994 30270 30296 I ViewRootImpl@faa2361[MainActivity]: Received frameCommittedCallback lastAttemptedDrawFrameNum=1 didProduceBuffer=true
09-24 19:48:47.994 30270 30296 D OpenGLRenderer: CFMS:: SetUp Pid : 30270 Tid : 30296
09-24 19:48:47.994 30270 30270 I ViewRootImpl@faa2361[MainActivity]: reportDrawFinished seqId=0
09-24 19:48:48.448 30270 30270 I ViewRootImpl@faa2361[MainActivity]: handleWindowFocusChanged: 1 0 call from android.view.ViewRootImpl.deliverInputEvent:11249
09-24 19:48:48.449 30270 30270 D ViewRootImpl@faa2361[MainActivity]: mThreadedRenderer.initializeIfNeeded()#2 mSurface={isValid=true 0xb400007a47e9af80}
09-24 19:48:48.449 30270 30270 D InputMethodManagerUtils: startInputInner - Id : 0
09-24 19:48:48.449 30270 30270 I InputMethodManager: startInputInner - IInputMethodManagerGlobalInvoker.startInputOrWindowGainedFocus
09-24 19:48:48.453 30270 30270 I ViewRootImpl@faa2361[MainActivity]: ViewPostIme pointer 0
09-24 19:48:48.456 30270 30270 I ViewRootImpl@faa2361[MainActivity]: ViewPostIme pointer 1
09-24 19:48:48.466 30270 30270 I Choreographer: Skipped 58 frames! The application may be doing too much work on its main thread.
09-24 19:48:48.469 30270 30270 D InputMethodManagerUtils: startInputInner - Id : 0
09-24 19:48:48.510 30270 30270 I BLASTBufferQueue_Java: update, w= 1080 h= 2340 mName = ViewRootImpl@faa2361[MainActivity] mNativeObject= 0xb400007957e81630 sc.mNativeObject= 0xb4000079e7e73550 format= -3 caller= android.view.ViewRootImpl.updateBlastSurfaceIfNeeded:3017 android.view.ViewRootImpl.relayoutWindow:10131 android.view.ViewRootImpl.performTraversals:4110 android.view.ViewRootImpl.doTraversal:3288 android.view.ViewRootImpl$TraversalRunnable.run:11344 android.view.Choreographer$CallbackRecord.run:1689
09-24 19:48:48.510 30270 30270 I ViewRootImpl@faa2361[MainActivity]: Relayout returned: old=(0,0,1080,2340) new=(0,0,1080,2340) relayoutAsync=true req=(1080,2340)0 dur=0 res=0x0 s={true 0xb400007a47e9af80} ch=false seqId=0
09-24 19:48:48.510 30270 30270 I ViewRootImpl@faa2361[MainActivity]: registerCallbackForPendingTransactions
09-24 19:48:48.510 30270 31230 I ViewRootImpl@faa2361[MainActivity]: mWNT: t=0xb400007947eb6f30 mBlastBufferQueue=0xb400007957e81630 fn= 3 mRenderHdrSdrRatio=1.0 caller= android.view.ViewRootImpl$6.onFrameDraw:5635 android.view.ViewRootImpl$2.onFrameDraw:2146 android.view.ThreadedRenderer$1.onFrameDraw:792
09-24 19:48:48.510 30270 30296 I BLASTBufferQueue_Java: applyPendingTransactions, mName= ViewRootImpl@faa2361[MainActivity] mNativeObject= 0xb400007957e81630 frameNumber= 3 caller= android.view.ViewRootImpl$6.lambda$onFrameDraw$0:5649 android.view.ViewRootImpl$6.$r8$lambda$9ThyGB6fC3mub7oMSjoAoWLhwMM:0 android.view.ViewRootImpl$6$$ExternalSyntheticLambda0.onFrameCommit:4 android.view.ThreadedRenderer$1.lambda$onFrameDraw$0:804 android.view.ThreadedRenderer$1$$ExternalSyntheticLambda0.onFrameCommit:2
09-24 19:48:48.511 30270 30270 D InputMethodManagerUtils: startInputInner - Id : 0
09-24 19:48:48.511 30270 30270 I InsetsSourceConsumer: applyRequestedVisibilityToControl: visible=false, type=ime, host=app.revanced.manager.flutter/app.revanced.manager.flutter.MainActivity
09-24 19:48:49.066 30270 30270 I ViewRootImpl@faa2361[MainActivity]: ViewPostIme pointer 0
09-24 19:48:49.122 30270 30270 I ViewRootImpl@faa2361[MainActivity]: ViewPostIme pointer 1
09-24 19:48:49.829 30270 30270 W WindowOnBackDispatcher: sendCancelIfRunning: isInProgress=falsecallback=io.flutter.embedding.android.FlutterActivity$1@eee8475
09-24 19:48:50.408 30270 30270 I ViewRootImpl@faa2361[MainActivity]: ViewPostIme pointer 0
09-24 19:48:50.456 30270 30270 W ziparchive: Unable to open '/data/user/0/app.revanced.manager.flutter/cache/libCachedImageData/8c0791e0-7acf-11ef-94c9-675b2a382363.dm': No such file or directory
09-24 19:48:50.746 30270 30270 I ViewRootImpl@faa2361[MainActivity]: ViewPostIme pointer 1
09-24 19:48:51.093 30270 30270 D CompatibilityChangeReporter: Compat change id reported: 210923482; UID 10813; state: ENABLED
09-24 19:48:51.099 30270 30270 I Toast : setView: it's a custom toast
09-24 19:48:51.099 30270 30270 D CompatibilityChangeReporter: Compat change id reported: 147798919; UID 10813; state: ENABLED
09-24 19:48:51.119 30270 30270 I Toast : show: caller = io.github.ponnamkarthik.toast.fluttertoast.MethodCallHandlerImpl.onMethodCall:382
09-24 19:48:51.123 30270 30270 I Toast : show: isDexDualMode = false
09-24 19:48:51.123 30270 30270 I Toast : show: contextDispId = 0 mCustomDisplayId = -1 focusedDisplayId = 0 isActivityContext = false
09-24 19:48:51.127 30270 30270 I ViewRootImpl@faa2361[MainActivity]: handleWindowFocusChanged: 0 0 call from android.view.ViewRootImpl.-$$Nest$mhandleWindowFocusChanged:0
09-24 19:48:51.127 30270 30270 I ImeFocusController: onPreWindowFocus: skipped, hasWindowFocus=false mHasImeFocus=true
09-24 19:48:51.127 30270 30270 I ImeFocusController: onPostWindowFocus: skipped, hasWindowFocus=false mHasImeFocus=true
09-24 19:48:51.237 30270 30270 D InputTransport: Input channel destroyed: 'ClientS', fd=142
09-24 19:48:51.554 30270 31884 D ProfileInstaller: Installing profile for app.revanced.manager.flutter
09-24 19:48:52.177 30270 30270 D CompatibilityChangeReporter: Compat change id reported: 78294732; UID 10813; state: ENABLED
09-24 19:48:52.182 30270 30270 I InsetsSourceConsumer: applyRequestedVisibilityToControl: visible=true, type=navigationBars, host=app.revanced.manager.flutter/app.revanced.manager.flutter.MainActivity
09-24 19:48:52.192 30270 30270 I ViewRootImpl@faa2361[MainActivity]: handleWindowFocusChanged: 1 0 call from android.view.ViewRootImpl.-$$Nest$mhandleWindowFocusChanged:0
09-24 19:48:52.192 30270 30270 D ViewRootImpl@faa2361[MainActivity]: mThreadedRenderer.initializeIfNeeded()#2 mSurface={isValid=true 0xb400007a47e9af80}
09-24 19:48:52.192 30270 30270 D InputMethodManagerUtils: startInputInner - Id : 0
09-24 19:48:52.192 30270 30270 I InputMethodManager: startInputInner - IInputMethodManagerGlobalInvoker.startInputOrWindowGainedFocus
09-24 19:48:52.213 30270 30270 I InsetsSourceConsumer: applyRequestedVisibilityToControl: visible=false, type=ime, host=app.revanced.manager.flutter/app.revanced.manager.flutter.MainActivity
09-24 19:48:52.481 30270 30270 I ViewRootImpl@faa2361[MainActivity]: ViewPostIme pointer 0
09-24 19:48:52.824 30270 30270 I ViewRootImpl@faa2361[MainActivity]: ViewPostIme pointer 1
09-24 19:48:53.076 30270 30270 I ViewRootImpl@faa2361[MainActivity]: ViewPostIme pointer 0
09-24 19:48:53.133 30270 30270 I ViewRootImpl@faa2361[MainActivity]: ViewPostIme pointer 1
09-24 19:48:53.490 30270 30270 I InsetsSourceConsumer: applyRequestedVisibilityToControl: visible=true, type=statusBars, host=app.revanced.manager.flutter/app.revanced.manager.flutter.MainActivity
09-24 19:48:54.166 30270 30270 I ViewRootImpl@faa2361[MainActivity]: ViewPostIme pointer 0
09-24 19:48:54.187 30270 30270 I ViewRootImpl@faa2361[MainActivity]: ViewPostIme pointer 1
09-24 19:48:54.669 30270 30270 I ViewRootImpl@faa2361[MainActivity]: ViewPostIme pointer 0
09-24 19:48:54.880 30270 30270 I ViewRootImpl@faa2361[MainActivity]: ViewPostIme pointer 1
09-24 19:48:56.370 30270 30270 I ViewRootImpl@faa2361[MainActivity]: ViewPostIme pointer 0
09-24 19:48:56.408 30270 30270 I ViewRootImpl@faa2361[MainActivity]: ViewPostIme pointer 1
09-24 19:48:56.925 30270 30270 I ViewRootImpl@faa2361[MainActivity]: ViewPostIme pointer 0
09-24 19:48:56.976 30270 30270 I ViewRootImpl@faa2361[MainActivity]: ViewPostIme pointer 1
09-24 19:48:57.028 30270 30270 I AppIconSolution: night mode is changed to true
09-24 19:48:57.385 30270 30270 I ViewRootImpl@faa2361[MainActivity]: ViewPostIme pointer 0
09-24 19:48:57.436 30270 30270 I ViewRootImpl@faa2361[MainActivity]: ViewPostIme pointer 1
09-24 19:48:57.440 30270 30270 D FlutterFileDialogPlugin: onMethodCall - IN , method=pickFile
09-24 19:48:57.440 30270 30270 D FlutterFileDialogPlugin: createFileDialog - IN
09-24 19:48:57.440 30270 30270 D FlutterFileDialogPlugin: createFileDialog - OUT
09-24 19:48:57.441 30270 30270 D FileDialog: pickFile - IN, fileExtensionsFilter=null, mimeTypesFilter=[Ljava.lang.String;@cc3f896, localOnly=false, copyFileToCacheDir=true
09-24 19:48:57.470 30270 30270 D FileDialog: pickFile - OUT
09-24 19:48:57.493 30270 30270 I ViewRootImpl@faa2361[MainActivity]: handleWindowFocusChanged: 0 0 call from android.view.ViewRootImpl.-$$Nest$mhandleWindowFocusChanged:0
09-24 19:48:57.493 30270 30270 I ImeFocusController: onPreWindowFocus: skipped, hasWindowFocus=false mHasImeFocus=true
09-24 19:48:57.493 30270 30270 I ImeFocusController: onPostWindowFocus: skipped, hasWindowFocus=false mHasImeFocus=true
09-24 19:48:57.761 30270 30270 D InputTransport: Input channel destroyed: 'ClientS', fd=148
09-24 19:48:57.912 30270 30270 I ViewRootImpl@faa2361[MainActivity]: handleAppVisibility mAppVisible = true visible = false
09-24 19:48:57.916 30270 30270 I SurfaceView@55d75: onWindowVisibilityChanged(8) false io.flutter.embedding.android.FlutterSurfaceView{55d75 V.E...... ........ 0,0-1080,2340} of ViewRootImpl@faa2361[MainActivity]
09-24 19:48:57.916 30270 30270 I SurfaceView: 351605 Changes: creating=false format=false size=false visible=true alpha=false hint=false visible=true left=false top=false z=false attached=true lifecycleStrategy=false
09-24 19:48:57.917 30270 30270 I SurfaceView@55d75: 351605 Cur surface: Surface(name=null)/@0xec6e1b1
09-24 19:48:57.917 30270 30270 I SurfaceView: 351605 surfaceDestroyed
09-24 19:48:57.917 30270 30270 I SurfaceView@55d75: surfaceDestroyed callback.size 1 #2 io.flutter.embedding.android.FlutterSurfaceView{55d75 V.E...... ........ 0,0-1080,2340}
09-24 19:48:57.925 30270 30270 I SurfaceView@55d75: updateSurface: mVisible = false mSurface.isValid() = true
09-24 19:48:57.926 30270 30270 I SurfaceView@55d75: releaseSurfaces: viewRoot = ViewRootImpl@faa2361[MainActivity]
09-24 19:48:57.926 30270 30270 V SurfaceView@55d75: Layout: x=0 y=0 w=1080 h=2340, frame=Rect(0, 0 - 1080, 2340)
09-24 19:48:57.926 30270 30270 I ViewRootImpl@faa2361[MainActivity]: destroyHardwareResources: Callers=android.view.ViewRootImpl.performTraversals:3932 android.view.ViewRootImpl.doTraversal:3288 android.view.ViewRootImpl$TraversalRunnable.run:11344 android.view.Choreographer$CallbackRecord.run:1689 android.view.Choreographer$CallbackRecord.run:1698 android.view.Choreographer.doCallbacks:1153 android.view.Choreographer.doFrame:1079 android.view.Choreographer$FrameDisplayEventReceiver.run:1646 android.os.Handler.handleCallback:958 android.os.Handler.dispatchMessage:99
09-24 19:48:57.927 30270 30296 D SurfaceView: 245170867 windowPositionLost, frameNr = 0
09-24 19:48:57.928 30270 30296 D OpenGLRenderer: CacheManager::trimMemory(20)
09-24 19:48:57.935 30270 30270 I ViewRootImpl@faa2361[MainActivity]: Relayout returned: old=(0,0,1080,2340) new=(0,0,1080,2340) relayoutAsync=false req=(1080,2340)8 dur=6 res=0x402 s={false 0x0} ch=true seqId=0
09-24 19:48:57.935 30270 30270 I SurfaceView@55d75: windowStopped(true) false io.flutter.embedding.android.FlutterSurfaceView{55d75 V.E...... ........ 0,0-1080,2340} of ViewRootImpl@faa2361[MainActivity]
09-24 19:48:57.936 30270 30270 D SurfaceView@55d75: updateSurface: surface is not valid
09-24 19:48:57.936 30270 30270 I SurfaceView@55d75: releaseSurfaces: viewRoot = ViewRootImpl@faa2361[MainActivity]
09-24 19:48:57.936 30270 30270 D SurfaceView@55d75: updateSurface: surface is not valid
09-24 19:48:57.936 30270 30270 I SurfaceView@55d75: releaseSurfaces: viewRoot = ViewRootImpl@faa2361[MainActivity]
09-24 19:48:57.937 30270 30296 D OpenGLRenderer: CacheManager::trimMemory(20)
09-24 19:48:57.938 30270 30270 I ViewRootImpl@faa2361[MainActivity]: stopped(true) old = false
09-24 19:48:57.938 30270 30270 D ViewRootImpl@faa2361[MainActivity]: WindowStopped on app.revanced.manager.flutter/app.revanced.manager.flutter.MainActivity set to true
09-24 19:48:57.938 30270 30296 D OpenGLRenderer: CacheManager::trimMemory(20)
09-24 19:48:57.939 30270 30270 D SurfaceView@55d75: updateSurface: surface is not valid
09-24 19:48:57.939 30270 30270 I SurfaceView@55d75: releaseSurfaces: viewRoot = ViewRootImpl@faa2361[MainActivity]
09-24 19:48:57.940 30270 30270 D SurfaceView@55d75: updateSurface: surface is not valid
09-24 19:48:57.940 30270 30270 I SurfaceView@55d75: releaseSurfaces: viewRoot = ViewRootImpl@faa2361[MainActivity]
09-24 19:49:01.690 30270 30270 I ViewRootImpl@faa2361[MainActivity]: handleAppVisibility mAppVisible = false visible = true
09-24 19:49:01.691 30270 30270 I ViewRootImpl@faa2361[MainActivity]: stopped(false) old = true
09-24 19:49:01.691 30270 30270 D ViewRootImpl@faa2361[MainActivity]: WindowStopped on app.revanced.manager.flutter/app.revanced.manager.flutter.MainActivity set to false
09-24 19:49:01.693 30270 30270 D SurfaceView@55d75: updateSurface: surface is not valid
09-24 19:49:01.694 30270 30270 I SurfaceView@55d75: releaseSurfaces: viewRoot = ViewRootImpl@faa2361[MainActivity]
09-24 19:49:01.697 30270 30270 D FileDialog: Picked file: content://com.android.providers.downloads.documents/document/msf%3A1000205007
09-24 19:49:01.717 30270 30270 I SurfaceView@55d75: onWindowVisibilityChanged(0) false io.flutter.embedding.android.FlutterSurfaceView{55d75 V.E...... ......ID 0,0-1080,2340} of ViewRootImpl@faa2361[MainActivity]
09-24 19:49:01.717 30270 30270 D SurfaceView@55d75: updateSurface: surface is not valid
09-24 19:49:01.717 30270 30270 I SurfaceView@55d75: releaseSurfaces: viewRoot = ViewRootImpl@faa2361[MainActivity]
09-24 19:49:01.730 30270 30270 I BufferQueueProducer: [](id:763e00000002,api:0,p:-1,c:30270) setDequeueTimeout:2077252342
09-24 19:49:01.731 30270 30270 I BLASTBufferQueue_Java: new BLASTBufferQueue, mName= ViewRootImpl@faa2361[MainActivity] mNativeObject= 0xb400007957e81630 sc.mNativeObject= 0xb4000079e7e74ed0 caller= android.view.ViewRootImpl.updateBlastSurfaceIfNeeded:3028 android.view.ViewRootImpl.relayoutWindow:10131 android.view.ViewRootImpl.performTraversals:4110 android.view.ViewRootImpl.doTraversal:3288 android.view.ViewRootImpl$TraversalRunnable.run:11344 android.view.Choreographer$CallbackRecord.run:1689 android.view.Choreographer$CallbackRecord.run:1698 android.view.Choreographer.doCallbacks:1153 android.view.Choreographer.doFrame:1079 android.view.Choreographer$FrameDisplayEventReceiver.run:1646
09-24 19:49:01.731 30270 30270 I BLASTBufferQueue_Java: update, w= 1080 h= 2340 mName = ViewRootImpl@faa2361[MainActivity] mNativeObject= 0xb400007957e81630 sc.mNativeObject= 0xb4000079e7e74ed0 format= -3 caller= android.graphics.BLASTBufferQueue.:89 android.view.ViewRootImpl.updateBlastSurfaceIfNeeded:3028 android.view.ViewRootImpl.relayoutWindow:10131 android.view.ViewRootImpl.performTraversals:4110 android.view.ViewRootImpl.doTraversal:3288 android.view.ViewRootImpl$TraversalRunnable.run:11344
09-24 19:49:01.732 30270 30270 I ViewRootImpl@faa2361[MainActivity]: Relayout returned: old=(0,0,1080,2340) new=(0,0,1080,2340) relayoutAsync=false req=(1080,2340)0 dur=10 res=0x403 s={true 0xb400007a47e9af80} ch=true seqId=0
09-24 19:49:01.733 30270 30270 D ViewRootImpl@faa2361[MainActivity]: mThreadedRenderer.initialize() mSurface={isValid=true 0xb400007a47e9af80} hwInitialized=true
09-24 19:49:01.733 30270 30270 I SurfaceView: 351605 Changes: creating=false format=false size=false visible=false alpha=false hint=false visible=false left=false top=false z=false attached=true lifecycleStrategy=false
09-24 19:49:01.733 30270 30270 I SurfaceView@55d75: windowStopped(false) true io.flutter.embedding.android.FlutterSurfaceView{55d75 V.E...... ......ID 0,0-1080,2340} of ViewRootImpl@faa2361[MainActivity]
09-24 19:49:01.733 30270 30270 I SurfaceView: 351605 Changes: creating=true format=false size=false visible=true alpha=false hint=false visible=true left=false top=false z=false attached=true lifecycleStrategy=false
09-24 19:49:01.734 30270 30270 I BufferQueueProducer: [](id:763e00000003,api:0,p:0,c:30270) setDequeueTimeout:2077252342
09-24 19:49:01.735 30270 30270 I BLASTBufferQueue_Java: update, w= 1080 h= 2340 mName = null mNativeObject= 0xb400007957e83570 sc.mNativeObject= 0xb4000079e7e8bfd0 format= 4 caller= android.view.SurfaceView.createBlastSurfaceControls:1517 android.view.SurfaceView.updateSurface:1193 android.view.SurfaceView.setWindowStopped:403 android.view.SurfaceView.surfaceCreated:1994 android.view.ViewRootImpl.notifySurfaceCreated:2945 android.view.ViewRootImpl.performTraversals:4580
09-24 19:49:01.735 30270 30270 I SurfaceView@55d75: 351605 Cur surface: Surface(name=null)/@0xec6e1b1
09-24 19:49:01.735 30270 30270 I SurfaceView@55d75: pST: sr = Rect(0, 0 - 1080, 2340) sw = 1080 sh = 2340
09-24 19:49:01.735 30270 30270 D SurfaceView@55d75: 351605 performSurfaceTransaction RenderWorker position = [0, 0, 1080, 2340] surfaceSize = 1080x2340
09-24 19:49:01.735 30270 30270 I SurfaceView@55d75: updateSurface: mVisible = true mSurface.isValid() = true
09-24 19:49:01.735 30270 30270 I SurfaceView@55d75: updateSurface: mSurfaceCreated = false surfaceChanged = true visibleChanged = true
09-24 19:49:01.735 30270 30270 I SurfaceView: 351605 visibleChanged -- surfaceCreated
09-24 19:49:01.735 30270 30270 I SurfaceView@55d75: surfaceCreated 1 #1 io.flutter.embedding.android.FlutterSurfaceView{55d75 V.E...... ......ID 0,0-1080,2340}
09-24 19:49:01.736 30270 30270 I SurfaceView: 351605 surfaceChanged -- format=4 w=1080 h=2340
09-24 19:49:01.736 30270 30270 I SurfaceView@55d75: surfaceChanged (1080,2340) 1 #1 io.flutter.embedding.android.FlutterSurfaceView{55d75 V.E...... ......ID 0,0-1080,2340}
09-24 19:49:01.736 30270 30270 I SurfaceView: 351605 surfaceRedrawNeeded
09-24 19:49:01.737 30270 30270 I SurfaceView: 351605 finishedDrawing
09-24 19:49:01.737 30270 30270 V SurfaceView@55d75: Layout: x=0 y=0 w=1080 h=2340, frame=Rect(0, 0 - 1080, 2340)
09-24 19:49:01.737 30270 30270 D ViewRootImpl@faa2361[MainActivity]: reportNextDraw android.view.ViewRootImpl.performTraversals:4718 android.view.ViewRootImpl.doTraversal:3288 android.view.ViewRootImpl$TraversalRunnable.run:11344 android.view.Choreographer$CallbackRecord.run:1689 android.view.Choreographer$CallbackRecord.run:1698
09-24 19:49:01.737 30270 30270 I ViewRootImpl@faa2361[MainActivity]: Setup new sync=wmsSync-ViewRootImpl@faa2361[MainActivity]#5
09-24 19:49:01.737 30270 30270 I ViewRootImpl@faa2361[MainActivity]: Creating new active sync group ViewRootImpl@faa2361[MainActivity]#6
09-24 19:49:01.737 30270 30270 I ViewRootImpl@faa2361[MainActivity]: registerCallbacksForSync syncBuffer=false
09-24 19:49:01.738 30270 30296 D SurfaceView: 351605 updateSurfacePosition RenderWorker, frameNr = 1, position = [0, 0, 1080, 2340] surfaceSize = 1080x2340
09-24 19:49:01.738 30270 30296 I SurfaceView@55d75: uSP: rtp = Rect(0, 0 - 1080, 2340) rtsw = 1080 rtsh = 2340
09-24 19:49:01.738 30270 30296 I SurfaceView@55d75: onSSPAndSRT: pl = 0 pt = 0 sx = 1.0 sy = 1.0
09-24 19:49:01.738 30270 30296 I SurfaceView@55d75: aOrMT: ViewRootImpl@faa2361[MainActivity] t = android.view.SurfaceControl$Transaction@7e4d907 fN = 1 android.view.SurfaceView.-$$Nest$mapplyOrMergeTransaction:0 android.view.SurfaceView$SurfaceViewPositionUpdateListener.positionChanged:1666 android.graphics.RenderNode$CompositePositionUpdateListener.positionChanged:369
09-24 19:49:01.739 30270 30296 I ViewRootImpl@faa2361[MainActivity]: mWNT: t=0xb400007947ec79f0 mBlastBufferQueue=0xb400007957e81630 fn= 1 mRenderHdrSdrRatio=1.0 caller= android.view.SurfaceView.applyOrMergeTransaction:1598 android.view.SurfaceView.-$$Nest$mapplyOrMergeTransaction:0 android.view.SurfaceView$SurfaceViewPositionUpdateListener.positionChanged:1666
09-24 19:49:01.739 30270 31228 I ViewRootImpl@faa2361[MainActivity]: Received frameDrawingCallback syncResult=0 frameNum=1.
09-24 19:49:01.739 30270 31228 I ViewRootImpl@faa2361[MainActivity]: mWNT: t=0xb400007947eb4490 mBlastBufferQueue=0xb400007957e81630 fn= 1 mRenderHdrSdrRatio=1.0 caller= android.view.ViewRootImpl$8.onFrameDraw:13841 android.view.ThreadedRenderer$1.onFrameDraw:792
09-24 19:49:01.739 30270 31228 I ViewRootImpl@faa2361[MainActivity]: Setting up sync and frameCommitCallback
09-24 19:49:01.741 30270 30296 I BLASTBufferQueue: [ViewRootImpl@faa2361[MainActivity]#2](f:0,a:0,s:0) onFrameAvailable the first frame is available
09-24 19:49:01.741 30270 30296 I ViewRootImpl@faa2361[MainActivity]: Received frameCommittedCallback lastAttemptedDrawFrameNum=1 didProduceBuffer=true
09-24 19:49:01.741 30270 30270 I ViewRootImpl@faa2361[MainActivity]: reportDrawFinished seqId=0
09-24 19:49:01.742 30270 30270 D FileDialog: Launch...
09-24 19:49:01.742 30270 30270 D FileDialog: Copy on background...
09-24 19:49:01.743 30270 30270 I InsetsSourceConsumer: applyRequestedVisibilityToControl: visible=true, type=navigationBars, host=app.revanced.manager.flutter/app.revanced.manager.flutter.MainActivity
09-24 19:49:01.744 30270 32131 D FileDialog: Copying 'content://com.android.providers.downloads.documents/document/msf%3A1000205007' to '/data/user/0/app.revanced.manager.flutter/cache/com.google.android.youtube_19.16.39-1545731520_minAPI26(arm64-v8a,armeabi-v7a,x86,x86_64)(nodpi)_apkmirror.com(2).apk'
09-24 19:49:01.744 30270 30270 I InsetsSourceConsumer: applyRequestedVisibilityToControl: visible=true, type=statusBars, host=app.revanced.manager.flutter/app.revanced.manager.flutter.MainActivity
09-24 19:49:01.753 30270 30307 I BLASTBufferQueue: [SurfaceView[app.revanced.manager.flutter/app.revanced.manager.flutter.MainActivity]@0#3](f:0,a:0,s:0) onFrameAvailable the first frame is available
09-24 19:49:01.772 30270 30270 I ViewRootImpl@faa2361[MainActivity]: handleWindowFocusChanged: 1 0 call from android.view.ViewRootImpl.-$$Nest$mhandleWindowFocusChanged:0
09-24 19:49:01.772 30270 30270 D ViewRootImpl@faa2361[MainActivity]: mThreadedRenderer.initializeIfNeeded()#2 mSurface={isValid=true 0xb400007a47e9af80}
09-24 19:49:01.772 30270 30270 D InputMethodManagerUtils: startInputInner - Id : 0
09-24 19:49:01.772 30270 30270 I InputMethodManager: startInputInner - IInputMethodManagerGlobalInvoker.startInputOrWindowGainedFocus
09-24 19:49:01.787 30270 30270 I InsetsSourceConsumer: applyRequestedVisibilityToControl: visible=false, type=ime, host=app.revanced.manager.flutter/app.revanced.manager.flutter.MainActivity
09-24 19:49:01.792 30270 30315 I ViewRootImpl@faa2361[MainActivity]: Resizing android.view.ViewRootImpl@6a345a0: frame = [0,0][1080,2340] reportDraw = false forceLayout = false syncSeqId = -1
09-24 19:49:01.792 30270 30270 I ViewRootImpl@faa2361[MainActivity]: handleResized, msg = 4 frames=ClientWindowFrames{frame=[0,0][1080,2340] display=[0,0][1080,2340] parentFrame=[0,0][0,0]} forceNextWindowRelayout=false displayId=0 dragResizing=false compatScale=1.0 frameChanged=false attachedFrameChanged=false configChanged=false displayChanged=false compatScaleChanged=false
09-24 19:49:02.717 30270 32131 D FileDialog: Successfully copied file to '/data/user/0/app.revanced.manager.flutter/cache/com.google.android.youtube_19.16.39-1545731520_minAPI26(arm64-v8a,armeabi-v7a,x86,x86_64)(nodpi)_apkmirror.com(2).apk, bytes=143855426'
09-24 19:49:02.718 30270 30270 D FileDialog: ...copied on background, result: /data/user/0/app.revanced.manager.flutter/cache/com.google.android.youtube_19.16.39-1545731520_minAPI26(arm64-v8a,armeabi-v7a,x86,x86_64)(nodpi)_apkmirror.com(2).apk
09-24 19:49:02.718 30270 30270 D FileDialog: ...launch --------- beginning of system
09-24 19:49:02.727 30270 30270 W PackageParser: Unknown element under : queries at /data/user/0/app.revanced.manager.flutter/cache/com.google.android.youtube_19.16.39-1545731520_minAPI26(arm64-v8a,armeabi-v7a,x86,x86_64)(nodpi)_apkmirror.com(2).apk Binary XML file line #42
09-24 19:49:02.728 30270 30270 W PackageParser: Unknown element under : property at /data/user/0/app.revanced.manager.flutter/cache/com.google.android.youtube_19.16.39-1545731520_minAPI26(arm64-v8a,armeabi-v7a,x86,x86_64)(nodpi)_apkmirror.com(2).apk Binary XML file line #443
09-24 19:49:03.572 30270 30270 I ViewRootImpl@faa2361[MainActivity]: ViewPostIme pointer 0
09-24 19:49:03.589 30270 30270 I ViewRootImpl@faa2361[MainActivity]: ViewPostIme pointer 1
09-24 19:49:04.096 30270 30270 I ViewRootImpl@faa2361[MainActivity]: ViewPostIme pointer 0
09-24 19:49:04.138 30270 30270 I ViewRootImpl@faa2361[MainActivity]: ViewPostIme pointer 1
09-24 19:49:04.383 30270 30270 I ViewRootImpl@faa2361[MainActivity]: ViewPostIme pointer 0
09-24 19:49:04.449 30270 30270 I ViewRootImpl@faa2361[MainActivity]: ViewPostIme pointer 1
09-24 19:49:04.460 30270 30270 I InputMethodManager_LC: showSoftInput(View,I)
09-24 19:49:04.462 30270 30270 I ImeTracker: app.revanced.manager.flutter:5d95740f: onRequestShow at ORIGIN_CLIENT_SHOW_SOFT_INPUT reason SHOW_SOFT_INPUT
09-24 19:49:04.463 30270 30270 I InputMethodManager_LC: ssi(): flags=0 view=app.revanced.manager.flutter reason = SHOW_SOFT_INPUT
09-24 19:49:04.463 30270 30270 I InputMethodManager_LC: ssi() view is not EditText
09-24 19:49:04.464 30270 30270 D InputMethodManagerUtils: startInputInner - Id : 0
09-24 19:49:04.464 30270 30270 I InputMethodManager: startInputInner - IInputMethodManagerGlobalInvoker.startInputOrWindowGainedFocus
09-24 19:49:04.469 30270 30270 D InputMethodManager: showSoftInput() view=io.flutter.embedding.android.FlutterView{98367ca VFED..... .F....ID 0,0-1080,2340 #1 aid=1073741824} flags=0 reason=SHOW_SOFT_INPUT
09-24 19:49:04.706 30270 30315 I ViewRootImpl@faa2361[MainActivity]: Resizing android.view.ViewRootImpl@6a345a0: frame = [0,0][1080,2340] reportDraw = false forceLayout = false syncSeqId = -1
09-24 19:49:04.706 30270 30270 I InsetsController: onStateChanged: host=app.revanced.manager.flutter/app.revanced.manager.flutter.MainActivity, from=android.view.ViewRootImpl$ViewRootHandler.handleMessageImpl:7196, state=InsetsState: {mDisplayFrame=Rect(0, 0 - 1080, 2340), mDisplayCutout=DisplayCutout{insets=Rect(0, 74 - 0, 0) waterfall=Insets{left=0, top=0, right=0, bottom=0} boundingRect={Bounds=[Rect(0, 0 - 0, 0), Rect(514, 0 - 566, 74), Rect(0, 0 - 0, 0), Rect(0, 0 - 0, 0)]} cutoutPathParserInfo={CutoutPathParserInfo{displayWidth=1080 displayHeight=2340 physicalDisplayWidth=1080 physicalDisplayHeight=2340 density={2.8125} cutoutSpec={M 0,0 H -9.244444444444444 V 26.31111111111111 H 9.244444444444444 V 0 H 0 Z @dp} rotation={0} scale={1.0} physicalPixelDisplaySizeRatio={1.0}}}}, mRoundedCorners=RoundedCorners{[RoundedCorner{position=TopLeft, radius=101, center=Point(101, 101)}, RoundedCorner{position=TopRight, radius=101, center=Point(979, 101)}, RoundedCorner{position=BottomRight, radius=101, center=Point(979, 2239)}, RoundedCorner{position=BottomLeft, radius=101, center=Point(101, 2239)}]} mRoundedCornerFrame=Rect(0, 0 - 1080, 2340), mPrivacyIndicatorBounds=PrivacyIndicatorBounds {static bounds=Rect(956, 0 - 1080, 74) rotation=0}, mDisplayShape=DisplayShape{ spec=-311912193 displayWidth=1080 displayHeight=2340 physicalPixelDisplaySizeRatio=1.0 rotation=0 offsetX=0 offsetY=0 scale=1.0}, mSources= { InsetsSource: {c07b0000 mType=statusBars mFrame=[0,0][1080,74] mVisible=true mFlags=[]}, InsetsSource: {c07b0005 mType=mandatorySystemGestures mFrame=[0,0][1080,108] mVisible=true mFlags=[]}, InsetsSource: {c07b0006 mType=tappableElement mFrame=[0,0][1080,74] mVisible=true mFlags=[]}, InsetsSource: {e6100001 mType=navigationBars mFrame=[0,0][0,0] mVisible=true mFlags=[SUPPRESS_SCRIM]}, InsetsSource: {e6100004 mType=systemGestures mFrame=[0,0][0,0] mVisible=true mFlags=[]}, InsetsSource: {e6100005 mType=mandatorySystemGestures mFrame=[0,2250][1080,2340] mVisible=true mFlags=[]}, InsetsSource: {e6100006 mType=tappableElement mFrame=[0,0][0,0] mVisible=true mFlags=[]}, InsetsSource: {e6100024 mType=systemGestures mFrame=[0,0][0,0] mVisible=true mFlags=[]}, InsetsSource: {3 mType=ime mFrame=[0,1421][1080,2340] mVisible=false mFlags=[]}, InsetsSource: {27 mType=displayCutout mFrame=[0,0][1080,74] mVisible=true mFlags=[]} }
09-24 19:49:04.706 30270 30270 I ViewRootImpl@faa2361[MainActivity]: handleResized, msg = 4 frames=ClientWindowFrames{frame=[0,0][1080,2340] display=[0,0][1080,2340] parentFrame=[0,0][0,0]} forceNextWindowRelayout=false displayId=0 dragResizing=false compatScale=1.0 frameChanged=false attachedFrameChanged=false configChanged=false displayChanged=false compatScaleChanged=false
09-24 19:49:04.767 30270 30270 D InsetsController: show(ime(), fromIme=true)
09-24 19:49:04.768 30270 30270 I InsetsController: setRequestedVisibleTypes: visible=true, mask=ime, host=app.revanced.manager.flutter/app.revanced.manager.flutter.MainActivity, from=android.view.InsetsController.controlAnimationUnchecked:1445 android.view.InsetsController.applyAnimation:2005 android.view.InsetsController.applyAnimation:1968 android.view.InsetsController.show:1309 android.view.ViewRootImpl$ViewRootHandler.handleMessageImpl:7233 android.view.ViewRootImpl$ViewRootHandler.handleMessage:7166 android.os.Handler.dispatchMessage:106 android.os.Looper.loopOnce:230 android.os.Looper.loop:319 android.app.ActivityThread.main:8919
09-24 19:49:04.768 30270 30270 I InsetsController: controlAnimationUncheckedInner: Added types=ime, animType=0, host=app.revanced.manager.flutter/app.revanced.manager.flutter.MainActivity, from=android.view.InsetsController.controlAnimationUnchecked:1449 android.view.InsetsController.applyAnimation:2005 android.view.InsetsController.applyAnimation:1968
09-24 19:49:04.776 30270 30406 I ViewRootImpl@faa2361[MainActivity]: Resizing android.view.ViewRootImpl@6a345a0: frame = [0,0][1080,2340] reportDraw = false forceLayout = false syncSeqId = -1
