09-24 19:49:04.785 30270 30270 I InsetsController: onStateChanged: host=app.revanced.manager.flutter/app.revanced.manager.flutter.MainActivity, from=android.view.ViewRootImpl$ViewRootHandler.handleMessageImpl:7209, state=InsetsState: {mDisplayFrame=Rect(0, 0 - 1080, 2340), mDisplayCutout=DisplayCutout{insets=Rect(0, 74 - 0, 0) waterfall=Insets{left=0, top=0, right=0, bottom=0} boundingRect={Bounds=[Rect(0, 0 - 0, 0), Rect(514, 0 - 566, 74), Rect(0, 0 - 0, 0), Rect(0, 0 - 0, 0)]} cutoutPathParserInfo={CutoutPathParserInfo{displayWidth=1080 displayHeight=2340 physicalDisplayWidth=1080 physicalDisplayHeight=2340 density={2.8125} cutoutSpec={M 0,0 H -9.244444444444444 V 26.31111111111111 H 9.244444444444444 V 0 H 0 Z @dp} rotation={0} scale={1.0} physicalPixelDisplaySizeRatio={1.0}}}}, mRoundedCorners=RoundedCorners{[RoundedCorner{position=TopLeft, radius=101, center=Point(101, 101)}, RoundedCorner{position=TopRight, radius=101, center=Point(979, 101)}, RoundedCorner{position=BottomRight, radius=101, center=Point(979, 2239)}, RoundedCorner{position=BottomLeft, radius=101, center=Point(101, 2239)}]} mRoundedCornerFrame=Rect(0, 0 - 1080, 2340), mPrivacyIndicatorBounds=PrivacyIndicatorBounds {static bounds=Rect(956, 0 - 1080, 74) rotation=0}, mDisplayShape=DisplayShape{ spec=-311912193 displayWidth=1080 displayHeight=2340 physicalPixelDisplaySizeRatio=1.0 rotation=0 offsetX=0 offsetY=0 scale=1.0}, mSources= { InsetsSource: {c07b0000 mType=statusBars mFrame=[0,0][1080,74] mVisible=true mFlags=[]}, InsetsSource: {c07b0005 mType=mandatorySystemGestures mFrame=[0,0][1080,108] mVisible=true mFlags=[]}, InsetsSource: {c07b0006 mType=tappableElement mFrame=[0,0][1080,74] mVisible=true mFlags=[]}, InsetsSource: {e6100001 mType=navigationBars mFrame=[0,0][0,0] mVisible=true mFlags=[SUPPRESS_SCRIM]}, InsetsSource: {e6100004 mType=systemGestures mFrame=[0,0][0,0] mVisible=true mFlags=[]}, InsetsSource: {e6100005 mType=mandatorySystemGestures mFrame=[0,2250][1080,2340] mVisible=true mFlags=[]}, InsetsSource: {e6100006 mType=tappableElement mFrame=[0,0][0,0] mVisible=true mFlags=[]}, InsetsSource: {e6100024 mType=systemGestures mFrame=[0,0][0,0] mVisible=true mFlags=[]}, InsetsSource: {3 mType=ime mFrame=[0,1421][1080,2340] mVisible=true mFlags=[]}, InsetsSource: {27 mType=displayCutout mFrame=[0,0][1080,74] mVisible=true mFlags=[]} }
09-24 19:49:04.785 30270 30270 I ViewRootImpl@faa2361[MainActivity]: handleResized, msg = 4 frames=ClientWindowFrames{frame=[0,0][1080,2340] display=[0,0][1080,2340] parentFrame=[0,0][0,0]} forceNextWindowRelayout=false displayId=0 dragResizing=false compatScale=1.0 frameChanged=false attachedFrameChanged=false configChanged=false displayChanged=false compatScaleChanged=false
09-24 19:49:04.787 30270 31230 I ViewRootImpl@faa2361[MainActivity]: mWNT: t=0xb400007947e9a3f0 mBlastBufferQueue=0xb400007957e81630 fn= 3 mRenderHdrSdrRatio=1.0 caller= android.view.SyncRtSurfaceTransactionApplier.applyTransaction:96 android.view.SyncRtSurfaceTransactionApplier.lambda$scheduleApply$0:69 android.view.SyncRtSurfaceTransactionApplier.$r8$lambda$SgowXC58rj3PR958kHUfRgLZmvE:0
09-24 19:49:04.789 30270 31228 I ViewRootImpl@faa2361[MainActivity]: mWNT: t=0xb400007947ebfa10 mBlastBufferQueue=0xb400007957e81630 fn= 4 mRenderHdrSdrRatio=1.0 caller= android.view.SyncRtSurfaceTransactionApplier.applyTransaction:96 android.view.SyncRtSurfaceTransactionApplier.lambda$scheduleApply$0:69 android.view.SyncRtSurfaceTransactionApplier.$r8$lambda$SgowXC58rj3PR958kHUfRgLZmvE:0
09-24 19:49:04.797 30270 31230 I ViewRootImpl@faa2361[MainActivity]: mWNT: t=0xb400007947edcef0 mBlastBufferQueue=0xb400007957e81630 fn= 5 mRenderHdrSdrRatio=1.0 caller= android.view.SyncRtSurfaceTransactionApplier.applyTransaction:96 android.view.SyncRtSurfaceTransactionApplier.lambda$scheduleApply$0:69 android.view.SyncRtSurfaceTransactionApplier.$r8$lambda$SgowXC58rj3PR958kHUfRgLZmvE:0
09-24 19:49:04.806 30270 31228 I ViewRootImpl@faa2361[MainActivity]: mWNT: t=0xb400007947e99e70 mBlastBufferQueue=0xb400007957e81630 fn= 6 mRenderHdrSdrRatio=1.0 caller= android.view.SyncRtSurfaceTransactionApplier.applyTransaction:96 android.view.SyncRtSurfaceTransactionApplier.lambda$scheduleApply$0:69 android.view.SyncRtSurfaceTransactionApplier.$r8$lambda$SgowXC58rj3PR958kHUfRgLZmvE:0
09-24 19:49:04.813 30270 31230 I ViewRootImpl@faa2361[MainActivity]: mWNT: t=0xb400007947e982f0 mBlastBufferQueue=0xb400007957e81630 fn= 7 mRenderHdrSdrRatio=1.0 caller= android.view.SyncRtSurfaceTransactionApplier.applyTransaction:96 android.view.SyncRtSurfaceTransactionApplier.lambda$scheduleApply$0:69 android.view.SyncRtSurfaceTransactionApplier.$r8$lambda$SgowXC58rj3PR958kHUfRgLZmvE:0
09-24 19:49:04.819 30270 31228 I ViewRootImpl@faa2361[MainActivity]: mWNT: t=0xb400007947ed4db0 mBlastBufferQueue=0xb400007957e81630 fn= 8 mRenderHdrSdrRatio=1.0 caller= android.view.SyncRtSurfaceTransactionApplier.applyTransaction:96 android.view.SyncRtSurfaceTransactionApplier.lambda$scheduleApply$0:69 android.view.SyncRtSurfaceTransactionApplier.$r8$lambda$SgowXC58rj3PR958kHUfRgLZmvE:0
09-24 19:49:04.828 30270 31230 I ViewRootImpl@faa2361[MainActivity]: mWNT: t=0xb400007947ed5e30 mBlastBufferQueue=0xb400007957e81630 fn= 9 mRenderHdrSdrRatio=1.0 caller= android.view.SyncRtSurfaceTransactionApplier.applyTransaction:96 android.view.SyncRtSurfaceTransactionApplier.lambda$scheduleApply$0:69 android.view.SyncRtSurfaceTransactionApplier.$r8$lambda$SgowXC58rj3PR958kHUfRgLZmvE:0
09-24 19:49:04.837 30270 31228 I ViewRootImpl@faa2361[MainActivity]: mWNT: t=0xb400007947ebeaf0 mBlastBufferQueue=0xb400007957e81630 fn= 10 mRenderHdrSdrRatio=1.0 caller= android.view.SyncRtSurfaceTransactionApplier.applyTransaction:96 android.view.SyncRtSurfaceTransactionApplier.lambda$scheduleApply$0:69 android.view.SyncRtSurfaceTransactionApplier.$r8$lambda$SgowXC58rj3PR958kHUfRgLZmvE:0
09-24 19:49:04.844 30270 31230 I ViewRootImpl@faa2361[MainActivity]: mWNT: t=0xb400007947ecd610 mBlastBufferQueue=0xb400007957e81630 fn= 11 mRenderHdrSdrRatio=1.0 caller= android.view.SyncRtSurfaceTransactionApplier.applyTransaction:96 android.view.SyncRtSurfaceTransactionApplier.lambda$scheduleApply$0:69 android.view.SyncRtSurfaceTransactionApplier.$r8$lambda$SgowXC58rj3PR958kHUfRgLZmvE:0
09-24 19:49:04.853 30270 31228 I ViewRootImpl@faa2361[MainActivity]: mWNT: t=0xb400007947e7fdd0 mBlastBufferQueue=0xb400007957e81630 fn= 12 mRenderHdrSdrRatio=1.0 caller= android.view.SyncRtSurfaceTransactionApplier.applyTransaction:96 android.view.SyncRtSurfaceTransactionApplier.lambda$scheduleApply$0:69 android.view.SyncRtSurfaceTransactionApplier.$r8$lambda$SgowXC58rj3PR958kHUfRgLZmvE:0
09-24 19:49:04.861 30270 31230 I ViewRootImpl@faa2361[MainActivity]: mWNT: t=0xb400007947ebeaf0 mBlastBufferQueue=0xb400007957e81630 fn= 13 mRenderHdrSdrRatio=1.0 caller= android.view.SyncRtSurfaceTransactionApplier.applyTransaction:96 android.view.SyncRtSurfaceTransactionApplier.lambda$scheduleApply$0:69 android.view.SyncRtSurfaceTransactionApplier.$r8$lambda$SgowXC58rj3PR958kHUfRgLZmvE:0
09-24 19:49:04.869 30270 31228 I ViewRootImpl@faa2361[MainActivity]: mWNT: t=0xb400007947ed97f0 mBlastBufferQueue=0xb400007957e81630 fn= 14 mRenderHdrSdrRatio=1.0 caller= android.view.SyncRtSurfaceTransactionApplier.applyTransaction:96 android.view.SyncRtSurfaceTransactionApplier.lambda$scheduleApply$0:69 android.view.SyncRtSurfaceTransactionApplier.$r8$lambda$SgowXC58rj3PR958kHUfRgLZmvE:0
09-24 19:49:04.878 30270 31230 I ViewRootImpl@faa2361[MainActivity]: mWNT: t=0xb400007947ed79b0 mBlastBufferQueue=0xb400007957e81630 fn= 15 mRenderHdrSdrRatio=1.0 caller= android.view.SyncRtSurfaceTransactionApplier.applyTransaction:96 android.view.SyncRtSurfaceTransactionApplier.lambda$scheduleApply$0:69 android.view.SyncRtSurfaceTransactionApplier.$r8$lambda$SgowXC58rj3PR958kHUfRgLZmvE:0
09-24 19:49:04.886 30270 31228 I ViewRootImpl@faa2361[MainActivity]: mWNT: t=0xb400007947ec0bf0 mBlastBufferQueue=0xb400007957e81630 fn= 16 mRenderHdrSdrRatio=1.0 caller= android.view.SyncRtSurfaceTransactionApplier.applyTransaction:96 android.view.SyncRtSurfaceTransactionApplier.lambda$scheduleApply$0:69 android.view.SyncRtSurfaceTransactionApplier.$r8$lambda$SgowXC58rj3PR958kHUfRgLZmvE:0
09-24 19:49:04.895 30270 31230 I ViewRootImpl@faa2361[MainActivity]: mWNT: t=0xb400007947ed58b0 mBlastBufferQueue=0xb400007957e81630 fn= 17 mRenderHdrSdrRatio=1.0 caller= android.view.SyncRtSurfaceTransactionApplier.applyTransaction:96 android.view.SyncRtSurfaceTransactionApplier.lambda$scheduleApply$0:69 android.view.SyncRtSurfaceTransactionApplier.$r8$lambda$SgowXC58rj3PR958kHUfRgLZmvE:0
09-24 19:49:04.903 30270 31228 I ViewRootImpl@faa2361[MainActivity]: mWNT: t=0xb400007947edcad0 mBlastBufferQueue=0xb400007957e81630 fn= 18 mRenderHdrSdrRatio=1.0 caller= android.view.SyncRtSurfaceTransactionApplier.applyTransaction:96 android.view.SyncRtSurfaceTransactionApplier.lambda$scheduleApply$0:69 android.view.SyncRtSurfaceTransactionApplier.$r8$lambda$SgowXC58rj3PR958kHUfRgLZmvE:0
09-24 19:49:04.911 30270 31230 I ViewRootImpl@faa2361[MainActivity]: mWNT: t=0xb400007947edd050 mBlastBufferQueue=0xb400007957e81630 fn= 19 mRenderHdrSdrRatio=1.0 caller= android.view.SyncRtSurfaceTransactionApplier.applyTransaction:96 android.view.SyncRtSurfaceTransactionApplier.lambda$scheduleApply$0:69 android.view.SyncRtSurfaceTransactionApplier.$r8$lambda$SgowXC58rj3PR958kHUfRgLZmvE:0
09-24 19:49:04.921 30270 31228 I ViewRootImpl@faa2361[MainActivity]: mWNT: t=0xb400007947edadf0 mBlastBufferQueue=0xb400007957e81630 fn= 20 mRenderHdrSdrRatio=1.0 caller= android.view.SyncRtSurfaceTransactionApplier.applyTransaction:96 android.view.SyncRtSurfaceTransactionApplier.lambda$scheduleApply$0:69 android.view.SyncRtSurfaceTransactionApplier.$r8$lambda$SgowXC58rj3PR958kHUfRgLZmvE:0
09-24 19:49:04.928 30270 31230 I ViewRootImpl@faa2361[MainActivity]: mWNT: t=0xb400007947ee0490 mBlastBufferQueue=0xb400007957e81630 fn= 21 mRenderHdrSdrRatio=1.0 caller= android.view.SyncRtSurfaceTransactionApplier.applyTransaction:96 android.view.SyncRtSurfaceTransactionApplier.lambda$scheduleApply$0:69 android.view.SyncRtSurfaceTransactionApplier.$r8$lambda$SgowXC58rj3PR958kHUfRgLZmvE:0
09-24 19:49:04.936 30270 31228 I ViewRootImpl@faa2361[MainActivity]: mWNT: t=0xb400007947edeff0 mBlastBufferQueue=0xb400007957e81630 fn= 22 mRenderHdrSdrRatio=1.0 caller= android.view.SyncRtSurfaceTransactionApplier.applyTransaction:96 android.view.SyncRtSurfaceTransactionApplier.lambda$scheduleApply$0:69 android.view.SyncRtSurfaceTransactionApplier.$r8$lambda$SgowXC58rj3PR958kHUfRgLZmvE:0
09-24 19:49:04.945 30270 31230 I ViewRootImpl@faa2361[MainActivity]: mWNT: t=0xb400007947ee0e30 mBlastBufferQueue=0xb400007957e81630 fn= 23 mRenderHdrSdrRatio=1.0 caller= android.view.SyncRtSurfaceTransactionApplier.applyTransaction:96 android.view.SyncRtSurfaceTransactionApplier.lambda$scheduleApply$0:69 android.view.SyncRtSurfaceTransactionApplier.$r8$lambda$SgowXC58rj3PR958kHUfRgLZmvE:0
09-24 19:49:04.954 30270 31228 I ViewRootImpl@faa2361[MainActivity]: mWNT: t=0xb400007947edaf50 mBlastBufferQueue=0xb400007957e81630 fn= 24 mRenderHdrSdrRatio=1.0 caller= android.view.SyncRtSurfaceTransactionApplier.applyTransaction:96 android.view.SyncRtSurfaceTransactionApplier.lambda$scheduleApply$0:69 android.view.SyncRtSurfaceTransactionApplier.$r8$lambda$SgowXC58rj3PR958kHUfRgLZmvE:0
09-24 19:49:04.962 30270 31230 I ViewRootImpl@faa2361[MainActivity]: mWNT: t=0xb400007947edb0b0 mBlastBufferQueue=0xb400007957e81630 fn= 25 mRenderHdrSdrRatio=1.0 caller= android.view.SyncRtSurfaceTransactionApplier.applyTransaction:96 android.view.SyncRtSurfaceTransactionApplier.lambda$scheduleApply$0:69 android.view.SyncRtSurfaceTransactionApplier.$r8$lambda$SgowXC58rj3PR958kHUfRgLZmvE:0
09-24 19:49:04.971 30270 31228 I ViewRootImpl@faa2361[MainActivity]: mWNT: t=0xb400007947ee08b0 mBlastBufferQueue=0xb400007957e81630 fn= 26 mRenderHdrSdrRatio=1.0 caller= android.view.SyncRtSurfaceTransactionApplier.applyTransaction:96 android.view.SyncRtSurfaceTransactionApplier.lambda$scheduleApply$0:69 android.view.SyncRtSurfaceTransactionApplier.$r8$lambda$SgowXC58rj3PR958kHUfRgLZmvE:0
09-24 19:49:04.979 30270 31230 I ViewRootImpl@faa2361[MainActivity]: mWNT: t=0xb400007947edf2b0 mBlastBufferQueue=0xb400007957e81630 fn= 27 mRenderHdrSdrRatio=1.0 caller= android.view.SyncRtSurfaceTransactionApplier.applyTransaction:96 android.view.SyncRtSurfaceTransactionApplier.lambda$scheduleApply$0:69 android.view.SyncRtSurfaceTransactionApplier.$r8$lambda$SgowXC58rj3PR958kHUfRgLZmvE:0
09-24 19:49:04.987 30270 31228 I ViewRootImpl@faa2361[MainActivity]: mWNT: t=0xb400007947ed00b0 mBlastBufferQueue=0xb400007957e81630 fn= 28 mRenderHdrSdrRatio=1.0 caller= android.view.SyncRtSurfaceTransactionApplier.applyTransaction:96 android.view.SyncRtSurfaceTransactionApplier.lambda$scheduleApply$0:69 android.view.SyncRtSurfaceTransactionApplier.$r8$lambda$SgowXC58rj3PR958kHUfRgLZmvE:0
09-24 19:49:04.996 30270 31230 I ViewRootImpl@faa2361[MainActivity]: mWNT: t=0xb400007947ed79b0 mBlastBufferQueue=0xb400007957e81630 fn= 29 mRenderHdrSdrRatio=1.0 caller= android.view.SyncRtSurfaceTransactionApplier.applyTransaction:96 android.view.SyncRtSurfaceTransactionApplier.lambda$scheduleApply$0:69 android.view.SyncRtSurfaceTransactionApplier.$r8$lambda$SgowXC58rj3PR958kHUfRgLZmvE:0
09-24 19:49:05.004 30270 31228 I ViewRootImpl@faa2361[MainActivity]: mWNT: t=0xb400007947ebeaf0 mBlastBufferQueue=0xb400007957e81630 fn= 30 mRenderHdrSdrRatio=1.0 caller= android.view.SyncRtSurfaceTransactionApplier.applyTransaction:96 android.view.SyncRtSurfaceTransactionApplier.lambda$scheduleApply$0:69 android.view.SyncRtSurfaceTransactionApplier.$r8$lambda$SgowXC58rj3PR958kHUfRgLZmvE:0
09-24 19:49:05.012 30270 31230 I ViewRootImpl@faa2361[MainActivity]: mWNT: t=0xb400007947ecd610 mBlastBufferQueue=0xb400007957e81630 fn= 31 mRenderHdrSdrRatio=1.0 caller= android.view.SyncRtSurfaceTransactionApplier.applyTransaction:96 android.view.SyncRtSurfaceTransactionApplier.lambda$scheduleApply$0:69 android.view.SyncRtSurfaceTransactionApplier.$r8$lambda$SgowXC58rj3PR958kHUfRgLZmvE:0
09-24 19:49:05.020 30270 31228 I ViewRootImpl@faa2361[MainActivity]: mWNT: t=0xb400007947ed5e30 mBlastBufferQueue=0xb400007957e81630 fn= 32 mRenderHdrSdrRatio=1.0 caller= android.view.SyncRtSurfaceTransactionApplier.applyTransaction:96 android.view.SyncRtSurfaceTransactionApplier.lambda$scheduleApply$0:69 android.view.SyncRtSurfaceTransactionApplier.$r8$lambda$SgowXC58rj3PR958kHUfRgLZmvE:0
09-24 19:49:05.029 30270 31230 I ViewRootImpl@faa2361[MainActivity]: mWNT: t=0xb400007947e982f0 mBlastBufferQueue=0xb400007957e81630 fn= 33 mRenderHdrSdrRatio=1.0 caller= android.view.SyncRtSurfaceTransactionApplier.applyTransaction:96 android.view.SyncRtSurfaceTransactionApplier.lambda$scheduleApply$0:69 android.view.SyncRtSurfaceTransactionApplier.$r8$lambda$SgowXC58rj3PR958kHUfRgLZmvE:0
09-24 19:49:05.038 30270 31228 I ViewRootImpl@faa2361[MainActivity]: mWNT: t=0xb400007947ec8390 mBlastBufferQueue=0xb400007957e81630 fn= 34 mRenderHdrSdrRatio=1.0 caller= android.view.SyncRtSurfaceTransactionApplier.applyTransaction:96 android.view.SyncRtSurfaceTransactionApplier.lambda$scheduleApply$0:69 android.view.SyncRtSurfaceTransactionApplier.$r8$lambda$SgowXC58rj3PR958kHUfRgLZmvE:0
09-24 19:49:05.046 30270 31230 I ViewRootImpl@faa2361[MainActivity]: mWNT: t=0xb400007947ec4df0 mBlastBufferQueue=0xb400007957e81630 fn= 35 mRenderHdrSdrRatio=1.0 caller= android.view.SyncRtSurfaceTransactionApplier.applyTransaction:96 android.view.SyncRtSurfaceTransactionApplier.lambda$scheduleApply$0:69 android.view.SyncRtSurfaceTransactionApplier.$r8$lambda$SgowXC58rj3PR958kHUfRgLZmvE:0
09-24 19:49:05.054 30270 31228 I ViewRootImpl@faa2361[MainActivity]: mWNT: t=0xb400007947edac90 mBlastBufferQueue=0xb400007957e81630 fn= 36 mRenderHdrSdrRatio=1.0 caller= android.view.SyncRtSurfaceTransactionApplier.applyTransaction:96 android.view.SyncRtSurfaceTransactionApplier.lambda$scheduleApply$0:69 android.view.SyncRtSurfaceTransactionApplier.$r8$lambda$SgowXC58rj3PR958kHUfRgLZmvE:0
09-24 19:49:05.062 30270 31230 I ViewRootImpl@faa2361[MainActivity]: mWNT: t=0xb400007947ed6670 mBlastBufferQueue=0xb400007957e81630 fn= 37 mRenderHdrSdrRatio=1.0 caller= android.view.SyncRtSurfaceTransactionApplier.applyTransaction:96 android.view.SyncRtSurfaceTransactionApplier.lambda$scheduleApply$0:69 android.view.SyncRtSurfaceTransactionApplier.$r8$lambda$SgowXC58rj3PR958kHUfRgLZmvE:0
09-24 19:49:05.071 30270 31228 I ViewRootImpl@faa2361[MainActivity]: mWNT: t=0xb400007947ed67d0 mBlastBufferQueue=0xb400007957e81630 fn= 38 mRenderHdrSdrRatio=1.0 caller= android.view.SyncRtSurfaceTransactionApplier.applyTransaction:96 android.view.SyncRtSurfaceTransactionApplier.lambda$scheduleApply$0:69 android.view.SyncRtSurfaceTransactionApplier.$r8$lambda$SgowXC58rj3PR958kHUfRgLZmvE:0
09-24 19:49:05.079 30270 31230 I ViewRootImpl@faa2361[MainActivity]: mWNT: t=0xb400007947ed6eb0 mBlastBufferQueue=0xb400007957e81630 fn= 39 mRenderHdrSdrRatio=1.0 caller= android.view.SyncRtSurfaceTransactionApplier.applyTransaction:96 android.view.SyncRtSurfaceTransactionApplier.lambda$scheduleApply$0:69 android.view.SyncRtSurfaceTransactionApplier.$r8$lambda$SgowXC58rj3PR958kHUfRgLZmvE:0
09-24 19:49:05.087 30270 31228 I ViewRootImpl@faa2361[MainActivity]: mWNT: t=0xb400007947edb790 mBlastBufferQueue=0xb400007957e81630 fn= 40 mRenderHdrSdrRatio=1.0 caller= android.view.SyncRtSurfaceTransactionApplier.applyTransaction:96 android.view.SyncRtSurfaceTransactionApplier.lambda$scheduleApply$0:69 android.view.SyncRtSurfaceTransactionApplier.$r8$lambda$SgowXC58rj3PR958kHUfRgLZmvE:0
09-24 19:49:05.095 30270 31230 I ViewRootImpl@faa2361[MainActivity]: mWNT: t=0xb400007947ec1f30 mBlastBufferQueue=0xb400007957e81630 fn= 41 mRenderHdrSdrRatio=1.0 caller= android.view.SyncRtSurfaceTransactionApplier.applyTransaction:96 android.view.SyncRtSurfaceTransactionApplier.lambda$scheduleApply$0:69 android.view.SyncRtSurfaceTransactionApplier.$r8$lambda$SgowXC58rj3PR958kHUfRgLZmvE:0
09-24 19:49:05.105 30270 31228 I ViewRootImpl@faa2361[MainActivity]: mWNT: t=0xb400007947ebd910 mBlastBufferQueue=0xb400007957e81630 fn= 42 mRenderHdrSdrRatio=1.0 caller= android.view.SyncRtSurfaceTransactionApplier.applyTransaction:96 android.view.SyncRtSurfaceTransactionApplier.lambda$scheduleApply$0:69 android.view.SyncRtSurfaceTransactionApplier.$r8$lambda$SgowXC58rj3PR958kHUfRgLZmvE:0
09-24 19:49:05.113 30270 31230 I ViewRootImpl@faa2361[MainActivity]: mWNT: t=0xb400007947ed0fd0 mBlastBufferQueue=0xb400007957e81630 fn= 43 mRenderHdrSdrRatio=1.0 caller= android.view.SyncRtSurfaceTransactionApplier.applyTransaction:96 android.view.SyncRtSurfaceTransactionApplier.lambda$scheduleApply$0:69 android.view.SyncRtSurfaceTransactionApplier.$r8$lambda$SgowXC58rj3PR958kHUfRgLZmvE:0
09-24 19:49:05.121 30270 31228 I ViewRootImpl@faa2361[MainActivity]: mWNT: t=0xb400007947ed72d0 mBlastBufferQueue=0xb400007957e81630 fn= 44 mRenderHdrSdrRatio=1.0 caller= android.view.SyncRtSurfaceTransactionApplier.applyTransaction:96 android.view.SyncRtSurfaceTransactionApplier.lambda$scheduleApply$0:69 android.view.SyncRtSurfaceTransactionApplier.$r8$lambda$SgowXC58rj3PR958kHUfRgLZmvE:0
09-24 19:49:05.129 30270 31230 I ViewRootImpl@faa2361[MainActivity]: mWNT: t=0xb400007947ed4db0 mBlastBufferQueue=0xb400007957e81630 fn= 45 mRenderHdrSdrRatio=1.0 caller= android.view.SyncRtSurfaceTransactionApplier.applyTransaction:96 android.view.SyncRtSurfaceTransactionApplier.lambda$scheduleApply$0:69 android.view.SyncRtSurfaceTransactionApplier.$r8$lambda$SgowXC58rj3PR958kHUfRgLZmvE:0
09-24 19:49:05.138 30270 30270 I InsetsController: cancelAnimation: types=ime, animType=0, host=app.revanced.manager.flutter/app.revanced.manager.flutter.MainActivity, from=android.view.InsetsController.notifyFinished:1748 android.view.InsetsAnimationControlImpl.applyChangeInsets:312 android.view.InsetsController.lambda$new$3:918
09-24 19:49:05.139 30270 30270 I ImeTracker: app.revanced.manager.flutter:5d95740f: onShown
09-24 19:49:05.140 30270 31228 I ViewRootImpl@faa2361[MainActivity]: mWNT: t=0xb400007947ed9690 mBlastBufferQueue=0xb400007957e81630 fn= 46 mRenderHdrSdrRatio=1.0 caller= android.view.SyncRtSurfaceTransactionApplier.applyTransaction:96 android.view.SyncRtSurfaceTransactionApplier.lambda$scheduleApply$0:69 android.view.SyncRtSurfaceTransactionApplier.$r8$lambda$SgowXC58rj3PR958kHUfRgLZmvE:0
09-24 19:49:05.140 30270 31228 I ViewRootImpl@faa2361[MainActivity]: mWNT: t=0xb400007947e93490 mBlastBufferQueue=0xb400007957e81630 fn= 46 mRenderHdrSdrRatio=1.0 caller= android.view.SyncRtSurfaceTransactionApplier.applyTransaction:96 android.view.SyncRtSurfaceTransactionApplier.lambda$scheduleApply$0:69 android.view.SyncRtSurfaceTransactionApplier.$r8$lambda$SgowXC58rj3PR958kHUfRgLZmvE:0
09-24 19:49:05.386 30270 30270 I ViewRootImpl@faa2361[MainActivity]: onDisplayChanged oldDisplayState=2 newDisplayState=2
09-24 19:49:05.395 30270 30270 I InputMethodManager_LC: showSoftInput(View,I)
09-24 19:49:05.396 30270 30270 I ImeTracker: app.revanced.manager.flutter:6410ce4b: onRequestShow at ORIGIN_CLIENT_SHOW_SOFT_INPUT reason SHOW_SOFT_INPUT
09-24 19:49:05.396 30270 30270 I InputMethodManager_LC: ssi(): flags=0 view=app.revanced.manager.flutter reason = SHOW_SOFT_INPUT
09-24 19:49:05.396 30270 30270 I InputMethodManager_LC: ssi() view is not EditText
09-24 19:49:05.396 30270 30270 D InputMethodManager: showSoftInput() view=io.flutter.embedding.android.FlutterView{98367ca VFED..... .F...... 0,0-1080,2340 #1 aid=1073741824} flags=0 reason=SHOW_SOFT_INPUT
09-24 19:49:05.410 30270 30270 D InsetsController: show(ime(), fromIme=true)
09-24 19:49:05.410 30270 30270 I ImeTracker: app.revanced.manager.flutter:6410ce4b: onCancelled at PHASE_CLIENT_APPLY_ANIMATION
09-24 19:49:05.453 30270 30270 I InputMethodManager_LC: showSoftInput(View,I)
09-24 19:49:05.453 30270 30270 I ImeTracker: app.revanced.manager.flutter:e7886e71: onRequestShow at ORIGIN_CLIENT_SHOW_SOFT_INPUT reason SHOW_SOFT_INPUT
09-24 19:49:05.453 30270 30270 I InputMethodManager_LC: ssi(): flags=0 view=app.revanced.manager.flutter reason = SHOW_SOFT_INPUT
09-24 19:49:05.454 30270 30270 I InputMethodManager_LC: ssi() view is not EditText
09-24 19:49:05.454 30270 30270 D InputMethodManager: showSoftInput() view=io.flutter.embedding.android.FlutterView{98367ca VFED..... .F...... 0,0-1080,2340 #1 aid=1073741824} flags=0 reason=SHOW_SOFT_INPUT
09-24 19:49:05.462 30270 30270 D InsetsController: show(ime(), fromIme=true)
09-24 19:49:05.462 30270 30270 I ImeTracker: app.revanced.manager.flutter:e7886e71: onCancelled at PHASE_CLIENT_APPLY_ANIMATION
09-24 19:49:05.621 30270 30270 I InputMethodManager_LC: showSoftInput(View,I)
09-24 19:49:05.622 30270 30270 I ImeTracker: app.revanced.manager.flutter:ea5be912: onRequestShow at ORIGIN_CLIENT_SHOW_SOFT_INPUT reason SHOW_SOFT_INPUT
09-24 19:49:05.622 30270 30270 I InputMethodManager_LC: ssi(): flags=0 view=app.revanced.manager.flutter reason = SHOW_SOFT_INPUT
09-24 19:49:05.622 30270 30270 I InputMethodManager_LC: ssi() view is not EditText
09-24 19:49:05.622 30270 30270 D InputMethodManager: showSoftInput() view=io.flutter.embedding.android.FlutterView{98367ca VFED..... .F...... 0,0-1080,2340 #1 aid=1073741824} flags=0 reason=SHOW_SOFT_INPUT
09-24 19:49:05.629 30270 30270 D InsetsController: show(ime(), fromIme=true)
09-24 19:49:05.629 30270 30270 I ImeTracker: app.revanced.manager.flutter:ea5be912: onCancelled at PHASE_CLIENT_APPLY_ANIMATION
09-24 19:49:05.633 30270 30281 W manager.flutter: Cleared Reference was only reachable from finalizer (only reported once)
09-24 19:49:05.642 30270 30282 D InputTransport: Input channel destroyed: 'ClientS', fd=150
09-24 19:49:05.642 30270 30283 W manager.flutter: ApkAssets: Deleting an ApkAssets object ' and /system/app/DictDiotekForSec/DictDiotekForSec.apk' with 1 weak references
09-24 19:49:05.642 30270 30283 W manager.flutter: ApkAssets: Deleting an ApkAssets object ' and /data/app/~~e1byX0m9ci3HJOQtwrb3GA==/com.samsung.android.app.interpreter-RN0aeZMBGWhLqFY41m44WQ==/base.apk' with 1 weak references
09-24 19:49:05.642 30270 30283 W manager.flutter: ApkAssets: Deleting an ApkAssets object ' and /data/app/~~RlnrQr9cWg42InmjRGFDWw==/com.samsung.android.samsungpass-FMhOctcuawwJHf5DRwQvKw==/base.apk' with 1 weak references
09-24 19:49:05.643 30270 30283 W manager.flutter: ApkAssets: Deleting an ApkAssets object ' and /data/app/~~eUlMgwX698qP95aSI3ifFA==/com.deepl.mobiletranslator-M4s4hqngSAXkhzZYew4X7Q==/base.apk' with 1 weak references
09-24 19:49:05.643 30270 30283 W manager.flutter: ApkAssets: Deleting an ApkAssets object ' and /data/app/~~eUlMgwX698qP95aSI3ifFA==/com.deepl.mobiletranslator-M4s4hqngSAXkhzZYew4X7Q==/split_config.arm64_v8a.apk' with 1 weak references
09-24 19:49:05.643 30270 30283 W manager.flutter: ApkAssets: Deleting an ApkAssets object ' and /data/app/~~eUlMgwX698qP95aSI3ifFA==/com.deepl.mobiletranslator-M4s4hqngSAXkhzZYew4X7Q==/split_config.xxhdpi.apk' with 1 weak references
09-24 19:49:05.643 30270 30283 W manager.flutter: ApkAssets: Deleting an ApkAssets object ' and /data/app/~~dhtUbvA_jLuM-Xac4osCTA==/com.google.android.apps.translate-mVP6r6te-_4mQlWJevAT7Q==/base.apk' with 1 weak references
09-24 19:49:05.643 30270 30283 W manager.flutter: ApkAssets: Deleting an ApkAssets object ' and /data/app/~~AnXkB-Dl-TzwNwVnyZaZlA==/com.ichi2.anki-XEE4xNh6imcj_HkTLHLlzQ==/base.apk' with 1 weak references
09-24 19:49:05.644 30270 30283 W manager.flutter: ApkAssets: Deleting an ApkAssets object ' and /data/app/~~t__YHmpwY4XgM9wFHtk2aA==/com.microsoft.office.officehubrow-RXG5Y-ax2Y0DKgP3tCorqQ==/base.apk' with 1 weak references
09-24 19:49:05.644 30270 30283 W manager.flutter: ApkAssets: Deleting an ApkAssets object ' and /data/app/~~t__YHmpwY4XgM9wFHtk2aA==/com.microsoft.office.officehubrow-RXG5Y-ax2Y0DKgP3tCorqQ==/split_config.en.apk' with 1 weak references
09-24 19:49:05.644 30270 30283 W manager.flutter: ApkAssets: Deleting an ApkAssets object ' and /data/app/~~t__YHmpwY4XgM9wFHtk2aA==/com.microsoft.office.officehubrow-RXG5Y-ax2Y0DKgP3tCorqQ==/split_config.xxhdpi.apk' with 1 weak references
09-24 19:49:05.644 30270 30283 W manager.flutter: ApkAssets: Deleting an ApkAssets object ' and /data/app/~~t__YHmpwY4XgM9wFHtk2aA==/com.microsoft.office.officehubrow-RXG5Y-ax2Y0DKgP3tCorqQ==/split_lenssampledoc.apk' with 1 weak references
09-24 19:49:05.644 30270 30283 W manager.flutter: ApkAssets: Deleting an ApkAssets object ' and /data/app/~~t__YHmpwY4XgM9wFHtk2aA==/com.microsoft.office.officehubrow-RXG5Y-ax2Y0DKgP3tCorqQ==/split_mainassetpack.apk' with 1 weak references
09-24 19:49:05.645 30270 30283 W manager.flutter: ApkAssets: Deleting an ApkAssets object ' and /data/app/~~FzTB1jMdZ2WEvQqiPLVDgQ==/com.tasomaniac.openwith-3OHMUnPaQF9xq8-vJ22odg==/base.apk' with 1 weak references
09-24 19:49:05.645 30270 30283 W manager.flutter: ApkAssets: Deleting an ApkAssets object ' and /data/app/~~FzTB1jMdZ2WEvQqiPLVDgQ==/com.tasomaniac.openwith-3OHMUnPaQF9xq8-vJ22odg==/split_config.es.apk' with 1 weak references
09-24 19:49:05.645 30270 30283 W manager.flutter: ApkAssets: Deleting an ApkAssets object ' and /data/app/~~FzTB1jMdZ2WEvQqiPLVDgQ==/com.tasomaniac.openwith-3OHMUnPaQF9xq8-vJ22odg==/split_config.xxhdpi.apk' with 1 weak references
09-24 19:49:05.645 30270 30283 W manager.flutter: ApkAssets: Deleting an ApkAssets object ' and /data/app/~~XOfi2inEKbbQ-9S-yQ1qGA==/fe.linksheet-vMCVqNiCI4RR6Jf2GY8P1Q==/base.apk' with 1 weak references
09-24 19:49:05.645 30270 30283 W manager.flutter: ApkAssets: Deleting an ApkAssets object ' and /data/app/~~d9sdm8agzBMSLD6IBVvxRw==/com.amazon.mShop.android.shopping-BzK7F9UjRznOgef4MiMYuw==/base.apk' with 1 weak references
09-24 19:49:05.646 30270 30283 W manager.flutter: ApkAssets: Deleting an ApkAssets object ' and /data/app/~~rTZUbGiLJsxE2mPoq6BqCw==/com.google.android.apps.photos-bnx-aZC68p-qln2A94i__w==/base.apk' with 1 weak references
09-24 19:49:05.646 30270 30283 W manager.flutter: ApkAssets: Deleting an ApkAssets object ' and /data/app/~~rTZUbGiLJsxE2mPoq6BqCw==/com.google.android.apps.photos-bnx-aZC68p-qln2A94i__w==/split_config.arm64_v8a.apk' with 1 weak references
09-24 19:49:05.646 30270 30283 W manager.flutter: ApkAssets: Deleting an ApkAssets object ' and /data/app/~~rTZUbGiLJsxE2mPoq6BqCw==/com.google.android.apps.photos-bnx-aZC68p-qln2A94i__w==/split_config.en.apk' with 1 weak references
09-24 19:49:05.646 30270 30283 W manager.flutter: ApkAssets: Deleting an ApkAssets object ' and /data/app/~~rTZUbGiLJsxE2mPoq6BqCw==/com.google.android.apps.photos-bnx-aZC68p-qln2A94i__w==/split_config.xxhdpi.apk' with 1 weak references
09-24 19:49:05.646 30270 30283 W manager.flutter: ApkAssets: Deleting an ApkAssets object ' and /data/app/~~oGBRRXjMIJvV2-eCLv_gow==/com.adobe.lrmobile-Np83XlfuhAuzXHluohjXyg==/base.apk' with 1 weak references
09-24 19:49:05.646 30270 30283 W manager.flutter: ApkAssets: Deleting an ApkAssets object ' and /data/app/~~oGBRRXjMIJvV2-eCLv_gow==/com.adobe.lrmobile-Np83XlfuhAuzXHluohjXyg==/split_config.arm64_v8a.apk' with 1 weak references
09-24 19:49:05.646 30270 30283 W manager.flutter: ApkAssets: Deleting an ApkAssets object ' and /data/app/~~oGBRRXjMIJvV2-eCLv_gow==/com.adobe.lrmobile-Np83XlfuhAuzXHluohjXyg==/split_config.en.apk' with 1 weak references
09-24 19:49:05.647 30270 30283 W manager.flutter: ApkAssets: Deleting an ApkAssets object ' and /data/app/~~oGBRRXjMIJvV2-eCLv_gow==/com.adobe.lrmobile-Np83XlfuhAuzXHluohjXyg==/split_config.xxhdpi.apk' with 1 weak references
09-24 19:49:05.647 30270 30283 W manager.flutter: ApkAssets: Deleting an ApkAssets object ' and /data/app/~~VJBrvVZv0mnBVOceRf160w==/com.google.android.apps.youtube.music-zMVpKh6r2ckhsiikH1R6eA==/base.apk' with 1 weak references
09-24 19:49:05.647 30270 30283 W manager.flutter: ApkAssets: Deleting an ApkAssets object ' and /data/app/~~VJBrvVZv0mnBVOceRf160w==/com.google.android.apps.youtube.music-zMVpKh6r2ckhsiikH1R6eA==/split_config.en.apk' with 1 weak references
09-24 19:49:05.647 30270 30283 W manager.flutter: ApkAssets: Deleting an ApkAssets object ' and /data/app/~~rhUf2W_7VjBMDIxxoFgeyQ==/com.soundcloud.android-N-S-G24C3nnkoqL1YYceJA==/base.apk' with 1 weak references
09-24 19:49:05.647 30270 30283 W manager.flutter: ApkAssets: Deleting an ApkAssets object ' and /data/app/~~rhUf2W_7VjBMDIxxoFgeyQ==/com.soundcloud.android-N-S-G24C3nnkoqL1YYceJA==/split_config.arm64_v8a.apk' with 1 weak references
09-24 19:49:05.648 30270 30283 W manager.flutter: ApkAssets: Deleting an ApkAssets object ' and /data/app/~~NNb_p1s4M6mvXvxFcmEV6Q==/com.spotify.music-SKGtxSbuIOeRyOInCYFXVA==/base.apk' with 1 weak references
09-24 19:49:05.648 30270 30283 W manager.flutter: ApkAssets: Deleting an ApkAssets object ' and /data/app/~~NNb_p1s4M6mvXvxFcmEV6Q==/com.spotify.music-SKGtxSbuIOeRyOInCYFXVA==/split_config.arm64_v8a.apk' with 1 weak references
09-24 19:49:05.648 30270 30283 W manager.flutter: ApkAssets: Deleting an ApkAssets object ' and /data/app/~~NNb_p1s4M6mvXvxFcmEV6Q==/com.spotify.music-SKGtxSbuIOeRyOInCYFXVA==/split_config.en.apk' with 1 weak references
09-24 19:49:05.648 30270 30283 W manager.flutter: ApkAssets: Deleting an ApkAssets object ' and /data/app/~~NNb_p1s4M6mvXvxFcmEV6Q==/com.spotify.music-SKGtxSbuIOeRyOInCYFXVA==/split_config.xxhdpi.apk' with 1 weak references
09-24 19:49:05.649 30270 30283 W manager.flutter: ApkAssets: Deleting an ApkAssets object ' and /data/app/~~5gDWkTSUZXQJajXRHuxmOg==/tv.twitch.android.app-Ak_Glaor6DzjxG_93TNi8w==/base.apk' with 1 weak references
09-24 19:49:05.650 30270 30283 W manager.flutter: ApkAssets: Deleting an ApkAssets object ' and /data/app/~~N5f21uk2Z7aSE70rVaYgxA==/com.twitter.android-L9FmIaRs-TJ-OgD3LEL8Gg==/base.apk' with 1 weak references
09-24 19:49:05.650 30270 30283 W manager.flutter: ApkAssets: Deleting an ApkAssets object ' and /data/app/~~N5f21uk2Z7aSE70rVaYgxA==/com.twitter.android-L9FmIaRs-TJ-OgD3LEL8Gg==/split_config.arm64_v8a.apk' with 1 weak references
09-24 19:49:05.650 30270 30283 W manager.flutter: ApkAssets: Deleting an ApkAssets object ' and /data/app/~~N5f21uk2Z7aSE70rVaYgxA==/com.twitter.android-L9FmIaRs-TJ-OgD3LEL8Gg==/split_config.en.apk' with 1 weak references
09-24 19:49:05.650 30270 30283 W manager.flutter: ApkAssets: Deleting an ApkAssets object ' and /data/app/~~N5f21uk2Z7aSE70rVaYgxA==/com.twitter.android-L9FmIaRs-TJ-OgD3LEL8Gg==/split_config.xxhdpi.apk' with 1 weak references
09-24 19:49:05.650 30270 30283 W manager.flutter: ApkAssets: Deleting an ApkAssets object ' and /data/app/~~EIWvFA3rDesMV3V6pVk_kQ==/com.google.android.youtube--IiAME_C9rl4t8mgdLAr2A==/base.apk' with 1 weak references
09-24 19:49:05.651 30270 30283 W manager.flutter: ApkAssets: Deleting an ApkAssets object ' and /data/app/~~EIWvFA3rDesMV3V6pVk_kQ==/com.google.android.youtube--IiAME_C9rl4t8mgdLAr2A==/split_config.arm64_v8a.apk' with 1 weak references
09-24 19:49:05.651 30270 30283 W manager.flutter: ApkAssets: Deleting an ApkAssets object ' and /data/app/~~EIWvFA3rDesMV3V6pVk_kQ==/com.google.android.youtube--IiAME_C9rl4t8mgdLAr2A==/split_config.en.apk' with 1 weak references
09-24 19:49:05.651 30270 30283 W manager.flutter: ApkAssets: Deleting an ApkAssets object ' and /data/app/~~EIWvFA3rDesMV3V6pVk_kQ==/com.google.android.youtube--IiAME_C9rl4t8mgdLAr2A==/split_config.xxhdpi.apk' with 1 weak references
09-24 19:49:05.651 30270 30283 W manager.flutter: ApkAssets: Deleting an ApkAssets object ' and /data/user/0/app.revanced.manager.flutter/cache/com.google.android.youtube_19.16.39-1545731520_minAPI26(arm64-v8a,armeabi-v7a,x86,x86_64)(nodpi)_apkmirror.com(2).apk' with 1 weak references
09-24 19:49:06.089 30270 30270 I ViewRootImpl@faa2361[MainActivity]: ViewPostIme pointer 0
09-24 19:49:06.116 30270 30270 I ViewRootImpl@faa2361[MainActivity]: onDisplayChanged oldDisplayState=2 newDisplayState=2
09-24 19:49:06.136 30270 30270 I ViewRootImpl@faa2361[MainActivity]: ViewPostIme pointer 1
09-24 19:49:06.592 30270 30270 I ViewRootImpl@faa2361[MainActivity]: ViewPostIme pointer 0
09-24 19:49:06.663 30270 30270 I ViewRootImpl@faa2361[MainActivity]: ViewPostIme pointer 1
09-24 19:49:06.667 30270 30270 D InputMethodManagerUtils: startInputInner - Id : 0
09-24 19:49:06.668 30270 30270 I InputMethodManager: startInputInner - IInputMethodManagerGlobalInvoker.startInputOrWindowGainedFocus
09-24 19:49:06.670 30270 30270 I ImeTracker: app.revanced.manager.flutter:f90c238: onRequestHide at ORIGIN_CLIENT_HIDE_SOFT_INPUT reason HIDE_SOFT_INPUT
09-24 19:49:06.670 30270 30270 I InputMethodManager_LC: hsifw() - flag : 0
09-24 19:49:06.670 30270 30270 I InputMethodManager_LC: hsifw() - mService.hideSoftInput
09-24 19:49:06.672 30270 30270 W RemoteInputConnectionImpl: getExtractedText on inactive InputConnection
09-24 19:49:06.690 30270 30270 I InsetsController: setRequestedVisibleTypes: visible=false, mask=ime, host=app.revanced.manager.flutter/app.revanced.manager.flutter.MainActivity, from=android.view.InsetsController.controlAnimationUnchecked:1445 android.view.InsetsController.applyAnimation:2005 android.view.InsetsController.applyAnimation:1968 android.view.InsetsController.hide:1403 android.view.ViewRootImpl$ViewRootHandler.handleMessageImpl:7240 android.view.ViewRootImpl$ViewRootHandler.handleMessage:7166 android.os.Handler.dispatchMessage:106 android.os.Looper.loopOnce:230 android.os.Looper.loop:319 android.app.ActivityThread.main:8919
09-24 19:49:06.691 30270 30270 I InsetsController: controlAnimationUncheckedInner: Added types=ime, animType=1, host=app.revanced.manager.flutter/app.revanced.manager.flutter.MainActivity, from=android.view.InsetsController.controlAnimationUnchecked:1449 android.view.InsetsController.applyAnimation:2005 android.view.InsetsController.applyAnimation:1968
09-24 19:49:06.697 30270 30406 I ViewRootImpl@faa2361[MainActivity]: Resizing android.view.ViewRootImpl@6a345a0: frame = [0,0][1080,2340] reportDraw = false forceLayout = false syncSeqId = -1
09-24 19:49:06.702 30270 30270 I InsetsController: onStateChanged: host=app.revanced.manager.flutter/app.revanced.manager.flutter.MainActivity, from=android.view.ViewRootImpl$ViewRootHandler.handleMessageImpl:7209, state=InsetsState: {mDisplayFrame=Rect(0, 0 - 1080, 2340), mDisplayCutout=DisplayCutout{insets=Rect(0, 74 - 0, 0) waterfall=Insets{left=0, top=0, right=0, bottom=0} boundingRect={Bounds=[Rect(0, 0 - 0, 0), Rect(514, 0 - 566, 74), Rect(0, 0 - 0, 0), Rect(0, 0 - 0, 0)]} cutoutPathParserInfo={CutoutPathParserInfo{displayWidth=1080 displayHeight=2340 physicalDisplayWidth=1080 physicalDisplayHeight=2340 density={2.8125} cutoutSpec={M 0,0 H -9.244444444444444 V 26.31111111111111 H 9.244444444444444 V 0 H 0 Z @dp} rotation={0} scale={1.0} physicalPixelDisplaySizeRatio={1.0}}}}, mRoundedCorners=RoundedCorners{[RoundedCorner{position=TopLeft, radius=101, center=Point(101, 101)}, RoundedCorner{position=TopRight, radius=101, center=Point(979, 101)}, RoundedCorner{position=BottomRight, radius=101, center=Point(979, 2239)}, RoundedCorner{position=BottomLeft, radius=101, center=Point(101, 2239)}]} mRoundedCornerFrame=Rect(0, 0 - 1080, 2340), mPrivacyIndicatorBounds=PrivacyIndicatorBounds {static bounds=Rect(956, 0 - 1080, 74) rotation=0}, mDisplayShape=DisplayShape{ spec=-311912193 displayWidth=1080 displayHeight=2340 physicalPixelDisplaySizeRatio=1.0 rotation=0 offsetX=0 offsetY=0 scale=1.0}, mSources= { InsetsSource: {c07b0000 mType=statusBars mFrame=[0,0][1080,74] mVisible=true mFlags=[]}, InsetsSource: {c07b0005 mType=mandatorySystemGestures mFrame=[0,0][1080,108] mVisible=true mFlags=[]}, InsetsSource: {c07b0006 mType=tappableElement mFrame=[0,0][1080,74] mVisible=true mFlags=[]}, InsetsSource: {e6100001 mType=navigationBars mFrame=[0,0][0,0] mVisible=true mFlags=[SUPPRESS_SCRIM]}, InsetsSource: {e6100004 mType=systemGestures mFrame=[0,0][0,0] mVisible=true mFlags=[]}, InsetsSource: {e6100005 mType=mandatorySystemGestures mFrame=[0,2250][1080,2340] mVisible=true mFlags=[]}, InsetsSource: {e6100006 mType=tappableElement mFrame=[0,0][0,0] mVisible=true mFlags=[]}, InsetsSource: {e6100024 mType=systemGestures mFrame=[0,0][0,0] mVisible=true mFlags=[]}, InsetsSource: {3 mType=ime mFrame=[0,1421][1080,2340] mVisible=false mFlags=[]}, InsetsSource: {27 mType=displayCutout mFrame=[0,0][1080,74] mVisible=true mFlags=[]} }
09-24 19:49:06.702 30270 30270 I InsetsSourceConsumer: applyRequestedVisibilityToControl: visible=true, type=navigationBars, host=app.revanced.manager.flutter/app.revanced.manager.flutter.MainActivity
09-24 19:49:06.702 30270 30270 I ViewRootImpl@faa2361[MainActivity]: handleResized, msg = 4 frames=ClientWindowFrames{frame=[0,0][1080,2340] display=[0,0][1080,2340] parentFrame=[0,0][0,0]} forceNextWindowRelayout=false displayId=0 dragResizing=false compatScale=1.0 frameChanged=false attachedFrameChanged=false configChanged=false displayChanged=false compatScaleChanged=false
09-24 19:49:06.702 30270 31230 I ViewRootImpl@faa2361[MainActivity]: mWNT: t=0xb400007947ea5550 mBlastBufferQueue=0xb400007957e81630 fn= 47 mRenderHdrSdrRatio=1.0 caller= android.view.SyncRtSurfaceTransactionApplier.applyTransaction:96 android.view.SyncRtSurfaceTransactionApplier.lambda$scheduleApply$0:69 android.view.SyncRtSurfaceTransactionApplier.$r8$lambda$SgowXC58rj3PR958kHUfRgLZmvE:0
09-24 19:49:06.709 30270 31228 I ViewRootImpl@faa2361[MainActivity]: mWNT: t=0xb400007947ed5330 mBlastBufferQueue=0xb400007957e81630 fn= 48 mRenderHdrSdrRatio=1.0 caller= android.view.SyncRtSurfaceTransactionApplier.applyTransaction:96 android.view.SyncRtSurfaceTransactionApplier.lambda$scheduleApply$0:69 android.view.SyncRtSurfaceTransactionApplier.$r8$lambda$SgowXC58rj3PR958kHUfRgLZmvE:0
09-24 19:49:06.713 30270 30270 W WindowOnBackDispatcher: sendCancelIfRunning: isInProgress=falsecallback=ImeCallback=ImeOnBackInvokedCallback@241379236 Callback=android.window.IOnBackInvokedCallback$Stub$Proxy@257bbf2
09-24 19:49:06.718 30270 31230 I ViewRootImpl@faa2361[MainActivity]: mWNT: t=0xb400007947ed30d0 mBlastBufferQueue=0xb400007957e81630 fn= 49 mRenderHdrSdrRatio=1.0 caller= android.view.SyncRtSurfaceTransactionApplier.applyTransaction:96 android.view.SyncRtSurfaceTransactionApplier.lambda$scheduleApply$0:69 android.view.SyncRtSurfaceTransactionApplier.$r8$lambda$SgowXC58rj3PR958kHUfRgLZmvE:0
09-24 19:49:06.727 30270 31228 I ViewRootImpl@faa2361[MainActivity]: mWNT: t=0xb400007947ed55f0 mBlastBufferQueue=0xb400007957e81630 fn= 50 mRenderHdrSdrRatio=1.0 caller= android.view.SyncRtSurfaceTransactionApplier.applyTransaction:96 android.view.SyncRtSurfaceTransactionApplier.lambda$scheduleApply$0:69 android.view.SyncRtSurfaceTransactionApplier.$r8$lambda$SgowXC58rj3PR958kHUfRgLZmvE:0
09-24 19:49:06.735 30270 31230 I ViewRootImpl@faa2361[MainActivity]: mWNT: t=0xb400007947ed1810 mBlastBufferQueue=0xb400007957e81630 fn= 51 mRenderHdrSdrRatio=1.0 caller= android.view.SyncRtSurfaceTransactionApplier.applyTransaction:96 android.view.SyncRtSurfaceTransactionApplier.lambda$scheduleApply$0:69 android.view.SyncRtSurfaceTransactionApplier.$r8$lambda$SgowXC58rj3PR958kHUfRgLZmvE:0
09-24 19:49:06.741 30270 31228 I ViewRootImpl@faa2361[MainActivity]: mWNT: t=0xb400007947e9df10 mBlastBufferQueue=0xb400007957e81630 fn= 52 mRenderHdrSdrRatio=1.0 caller= android.view.SyncRtSurfaceTransactionApplier.applyTransaction:96 android.view.SyncRtSurfaceTransactionApplier.lambda$scheduleApply$0:69 android.view.SyncRtSurfaceTransactionApplier.$r8$lambda$SgowXC58rj3PR958kHUfRgLZmvE:0
09-24 19:49:06.750 30270 31230 I ViewRootImpl@faa2361[MainActivity]: mWNT: t=0xb400007947ebb6b0 mBlastBufferQueue=0xb400007957e81630 fn= 53 mRenderHdrSdrRatio=1.0 caller= android.view.SyncRtSurfaceTransactionApplier.applyTransaction:96 android.view.SyncRtSurfaceTransactionApplier.lambda$scheduleApply$0:69 android.view.SyncRtSurfaceTransactionApplier.$r8$lambda$SgowXC58rj3PR958kHUfRgLZmvE:0
09-24 19:49:06.758 30270 31228 I ViewRootImpl@faa2361[MainActivity]: mWNT: t=0xb400007947e9ee30 mBlastBufferQueue=0xb400007957e81630 fn= 54 mRenderHdrSdrRatio=1.0 caller= android.view.SyncRtSurfaceTransactionApplier.applyTransaction:96 android.view.SyncRtSurfaceTransactionApplier.lambda$scheduleApply$0:69 android.view.SyncRtSurfaceTransactionApplier.$r8$lambda$SgowXC58rj3PR958kHUfRgLZmvE:0
09-24 19:49:06.767 30270 31230 I ViewRootImpl@faa2361[MainActivity]: mWNT: t=0xb400007947eb3990 mBlastBufferQueue=0xb400007957e81630 fn= 55 mRenderHdrSdrRatio=1.0 caller= android.view.SyncRtSurfaceTransactionApplier.applyTransaction:96 android.view.SyncRtSurfaceTransactionApplier.lambda$scheduleApply$0:69 android.view.SyncRtSurfaceTransactionApplier.$r8$lambda$SgowXC58rj3PR958kHUfRgLZmvE:0
09-24 19:49:06.775 30270 31228 I ViewRootImpl@faa2361[MainActivity]: mWNT: t=0xb400007947ed3d30 mBlastBufferQueue=0xb400007957e81630 fn= 56 mRenderHdrSdrRatio=1.0 caller= android.view.SyncRtSurfaceTransactionApplier.applyTransaction:96 android.view.SyncRtSurfaceTransactionApplier.lambda$scheduleApply$0:69 android.view.SyncRtSurfaceTransactionApplier.$r8$lambda$SgowXC58rj3PR958kHUfRgLZmvE:0
09-24 19:49:06.784 30270 31230 I ViewRootImpl@faa2361[MainActivity]: mWNT: t=0xb400007947ebd650 mBlastBufferQueue=0xb400007957e81630 fn= 57 mRenderHdrSdrRatio=1.0 caller= android.view.SyncRtSurfaceTransactionApplier.applyTransaction:96 android.view.SyncRtSurfaceTransactionApplier.lambda$scheduleApply$0:69 android.view.SyncRtSurfaceTransactionApplier.$r8$lambda$SgowXC58rj3PR958kHUfRgLZmvE:0
09-24 19:49:06.792 30270 31228 I ViewRootImpl@faa2361[MainActivity]: mWNT: t=0xb400007947e93e30 mBlastBufferQueue=0xb400007957e81630 fn= 58 mRenderHdrSdrRatio=1.0 caller= android.view.SyncRtSurfaceTransactionApplier.applyTransaction:96 android.view.SyncRtSurfaceTransactionApplier.lambda$scheduleApply$0:69 android.view.SyncRtSurfaceTransactionApplier.$r8$lambda$SgowXC58rj3PR958kHUfRgLZmvE:0
09-24 19:49:06.800 30270 31230 I ViewRootImpl@faa2361[MainActivity]: mWNT: t=0xb400007947edb4d0 mBlastBufferQueue=0xb400007957e81630 fn= 59 mRenderHdrSdrRatio=1.0 caller= android.view.SyncRtSurfaceTransactionApplier.applyTransaction:96 android.view.SyncRtSurfaceTransactionApplier.lambda$scheduleApply$0:69 android.view.SyncRtSurfaceTransactionApplier.$r8$lambda$SgowXC58rj3PR958kHUfRgLZmvE:0
09-24 19:49:06.808 30270 31228 I ViewRootImpl@faa2361[MainActivity]: mWNT: t=0xb400007947ea5550 mBlastBufferQueue=0xb400007957e81630 fn= 60 mRenderHdrSdrRatio=1.0 caller= android.view.SyncRtSurfaceTransactionApplier.applyTransaction:96 android.view.SyncRtSurfaceTransactionApplier.lambda$scheduleApply$0:69 android.view.SyncRtSurfaceTransactionApplier.$r8$lambda$SgowXC58rj3PR958kHUfRgLZmvE:0
09-24 19:49:06.817 30270 31230 I ViewRootImpl@faa2361[MainActivity]: mWNT: t=0xb400007947ed9690 mBlastBufferQueue=0xb400007957e81630 fn= 61 mRenderHdrSdrRatio=1.0 caller= android.view.SyncRtSurfaceTransactionApplier.applyTransaction:96 android.view.SyncRtSurfaceTransactionApplier.lambda$scheduleApply$0:69 android.view.SyncRtSurfaceTransactionApplier.$r8$lambda$SgowXC58rj3PR958kHUfRgLZmvE:0
09-24 19:49:06.825 30270 31228 I ViewRootImpl@faa2361[MainActivity]: mWNT: t=0xb400007947ebd910 mBlastBufferQueue=0xb400007957e81630 fn= 62 mRenderHdrSdrRatio=1.0 caller= android.view.SyncRtSurfaceTransactionApplier.applyTransaction:96 android.view.SyncRtSurfaceTransactionApplier.lambda$scheduleApply$0:69 android.view.SyncRtSurfaceTransactionApplier.$r8$lambda$SgowXC58rj3PR958kHUfRgLZmvE:0
09-24 19:49:06.834 30270 31230 I ViewRootImpl@faa2361[MainActivity]: mWNT: t=0xb400007947ed67d0 mBlastBufferQueue=0xb400007957e81630 fn= 63 mRenderHdrSdrRatio=1.0 caller= android.view.SyncRtSurfaceTransactionApplier.applyTransaction:96 android.view.SyncRtSurfaceTransactionApplier.lambda$scheduleApply$0:69 android.view.SyncRtSurfaceTransactionApplier.$r8$lambda$SgowXC58rj3PR958kHUfRgLZmvE:0
09-24 19:49:06.842 30270 31228 I ViewRootImpl@faa2361[MainActivity]: mWNT: t=0xb400007947ec8390 mBlastBufferQueue=0xb400007957e81630 fn= 64 mRenderHdrSdrRatio=1.0 caller= android.view.SyncRtSurfaceTransactionApplier.applyTransaction:96 android.view.SyncRtSurfaceTransactionApplier.lambda$scheduleApply$0:69 android.view.SyncRtSurfaceTransactionApplier.$r8$lambda$SgowXC58rj3PR958kHUfRgLZmvE:0
09-24 19:49:06.850 30270 31230 I ViewRootImpl@faa2361[MainActivity]: mWNT: t=0xb400007947ebeaf0 mBlastBufferQueue=0xb400007957e81630 fn= 65 mRenderHdrSdrRatio=1.0 caller= android.view.SyncRtSurfaceTransactionApplier.applyTransaction:96 android.view.SyncRtSurfaceTransactionApplier.lambda$scheduleApply$0:69 android.view.SyncRtSurfaceTransactionApplier.$r8$lambda$SgowXC58rj3PR958kHUfRgLZmvE:0
09-24 19:49:06.859 30270 31228 I ViewRootImpl@faa2361[MainActivity]: mWNT: t=0xb400007947e96fb0 mBlastBufferQueue=0xb400007957e81630 fn= 66 mRenderHdrSdrRatio=1.0 caller= android.view.SyncRtSurfaceTransactionApplier.applyTransaction:96 android.view.SyncRtSurfaceTransactionApplier.lambda$scheduleApply$0:69 android.view.SyncRtSurfaceTransactionApplier.$r8$lambda$SgowXC58rj3PR958kHUfRgLZmvE:0
09-24 19:49:06.867 30270 31230 I ViewRootImpl@faa2361[MainActivity]: mWNT: t=0xb400007947ebb6b0 mBlastBufferQueue=0xb400007957e81630 fn= 67 mRenderHdrSdrRatio=1.0 caller= android.view.SyncRtSurfaceTransactionApplier.applyTransaction:96 android.view.SyncRtSurfaceTransactionApplier.lambda$scheduleApply$0:69 android.view.SyncRtSurfaceTransactionApplier.$r8$lambda$SgowXC58rj3PR958kHUfRgLZmvE:0
09-24 19:49:06.875 30270 31228 I ViewRootImpl@faa2361[MainActivity]: mWNT: t=0xb400007947ebe2b0 mBlastBufferQueue=0xb400007957e81630 fn= 68 mRenderHdrSdrRatio=1.0 caller= android.view.SyncRtSurfaceTransactionApplier.applyTransaction:96 android.view.SyncRtSurfaceTransactionApplier.lambda$scheduleApply$0:69 android.view.SyncRtSurfaceTransactionApplier.$r8$lambda$SgowXC58rj3PR958kHUfRgLZmvE:0
09-24 19:49:06.884 30270 31230 I ViewRootImpl@faa2361[MainActivity]: mWNT: t=0xb400007947ee08b0 mBlastBufferQueue=0xb400007957e81630 fn= 69 mRenderHdrSdrRatio=1.0 caller= android.view.SyncRtSurfaceTransactionApplier.applyTransaction:96 android.view.SyncRtSurfaceTransactionApplier.lambda$scheduleApply$0:69 android.view.SyncRtSurfaceTransactionApplier.$r8$lambda$SgowXC58rj3PR958kHUfRgLZmvE:0
09-24 19:49:06.892 30270 31228 I ViewRootImpl@faa2361[MainActivity]: mWNT: t=0xb400007947ed30d0 mBlastBufferQueue=0xb400007957e81630 fn= 70 mRenderHdrSdrRatio=1.0 caller= android.view.SyncRtSurfaceTransactionApplier.applyTransaction:96 android.view.SyncRtSurfaceTransactionApplier.lambda$scheduleApply$0:69 android.view.SyncRtSurfaceTransactionApplier.$r8$lambda$SgowXC58rj3PR958kHUfRgLZmvE:0
09-24 19:49:06.900 30270 31230 I ViewRootImpl@faa2361[MainActivity]: mWNT: t=0xb400007947ec21f0 mBlastBufferQueue=0xb400007957e81630 fn= 71 mRenderHdrSdrRatio=1.0 caller= android.view.SyncRtSurfaceTransactionApplier.applyTransaction:96 android.view.SyncRtSurfaceTransactionApplier.lambda$scheduleApply$0:69 android.view.SyncRtSurfaceTransactionApplier.$r8$lambda$SgowXC58rj3PR958kHUfRgLZmvE:0
09-24 19:49:06.908 30270 31228 I ViewRootImpl@faa2361[MainActivity]: mWNT: t=0xb400007947ed5330 mBlastBufferQueue=0xb400007957e81630 fn= 72 mRenderHdrSdrRatio=1.0 caller= android.view.SyncRtSurfaceTransactionApplier.applyTransaction:96 android.view.SyncRtSurfaceTransactionApplier.lambda$scheduleApply$0:69 android.view.SyncRtSurfaceTransactionApplier.$r8$lambda$SgowXC58rj3PR958kHUfRgLZmvE:0
09-24 19:49:06.917 30270 31230 I ViewRootImpl@faa2361[MainActivity]: mWNT: t=0xb400007947e95f30 mBlastBufferQueue=0xb400007957e81630 fn= 73 mRenderHdrSdrRatio=1.0 caller= android.view.SyncRtSurfaceTransactionApplier.applyTransaction:96 android.view.SyncRtSurfaceTransactionApplier.lambda$scheduleApply$0:69 android.view.SyncRtSurfaceTransactionApplier.$r8$lambda$SgowXC58rj3PR958kHUfRgLZmvE:0
