--------- beginning of main
10-12 17:47:31.841 18398 18819 V MediaPlayerNative: MediaPlayer::notify() prepared
10-12 17:47:31.841 18398 18819 V MediaPlayerNative: signal application thread
10-12 17:47:31.841 18398 18819 V MediaPlayerNative: callback application
10-12 17:47:31.841 18398 18819 V MediaPlayerNative: back from callback
10-12 17:47:31.843 18398 18444 V MediaPlayerNative: prepare complete - status=0
10-12 17:47:31.844 18398 18444 V MediaPlayerNative: invoke 68
10-12 17:47:31.845 18398 18444 V MediaPlayer-JNI: setVolume: left 1.000000 right 1.000000
10-12 17:47:31.845 18398 18398 V MediaPlayerNative: invoke 68
10-12 17:47:31.845 18398 18444 V MediaPlayerNative: MediaPlayer::setVolume(1.000000, 1.000000)
10-12 17:47:31.848 18398 18444 V MediaPlayer-JNI: setLooping: 0
10-12 17:47:31.848 18398 18444 V MediaPlayerNative: MediaPlayer::setLooping
10-12 17:47:31.848 18398 18444 V MediaPlayer-JNI: seekTo: 0(msec), mode=0
10-12 17:47:31.849 18398 18444 V MediaPlayerNative: seekTo (0, 0)
10-12 17:47:31.850 18398 18819 V MediaPlayerNative: message received msg=7, ext1=0, ext2=0
10-12 17:47:31.850 18398 18819 V MediaPlayerNative: unrecognized message: (7, 0, 0)
10-12 17:47:31.850 18398 18819 V MediaPlayerNative: callback application
10-12 17:47:31.850 18398 18819 V MediaPlayerNative: back from callback
10-12 17:47:31.850 18398 18398 V MediaPlayerNative: Using cached seek position: 0
10-12 17:47:31.850 18398 18398 V MediaPlayer-JNI: getCurrentPosition: 0 (msec)
10-12 17:47:31.851 18398 18444 V MediaPlayer-JNI: start
10-12 17:47:31.851 18398 18444 V MediaPlayerNative: start
10-12 17:47:31.853 18398 18444 V MediaPlayerNative: Using cached seek position: 0
10-12 17:47:31.854 18398 18444 V MediaPlayer-JNI: getCurrentPosition: 0 (msec)
10-12 17:47:31.870 18398 18819 V MediaPlayerNative: message received msg=4, ext1=0, ext2=0
10-12 17:47:31.870 18398 18819 V MediaPlayerNative: Received seek complete
10-12 17:47:31.870 18398 18819 V MediaPlayerNative: All seeks complete - return to regularly scheduled program
10-12 17:47:31.870 18398 18819 V MediaPlayerNative: callback application
10-12 17:47:31.870 18398 18819 V MediaPlayerNative: back from callback
10-12 17:47:31.871 18398 18398 V MediaPlayer-JNI: getCurrentPosition: 0 (msec)
10-12 17:47:31.894 18398 18819 V MediaPlayerNative: message received msg=6, ext1=0, ext2=0
10-12 17:47:31.894 18398 18819 V MediaPlayerNative: unrecognized message: (6, 0, 0)
10-12 17:47:31.894 18398 18819 V MediaPlayerNative: callback application
10-12 17:47:31.895 18398 18819 V MediaPlayerNative: back from callback
10-12 17:47:31.895 18398 18398 V MediaPlayer-JNI: getCurrentPosition: 0 (msec)
10-12 17:47:32.141 18398 18398 D ViewRootImpl@4af06fc[MicroActivity]: ViewPostIme pointer 0
10-12 17:47:32.165 18398 18444 D javax.microedition.midlet.MIDlet: MIDlet.getAppProperty: MG_Impl=null
10-12 17:47:32.223 18398 18398 D ViewRootImpl@4af06fc[MicroActivity]: ViewPostIme pointer 1
10-12 17:47:32.293 18398 18444 D RecordStore: RecordStore savegamemub.dat opened
10-12 17:47:32.296 18398 18444 D javax.microedition.rms.impl.RecordStoreImpl: Record savegamemub.dat.1 set
10-12 17:47:32.297 18398 18444 D javax.microedition.rms.impl.RecordStoreImpl: RecordStore savegamemub.dat closed
10-12 17:47:32.347 18398 18398 D ViewRootImpl@4af06fc[MicroActivity]: ViewPostIme pointer 0
10-12 17:47:32.368 18398 18444 D javax.microedition.midlet.MIDlet: MIDlet.getAppProperty: MG_Impl=null
10-12 17:47:35.093 18398 18398 D ViewRootImpl@4af06fc[MicroActivity]: ViewPostIme pointer 1
10-12 17:47:35.610 18398 18444 D RecordStore: RecordStore savegamemub.dat opened
10-12 17:47:35.615 18398 18444 D javax.microedition.rms.impl.RecordStoreImpl: Record savegamemub.dat.1 set
10-12 17:47:35.616 18398 18444 D javax.microedition.rms.impl.RecordStoreImpl: RecordStore savegamemub.dat closed
10-12 17:47:35.617 18398 18444 V MediaPlayer-JNI: pause
10-12 17:47:35.618 18398 18444 V MediaPlayerNative: pause
10-12 17:47:35.619 18398 18819 V MediaPlayerNative: message received msg=7, ext1=0, ext2=0
10-12 17:47:35.620 18398 18819 V MediaPlayerNative: unrecognized message: (7, 0, 0)
10-12 17:47:35.620 18398 18819 V MediaPlayerNative: callback application
10-12 17:47:35.620 18398 18819 V MediaPlayerNative: back from callback
10-12 17:47:35.621 18398 18444 V MediaPlayer-JNI: getCurrentPosition: 3565 (msec)
10-12 17:47:35.621 18398 18444 V MediaPlayer-JNI: reset
10-12 17:47:35.621 18398 18444 V MediaPlayerNative: reset
10-12 17:47:35.621 18398 18398 V MediaPlayer-JNI: getCurrentPosition: 3565 (msec)
10-12 17:47:35.623 18398 18819 V MediaPlayerNative: message received msg=8, ext1=0, ext2=0
10-12 17:47:35.636 18398 18444 V MediaPlayer: resetDrmState: mDrmInfo=null mDrmProvisioningThread=null mPrepareDrmInProgress=false mActiveDrmScheme=false
10-12 17:47:35.636 18398 18398 V MediaPlayerNative: isPlaying: no active player
10-12 17:47:35.636 18398 18444 V MediaPlayer: cleanDrmObj: mDrmObj=null mDrmSessionId=null
10-12 17:47:35.637 18398 18819 V MediaPlayerNative: notify(8, 0, 0) callback on disconnected mediaplayer
10-12 17:47:35.638 18398 18444 V MediaPlayer: resetDrmState: mDrmInfo=null mDrmProvisioningThread=null mPrepareDrmInProgress=false mActiveDrmScheme=false
10-12 17:47:35.638 18398 18444 V MediaPlayer: cleanDrmObj: mDrmObj=null mDrmSessionId=null
10-12 17:47:35.638 18398 18444 V MediaPlayer-JNI: release
10-12 17:47:35.638 18398 18444 V MediaPlayerNative: setListener
10-12 17:47:35.638 18398 18444 V MediaPlayerNative: disconnect
10-12 17:47:35.638 18398 18444 V MediaPlayerNative: destructor
10-12 17:47:35.639 18398 18444 V MediaPlayerNative: disconnect
10-12 17:47:35.642 18398 18444 D javax.microedition.media.InternalDataSource: Temp file deleted: /storage/emulated/0/Documents/J2ME/cache/media1346076222187144321.mid
10-12 17:47:35.645 18398 18444 D javax.microedition.media.InternalDataSource: Starting media pipe: media7467399029910837199.mid
10-12 17:47:35.645 18398 18444 D javax.microedition.media.InternalDataSource: Changing file size to 975 bytes: media7467399029910837199.mid
10-12 17:47:35.646 18398 18444 D javax.microedition.media.InternalDataSource: Media pipe closed: media7467399029910837199.mid
10-12 17:47:35.651 18398 18444 I mobile-ffmpeg: /storage/emulated/0/Documents/J2ME/cache/media7467399029910837199.mid: Invalid data found when processing input
10-12 17:47:35.651 18398 18448 E mobile-ffmpeg: /storage/emulated/0/Documents/J2ME/cache/media7467399029910837199.mid: Invalid data found when processing input
10-12 17:47:35.652 18398 18444 V MediaPlayer-JNI: native_setup
10-12 17:47:35.652 18398 18444 V MediaPlayerNative: constructor
10-12 17:47:35.653 18398 18444 V MediaPlayerNative: setListener
10-12 17:47:35.681 18398 18444 V MediaPlayer-JNI: setDataSourceFD: fd 76
10-12 17:47:35.681 18398 18444 V MediaPlayerNative: setDataSource(76, 0, 576460752303423487)
10-12 17:47:35.689 18398 18444 V MediaPlayerNative: setVideoSurfaceTexture
10-12 17:47:35.689 18398 18444 V MediaPlayerNative: prepare
10-12 17:47:35.714 18398 18410 V MediaPlayerNative: message received msg=200, ext1=10973, ext2=0
10-12 17:47:35.714 18398 18410 W MediaPlayerNative: info/warning (10973, 0)
10-12 17:47:35.714 18398 18410 V MediaPlayerNative: callback application
10-12 17:47:35.714 18398 18410 V MediaPlayerNative: back from callback
10-12 17:47:35.716 18398 18410 V MediaPlayerNative: message received msg=1, ext1=0, ext2=0
10-12 17:47:35.716 18398 18410 V MediaPlayerNative: MediaPlayer::notify() prepared
10-12 17:47:35.716 18398 18410 V MediaPlayerNative: signal application thread
10-12 17:47:35.716 18398 18410 V MediaPlayerNative: callback application
10-12 17:47:35.716 18398 18444 V MediaPlayerNative: prepare complete - status=0
10-12 17:47:35.716 18398 18410 V MediaPlayerNative: back from callback
10-12 17:47:35.722 18398 18444 V MediaPlayerNative: invoke 68
10-12 17:47:35.723 18398 18398 V MediaPlayerNative: invoke 68
10-12 17:47:35.723 18398 18444 V MediaPlayer-JNI: setVolume: left 1.000000 right 1.000000
10-12 17:47:35.723 18398 18444 V MediaPlayerNative: MediaPlayer::setVolume(1.000000, 1.000000)
10-12 17:47:35.724 18398 18444 V MediaPlayer-JNI: setLooping: 0
10-12 17:47:35.725 18398 18444 V MediaPlayerNative: MediaPlayer::setLooping
10-12 17:47:35.725 18398 18444 V MediaPlayer-JNI: seekTo: 0(msec), mode=0
10-12 17:47:35.725 18398 18444 V MediaPlayerNative: seekTo (0, 0)
10-12 17:47:35.725 18398 18410 V MediaPlayerNative: message received msg=7, ext1=0, ext2=0
10-12 17:47:35.726 18398 18410 V MediaPlayerNative: unrecognized message: (7, 0, 0)
10-12 17:47:35.726 18398 18410 V MediaPlayerNative: callback application
10-12 17:47:35.726 18398 18410 V MediaPlayerNative: back from callback
10-12 17:47:35.726 18398 18444 V MediaPlayer-JNI: start
10-12 17:47:35.726 18398 18398 V MediaPlayerNative: Using cached seek position: 0
10-12 17:47:35.726 18398 18398 V MediaPlayer-JNI: getCurrentPosition: 0 (msec)
10-12 17:47:35.727 18398 18444 V MediaPlayerNative: start
10-12 17:47:35.728 18398 18410 V MediaPlayerNative: message received msg=300, ext1=0, ext2=0
10-12 17:47:35.729 18398 18410 V MediaPlayerNative: Received SEC_MM_PLAYER_CONTEXT_AWARE
10-12 17:47:35.729 18398 18410 V MediaPlayerNative: callback application
10-12 17:47:35.729 18398 18444 V MediaPlayerNative: Using cached seek position: 0
10-12 17:47:35.729 18398 18444 V MediaPlayer-JNI: getCurrentPosition: 0 (msec)
10-12 17:47:35.731 18398 18410 V MediaPlayerNative: back from callback
10-12 17:47:35.731 18398 18444 D RecordStore: RecordStore savegamemub.dat opened
10-12 17:47:35.734 18398 18444 D javax.microedition.rms.impl.RecordStoreImpl: Record savegamemub.dat.1 set
10-12 17:47:35.734 18398 18444 D javax.microedition.rms.impl.RecordStoreImpl: RecordStore savegamemub.dat closed
10-12 17:47:35.744 18398 18410 V MediaPlayerNative: message received msg=4, ext1=0, ext2=0
10-12 17:47:35.744 18398 18410 V MediaPlayerNative: Received seek complete
10-12 17:47:35.744 18398 18410 V MediaPlayerNative: All seeks complete - return to regularly scheduled program
10-12 17:47:35.744 18398 18410 V MediaPlayerNative: callback application
10-12 17:47:35.745 18398 18410 V MediaPlayerNative: back from callback
10-12 17:47:35.749 18398 18398 V MediaPlayer-JNI: getCurrentPosition: 0 (msec)
10-12 17:47:35.763 18398 18410 V MediaPlayerNative: message received msg=6, ext1=0, ext2=0
10-12 17:47:35.763 18398 18410 V MediaPlayerNative: unrecognized message: (6, 0, 0)
10-12 17:47:35.763 18398 18410 V MediaPlayerNative: callback application
10-12 17:47:35.763 18398 18410 V MediaPlayerNative: back from callback
10-12 17:47:35.764 18398 18398 V MediaPlayer-JNI: getCurrentPosition: 0 (msec)
10-12 17:47:37.438 18398 18408 I zygote64: Background concurrent copying GC freed 295606(7MB) AllocSpace objects, 5(340KB) LOS objects, 50% free, 6MB/13MB, paused 3.204ms total 187.609ms
10-12 17:47:37.565 18398 18406 V MediaPlayer-JNI: native_finalize
10-12 17:47:37.565 18398 18406 V MediaPlayer-JNI: release
10-12 17:47:37.566 18398 18406 V MediaPlayer-JNI: native_finalize
10-12 17:47:37.566 18398 18406 V MediaPlayer-JNI: release
10-12 17:47:37.567 18398 18406 V MediaPlayer-JNI: native_finalize
10-12 17:47:37.567 18398 18406 V MediaPlayer-JNI: release
10-12 17:47:37.567 18398 18406 V MediaPlayer-JNI: native_finalize
10-12 17:47:37.567 18398 18406 V MediaPlayer-JNI: release
10-12 17:47:37.568 18398 18406 V MediaPlayer-JNI: native_finalize
10-12 17:47:37.568 18398 18406 V MediaPlayer-JNI: release
10-12 17:47:37.721 18398 18398 D ViewRootImpl@4af06fc[MicroActivity]: ViewPostIme pointer 0
10-12 17:47:37.748 18398 18444 D javax.microedition.midlet.MIDlet: MIDlet.getAppProperty: MG_Impl=null
10-12 17:47:37.751 18398 18444 D RecordStore: RecordStore savegamemub.dat opened
10-12 17:47:37.755 18398 18444 D javax.microedition.rms.impl.RecordStoreImpl: Record savegamemub.dat.1 set
10-12 17:47:37.756 18398 18444 D javax.microedition.rms.impl.RecordStoreImpl: RecordStore savegamemub.dat closed
10-12 17:47:37.903 18398 18398 D ViewRootImpl@4af06fc[MicroActivity]: ViewPostIme pointer 1
10-12 17:47:38.438 18398 18398 D ViewRootImpl@4af06fc[MicroActivity]: ViewPostIme pointer 0
10-12 17:47:38.454 18398 18444 D javax.microedition.midlet.MIDlet: MIDlet.getAppProperty: MG_Impl=null
10-12 17:47:38.502 18398 18398 D ViewRootImpl@4af06fc[MicroActivity]: ViewPostIme pointer 1
10-12 17:47:38.948 18398 18398 D ViewRootImpl@4af06fc[MicroActivity]: ViewPostIme pointer 0
10-12 17:47:38.963 18398 18444 D javax.microedition.midlet.MIDlet: MIDlet.getAppProperty: MG_Impl=null
10-12 17:47:38.997 18398 18398 D ViewRootImpl@4af06fc[MicroActivity]: ViewPostIme pointer 1
10-12 17:47:39.721 18398 18398 D ViewRootImpl@4af06fc[MicroActivity]: ViewPostIme pointer 0
10-12 17:47:39.724 18398 18444 D javax.microedition.midlet.MIDlet: MIDlet.getAppProperty: MG_Impl=null
10-12 17:47:39.727 18398 18444 D RecordStore: RecordStore savegamemub.dat opened
10-12 17:47:39.732 18398 18444 D javax.microedition.rms.impl.RecordStoreImpl: Record savegamemub.dat.1 set
10-12 17:47:39.732 18398 18444 D javax.microedition.rms.impl.RecordStoreImpl: RecordStore savegamemub.dat closed
10-12 17:47:39.770 18398 18398 D ViewRootImpl@4af06fc[MicroActivity]: ViewPostIme pointer 1
10-12 17:47:39.945 18398 18410 V MediaPlayerNative: message received msg=2, ext1=0, ext2=0
10-12 17:47:39.945 18398 18410 V MediaPlayerNative: playback complete
10-12 17:47:39.945 18398 18410 V MediaPlayerNative: callback application
10-12 17:47:39.945 18398 18410 V MediaPlayerNative: back from callback
10-12 17:47:39.946 18398 18398 V MediaPlayer-JNI: getCurrentPosition: 4022 (msec)
10-12 17:47:39.948 18398 18398 V MediaPlayer-JNI: reset
10-12 17:47:39.948 18398 18398 V MediaPlayerNative: reset
10-12 17:47:39.949 18398 18410 V MediaPlayerNative: message received msg=8, ext1=0, ext2=0
10-12 17:47:39.956 18398 18410 V MediaPlayerNative: notify(8, 0, 0) callback on disconnected mediaplayer
10-12 17:47:39.956 18398 18398 V MediaPlayer: resetDrmState: mDrmInfo=null mDrmProvisioningThread=null mPrepareDrmInProgress=false mActiveDrmScheme=false
10-12 17:47:39.956 18398 18398 V MediaPlayer: cleanDrmObj: mDrmObj=null mDrmSessionId=null
10-12 17:47:40.204 18398 18398 D ViewRootImpl@4af06fc[MicroActivity]: ViewPostIme pointer 0
10-12 17:47:40.206 18398 18444 D javax.microedition.midlet.MIDlet: MIDlet.getAppProperty: MG_Impl=null
10-12 17:47:40.208 18398 18444 D RecordStore: RecordStore savegamemub.dat opened
10-12 17:47:40.212 18398 18444 D javax.microedition.rms.impl.RecordStoreImpl: Record savegamemub.dat.1 set
10-12 17:47:40.213 18398 18444 D javax.microedition.rms.impl.RecordStoreImpl: RecordStore savegamemub.dat closed
10-12 17:47:40.254 18398 18398 D ViewRootImpl@4af06fc[MicroActivity]: ViewPostIme pointer 1
10-12 17:47:40.908 18398 18398 D ViewRootImpl@4af06fc[MicroActivity]: ViewPostIme pointer 0
10-12 17:47:40.912 18398 18444 D javax.microedition.midlet.MIDlet: MIDlet.getAppProperty: MG_Impl=null
10-12 17:47:40.918 18398 18444 D RecordStore: RecordStore savegamemub.dat opened
10-12 17:47:40.921 18398 18444 D javax.microedition.rms.impl.RecordStoreImpl: Record savegamemub.dat.1 set
10-12 17:47:40.922 18398 18444 D javax.microedition.rms.impl.RecordStoreImpl: RecordStore savegamemub.dat closed
10-12 17:47:40.982 18398 18398 D ViewRootImpl@4af06fc[MicroActivity]: ViewPostIme pointer 1
10-12 17:47:41.426 18398 18398 D ViewRootImpl@4af06fc[MicroActivity]: ViewPostIme pointer 0
10-12 17:47:41.441 18398 18444 D javax.microedition.midlet.MIDlet: MIDlet.getAppProperty: MG_Impl=null
10-12 17:47:41.593 18398 18444 V MediaPlayer: resetDrmState: mDrmInfo=null mDrmProvisioningThread=null mPrepareDrmInProgress=false mActiveDrmScheme=false
10-12 17:47:41.594 18398 18444 V MediaPlayer: cleanDrmObj: mDrmObj=null mDrmSessionId=null
10-12 17:47:41.594 18398 18444 V MediaPlayer-JNI: release
10-12 17:47:41.594 18398 18444 V MediaPlayerNative: setListener
10-12 17:47:41.594 18398 18444 V MediaPlayerNative: disconnect
10-12 17:47:41.594 18398 18444 V MediaPlayerNative: destructor
10-12 17:47:41.595 18398 18444 V MediaPlayerNative: disconnect
10-12 17:47:41.596 18398 18444 D javax.microedition.media.InternalDataSource: Temp file deleted: /storage/emulated/0/Documents/J2ME/cache/media7467399029910837199.mid
10-12 17:47:41.599 18398 18444 D javax.microedition.media.InternalDataSource: Starting media pipe: media4743640869660172018.mid
10-12 17:47:41.599 18398 18444 D javax.microedition.media.InternalDataSource: Changing file size to 156 bytes: media4743640869660172018.mid
10-12 17:47:41.601 18398 18444 D javax.microedition.media.InternalDataSource: Media pipe closed: media4743640869660172018.mid
10-12 17:47:41.609 18398 18444 I mobile-ffmpeg: /storage/emulated/0/Documents/J2ME/cache/media4743640869660172018.mid: Invalid data found when processing input
10-12 17:47:41.609 18398 18448 E mobile-ffmpeg: /storage/emulated/0/Documents/J2ME/cache/media4743640869660172018.mid: Invalid data found when processing input
10-12 17:47:41.610 18398 18444 V MediaPlayer-JNI: native_setup
10-12 17:47:41.610 18398 18444 V MediaPlayerNative: constructor
10-12 17:47:41.612 18398 18444 V MediaPlayerNative: setListener
10-12 17:47:41.655 18398 18444 V MediaPlayer-JNI: setDataSourceFD: fd 76
10-12 17:47:41.655 18398 18444 V MediaPlayerNative: setDataSource(76, 0, 576460752303423487)
10-12 17:47:41.666 18398 18444 V MediaPlayerNative: setVideoSurfaceTexture
10-12 17:47:41.667 18398 18444 V MediaPlayerNative: prepare
10-12 17:47:41.702 18398 18819 V MediaPlayerNative: message received msg=200, ext1=10973, ext2=0
10-12 17:47:41.702 18398 18819 W MediaPlayerNative: info/warning (10973, 0)
10-12 17:47:41.702 18398 18819 V MediaPlayerNative: callback application
10-12 17:47:41.702 18398 18819 V MediaPlayerNative: back from callback
10-12 17:47:41.704 18398 18819 V MediaPlayerNative: message received msg=1, ext1=0, ext2=0
10-12 17:47:41.704 18398 18819 V MediaPlayerNative: MediaPlayer::notify() prepared
10-12 17:47:41.704 18398 18819 V MediaPlayerNative: signal application thread
10-12 17:47:41.704 18398 18819 V MediaPlayerNative: callback application
10-12 17:47:41.704 18398 18819 V MediaPlayerNative: back from callback
10-12 17:47:41.704 18398 18444 V MediaPlayerNative: prepare complete - status=0
10-12 17:47:41.706 18398 18444 V MediaPlayerNative: invoke 68
10-12 17:47:41.708 18398 18398 V MediaPlayerNative: invoke 68
10-12 17:47:41.708 18398 18444 V MediaPlayer-JNI: setVolume: left 1.000000 right 1.000000
10-12 17:47:41.709 18398 18444 V MediaPlayerNative: MediaPlayer::setVolume(1.000000, 1.000000)
10-12 17:47:41.711 18398 18444 V MediaPlayer-JNI: setLooping: 0
10-12 17:47:41.711 18398 18444 V MediaPlayerNative: MediaPlayer::setLooping
10-12 17:47:41.711 18398 18444 V MediaPlayer-JNI: seekTo: 0(msec), mode=0
10-12 17:47:41.711 18398 18444 V MediaPlayerNative: seekTo (0, 0)
10-12 17:47:41.712 18398 18819 V MediaPlayerNative: message received msg=7, ext1=0, ext2=0
10-12 17:47:41.712 18398 18819 V MediaPlayerNative: unrecognized message: (7, 0, 0)
10-12 17:47:41.713 18398 18819 V MediaPlayerNative: callback application
10-12 17:47:41.713 18398 18819 V MediaPlayerNative: back from callback
10-12 17:47:41.713 18398 18444 V MediaPlayer-JNI: start
10-12 17:47:41.713 18398 18444 V MediaPlayerNative: start
10-12 17:47:41.716 18398 18398 V MediaPlayerNative: Using cached seek position: 0
10-12 17:47:41.716 18398 18398 V MediaPlayer-JNI: getCurrentPosition: 0 (msec)
10-12 17:47:41.716 18398 18444 V MediaPlayerNative: Using cached seek position: 0
10-12 17:47:41.716 18398 18444 V MediaPlayer-JNI: getCurrentPosition: 0 (msec)
10-12 17:47:41.728 18398 18819 V MediaPlayerNative: message received msg=4, ext1=0, ext2=0
10-12 17:47:41.728 18398 18819 V MediaPlayerNative: Received seek complete
10-12 17:47:41.728 18398 18819 V MediaPlayerNative: All seeks complete - return to regularly scheduled program
10-12 17:47:41.728 18398 18819 V MediaPlayerNative: callback application
10-12 17:47:41.728 18398 18819 V MediaPlayerNative: back from callback
10-12 17:47:41.729 18398 18398 V MediaPlayer-JNI: getCurrentPosition: 0 (msec)
10-12 17:47:41.760 18398 18819 V MediaPlayerNative: message received msg=6, ext1=0, ext2=0
10-12 17:47:41.760 18398 18819 V MediaPlayerNative: unrecognized message: (6, 0, 0)
10-12 17:47:41.760 18398 18819 V MediaPlayerNative: callback application
10-12 17:47:41.761 18398 18819 V MediaPlayerNative: back from callback
10-12 17:47:41.761 18398 18398 V MediaPlayer-JNI: getCurrentPosition: 0 (msec)
10-12 17:47:42.482 18398 18398 D ViewRootImpl@4af06fc[MicroActivity]: ViewPostIme pointer 1
10-12 17:47:42.631 18398 18444 V MediaPlayer-JNI: pause
10-12 17:47:42.632 18398 18444 V MediaPlayerNative: pause
10-12 17:47:42.633 18398 18819 V MediaPlayerNative: message received msg=7, ext1=0, ext2=0
10-12 17:47:42.635 18398 18819 V MediaPlayerNative: unrecognized message: (7, 0, 0)
10-12 17:47:42.635 18398 18444 V MediaPlayer-JNI: getCurrentPosition: 731 (msec)
10-12 17:47:42.635 18398 18819 V MediaPlayerNative: callback application
10-12 17:47:42.636 18398 18819 V MediaPlayerNative: back from callback
10-12 17:47:42.636 18398 18444 V MediaPlayer-JNI: reset
10-12 17:47:42.636 18398 18444 V MediaPlayerNative: reset
10-12 17:47:42.637 18398 18398 V MediaPlayer-JNI: getCurrentPosition: 731 (msec)
10-12 17:47:42.639 18398 18819 V MediaPlayerNative: message received msg=8, ext1=0, ext2=0
10-12 17:47:42.655 18398 18444 V MediaPlayer: resetDrmState: mDrmInfo=null mDrmProvisioningThread=null mPrepareDrmInProgress=false mActiveDrmScheme=false
10-12 17:47:42.655 18398 18444 V MediaPlayer: cleanDrmObj: mDrmObj=null mDrmSessionId=null
10-12 17:47:42.655 18398 18398 V MediaPlayerNative: isPlaying: no active player
10-12 17:47:42.656 18398 18819 V MediaPlayerNative: notify(8, 0, 0) callback on disconnected mediaplayer
10-12 17:47:42.657 18398 18444 V MediaPlayer: resetDrmState: mDrmInfo=null mDrmProvisioningThread=null mPrepareDrmInProgress=false mActiveDrmScheme=false
10-12 17:47:42.658 18398 18444 V MediaPlayer: cleanDrmObj: mDrmObj=null mDrmSessionId=null
10-12 17:47:42.658 18398 18444 V MediaPlayer-JNI: release
10-12 17:47:42.658 18398 18444 V MediaPlayerNative: setListener
10-12 17:47:42.658 18398 18444 V MediaPlayerNative: disconnect
10-12 17:47:42.658 18398 18444 V MediaPlayerNative: destructor
10-12 17:47:42.659 18398 18444 V MediaPlayerNative: disconnect
10-12 17:47:42.660 18398 18444 D javax.microedition.media.InternalDataSource: Temp file deleted: /storage/emulated/0/Documents/J2ME/cache/media4743640869660172018.mid
10-12 17:47:42.663 18398 18444 D javax.microedition.media.InternalDataSource: Starting media pipe: media3794342384773021866.mid
10-12 17:47:42.664 18398 18444 D javax.microedition.media.InternalDataSource: Changing file size to 958 bytes: media3794342384773021866.mid
10-12 17:47:42.665 18398 18444 D javax.microedition.media.InternalDataSource: Media pipe closed: media3794342384773021866.mid
10-12 17:47:42.674 18398 18444 I mobile-ffmpeg: /storage/emulated/0/Documents/J2ME/cache/media3794342384773021866.mid: Invalid data found when processing input
10-12 17:47:42.674 18398 18448 E mobile-ffmpeg: /storage/emulated/0/Documents/J2ME/cache/media3794342384773021866.mid: Invalid data found when processing input
10-12 17:47:42.675 18398 18444 V MediaPlayer-JNI: native_setup
10-12 17:47:42.675 18398 18444 V MediaPlayerNative: constructor
10-12 17:47:42.676 18398 18444 V MediaPlayerNative: setListener
10-12 17:47:42.718 18398 18444 V MediaPlayer-JNI: setDataSourceFD: fd 76
10-12 17:47:42.718 18398 18444 V MediaPlayerNative: setDataSource(76, 0, 576460752303423487)
10-12 17:47:42.731 18398 18444 V MediaPlayerNative: setVideoSurfaceTexture
10-12 17:47:42.732 18398 18444 V MediaPlayerNative: prepare
10-12 17:47:42.762 18398 18819 V MediaPlayerNative: message received msg=200, ext1=10973, ext2=0
10-12 17:47:42.762 18398 18819 W MediaPlayerNative: info/warning (10973, 0)
10-12 17:47:42.762 18398 18819 V MediaPlayerNative: callback application
10-12 17:47:42.762 18398 18819 V MediaPlayerNative: back from callback
10-12 17:47:42.768 18398 18819 V MediaPlayerNative: message received msg=1, ext1=0, ext2=0
10-12 17:47:42.769 18398 18819 V MediaPlayerNative: MediaPlayer::notify() prepared
10-12 17:47:42.769 18398 18819 V MediaPlayerNative: signal application thread
10-12 17:47:42.769 18398 18819 V MediaPlayerNative: callback application
10-12 17:47:42.769 18398 18444 V MediaPlayerNative: prepare complete - status=0
10-12 17:47:42.769 18398 18819 V MediaPlayerNative: back from callback
10-12 17:47:42.771 18398 18444 V MediaPlayerNative: invoke 68
10-12 17:47:42.773 18398 18398 V MediaPlayerNative: invoke 68
10-12 17:47:42.773 18398 18444 V MediaPlayer-JNI: setVolume: left 1.000000 right 1.000000
10-12 17:47:42.773 18398 18444 V MediaPlayerNative: MediaPlayer::setVolume(1.000000, 1.000000)
10-12 17:47:42.775 18398 18444 V MediaPlayer-JNI: setLooping: 0
10-12 17:47:42.775 18398 18444 V MediaPlayerNative: MediaPlayer::setLooping
10-12 17:47:42.775 18398 18444 V MediaPlayer-JNI: seekTo: 0(msec), mode=0
10-12 17:47:42.775 18398 18444 V MediaPlayerNative: seekTo (0, 0)
10-12 17:47:42.776 18398 18819 V MediaPlayerNative: message received msg=7, ext1=0, ext2=0
10-12 17:47:42.776 18398 18819 V MediaPlayerNative: unrecognized message: (7, 0, 0)
10-12 17:47:42.776 18398 18819 V MediaPlayerNative: callback application
10-12 17:47:42.776 18398 18444 V MediaPlayer-JNI: start
10-12 17:47:42.777 18398 18398 V MediaPlayerNative: Using cached seek position: 0
10-12 17:47:42.777 18398 18398 V MediaPlayer-JNI: getCurrentPosition: 0 (msec)
10-12 17:47:42.777 18398 18819 V MediaPlayerNative: back from callback
10-12 17:47:42.777 18398 18444 V MediaPlayerNative: start
10-12 17:47:42.780 18398 18444 V MediaPlayerNative: Using cached seek position: 0
10-12 17:47:42.780 18398 18444 V MediaPlayer-JNI: getCurrentPosition: 0 (msec)
10-12 17:47:42.795 18398 18819 V MediaPlayerNative: message received msg=4, ext1=0, ext2=0
10-12 17:47:42.795 18398 18819 V MediaPlayerNative: Received seek complete
10-12 17:47:42.795 18398 18819 V MediaPlayerNative: All seeks complete - return to regularly scheduled program
10-12 17:47:42.795 18398 18819 V MediaPlayerNative: callback application
10-12 17:47:42.795 18398 18819 V MediaPlayerNative: back from callback
10-12 17:47:42.796 18398 18398 V MediaPlayer-JNI: getCurrentPosition: 0 (msec)
10-12 17:47:42.805 18398 18398 D ViewRootImpl@4af06fc[MicroActivity]: ViewPostIme pointer 0
10-12 17:47:42.812 18398 18444 D javax.microedition.midlet.MIDlet: MIDlet.getAppProperty: MG_Impl=null
10-12 17:47:42.825 18398 18819 V MediaPlayerNative: message received msg=6, ext1=0, ext2=0
10-12 17:47:42.825 18398 18819 V MediaPlayerNative: unrecognized message: (6, 0, 0)
10-12 17:47:42.825 18398 18819 V MediaPlayerNative: callback application
10-12 17:47:42.825 18398 18819 V MediaPlayerNative: back from callback
10-12 17:47:42.826 18398 18398 V MediaPlayer-JNI: getCurrentPosition: 0 (msec)
10-12 17:47:42.889 18398 18398 D ViewRootImpl@4af06fc[MicroActivity]: ViewPostIme pointer 1
10-12 17:47:43.016 18398 18444 D RecordStore: RecordStore savegamemub.dat opened
10-12 17:47:43.019 18398 18444 D javax.microedition.rms.impl.RecordStoreImpl: Record savegamemub.dat.1 set
10-12 17:47:43.020 18398 18444 D javax.microedition.rms.impl.RecordStoreImpl: RecordStore savegamemub.dat closed
10-12 17:47:43.130 18398 18398 D ViewRootImpl@4af06fc[MicroActivity]: ViewPostIme pointer 0
10-12 17:47:43.139 18398 18444 D javax.microedition.midlet.MIDlet: MIDlet.getAppProperty: MG_Impl=null
10-12 17:47:45.105 18398 18444 V MediaPlayer-JNI: pause
10-12 17:47:45.106 18398 18444 V MediaPlayerNative: pause
10-12 17:47:45.107 18398 18819 V MediaPlayerNative: message received msg=7, ext1=0, ext2=0
10-12 17:47:45.107 18398 18819 V MediaPlayerNative: unrecognized message: (7, 0, 0)
10-12 17:47:45.107 18398 18819 V MediaPlayerNative: callback application
10-12 17:47:45.108 18398 18819 V MediaPlayerNative: back from callback
10-12 17:47:45.108 18398 18398 V MediaPlayer-JNI: getCurrentPosition: 2143 (msec)
10-12 17:47:45.109 18398 18444 V MediaPlayer-JNI: getCurrentPosition: 2143 (msec)
10-12 17:47:45.109 18398 18444 V MediaPlayer-JNI: reset
10-12 17:47:45.110 18398 18444 V MediaPlayerNative: reset
10-12 17:47:45.111 18398 18819 V MediaPlayerNative: message received msg=8, ext1=0, ext2=0
10-12 17:47:45.124 18398 18819 V MediaPlayerNative: notify(8, 0, 0) callback on disconnected mediaplayer
10-12 17:47:45.125 18398 18444 V MediaPlayer: resetDrmState: mDrmInfo=null mDrmProvisioningThread=null mPrepareDrmInProgress=false mActiveDrmScheme=false
10-12 17:47:45.125 18398 18444 V MediaPlayer: cleanDrmObj: mDrmObj=null mDrmSessionId=null
10-12 17:47:45.126 18398 18444 V MediaPlayer: resetDrmState: mDrmInfo=null mDrmProvisioningThread=null mPrepareDrmInProgress=false mActiveDrmScheme=false
10-12 17:47:45.126 18398 18444 V MediaPlayer: cleanDrmObj: mDrmObj=null mDrmSessionId=null
10-12 17:47:45.126 18398 18444 V MediaPlayer-JNI: release
10-12 17:47:45.126 18398 18444 V MediaPlayerNative: setListener
10-12 17:47:45.127 18398 18444 V MediaPlayerNative: disconnect
10-12 17:47:45.127 18398 18444 V MediaPlayerNative: destructor
10-12 17:47:45.127 18398 18444 V MediaPlayerNative: disconnect
10-12 17:47:45.129 18398 18444 D javax.microedition.media.InternalDataSource: Temp file deleted: /storage/emulated/0/Documents/J2ME/cache/media3794342384773021866.mid
10-12 17:47:45.133 18398 18444 D javax.microedition.media.InternalDataSource: Starting media pipe: media1023297730723739226.mid
10-12 17:47:45.133 18398 18444 D javax.microedition.media.InternalDataSource: Changing file size to 975 bytes: media1023297730723739226.mid
10-12 17:47:45.134 18398 18444 D javax.microedition.media.InternalDataSource: Media pipe closed: media1023297730723739226.mid
10-12 17:47:45.140 18398 18444 I mobile-ffmpeg: /storage/emulated/0/Documents/J2ME/cache/media1023297730723739226.mid: Invalid data found when processing input
10-12 17:47:45.140 18398 18448 E mobile-ffmpeg: /storage/emulated/0/Documents/J2ME/cache/media1023297730723739226.mid: Invalid data found when processing input
10-12 17:47:45.141 18398 18444 V MediaPlayer-JNI: native_setup
10-12 17:47:45.141 18398 18444 V MediaPlayerNative: constructor
10-12 17:47:45.142 18398 18444 V MediaPlayerNative: setListener
10-12 17:47:45.170 18398 18444 V MediaPlayer-JNI: setDataSourceFD: fd 76
10-12 17:47:45.170 18398 18444 V MediaPlayerNative: setDataSource(76, 0, 576460752303423487)
10-12 17:47:45.178 18398 18444 V MediaPlayerNative: setVideoSurfaceTexture
10-12 17:47:45.179 18398 18444 V MediaPlayerNative: prepare
10-12 17:47:45.207 18398 18819 V MediaPlayerNative: message received msg=200, ext1=10973, ext2=0
10-12 17:47:45.207 18398 18819 W MediaPlayerNative: info/warning (10973, 0)
10-12 17:47:45.207 18398 18819 V MediaPlayerNative: callback application
10-12 17:47:45.207 18398 18819 V MediaPlayerNative: back from callback
10-12 17:47:45.209 18398 18819 V MediaPlayerNative: message received msg=1, ext1=0, ext2=0
10-12 17:47:45.210 18398 18819 V MediaPlayerNative: MediaPlayer::notify() prepared
10-12 17:47:45.210 18398 18819 V MediaPlayerNative: signal application thread
10-12 17:47:45.210 18398 18819 V MediaPlayerNative: callback application
10-12 17:47:45.210 18398 18444 V MediaPlayerNative: prepare complete - status=0
10-12 17:47:45.210 18398 18819 V MediaPlayerNative: back from callback
10-12 17:47:45.212 18398 18444 V MediaPlayerNative: invoke 68
10-12 17:47:45.214 18398 18398 V MediaPlayerNative: invoke 68
10-12 17:47:45.214 18398 18444 V MediaPlayer-JNI: setVolume: left 1.000000 right 1.000000
10-12 17:47:45.214 18398 18444 V MediaPlayerNative: MediaPlayer::setVolume(1.000000, 1.000000)
10-12 17:47:45.217 18398 18444 V MediaPlayer-JNI: setLooping: 0
10-12 17:47:45.217 18398 18444 V MediaPlayerNative: MediaPlayer::setLooping
10-12 17:47:45.218 18398 18444 V MediaPlayer-JNI: seekTo: 0(msec), mode=0
10-12 17:47:45.218 18398 18444 V MediaPlayerNative: seekTo (0, 0)
10-12 17:47:45.219 18398 18819 V MediaPlayerNative: message received msg=7, ext1=0, ext2=0
10-12 17:47:45.219 18398 18819 V MediaPlayerNative: unrecognized message: (7, 0, 0)
10-12 17:47:45.219 18398 18819 V MediaPlayerNative: callback application
10-12 17:47:45.219 18398 18444 V MediaPlayer-JNI: start
10-12 17:47:45.219 18398 18444 V MediaPlayerNative: start
10-12 17:47:45.220 18398 18819 V MediaPlayerNative: back from callback
10-12 17:47:45.221 18398 18398 V MediaPlayerNative: Using cached seek position: 0
10-12 17:47:45.222 18398 18398 V MediaPlayer-JNI: getCurrentPosition: 0 (msec)
10-12 17:47:45.222 18398 18819 V MediaPlayerNative: message received msg=300, ext1=0, ext2=0
10-12 17:47:45.222 18398 18819 V MediaPlayerNative: Received SEC_MM_PLAYER_CONTEXT_AWARE
10-12 17:47:45.222 18398 18819 V MediaPlayerNative: callback application
10-12 17:47:45.222 18398 18819 V MediaPlayerNative: back from callback
10-12 17:47:45.224 18398 18444 V MediaPlayerNative: Using cached seek position: 0
10-12 17:47:45.224 18398 18444 V MediaPlayer-JNI: getCurrentPosition: 0 (msec)
10-12 17:47:45.241 18398 18819 V MediaPlayerNative: message received msg=4, ext1=0, ext2=0
10-12 17:47:45.241 18398 18819 V MediaPlayerNative: Received seek complete
10-12 17:47:45.241 18398 18819 V MediaPlayerNative: All seeks complete - return to regularly scheduled program
10-12 17:47:45.241 18398 18819 V MediaPlayerNative: callback application
10-12 17:47:45.241 18398 18819 V MediaPlayerNative: back from callback
10-12 17:47:45.242 18398 18398 V MediaPlayer-JNI: getCurrentPosition: 0 (msec)
10-12 17:47:45.263 18398 18819 V MediaPlayerNative: message received msg=6, ext1=0, ext2=0
10-12 17:47:45.263 18398 18819 V MediaPlayerNative: unrecognized message: (6, 0, 0)
10-12 17:47:45.263 18398 18819 V MediaPlayerNative: callback application
10-12 17:47:45.264 18398 18819 V MediaPlayerNative: back from callback
10-12 17:47:45.264 18398 18398 V MediaPlayer-JNI: getCurrentPosition: 0 (msec)
10-12 17:47:45.676 18398 18398 D ViewRootImpl@4af06fc[MicroActivity]: ViewPostIme pointer 1
10-12 17:47:45.874 18398 18398 D ViewRootImpl@4af06fc[MicroActivity]: ViewPostIme pointer 0
10-12 17:47:45.880 18398 18444 D javax.microedition.midlet.MIDlet: MIDlet.getAppProperty: MG_Impl=null
10-12 17:47:46.663 18398 18398 D ViewRootImpl@4af06fc[MicroActivity]: ViewPostIme pointer 1
10-12 17:47:49.445 18398 18819 V MediaPlayerNative: message received msg=2, ext1=0, ext2=0
10-12 17:47:49.445 18398 18819 V MediaPlayerNative: playback complete
10-12 17:47:49.446 18398 18819 V MediaPlayerNative: callback application
10-12 17:47:49.447 18398 18819 V MediaPlayerNative: back from callback
10-12 17:47:49.448 18398 18398 V MediaPlayer-JNI: getCurrentPosition: 4022 (msec)
10-12 17:47:49.452 18398 18398 V MediaPlayer-JNI: reset
10-12 17:47:49.452 18398 18398 V MediaPlayerNative: reset
10-12 17:47:49.455 18398 18819 V MediaPlayerNative: message received msg=8, ext1=0, ext2=0
10-12 17:47:49.475 18398 18398 V MediaPlayer: resetDrmState: mDrmInfo=null mDrmProvisioningThread=null mPrepareDrmInProgress=false mActiveDrmScheme=false
10-12 17:47:49.476 18398 18819 V MediaPlayerNative: notify(8, 0, 0) callback on disconnected mediaplayer
10-12 17:47:49.476 18398 18398 V MediaPlayer: cleanDrmObj: mDrmObj=null mDrmSessionId=null
10-12 17:47:55.256 18398 18398 D SmartClipDataCropperImpl: doExtractSmartClipData : Extraction start! reqId = 6 Cropped area = Rect(360, 640 - 361, 641) Package = ru.playsoftware.j2meloader
10-12 17:47:55.261 18398 18398 D SmartClipDataCropperImpl: addAppMetaTag : package name is ru.playsoftware.j2meloader
10-12 17:47:55.262 18398 18398 D SmartClipDataCropperImpl: sendExtractionResultToSmartClipService : -- Extracted SmartClip data information --
10-12 17:47:55.262 18398 18398 D SmartClipDataCropperImpl: sendExtractionResultToSmartClipService : Request Id : 6
10-12 17:47:55.262 18398 18398 D SmartClipDataCropperImpl: sendExtractionResultToSmartClipService : Extraction mode : 1
10-12 17:47:55.262 18398 18398 D SemSmartClipDataRepository: ----- Start of SmartClip repository informations -----
10-12 17:47:55.263 18398 18398 D SemSmartClipDataRepository: ** Content type : image
10-12 17:47:55.263 18398 18398 D SemSmartClipDataRepository: ** Meta area rect : Rect(0, 0 - 0, 0)
10-12 17:47:55.263 18398 18398 D SemSmartClipDataRepository: ** Captured image file path : null
10-12 17:47:55.263 18398 18398 D SemSmartClipDataRepository: ----- End of SmartClip repository informations -----
10-12 17:47:55.270 18398 18398 D SmartClipDataCropperImpl: sendExtractionResultToSmartClipService : Elapsed = 15
10-12 17:47:57.146 18398 18398 D SmartClipRemoteRequestDispatcher: dispatchScrollableAreaInfo : windowRect = Rect(0, 0 - 720, 1280)
10-12 17:47:57.164 18398 18398 D SmartClipRemoteRequestDispatcher: dispatchScrollableAreaInfo : Scrollable view count = 3
10-12 17:47:57.164 18398 18398 D SmartClipRemoteRequestDispatcher: dispatchScrollableAreaInfo : Unscrollable view count = 0
10-12 17:47:57.165 18398 18398 D SmartClipRemoteRequestDispatcher: dispatchScrollableAreaInfo : Pkg=ru.playsoftware.j2meloader Activity=null
10-12 17:47:57.200 18398 18403 I zygote64: Do partial code cache collection, code=243KB, data=147KB
10-12 17:47:57.201 18398 18403 I zygote64: After code cache collection, code=243KB, data=147KB
10-12 17:47:57.201 18398 18403 I zygote64: Increasing code cache capacity to 1024KB
10-12 17:47:57.298 18398 18398 D ViewRootImpl@4af06fc[MicroActivity]: Relayout returned: old=[0,0][720,1280] new=[0,0][720,1280] result=0x1 surface={valid=true 508240117760} changed=false
10-12 17:47:57.422 18398 18398 D ViewRootImpl@4af06fc[MicroActivity]: MSG_WINDOW_FOCUS_CHANGED 0
10-12 17:47:58.771 18398 18398 D ViewRootImpl@4af06fc[MicroActivity]: MSG_WINDOW_FOCUS_CHANGED 1
10-12 17:47:58.792 18398 18398 D ViewRootImpl@4af06fc[MicroActivity]: Relayout returned: old=[0,0][720,1280] new=[0,0][720,1280] result=0x1 surface={valid=true 508240117760} changed=false
10-12 17:47:59.806 18398 18408 I zygote64: Background concurrent copying GC freed 279724(6MB) AllocSpace objects, 3(204KB) LOS objects, 49% free, 6MB/13MB, paused 578us total 157.864ms
10-12 17:47:59.888 18398 18406 V MediaPlayer-JNI: native_finalize
10-12 17:47:59.888 18398 18406 V MediaPlayer-JNI: release
10-12 17:47:59.889 18398 18406 V MediaPlayer-JNI: native_finalize
10-12 17:47:59.889 18398 18406 V MediaPlayer-JNI: release
10-12 17:47:59.890 18398 18406 V MediaPlayer-JNI: native_finalize
10-12 17:47:59.891 18398 18406 V MediaPlayer-JNI: release
10-12 17:48:00.746 18398 18398 D InputMethodManager: HSIFW - flag : 0 Pid : 18398
10-12 17:48:00.749 18398 18417 V MediaPlayer: resetDrmState: mDrmInfo=null mDrmProvisioningThread=null mPrepareDrmInProgress=false mActiveDrmScheme=false
10-12 17:48:00.749 18398 18417 V MediaPlayer: cleanDrmObj: mDrmObj=null mDrmSessionId=null
10-12 17:48:00.749 18398 18417 V MediaPlayer-JNI: release
10-12 17:48:00.749 18398 18417 V MediaPlayerNative: setListener
10-12 17:48:00.749 18398 18417 V MediaPlayerNative: disconnect
10-12 17:48:00.749 18398 18417 V MediaPlayerNative: destructor
10-12 17:48:00.750 18398 18398 D ViewRootImpl@4af06fc[MicroActivity]: MSG_WINDOW_FOCUS_CHANGED 0
10-12 17:48:00.750 18398 18417 V MediaPlayerNative: disconnect
10-12 17:48:00.751 18398 18417 D javax.microedition.media.InternalDataSource: Temp file deleted: /storage/emulated/0/Documents/J2ME/cache/media1023297730723739226.mid
10-12 17:48:00.837 18398 18398 D SurfaceView: BG show() Surface(name=Background for - SurfaceView - ru.playsoftware.j2meloader/javax.microedition.shell.MicroActivity@8a52a56@0) javax.microedition.lcdui.graphics.GlesView{8a52a56 VFE...... .F...... 0,0-720,1142}
10-12 17:48:00.839 18398 18398 D SurfaceView: surfaceDestroyed 2 javax.microedition.lcdui.graphics.GlesView{8a52a56 VFE...... .F...... 0,0-720,1142}
10-12 17:48:00.875 18398 18398 D SurfaceView: BG show() Surface(name=Background for - SurfaceView - ru.playsoftware.j2meloader/javax.microedition.shell.MicroActivity@8a52a56@0) javax.microedition.lcdui.graphics.GlesView{8a52a56 VFE...... .F...... 0,0-720,1142}
10-12 17:48:00.885 18398 18419 D OpenGLRenderer: eglDestroySurface = 0x763d737ae0
10-12 17:48:00.892 18398 18398 D ViewRootImpl@4af06fc[MicroActivity]: Relayout returned: old=[0,0][720,1280] new=[0,0][720,1280] result=0x5 surface={valid=false 0} changed=true
10-12 17:48:00.929 18398 18398 D ViewRootImpl@4af06fc[MicroActivity]: Relayout returned: old=[0,0][720,1280] new=[0,0][720,1280] result=0x1 surface={valid=false 0} changed=false
10-12 17:48:01.025 18398 18398 D ViewRootImpl@4af06fc[MicroActivity]: Relayout returned: old=[0,0][720,1280] new=[0,0][720,1280] result=0x1 surface={valid=false 0} changed=false
10-12 17:48:05.912 18398 18406 V MediaPlayer-JNI: native_finalize
10-12 17:48:05.912 18398 18406 V MediaPlayer-JNI: release
10-12 17:48:06.650 18398 18398 D ViewRootImpl@4af06fc[MicroActivity]: Relayout returned: old=[0,0][720,1280] new=[0,0][720,1280] result=0x1 surface={valid=false 0} changed=false
10-12 17:48:06.690 18398 18398 V Surface : sf_framedrop debug : 0x4f4c, game : false, logging : 0
10-12 17:48:06.690 18398 18398 D ViewRootImpl@4af06fc[MicroActivity]: Relayout returned: old=[0,0][720,1280] new=[0,0][720,1280] result=0x7 surface={valid=true 508240117760} changed=true
10-12 17:48:06.692 18398 18419 D mali_winsys: EGLint new_window_surface(egl_winsys_display *, void *, EGLSurface, EGLConfig, egl_winsys_surface **, egl_color_buffer_format *, EGLBoolean) returns 0x3000, [720x1280]-format:1
10-12 17:48:06.692 18398 18419 D OpenGLRenderer: eglCreateWindowSurface = 0x763d737ae0
10-12 17:48:06.694 18398 18398 D SurfaceView: BG show() Surface(name=Background for - SurfaceView - ru.playsoftware.j2meloader/javax.microedition.shell.MicroActivity@8a52a56@1) javax.microedition.lcdui.graphics.GlesView{8a52a56 VFE...... .F...... 0,0-720,1142}
10-12 17:48:06.694 18398 18398 V Surface : sf_framedrop debug : 0x4f4c, game : false, logging : 0
10-12 17:48:06.694 18398 18398 D SurfaceView: surfaceCreated 2 javax.microedition.lcdui.graphics.GlesView{8a52a56 VFE...... .F...... 0,0-720,1142}
10-12 17:48:06.698 18398 18398 D SurfaceView: surfaceChanged (720,1142) 2 javax.microedition.lcdui.graphics.GlesView{8a52a56 VFE...... .F...... 0,0-720,1142}
10-12 17:48:06.699 18398 18445 D mali_winsys: EGLint new_window_surface(egl_winsys_display *, void *, EGLSurface, EGLConfig, egl_winsys_surface **, egl_color_buffer_format *, EGLBoolean) returns 0x3000, [720x1142]-format:2
10-12 17:48:06.712 18398 18398 D ViewRootImpl@4af06fc[MicroActivity]: MSG_WINDOW_FOCUS_CHANGED 1
10-12 17:48:06.713 18398 18398 V InputMethodManager: Starting input: tba=android.view.inputmethod.EditorInfo@2151153 nm : ru.playsoftware.j2meloader ic=javax.microedition.lcdui.keyboard.DelKeyWorkaround@ae03ead
10-12 17:48:06.713 18398 18398 I InputMethodManager: startInputInner - mService.startInputOrWindowGainedFocus
10-12 17:48:06.721 18398 18445 D mali_winsys: EGLint new_window_surface(egl_winsys_display *, void *, EGLSurface, EGLConfig, egl_winsys_surface **, egl_color_buffer_format *, EGLBoolean) returns 0x3000, [720x1142]-format:2
10-12 17:48:06.735 18398 18445 E BpSurfaceComposerClient: Failed to transact (-1)
10-12 17:48:06.735 18398 18398 D ViewRootImpl@4af06fc[MicroActivity]: Relayout returned: old=[0,0][720,1280] new=[0,0][720,1280] result=0x3 surface={valid=true 508240117760} changed=false
10-12 17:48:06.736 18398 18445 D SurfaceView: BG destroy() Surface(name=Background for - SurfaceView - ru.playsoftware.j2meloader/javax.microedition.shell.MicroActivity@8a52a56@0) javax.microedition.lcdui.graphics.GlesView{8a52a56 VFE...... .F...... 0,0-720,1142}
10-12 17:48:06.737 18398 18445 E BpSurfaceComposerClient: Failed to transact (-1)
10-12 17:48:06.765 18398 18398 D ViewRootImpl@4af06fc[MicroActivity]: Relayout returned: old=[0,0][720,1280] new=[0,0][720,1280] result=0x1 surface={valid=true 508240117760} changed=false
10-12 17:48:07.392 18398 18398 D ViewRootImpl@4af06fc[MicroActivity]: ViewPostIme pointer 0
10-12 17:48:07.466 18398 18398 D ViewRootImpl@4af06fc[MicroActivity]: ViewPostIme pointer 1
10-12 17:48:07.600 18398 18398 D ViewRootImpl@a0250d0[PopupWindow:fa95ccd]: setView = android.widget.PopupWindow$PopupDecorView{87bf8c9 V.E...... ......I. 0,0-0,0} TM=true MM=false
10-12 17:48:07.623 18398 18398 D ViewRootImpl@a0250d0[PopupWindow:fa95ccd]: dispatchAttachedToWindow
10-12 17:48:07.655 18398 18398 V Surface : sf_framedrop debug : 0x4f4c, game : false, logging : 0
10-12 17:48:07.656 18398 18398 D ViewRootImpl@a0250d0[PopupWindow:fa95ccd]: Relayout returned: old=[0,0][0,0] new=[197,138][711,678] result=0x7 surface={valid=true 507448942592} changed=true
10-12 17:48:07.664 18398 18419 D mali_winsys: EGLint new_window_surface(egl_winsys_display *, void *, EGLSurface, EGLConfig, egl_winsys_surface **, egl_color_buffer_format *, EGLBoolean) returns 0x3000, [658x684]-format:1
10-12 17:48:07.664 18398 18419 D OpenGLRenderer: eglCreateWindowSurface = 0x7662242060
10-12 17:48:07.714 18398 18398 D AbsListView: in onLayout changed
10-12 17:48:07.735 18398 18398 D ViewRootImpl@a0250d0[PopupWindow:fa95ccd]: MSG_WINDOW_FOCUS_CHANGED 1
10-12 17:48:07.735 18398 18398 V InputMethodManager: Not IME target window, ignoring
10-12 17:48:07.790 18398 18398 D ViewRootImpl@a0250d0[PopupWindow:fa95ccd]: MSG_RESIZED_REPORT: frame=Rect(197, 138 - 711, 678) ci=Rect(0, 0 - 0, 0) vi=Rect(0, 0 - 0, 0) or=1
10-12 17:48:07.830 18398 18398 D ViewRootImpl@4af06fc[MicroActivity]: Relayout returned: old=[0,0][720,1280] new=[0,0][720,1280] result=0x1 surface={valid=true 508240117760} changed=false
10-12 17:48:07.831 18398 18398 D ViewRootImpl@4af06fc[MicroActivity]: MSG_WINDOW_FOCUS_CHANGED 0
10-12 17:48:09.273 18398 18398 D ViewRootImpl@a0250d0[PopupWindow:fa95ccd]: ViewPostIme pointer 0
10-12 17:48:09.371 18398 18398 D ViewRootImpl@a0250d0[PopupWindow:fa95ccd]: ViewPostIme pointer 1
10-12 17:48:09.371 18398 18398 D AbsListView: onTouchUp() mTouchMode : 0
10-12 17:48:09.460 18398 18398 I zygote64: Deoptimizing void androidx.appcompat.widget.A.n(android.content.Context, androidx.appcompat.widget.d0) due to JIT inline cache