02-19 13:19:41.505 2334 2917 I InputDispatcher: Delivering touch to (3256): action: 0x4, f=0x0, d=0, '3c5e648', t=1
02-19 13:19:41.505 2334 2917 I InputDispatcher: Delivering touch to (6890): action: 0x0, f=0x0, d=0, '1b8f22f', t=1 +(0,-87)
02-19 13:19:41.506 6890 6890 I ViewRootImpl@1cdd9d5[InputMethod]: ViewPostIme pointer 0
02-19 13:19:41.506 2334 2917 D PowerManagerService: [api] userActivityFromNative : touch, IME displayId=0 eventTime=263082248
02-19 13:19:41.506 2334 2444 I GestureDetector: obtain mCurrentDownEvent. id: 264978613 caller: com.android.server.wm.SystemGesturesPointerEventListener.onPointerEvent:204 com.android.server.wm.PointerEventDispatcher.onInputEvent:53 android.view.InputEventReceiver.dispatchInputEvent:337
02-19 13:19:41.506 2334 2444 I GestureDetector: obtain mCurrentDownEvent. id: 264978613 caller: com.android.server.wm.SystemPerformancePointerEventListener.onPointerEvent:89 com.android.server.wm.PointerEventDispatcher.onInputEvent:53 android.view.InputEventReceiver.dispatchInputEvent:337
02-19 13:19:41.507 3685 3685 I HoneySpace.GestureInputHandler: inputConsumers = [com.honeyspace.gesture.inputconsumer.InputConsumer$Companion$NO_OP$1@58c8177]
02-19 13:19:41.507 6194 6194 I SemDvfsHyPerManager: acquire hyper - TABoost/6194@27, type = 1090523139
02-19 13:19:41.508 3685 3685 I HoneySpace.InputSession: inputConsumers = NO_OP
02-19 13:19:41.508 6890 6890 I HBD : c load TMST TocuhLogic rune : true
02-19 13:19:41.508 1492 1518 I HYPER-HAL: [RequestManager.cpp]releaseLocked(): Released ID : 19353558
02-19 13:19:41.508 1492 1518 I HYPER-HAL: [RequestManager.cpp]acquire(): Acquired ID : 19353558 [6194 / 27] HINT : list : [TABoost / 1] [TIMEOUT / 1500]
02-19 13:19:41.508 3685 3685 I HoneySpace.InputSession: open
02-19 13:19:41.509 6890 6890 I GestureDetector: obtain mCurrentDownEvent. id: 264978613 caller: be0.b.b:1019 be0.b.onTouch:0 android.view.View.dispatchTouchEvent:16230
02-19 13:19:41.509 6890 6890 I HBD : d ATL SoundAndVibrationKeyA
02-19 13:19:41.509 6890 6890 I HBD : c sound is off
02-19 13:19:41.510 6890 6890 I HBD : d vib is off
02-19 13:19:41.510 6890 6890 I HBD : b [PF_KL] OTE none 0 3 6 2611146 (1, NONE)
02-19 13:19:41.510 1603 1745 I VSyncReactor: Current= 120, Period= 60, hwcPeriod= 120
02-19 13:19:41.511 1603 1603 I HWComposer: [4630946213010294403] ActiveConfigToHWC, ID : 2
02-19 13:19:41.511 1603 1603 I LayerHistory: NavigationBar0$_3256#261410 Max (can't resolve refresh rate)
02-19 13:19:41.511 1603 1603 I LayerHistory: org.me.mobiexpensifyg/org.me.mobiexpensifyg.ExpensifyActivityBase$_21462#272730 Max (can't resolve refresh rate)
02-19 13:19:41.511 1603 1603 I SurfaceFlinger: NonTouch ignores NavigationBar0$_3256#261410 (type=Max, weight=0.05, seamlessness=Default) 0.00 Hz's 120.00 Hz
02-19 13:19:41.511 1603 1603 I SurfaceFlinger: NonTouch ignores org.me.mobiexpensifyg/org.me.mobiexpensifyg.ExpensifyActivityBase$_21462#272730 (type=Max, weight=1.00, seamlessness=Default) 0.00 Hz's 120.00 Hz
02-19 13:19:41.511 1603 1603 I SurfaceFlinger: scored - choose 60.00 Hz
02-19 13:19:41.512 1516 1737 I SDM : HWCDisplay::SubmitDisplayConfig: [DispConfigs] config 0 => 2, hs_mode 3 => 3
02-19 13:19:41.512 1516 1737 I SDM : HWDeviceDRM::SetDisplaySwitchMode: [DispConfigs] check hs_mode 3
02-19 13:19:41.512 1516 1737 I SDM : HWDeviceDRM::SetDisplaySwitchMode: [DispConfigs] Set mode index:3 904x2316x60xcmdPHS, hs_mode(3), found_mode(1)
02-19 13:19:41.512 1516 1737 I SDM : HWDeviceDRM::UpdateMixerAttributes: Mixer WxH 904x2316-1 for Peripheral
02-19 13:19:41.513 1516 1737 I SDM : HWCDisplay::SubmitDisplayConfig: Active configuration changed from config 0 to 2
02-19 13:19:41.514 2334 2444 I GestureDetector: obtain mCurrentMotionEventRaw. action: 2 id: 12519451
02-19 13:19:41.514 2334 2444 I GestureDetector: obtain mCurrentMotionEventRaw. action: 2 id: 12519451
02-19 13:19:41.514 2334 2446 D LocalDisplayAdapter: updateActiveModeLocked for d=4630946213010294403, mActiveModeId=10, mActiveSfDisplayMode=DisplayMode{id=2, width=904, height=2316, xDpi=402.835, yDpi=402.92, refreshRate=60.000004, appVsyncOffsetNanos=0, presentationDeadlineNanos=17666666, supportedHdrTypes=[2, 3, 4], group=904}
02-19 13:19:41.515 2334 2446 I DisplayDeviceRepository: Display device changed: DisplayDeviceInfo{"Built-in Screen": uniqueId="local:4630946213010294403", 904 x 2316, modeId 10, renderFrameRate 60.000004, defaultModeId 8, supportedModes [{id=8, width=904, height=2316, fps=120.00001, alternativeRefreshRates=[10.0, 24.000002, 30.000002, 48.000004, 60.000004, 96.00001], supportedHdrTypes=[2, 3, 4]}, {id=9, width=904, height=2316, fps=96.00001, alternativeRefreshRates=[10.0, 24.000002, 30.000002, 48.000004, 60.000004, 120.00001], supportedHdrTypes=[2, 3, 4]}, {id=10, width=904, height=2316, fps=60.000004, alternativeRefreshRates=[10.0, 24.000002, 30.000002, 48.000004, 96.00001, 120.00001], supportedHdrTypes=[2, 3, 4]}, {id=11, width=904, height=2316, fps=48.000004, alternativeRefreshRates=[10.0, 24.000002, 30.000002, 60.000004, 96.00001, 120.00001], supportedHdrTypes=[2, 3, 4]}, {id=12, width=904, height=2316, fps=30.000002, alternativeRefreshRates=[10.0, 24.000002, 48.000004, 60.000004, 96.00001, 120.00001], supportedHdrTypes=[2, 3, 4]}, {id=13, width=904, height=2316, fps=24.000002, alternativeRefreshRates=[10.0, 30.000002, 48.000004, 60.000004, 96.00001, 120.00001], supportedHdrTypes=[2, 3, 4]}, {id=14, width=904, height=2316, fps=10.0, alternativeRefreshRates=[24.000002, 30.000002, 48.000004, 60.000004, 96.00001, 120.00001], supportedHdrTypes=[2, 3, 4]}], colorMode 0, supportedColorModes [0, 7, 9], hdrCapabilities HdrCapabilities{mSupportedHdrTypes=[2, 3, 4], mMaxLuminance=450.0, mMaxAverageLuminance=225.00024, mMinLuminance=5.0E-4}, allmSupported false, gameContentTypeSupported false, density 420, 402.835 x 402.92 dpi, appVsyncOff 0, presDeadline 17666666, cutout DisplayCutout{insets=Rect(0, 87 - 0, 0) waterfall=Insets{left=0, top=0, right=0, bottom=0} boundingRect={Bounds=[Rect(0, 0 - 0, 0), Rect(418, 0 - 486, 87), Rect(0, 0 - 0, 0), Rect(0, 0 - 0, 0)]} cutoutPathParserInfo={CutoutPathParserInfo{displayWidth=904 displayHeight=2316 physicalDisplayWidth=904 physicalDisplayHeight=2316 density={2.625} cutoutSpec={M 0,0 H -12.95238095238095 V 33.14285714285714 H 12.95238095238095 V 0 H 0 Z @dp} rotation={0} scale={1.0} physicalPixelDisplaySizeRatio={1.0}}}}, touch INTERNAL, rotation 0, type INTERNAL, address {port=131, model=0x40446d0b806b46}, deviceProductInfo DeviceProductInfo{name=, manufacturerPnpId=QCM, productId=1, modelYear=null, manufactureDate=ManufactureDate{week=27, year=2006}, connectionToSinkType=0}, state ON, committedState ON, frameRateOverride , brightnessMinimum 0.0, brightnessMaximum 1.0, brightnessDefault 0.5019608, hdrSdrRatio NaN, roundedCorners RoundedCorners{[RoundedCorner{position=TopLeft, radius=53, center=Point(53, 53)}, RoundedCorner{position=TopRight, radius=53, center=Point(851, 53)}, RoundedCorner{position=BottomRight, radius=53, center=Point(851, 2263)}, RoundedCorner{position=BottomLeft, radius=53, center=Point(53, 2263)}]}, FLAG_ROTATES_WITH_CONTENT, FLAG_SECURE, FLAG_SUPPORTS_PROTECTED_BUFFERS, FLAG_PRESENTATION, FLAG_OWN_CONTENT_ONLY, FLAG_TRUSTED, FLAG_EXTRA_BUILT_IN_DISPLAY, installOrientation 0, displayShape DisplayShape{ spec=-311912193 displayWidth=904 displayHeight=2316 physicalPixelDisplaySizeRatio=1.0 rotation=0 offsetX=0 offsetY=0 scale=1.0}}
02-19 13:19:41.516 21462 21462 I Mapbox : [maps-android\Mbgl-RenderThread]: renderThreadPrepared=false and Android surface is not valid (isValid=false). Waiting for new one.
02-19 13:19:41.518 2334 4756 D LiftUpHandler: [LTW] Stopped already.
02-19 13:19:41.519 1603 1745 I VSyncReactor: Current= 120, Period= 60, hwcPeriod= 60
02-19 13:19:41.519 2334 2334 D SGM:GameManager: onDisplayChanged. displyId: 0, state: 2
02-19 13:19:41.520 2334 2334 D AODManagerService: requestReCalToTSP IsSingleTouchMode = truerequestedReCalToTSP = false / previousDisplayState = ON
02-19 13:19:41.520 6890 6890 I GestureDetector: obtain mCurrentMotionEventRaw. action: 2 id: 12519451
02-19 13:19:41.520 2334 2936 D SGM:FgCheckThread: onLooperPrepared(), msg: MSG_LCD_ON
02-19 13:19:41.521 2309 2309 I ViewRootImpl@a450ca8[AssetBrowserActivity]: onDisplayChanged oldDisplayState=2 newDisplayState=2
02-19 13:19:41.521 21462 21462 I Mapbox : [maps-android\Mbgl-RenderThread]: renderThreadPrepared=false and Android surface is not valid (isValid=false). Waiting for new one.
02-19 13:19:41.522 3256 3377 D StackScroller: onDisplayChanged for predraw skip to 2
02-19 13:19:41.522 3256 3287 I ViewRootImpl@caf6fb6[ShellDropTarget]: onDisplayChanged oldDisplayState=2 newDisplayState=2
02-19 13:19:41.522 3256 3287 I ViewRootImpl@5c3dd93[StageCoordinatorSplitDivider]: onDisplayChanged oldDisplayState=2 newDisplayState=2
02-19 13:19:41.522 2334 2446 D DisplayManagerService: Ignore redundant display event 0/2 to 11549/11434
02-19 13:19:41.522 2334 2446 D DisplayManagerService: Ignore redundant display event 0/2 to 10072/19750
02-19 13:19:41.522 2334 2446 D DisplayManagerService: Ignore redundant display event 0/2 to 10209/21901
02-19 13:19:41.522 2334 2446 D DisplayManagerService: Ignore redundant display event 0/2 to 11533/23903
02-19 13:19:41.522 21462 21462 I Mapbox : [maps-android\Mbgl-RenderThread]: renderThreadPrepared=false and Android surface is not valid (isValid=false). Waiting for new one.
02-19 13:19:41.523 2334 2447 W LocalDisplayAdapter: Ignoring request for invalid base mode id 8
02-19 13:19:41.523 3685 21648 I HoneySpace.RefreshRateSource: singleFrameMs 16
02-19 13:19:41.524 3685 3685 I ViewRootImpl@9781073[RecentsTransitionOverlay]: onDisplayChanged oldDisplayState=2 newDisplayState=2
02-19 13:19:41.524 3685 3685 I ViewRootImpl@8a672e1[LauncherActivity]: onDisplayChanged oldDisplayState=2 newDisplayState=2
02-19 13:19:41.524 3685 3685 I ViewRootImpl@dd984d6[RecentsActivity]: onDisplayChanged oldDisplayState=2 newDisplayState=2
02-19 13:19:41.524 3685 14372 I HoneySpace.DeXLaunchService: Display changed - 0
02-19 13:19:41.524 3256 3256 D DisplayLifecycle: updateDisplay id = 0
02-19 13:19:41.524 3256 3256 I ViewRootImpl@2a8a990[LockscreenShortcutBlur]: onDisplayChanged oldDisplayState=2 newDisplayState=2
02-19 13:19:41.524 3256 3256 I ViewRootImpl@1ee396c[NotificationShade]: onDisplayChanged oldDisplayState=2 newDisplayState=2
02-19 13:19:41.524 3256 3256 I ViewRootImpl@fa0aba5[StatusBar]: onDisplayChanged oldDisplayState=2 newDisplayState=2
02-19 13:19:41.524 3256 3256 I ViewRootImpl@80857f2[NavigationBar0]: onDisplayChanged oldDisplayState=2 newDisplayState=2
02-19 13:19:41.524 3256 3256 I ViewRootImpl@382a1a2[EdgeBackGestureHandler0]: onDisplayChanged oldDisplayState=2 newDisplayState=2
02-19 13:19:41.524 3256 3256 I ViewRootImpl@45e80e0[Bouncer]: onDisplayChanged oldDisplayState=2 newDisplayState=2
02-19 13:19:41.524 3256 3256 I ViewRootImpl@fe8021b[SecondaryHomeHandle0]: onDisplayChanged oldDisplayState=2 newDisplayState=2
02-19 13:19:41.524 3256 3256 I ViewRootImpl@101c6cf[KeyguardBiometricToastView]: onDisplayChanged oldDisplayState=2 newDisplayState=2
02-19 13:19:41.524 15708 15708 I ViewRootImpl@7e61450[DeepLinkHomepageActivity]: onDisplayChanged oldDisplayState=2 newDisplayState=2
02-19 13:19:41.525 15708 15708 I ViewRootImpl@dfc8434[InstalledAppDetails]: onDisplayChanged oldDisplayState=2 newDisplayState=2
02-19 13:19:41.525 15708 15708 I ViewRootImpl@2c057b1[SubSettings]: onDisplayChanged oldDisplayState=2 newDisplayState=2
02-19 13:19:41.525 6890 6890 I SPenContext: virtual void SPen::Context::SetDisplayRefreshRate(float) framerate=60
02-19 13:19:41.525 15708 15708 I ViewRootImpl@219413d[SettingsHomepageActivity]: onDisplayChanged oldDisplayState=2 newDisplayState=2
02-19 13:19:41.525 15708 15708 I ViewRootImpl@5325286[SubSettings]: onDisplayChanged oldDisplayState=2 newDisplayState=2
02-19 13:19:41.525 6890 6890 I LatencyConfiguration: void SPen::LatencyConfiguration::UpdateRefreshRate(float) RefreshRate=60.000004
02-19 13:19:41.525 15708 15708 I ViewRootImpl@79b9aaa[SubSettings]: onDisplayChanged oldDisplayState=2 newDisplayState=2
02-19 13:19:41.525 6890 6890 I LatencyConfiguration: void SPen::LatencyConfiguration::UpdateRefreshRate(float) RefreshRateCallback 0xb400007c23b46270
02-19 13:19:41.525 6890 6890 I PredictorBase: virtual void SPen::PredictorBase::SetRefreshRate(float) Refresh rate: 60.000
02-19 13:19:41.525 6890 6890 I spe_log : virtual void SPen::FbrDrawPad::SetRefreshRate(float) = 60.000
02-19 13:19:41.525 6890 6890 I spe_log : virtual void SPen::FbrDrawPad::SetRefreshRate(float) mFrameDurationNano=16666667, mDisplayRefreshDurationNano: 16666667
02-19 13:19:41.525 6890 6890 I spe_log : virtual void SPen::LowLatencyStrokeView::SetRefreshRate(float) refresh rate=60.000
02-19 13:19:41.525 2334 2446 D DisplayManagerService: Ignore redundant display event 0/2 to 10254/32477
02-19 13:19:41.525 2334 2446 D DisplayManagerService: Ignore redundant display event 0/2 to 10254/32700
02-19 13:19:41.525 6890 6890 I ViewRootImpl@1cdd9d5[InputMethod]: onDisplayChanged oldDisplayState=2 newDisplayState=2
02-19 13:19:41.524 3685 21648 I HoneySpace.Memory-Monitor: current state = 2, didTrim = false
02-19 13:19:41.529 2334 2446 D RefreshRateModeManager: updateDefaultDisplayToken: android.os.BinderProxy@2c4e25e, isChanged: false
02-19 13:19:41.529 21462 21462 I ViewRootImpl@ccd3137[ExpensifyActivityBase]: onDisplayChanged oldDisplayState=2 newDisplayState=2
02-19 13:19:41.536 21462 21462 I Mapbox : [maps-android\Mbgl-RenderThread]: renderThreadPrepared=false and Android surface is not valid (isValid=false). Waiting for new one.
02-19 13:19:41.552 2334 2918 D InputReader: Btn_touch(9): value=0 when=263082.296319
02-19 13:19:41.552 2334 2918 I InputReader: Touch event's action is 0x1 (id=6, t=0) [pCnt=1, s=] when=263082.296319
02-19 13:19:41.552 2334 2917 I InputDispatcher: Delivering touch to (6890): action: 0x1, f=0x0, d=0, '1b8f22f', t=1 +(0,-87)
02-19 13:19:41.553 6890 6890 I ViewRootImpl@1cdd9d5[InputMethod]: ViewPostIme pointer 1
02-19 13:19:41.553 3685 3685 I HoneySpace.GestureInputHandler: reset
02-19 13:19:41.553 3685 3685 I HoneySpace.InputSession: close
02-19 13:19:41.553 6890 6890 I HBD : d ATL CharacterKeyA
02-19 13:19:41.555 6890 6890 I HBD : c IIFO[r:9e62a2a6aa][type:commit]
02-19 13:19:41.555 6890 6890 I HBD : c IIFO[r:abff082857][type:finish]
02-19 13:19:41.556 6890 6890 I HBD : c IIFO[r:b73e4fea54][type:finish]
02-19 13:19:41.559 1603 1760 D RenderEngine: [SEC_GC_CMN_SF_EFFECTS] drawLayersInternal,1279, Rendering layer at index 0
02-19 13:19:41.559 1603 1760 D RenderEngine: [SEC_GC_CMN_SF_EFFECTS] drawLayersInternal,1279, Rendering layer org.me.mobiexpensifyg/org.me.mobiexpensifyg.ExpensifyActivityBase$_21462#272730 at index 1
02-19 13:19:41.559 1603 1760 D RenderEngine: [SEC_GC_CMN_SF_EFFECTS] drawLayersInternal,1279, Rendering layer InputMethod$_6890#272773 at index 2
02-19 13:19:41.560 2334 4147 W ProcessStats: Tracking association SourceState{f25efb5 system/1000 BFgs #1668112} whose proc state 4 is better than process ProcessState{e80b9b3 com.samsung.android.honeyboard/10189 pkg=com.samsung.android.honeyboard} proc state 6 (94 skipped)
02-19 13:19:41.560 6890 6890 I HBD : h0 EBD key t 0
02-19 13:19:41.561 6890 6890 I HBD : b [HFFB][CHAR][ty:3][ta:3][as:F][as:F][bd:t][sc:F]
02-19 13:19:41.561 6890 6890 I HBD : b [PF_KL] OTE none 1 1 9 8267553 (1, NONE)
02-19 13:19:41.565 6890 6890 I HBD : c1 ous - 0 , 0 , 1 , 1 , -1 , -1
02-19 13:19:41.565 6890 6890 I HBD : h0 EBD cm s 0
02-19 13:19:41.567 6890 13756 I HBD : b getET , flag: 1 , start: 1 , end: 1 , length: 1 , composingLength: 0 , isKCC: false
02-19 13:19:41.567 6890 6890 I HBD : [DirectWriting] AnimationController handleEvent() EditorRectChanged
02-19 13:19:41.567 6890 6890 I HBD : [DirectWriting] ToolbarController handleEvent() EditorRectChanged
02-19 13:19:41.579 21462 21462 D ScrollView: initGoToTop
02-19 13:19:41.656 2334 2918 D InputReader: Btn_touch(9): value=1 when=263082.400830
02-19 13:19:41.657 2334 2918 I InputReader: Touch event's action is 0x0 (id=6, t=0) [pCnt=1, s=0.1951 ] when=263082.400830
02-19 13:19:41.658 2334 2917 I InputDispatcher: Delivering touch to (3256): action: 0x4, f=0x0, d=0, '3c5e648', t=1
02-19 13:19:41.658 2334 2917 I InputDispatcher: Delivering touch to (6890): action: 0x0, f=0x0, d=0, '1b8f22f', t=1 +(0,-87)
02-19 13:19:41.659 6890 6890 I ViewRootImpl@1cdd9d5[InputMethod]: ViewPostIme pointer 0
02-19 13:19:41.659 3685 3685 I HoneySpace.GestureInputHandler: inputConsumers = [com.honeyspace.gesture.inputconsumer.InputConsumer$Companion$NO_OP$1@58c8177]
02-19 13:19:41.659 2334 2444 I GestureDetector: obtain mCurrentDownEvent. id: 792909235 caller: com.android.server.wm.SystemGesturesPointerEventListener.onPointerEvent:204 com.android.server.wm.PointerEventDispatcher.onInputEvent:53 android.view.InputEventReceiver.dispatchInputEvent:337
02-19 13:19:41.659 6890 6890 I GestureDetector: obtain mCurrentDownEvent. id: 792909235 caller: be0.b.b:1019 be0.b.onTouch:0 android.view.View.dispatchTouchEvent:16230
02-19 13:19:41.660 2334 2444 I GestureDetector: obtain mCurrentDownEvent. id: 792909235 caller: com.android.server.wm.SystemPerformancePointerEventListener.onPointerEvent:89 com.android.server.wm.PointerEventDispatcher.onInputEvent:53 android.view.InputEventReceiver.dispatchInputEvent:337
02-19 13:19:41.660 2334 3233 I Pageboost: Launcher App Execution
02-19 13:19:41.660 6890 6890 I HBD : d ATL SoundAndVibrationKeyA
02-19 13:19:41.660 6890 6890 I HBD : c sound is off
02-19 13:19:41.660 6890 6890 I HBD : d vib is off
02-19 13:19:41.660 6890 6890 I HBD : b [PF_KL] OTE none 0 3 5 1325989 (1, NONE)
02-19 13:19:41.661 6194 6194 I SemDvfsHyPerManager: acquire hyper - TABoost/6194@27, type = 1090523139
02-19 13:19:41.661 3685 3685 I HoneySpace.InputSession: inputConsumers = NO_OP
02-19 13:19:41.661 1492 1518 I HYPER-HAL: [RequestManager.cpp]releaseLocked(): Released ID : 19353558
02-19 13:19:41.662 1492 1518 I HYPER-HAL: [RequestManager.cpp]acquire(): Acquired ID : 19353558 [6194 / 27] HINT : list : [TABoost / 1] [TIMEOUT / 1500]
02-19 13:19:41.662 3685 3685 I HoneySpace.InputSession: open
02-19 13:19:41.666 1603 1760 D RenderEngine: [SEC_GC_CMN_SF_EFFECTS] drawLayersInternal,1279, Rendering layer at index 0
02-19 13:19:41.666 1603 1760 D RenderEngine: [SEC_GC_CMN_SF_EFFECTS] drawLayersInternal,1279, Rendering layer org.me.mobiexpensifyg/org.me.mobiexpensifyg.ExpensifyActivityBase$_21462#272730 at index 1
02-19 13:19:41.667 1603 1760 D RenderEngine: [SEC_GC_CMN_SF_EFFECTS] drawLayersInternal,1279, Rendering layer InputMethod$_6890#272773 at index 2
02-19 13:19:41.690 2334 2444 I GestureDetector: obtain mCurrentMotionEventRaw. action: 2 id: 1014510722
02-19 13:19:41.690 2334 2444 I GestureDetector: obtain mCurrentMotionEventRaw. action: 2 id: 1014510722
02-19 13:19:41.706 2334 2918 D InputReader: Btn_touch(9): value=0 when=263082.450313
02-19 13:19:41.706 2334 2918 I InputReader: Touch event's action is 0x1 (id=6, t=0) [pCnt=1, s=] when=263082.450313
02-19 13:19:41.706 2334 2917 I InputDispatcher: Delivering touch to (6890): action: 0x1, f=0x0, d=0, '1b8f22f', t=1 +(0,-87)
02-19 13:19:41.707 3685 3685 I HoneySpace.GestureInputHandler: reset
02-19 13:19:41.707 3685 3685 I HoneySpace.InputSession: close
02-19 13:19:41.707 6890 6890 I GestureDetector: obtain mCurrentMotionEventRaw. action: 2 id: 1014510722
02-19 13:19:41.707 6890 6890 I ViewRootImpl@1cdd9d5[InputMethod]: ViewPostIme pointer 1
02-19 13:19:41.708 6890 6890 I HBD : d ATL CharacterKeyA
02-19 13:19:41.709 6890 6890 I HBD : c IIFO[r:eea08f8884][type:commit]
02-19 13:19:41.710 6890 6890 I HBD : c IIFO[r:352606ff99][type:finish]
02-19 13:19:41.711 6890 6890 I HBD : c IIFO[r:bb7c12eaa3][type:finish]
02-19 13:19:41.716 6890 6890 I HBD : h0 EBD key t 0
02-19 13:19:41.716 6890 6890 I HBD : b [HFFB][CHAR][ty:3][ta:8][as:F][as:F][bd:t][sc:F]
02-19 13:19:41.717 6890 6890 I HBD : b [PF_KL] OTE none 1 1 11 9674895 (1, NONE)
02-19 13:19:41.722 6890 6890 I HBD : c1 ous - 1 , 1 , 2 , 2 , -1 , -1
02-19 13:19:41.722 6890 6890 I HBD : h0 EBD cm s 0
02-19 13:19:41.730 6890 6890 I HBD : [DirectWriting] AnimationController handleEvent() EditorRectChanged
02-19 13:19:41.730 6890 6890 I HBD : [DirectWriting] ToolbarController handleEvent() EditorRectChanged
02-19 13:19:41.766 1603 1760 D RenderEngine: [SEC_GC_CMN_SF_EFFECTS] drawLayersInternal,1279, Rendering layer at index 0
02-19 13:19:41.766 1603 1760 D RenderEngine: [SEC_GC_CMN_SF_EFFECTS] drawLayersInternal,1279, Rendering layer org.me.mobiexpensifyg/org.me.mobiexpensifyg.ExpensifyActivityBase$_21462#272730 at index 1
02-19 13:19:41.767 1603 1760 D RenderEngine: [SEC_GC_CMN_SF_EFFECTS] drawLayersInternal,1279, Rendering layer InputMethod$_6890#272773 at index 2
02-19 13:19:41.848 2334 2918 D InputReader: Btn_touch(9): value=1 when=263082.592285
02-19 13:19:41.848 2334 2918 I InputReader: Touch event's action is 0x0 (id=6, t=0) [pCnt=1, s=0.1952 ] when=263082.592285
02-19 13:19:41.849 2334 2917 I InputDispatcher: Delivering touch to (3256): action: 0x0, f=0x0, d=0, '3c5e648', t=1 +(0,-2190)
02-19 13:19:41.850 3685 3685 I HoneySpace.GestureInputHandler: inputConsumers = [com.honeyspace.gesture.inputconsumer.InputConsumer$Companion$NO_OP$1@58c8177]
02-19 13:19:41.850 2334 2444 I GestureDetector: obtain mCurrentDownEvent. id: 453948102 caller: com.android.server.wm.SystemGesturesPointerEventListener.onPointerEvent:204 com.android.server.wm.PointerEventDispatcher.onInputEvent:53 android.view.InputEventReceiver.dispatchInputEvent:337
02-19 13:19:41.850 2334 2444 I GestureDetector: obtain mCurrentDownEvent. id: 453948102 caller: com.android.server.wm.SystemPerformancePointerEventListener.onPointerEvent:89 com.android.server.wm.PointerEventDispatcher.onInputEvent:53 android.view.InputEventReceiver.dispatchInputEvent:337
02-19 13:19:41.850 3685 3685 I HoneySpace.InputSession: inputConsumers = NO_OP
02-19 13:19:41.852 3685 3685 I HoneySpace.InputSession: open
02-19 13:19:41.852 3256 3256 I ViewRootImpl@80857f2[NavigationBar0]: ViewPostIme pointer 0
02-19 13:19:41.852 6194 6194 I SemDvfsHyPerManager: acquire hyper - TABoost/6194@27, type = 1090523139
02-19 13:19:41.853 1492 1518 I HYPER-HAL: [RequestManager.cpp]releaseLocked(): Released ID : 19353558
02-19 13:19:41.853 1492 1518 I HYPER-HAL: [RequestManager.cpp]acquire(): Acquired ID : 19353558 [6194 / 27] HINT : list : [TABoost / 1] [TIMEOUT / 1500]
02-19 13:19:41.861 1603 1745 I VSyncReactor: Current= 60, Period= 120, hwcPeriod= 60
02-19 13:19:41.866 6890 6890 I HBD : h0 EBD ex
02-19 13:19:41.867 6890 7659 I HBD : h0 EBD tb start :1
02-19 13:19:41.867 1603 1760 D RenderEngine: [SEC_GC_CMN_SF_EFFECTS] drawLayersInternal,1279, Rendering layer at index 0
02-19 13:19:41.867 6890 7659 I HBD : h0 EBD tb end :1
02-19 13:19:41.867 1603 1760 D RenderEngine: [SEC_GC_CMN_SF_EFFECTS] drawLayersInternal,1279, Rendering layer org.me.mobiexpensifyg/org.me.mobiexpensifyg.ExpensifyActivityBase$_21462#272730 at index 1
02-19 13:19:41.867 1603 1760 D RenderEngine: [SEC_GC_CMN_SF_EFFECTS] drawLayersInternal,1279, Rendering layer InputMethod$_6890#272773 at index 2
02-19 13:19:41.868 6890 6890 I HBD : f1 [SCV] (8) 31 30 31 5 2 4 5 4
02-19 13:19:41.869 6890 6890 I HBD : h container vis= true
02-19 13:19:41.870 1603 1603 I HWComposer: [4630946213010294403] ActiveConfigToHWC, ID : 0
02-19 13:19:41.871 1603 1603 I LayerHistory: InputMethod$_6890#272773 Max (can't resolve refresh rate)
02-19 13:19:41.871 1603 1603 I LayerHistory: org.me.mobiexpensifyg/org.me.mobiexpensifyg.ExpensifyActivityBase$_21462#272730 Max (can't resolve refresh rate)
02-19 13:19:41.871 1603 1603 I SurfaceFlinger: Touch Boost - choose 120.00 Hz
02-19 13:19:41.872 2334 2446 D LocalDisplayAdapter: updateActiveModeLocked for d=4630946213010294403, mActiveModeId=8, mActiveSfDisplayMode=DisplayMode{id=0, width=904, height=2316, xDpi=402.835, yDpi=402.92, refreshRate=120.00001, appVsyncOffsetNanos=100000, presentationDeadlineNanos=9233333, supportedHdrTypes=[2, 3, 4], group=904}
02-19 13:19:41.872 2334 2446 I DisplayDeviceRepository: Display device changed: DisplayDeviceInfo{"Built-in Screen": uniqueId="local:4630946213010294403", 904 x 2316, modeId 8, renderFrameRate 120.00001, defaultModeId 8, supportedModes [{id=8, width=904, height=2316, fps=120.00001, alternativeRefreshRates=[10.0, 24.000002, 30.000002, 48.000004, 60.000004, 96.00001], supportedHdrTypes=[2, 3, 4]}, {id=9, width=904, height=2316, fps=96.00001, alternativeRefreshRates=[10.0, 24.000002, 30.000002, 48.000004, 60.000004, 120.00001], supportedHdrTypes=[2, 3, 4]}, {id=10, width=904, height=2316, fps=60.000004, alternativeRefreshRates=[10.0, 24.000002, 30.000002, 48.000004, 96.00001, 120.00001], supportedHdrTypes=[2, 3, 4]}, {id=11, width=904, height=2316, fps=48.000004, alternativeRefreshRates=[10.0, 24.000002, 30.000002, 60.000004, 96.00001, 120.00001], supportedHdrTypes=[2, 3, 4]}, {id=12, width=904, height=2316, fps=30.000002, alternativeRefreshRates=[10.0, 24.000002, 48.000004, 60.000004, 96.00001, 120.00001], supportedHdrTypes=[2, 3, 4]}, {id=13, width=904, height=2316, fps=24.000002, alternativeRefreshRates=[10.0, 30.000002, 48.000004, 60.000004, 96.00001, 120.00001], supportedHdrTypes=[2, 3, 4]}, {id=14, width=904, height=2316, fps=10.0, alternativeRefreshRates=[24.000002, 30.000002, 48.000004, 60.000004, 96.00001, 120.00001], supportedHdrTypes=[2, 3, 4]}], colorMode 0, supportedColorModes [0, 7, 9], hdrCapabilities HdrCapabilities{mSupportedHdrTypes=[2, 3, 4], mMaxLuminance=450.0, mMaxAverageLuminance=225.00024, mMinLuminance=5.0E-4}, allmSupported false, gameContentTypeSupported false, density 420, 402.835 x 402.92 dpi, appVsyncOff 100000, presDeadline 9233333, cutout DisplayCutout{insets=Rect(0, 87 - 0, 0) waterfall=Insets{left=0, top=0, right=0, bottom=0} boundingRect={Bounds=[Rect(0, 0 - 0, 0), Rect(418, 0 - 486, 87), Rect(0, 0 - 0, 0), Rect(0, 0 - 0, 0)]} cutoutPathParserInfo={CutoutPathParserInfo{displayWidth=904 displayHeight=2316 physicalDisplayWidth=904 physicalDisplayHeight=2316 density={2.625} cutoutSpec={M 0,0 H -12.95238095238095 V 33.14285714285714 H 12.95238095238095 V 0 H 0 Z @dp} rotation={0} scale={1.0} physicalPixelDisplaySizeRatio={1.0}}}}, touch INTERNAL, rotation 0, type INTERNAL, address {port=131, model=0x40446d0b806b46}, deviceProductInfo DeviceProductInfo{name=, manufacturerPnpId=QCM, productId=1, modelYear=null, manufactureDate=ManufactureDate{week=27, year=2006}, connectionToSinkType=0}, state ON, committedState ON, frameRateOverride , brightnessMinimum 0.0, brightnessMaximum 1.0, brightnessDefault 0.5019608, hdrSdrRatio NaN, roundedCorners RoundedCorners{[RoundedCorner{position=TopLeft, radius=53, center=Point(53, 53)}, RoundedCorner{position=TopRight, radius=53, center=Point(851, 53)}, RoundedCorner{position=BottomRight, radius=53, center=Point(851, 2263)}, RoundedCorner{position=BottomLeft, radius=53, center=Point(53, 2263)}]}, FLAG_ROTATES_WITH_CONTENT, FLAG_SECURE, FLAG_SUPPORTS_PROTECTED_BUFFERS, FLAG_PRESENTATION, FLAG_OWN_CONTENT_ONLY, FLAG_TRUSTED, FLAG_EXTRA_BUILT_IN_DISPLAY, installOrientation 0, displayShape DisplayShape{ spec=-311912193 displayWidth=904 displayHeight=2316 physicalPixelDisplaySizeRatio=1.0 rotation=0 offsetX=0 offsetY=0 scale=1.0}}
02-19 13:19:41.873 1516 1737 I SDM : HWCDisplay::SubmitDisplayConfig: [DispConfigs] config 2 => 0, hs_mode 3 => 3
02-19 13:19:41.873 1516 1737 I SDM : HWDeviceDRM::SetDisplaySwitchMode: [DispConfigs] check hs_mode 3
02-19 13:19:41.873 1516 1737 I SDM : HWDeviceDRM::SetDisplaySwitchMode: [DispConfigs] Set mode index:0 904x2316x120xcmdHS, hs_mode(3), found_mode(0)
02-19 13:19:41.873 1516 1737 I SDM : HWDeviceDRM::UpdateMixerAttributes: Mixer WxH 904x2316-1 for Peripheral
02-19 13:19:41.873 1516 1737 I SDM : HWCDisplay::SubmitDisplayConfig: Active configuration changed from config 2 to 0
02-19 13:19:41.877 2334 2446 D DisplayManagerService: Ignore redundant display event 0/2 to 11549/11434
02-19 13:19:41.877 2334 2334 D SGM:GameManager: onDisplayChanged. displyId: 0, state: 2
02-19 13:19:41.877 1603 1745 I VSyncReactor: Current= 60, Period= 120, hwcPeriod= 120
02-19 13:19:41.878 2334 2936 D SGM:FgCheckThread: onLooperPrepared(), msg: MSG_LCD_ON
02-19 13:19:41.878 2334 2334 D AODManagerService: requestReCalToTSP IsSingleTouchMode = truerequestedReCalToTSP = false / previousDisplayState = ON
02-19 13:19:41.879 2334 4756 D LiftUpHandler: [LTW] Stopped already.
02-19 13:19:41.879 3685 21648 I HoneySpace.RefreshRateSource: singleFrameMs 8
02-19 13:19:41.879 3256 3287 I ViewRootImpl@caf6fb6[ShellDropTarget]: onDisplayChanged oldDisplayState=2 newDisplayState=2
02-19 13:19:41.880 3256 3287 I ViewRootImpl@5c3dd93[StageCoordinatorSplitDivider]: onDisplayChanged oldDisplayState=2 newDisplayState=2
02-19 13:19:41.880 3256 3256 I BLASTBufferQueue_Java: update, w= 904 h= 126 mName = ViewRootImpl@80857f2[NavigationBar0] mNativeObject= 0xb400007d13b32790 sc.mNativeObject= 0xb400007bd3bb0d90 format= -3 caller= android.view.ViewRootImpl.updateBlastSurfaceIfNeeded:3074 android.view.ViewRootImpl.relayoutWindow:10224 android.view.ViewRootImpl.performTraversals:4167 android.view.ViewRootImpl.doTraversal:3345 android.view.ViewRootImpl$TraversalRunnable.run:11437 android.view.Choreographer$CallbackRecord.run:1690
02-19 13:19:41.880 3256 3256 I ViewRootImpl@80857f2[NavigationBar0]: Relayout returned: old=(0,2190,904,2316) new=(0,2190,904,2316) relayoutAsync=true req=(904,126)0 dur=0 res=0x0 s={true 0xb400007b33d42c70} ch=false seqId=2
02-19 13:19:41.880 3256 3256 D Navbar.Store: ------------------------NavBarStates(0) supportLargeCoverScreenNavBar: false
02-19 13:19:41.880 3256 3256 D Navbar.Store: ------------------------NavBarStates(0) canShowKeyboardButtonForRotation(0): true
02-19 13:19:41.880 3256 3377 D StackScroller: onDisplayChanged for predraw skip to 2
02-19 13:19:41.880 2334 2446 D DisplayManagerService: Ignore redundant display event 0/2 to 10072/19750
02-19 13:19:41.880 3256 3256 I ViewRootImpl@80857f2[NavigationBar0]: registerCallbackForPendingTransactions
02-19 13:19:41.880 2334 2446 D DisplayManagerService: Ignore redundant display event 0/2 to 10209/21901
02-19 13:19:41.880 2334 2446 D DisplayManagerService: Ignore redundant display event 0/2 to 10281/22525
02-19 13:19:41.880 2334 2446 D DisplayManagerService: Ignore redundant display event 0/2 to 11533/23903
02-19 13:19:41.881 2334 2446 D DisplayManagerService: Ignore redundant display event 0/2 to 10254/32477
02-19 13:19:41.881 2334 2446 D DisplayManagerService: Ignore redundant display event 0/2 to 10254/32700
02-19 13:19:41.881 2309 2309 I ViewRootImpl@a450ca8[AssetBrowserActivity]: onDisplayChanged oldDisplayState=2 newDisplayState=2
02-19 13:19:41.882 2334 4147 V WindowManager: Relayout Window{3c5e648 u0 NavigationBar0}: viewVisibility=0 req=904x126 ty=2019 d0
02-19 13:19:41.883 3685 21635 I HoneySpace.DeXLaunchService: Display changed - 0
02-19 13:19:41.884 3685 3685 I ViewRootImpl@9781073[RecentsTransitionOverlay]: onDisplayChanged oldDisplayState=2 newDisplayState=2
02-19 13:19:41.884 3685 21648 I HoneySpace.Memory-Monitor: current state = 2, didTrim = false
02-19 13:19:41.884 3685 3685 I ViewRootImpl@8a672e1[LauncherActivity]: onDisplayChanged oldDisplayState=2 newDisplayState=2
02-19 13:19:41.884 3685 3685 I ViewRootImpl@dd984d6[RecentsActivity]: onDisplayChanged oldDisplayState=2 newDisplayState=2
02-19 13:19:41.884 3256 4017 I ViewRootImpl@80857f2[NavigationBar0]: mWNT: t=0xb400007c23cd5d90 mBlastBufferQueue=0xb400007d13b32790 fn= 12932 mRenderHdrSdrRatio=1.0 caller= android.view.ViewRootImpl$6.onFrameDraw:5705 android.view.ViewRootImpl$2.onFrameDraw:2190 android.view.ThreadedRenderer$1.onFrameDraw:792
02-19 13:19:41.884 3256 3256 D DisplayLifecycle: updateDisplay id = 0
02-19 13:19:41.885 3256 3256 I ViewRootImpl@2a8a990[LockscreenShortcutBlur]: onDisplayChanged oldDisplayState=2 newDisplayState=2
02-19 13:19:41.885 3256 3256 I ViewRootImpl@1ee396c[NotificationShade]: onDisplayChanged oldDisplayState=2 newDisplayState=2
02-19 13:19:41.885 3256 3256 I ViewRootImpl@fa0aba5[StatusBar]: onDisplayChanged oldDisplayState=2 newDisplayState=2
02-19 13:19:41.885 3256 3256 I ViewRootImpl@80857f2[NavigationBar0]: onDisplayChanged oldDisplayState=2 newDisplayState=2
02-19 13:19:41.885 3256 3256 I ViewRootImpl@382a1a2[EdgeBackGestureHandler0]: onDisplayChanged oldDisplayState=2 newDisplayState=2
02-19 13:19:41.885 3256 3256 I ViewRootImpl@45e80e0[Bouncer]: onDisplayChanged oldDisplayState=2 newDisplayState=2
02-19 13:19:41.885 3256 3256 I ViewRootImpl@fe8021b[SecondaryHomeHandle0]: onDisplayChanged oldDisplayState=2 newDisplayState=2
02-19 13:19:41.885 3256 3256 I ViewRootImpl@101c6cf[KeyguardBiometricToastView]: onDisplayChanged oldDisplayState=2 newDisplayState=2
02-19 13:19:41.885 15708 15708 I ViewRootImpl@7e61450[DeepLinkHomepageActivity]: onDisplayChanged oldDisplayState=2 newDisplayState=2
02-19 13:19:41.886 15708 15708 I ViewRootImpl@dfc8434[InstalledAppDetails]: onDisplayChanged oldDisplayState=2 newDisplayState=2
02-19 13:19:41.886 15708 15708 I ViewRootImpl@2c057b1[SubSettings]: onDisplayChanged oldDisplayState=2 newDisplayState=2
02-19 13:19:41.886 15708 15708 I ViewRootImpl@219413d[SettingsHomepageActivity]: onDisplayChanged oldDisplayState=2 newDisplayState=2
02-19 13:19:41.886 15708 15708 I ViewRootImpl@5325286[SubSettings]: onDisplayChanged oldDisplayState=2 newDisplayState=2
02-19 13:19:41.886 15708 15708 I ViewRootImpl@79b9aaa[SubSettings]: onDisplayChanged oldDisplayState=2 newDisplayState=2
02-19 13:19:41.886 2334 4147 W LocalDisplayAdapter: Ignoring request for invalid base mode id 8
02-19 13:19:41.887 3256 3256 D Navbar.Store: ------------------------NavBarStates(0) supportLargeCoverScreenNavBar: false
02-19 13:19:41.887 3256 3256 D Navbar.Store: ------------------------NavBarStates(0) canShowKeyboardButtonForRotation(0): true
02-19 13:19:41.888 2334 2444 I GestureDetector: obtain mCurrentMotionEventRaw. action: 2 id: 936864576
02-19 13:19:41.888 2334 2444 I GestureDetector: obtain mCurrentMotionEventRaw. action: 2 id: 936864576
02-19 13:19:41.891 21462 21462 I ViewRootImpl@ccd3137[ExpensifyActivityBase]: onDisplayChanged oldDisplayState=2 newDisplayState=2
02-19 13:19:41.892 6890 6890 I BLASTBufferQueue_Java: update, w= 904 h= 2229 mName = ViewRootImpl@1cdd9d5[InputMethod] mNativeObject= 0xb400007d13bae7f0 sc.mNativeObject= 0xb400007bd3bc4c50 format= -2 caller= android.view.ViewRootImpl.updateBlastSurfaceIfNeeded:3074 android.view.ViewRootImpl.relayoutWindow:10224 android.view.ViewRootImpl.performTraversals:4167 android.view.ViewRootImpl.doTraversal:3345 android.view.ViewRootImpl$TraversalRunnable.run:11437 android.view.Choreographer$CallbackRecord.run:1690
02-19 13:19:41.893 6890 6890 I ViewRootImpl@1cdd9d5[InputMethod]: Relayout returned: old=(0,87,904,2316) new=(0,87,904,2316) relayoutAsync=true req=(904,2229)0 dur=0 res=0x0 s={true 0xb400007b33d1e960} ch=false seqId=171
02-19 13:19:41.893 2334 3169 V WindowManager: Relayout Window{1b8f22f u0 InputMethod}: viewVisibility=0 req=904x2229 ty=2011 d0
02-19 13:19:41.893 2334 2446 D RefreshRateModeManager: updateDefaultDisplayToken: android.os.BinderProxy@2c4e25e, isChanged: false
02-19 13:19:41.893 6890 6890 I ViewRootImpl@1cdd9d5[InputMethod]: registerCallbackForPendingTransactions
02-19 13:19:41.895 2334 3169 V WindowManager: Relayout hash=1b8f22f, pid=0, syncId=-1: mAttrs={(0,0)(fillxfill) gr=BOTTOM CENTER_VERTICAL sim={adjust=resize} ty=INPUT_METHOD fmt=TRANSPARENT wanim=0x7f1401b1 preferredMinDisplayRefreshRate=60.0 receive insets ignoring z-order
02-19 13:19:41.895 2334 3169 V WindowManager: fl=81800108
02-19 13:19:41.895 2334 3169 V WindowManager: pfl=12000000
02-19 13:19:41.895 2334 3169 V WindowManager: bhv=DEFAULT
02-19 13:19:41.895 2334 3169 V WindowManager: fitTypes=STATUS_BARS NAVIGATION_BARS
02-19 13:19:41.895 2334 3169 V WindowManager: fitSides=LEFT TOP RIGHT
02-19 13:19:41.895 2334 3169 V WindowManager: fitIgnoreVis
02-19 13:19:41.895 2334 3169 V WindowManager: dimAmount=4.6816468E-4 dimDuration=150 naviIconColor=0}
02-19 13:19:41.897 2334 4147 V WindowManager: Relayout hash=3c5e648, pid=0, syncId=-1: mAttrs={(0,0)(fillx126) gr=BOTTOM CENTER_VERTICAL sim={adjust=pan} layoutInDisplayCutoutMode=always ty=NAVIGATION_BAR fmt=TRANSLUCENT
02-19 13:19:41.897 2334 4147 V WindowManager: fl=20840028
02-19 13:19:41.897 2334 4147 V WindowManager: pfl=33001000
02-19 13:19:41.897 2334 4147 V WindowManager: bhv=DEFAULT
02-19 13:19:41.897 2334 4147 V WindowManager: providedInsets:
02-19 13:19:41.897 2334 4147 V WindowManager: InsetsFrameProvider: {id=#80a80001, index=0, type=navigationBars, source=FRAME, flags=[SUPPRESS_SCRIM], insetsSize=Insets{left=0, top=0, right=0, bottom=39}, insetsSizeOverrides=[TypedInsetsSize: {windowType=INPUT_METHOD, insetsSize=null}]}
02-19 13:19:41.897 2334 4147 V WindowManager: InsetsFrameProvider: {id=#80a80006, index=0, type=tappableElement, source=FRAME, flags=[], insetsSize=Insets{left=0, top=0, right=0, bottom=0}}
02-19 13:19:41.897 2334 4147 V WindowManager: InsetsFrameProvider: {id=#80a80005, index=0, type=mandatorySystemGestures, source=FRAME, flags=[], insetsSize=Insets{left=0, top=0, right=0, bottom=84}}
02-19 13:19:41.897 2334 4147 V WindowManager: InsetsFrameProvider: {id=#80a80004, index=0, type=systemGestures, source=DISPLAY, flags=[], insetsSize=Insets{left=78, top=0, right=0, bottom=0}, mMinimalInsetsSizeInDisplayCutoutSafe=Insets{left=78, top=0, right=0, bottom=0}}
02-19 13:19:41.897 2334 4147 V WindowManager: InsetsFrameProvider: {id=#80a80024, index=1, type=systemGestures, source=DISPLAY, flags=[], insetsSize=Insets{left=0, top=0, right=78, bottom=0}, mMinimalInsetsSizeInDisplayCutoutSafe=Insets{left=0, top=0, right=78, bottom=0}}
02-19 13:19:41.897 2334 4147 V WindowManager: paramsForRotation:
02-19 13:19:41.897 2334 4147 V WindowManager: ROTATION_0={(0,0)(fillx126) gr=BOTTOM CENTER_VERTICAL layoutInDisplayCutoutMode=always ty=NAVIGATION_BAR fmt=TRANSLUCENT
02-19 13:19:41.897 2334 4147 V WindowManager: fl=20840028
02-19 13:19:41.897 2334 4147 V WindowManager: pfl=31001000
02-19 13:19:41.897 2334 4147 V WindowManager: bhv=DEFAULT
02-19 13:19:41.897 2334 4147 V WindowManager: providedInsets:
02-19 13:19:41.897 2334 4147 V WindowManager: InsetsFrameProvider: {id=#80a80001, index=0, type=navigationBars, source=FRAME, flags=[SUPPRESS_SCRIM], insetsSize=Insets{left=0, top=0, right=0, bottom=39}, insetsSizeOverrides=[TypedInsetsSize: {windowType=INPUT_METHOD, insetsSize=null}]}
02-19 13:19:41.897 2334 4147 V WindowManager: InsetsFrameProvider: {id=#80a80006, index=0, type=tappableElement, source=FRAME, flags=[], insetsSize=Insets{left=0, top=0, right=0, bottom=0}}
02-19 13:19:41.897 2334 4147 V WindowManager: InsetsFrameProvider: {id=#80a80005, index=0, type=mandatorySystemGestures, source=FRAME, flags=[], insetsSize=Insets{left=0, top=0, right=0, bottom=84}}
02-19 13:19:41.897 2334 4147 V WindowManager: InsetsFrameProvider: {id=#80a80004, index=0, type=systemGestures, source=DISPLAY, flags=[], insetsSize=Insets{left=78, top=0, right=0, bottom=0}, mMinimalInsetsSizeInDisplayCutoutSafe=Insets{left=78, top=0, right=0, bottom=0}}
02-19 13:19:41.897 2334 4147 V WindowManager: InsetsFrameProvider: {id=#80a80024, index=1, type=systemGestures, source=DISPLAY, flags=[], insetsSize=Insets{left=0, top=0, right=78, bottom=0}, mMinimalInsetsSizeInDisplayCutoutSafe=Insets{left=0, top=0, right=78, bottom=0}} naviIconColor=0}
02-19 13:19:41.897 2334 4147 V WindowManager: ROTATION_90={(0,0)(fillx126) gr=BOTTOM CENTER_VERTICAL layoutInDisplayCutoutMode=always ty=NAVIGATION_BAR fmt=TRANSLUCENT
02-19 13:19:41.897 2334 4147 V WindowManager: fl=20840028
02-19 13:19:41.897 2334 4147 V WindowManager: pfl=31001000
02-19 13:19:41.897 2334 4147 V WindowManager: bhv=DEFAULT
02-19 13:19:41.897 2334 4147 V WindowManager: providedInsets:
02-19 13:19:41.897 2334 4147 V WindowManager: InsetsFrameProvider: {id=#80a80001, index=0, type=navigationBars, source=FRAME, flags=[SUPPRESS_SCRIM], insetsSize=Insets{left=0, top=0, right=0, bottom=39}, insetsSizeOverrides=[TypedInsetsSize: {windowType=INPUT_METHOD, insetsSize=Insets{left=0, top=0, right=0, bottom=39}}]}
02-19 13:19:41.897 2334 4147 V WindowManager: InsetsFrameProvider: {id=#80a80006, index=0, type=tappableElement, source=FRAME, flags=[], insetsSize=Insets{left=0, top=0, right=0, bottom=0}}
02-19 13:19:41.897 2334 4147 V WindowManager: InsetsFrameProvider: {id=#80a80005, index=0, type=mandatorySystemGestures, source=FRAME, flags=[], insetsSize=Insets{left=0, top=0, right=0, bottom=84}}
02-19 13:19:41.897 2334 4147 V WindowManager: InsetsFrameProvider: {id=#80a80004, index=0, type=systemGestures, source=DISPLAY, flags=[], insetsSize=Insets{left=78, top=0, right=0, bottom=0}, mMinimalInsetsSizeInDisplayCutoutSafe=Insets{left=78, top=0, right=0, bottom=0}}
02-19 13:19:41.897 2334 4147 V WindowManager: InsetsFrameProvider: {id=#80a80024, index=1, type=systemGestures, source=DISPLAY, flags=[], insetsSize=Insets{left=0, top=0, right=78, bottom=0}, mMinimalInsetsSizeInDisplayCutoutSafe=Insets{left=0, top=0, right=78, bottom=0}} naviIconColor=0}
02-19 13:19:41.897 2334 4147 V WindowManager: ROTATION_180={(0,0)(fillx126) gr=BOTTOM CENTER_VERTICAL layoutInDisplayCutoutMode=always ty=NAVIGATION_BAR fmt=TRANSLUCENT
02-19 13:19:41.897 2334 4147 V WindowManager: fl=20840028
02-19 13:19:41.897 2334 4147 V WindowManager: pfl=31001000
02-19 13:19:41.897 2334 4147 V WindowManager: bhv=DEFAULT
02-19 13:19:41.897 2334 4147 V WindowManager: providedInsets:
02-19 13:19:41.897 2334 4147 V WindowManager: InsetsFrameProvider: {id=#80a80001, index=0, type=navigationBars, source=FRAME, flags=[SUPPRESS_SCRIM], insetsSize=Insets{left=0, top=0, right=0, bottom=39}, insetsSizeOverrides=[TypedInsetsSize: {windowType=INPUT_METHOD, insetsSize=null}]}
02-19 13:19:41.897 2334 4147 V WindowManager: InsetsFrameProvider: {id=#80a80006, index=0, type=tappableElement, source=FRAME, flags=[], insetsSize=Insets{left=0, top=0, right=0, bottom=0}}
02-19 13:19:41.897 2334 4147 V WindowManager: InsetsFrameProvider: {id=#80a80005, index=0, type=mandatorySystemGestures, source=FRAME, flags=[], insetsSize=Insets{left=0, top=0, right=0, bottom=84}}
02-19 13:19:41.897 2334 4147 V WindowManager: InsetsFrameProvider: {id=#80a80004, index=0, type=systemGestures, source=DISPLAY, flags=[], insetsSize=Insets{left=78, top=0, right=0, bottom=0}, mMinimalInsetsSizeInDisplayCutoutSafe=Insets{left=78, top=0, right=0, bottom=0}}
02-19 13:19:41.897 2334 4147 V WindowManager: InsetsFrameProvider: {id=#80a80024, index=1, type=systemGestures, source=DISPLAY, flags=[], insetsSize=Insets{left=0, top=0, right=78, bottom=0}, mMinimalInsetsSizeInDisplayCutoutSafe=Insets{left=0, top=0, right=78, bottom=0}} naviIconColor=0}
02-19 13:19:41.897 2334 4147 V WindowManager: ROTATION_270={(0,0)(fillx126) gr=BOTTOM CENTER_VERTICAL layoutInDisplayCutoutMode=always ty=NAVIGATION_BAR fmt=TRANSLUCENT
02-19 13:19:41.897 2334 4147 V WindowManager: fl=20840028
02-19 13:19:41.897 2334 4147 V WindowManager: pfl=31001000
02-19 13:19:41.897 2334 4147 V WindowManager: bhv=DEFAULT
02-19 13:19:41.897 2334 4147 V WindowManager: providedInsets:
02-19 13:19:41.897 2334 4147 V WindowManager: InsetsFrameProvider: {id=#80a80001, index=0, type=navigationBars, source=FRAME, flags=[SUPPRESS_SCRIM], insetsSize=Insets{left=0, top=0, right=0, bottom=39}, insetsSizeOverrides=[TypedInsetsSize: {windowType=INPUT_METHOD, insetsSize=Insets{left=0, top=0, right=0, bottom=39}}]}
02-19 13:19:41.897 2334 4147 V WindowManager: InsetsFrameProvider: {id=#80a80006, index=0, type=tappableElement, source=FRAME, flags=[], insetsSize=Insets{left=0, top=0, right=0, bottom=0}}
02-19 13:19:41.897 2334 4147 V WindowManager: InsetsFrameProvider: {id=#80a80005, index=0, type=mandatorySystemGestures, source=FRAME, flags=[], insetsSize=Insets{left=0, top=0, right=0, bottom=84}}
02-19 13:19:41.897 2334 4147 V WindowManager: InsetsFrameProvider: {id=#80a80004, index=0, type=systemGestures, source=DISPLAY, flags=[], insetsSize=Insets{left=78, top=0, right=0, bottom=0}, mMinimalInsetsSizeInDisplayCutoutSafe=Insets{left=78, top=0, right=0, bottom=0}}
02-19 13:19:41.897 2334 4147 V WindowManager: InsetsFrameProvider: {id=#80a80024, index=1, type=systemGestures, source=DISPLAY, flags=[], insetsSize=Insets{left=0, top=0, right=78, bottom=0}, mMinimalInsetsSizeInDisplayCutoutSafe=Insets{left=0, top=0, right=78, bottom=0}} naviIconColor=0} naviIconColor=0}
02-19 13:19:41.898 6890 6890 I SPenContext: virtual void SPen::Context::SetDisplayRefreshRate(float) framerate=120
02-19 13:19:41.898 6890 6890 I LatencyConfiguration: void SPen::LatencyConfiguration::UpdateRefreshRate(float) RefreshRate=120.000008
02-19 13:19:41.898 6890 6890 I LatencyConfiguration: void SPen::LatencyConfiguration::UpdateRefreshRate(float) RefreshRateCallback 0xb400007c23b46270
02-19 13:19:41.898 6890 6890 I PredictorBase: virtual void SPen::PredictorBase::SetRefreshRate(float) Refresh rate: 120.000
02-19 13:19:41.898 6890 6890 I spe_log : virtual void SPen::FbrDrawPad::SetRefreshRate(float) = 120.000
02-19 13:19:41.898 6890 6890 I spe_log : virtual void SPen::FbrDrawPad::SetRefreshRate(float) mFrameDurationNano=8333333, mDisplayRefreshDurationNano: 8333333
02-19 13:19:41.898 6890 6890 I spe_log : virtual void SPen::LowLatencyStrokeView::SetRefreshRate(float) refresh rate=120.000
02-19 13:19:41.898 6890 6890 I ViewRootImpl@1cdd9d5[InputMethod]: onDisplayChanged oldDisplayState=2 newDisplayState=2
02-19 13:19:41.899 6890 14170 I ViewRootImpl@1cdd9d5[InputMethod]: mWNT: t=0xb400007c23bb2b10 mBlastBufferQueue=0xb400007d13bae7f0 fn= 11 mRenderHdrSdrRatio=1.0 caller= android.view.ViewRootImpl$6.onFrameDraw:5705 android.view.ViewRootImpl$2.onFrameDraw:2190 android.view.ThreadedRenderer$1.onFrameDraw:792
02-19 13:19:41.931 2334 2917 D InputDispatcher: Touch is slipping out of window 3c5e648 NavigationBar0 into window 1b8f22f InputMethod in display 0
02-19 13:19:41.932 2334 2917 I InputDispatcher: Delivering touch to (3256): action: 0x3, f=0x20, d=0, '3c5e648', t=1 +(0,-2190)
02-19 13:19:41.932 2334 2917 I InputDispatcher: Delivering touch to (6890): action: 0x0, f=0x0, d=0, '1b8f22f', t=1 +(0,-87)
02-19 13:19:41.932 6890 6890 I ViewRootImpl@1cdd9d5[InputMethod]: ViewPostIme pointer 0
02-19 13:19:41.933 6890 6890 I GestureDetector: obtain mCurrentDownEvent. id: 1825905375 caller: be0.b.b:1019 be0.b.onTouch:0 android.view.View.dispatchTouchEvent:16230
02-19 13:19:41.935 6890 6890 I HBD : d ATL SoundAndVibrationKeyA
02-19 13:19:41.936 6890 6890 I HBD : c sound is off
02-19 13:19:41.936 6890 6890 I HBD : d vib is off
02-19 13:19:41.936 6890 6890 I HBD : b [PF_KL] OTE none 0 2 6 4044792 (1, KEY_LOCK)
02-19 13:19:41.940 2334 2918 D InputReader: Btn_touch(9): value=0 when=263082.684417
02-19 13:19:41.940 2334 2918 I InputReader: Touch event's action is 0x1 (id=6, t=0) [pCnt=1, s=] when=263082.684417
02-19 13:19:41.941 2334 2917 I InputDispatcher: Delivering touch to (6890): action: 0x1, f=0x0, d=0, '1b8f22f', t=1 +(0,-87)
02-19 13:19:41.941 6890 6890 I ViewRootImpl@1cdd9d5[InputMethod]: ViewPostIme pointer 1
02-19 13:19:41.941 3685 3685 I HoneySpace.GestureInputHandler: reset
02-19 13:19:41.941 3685 3685 I HoneySpace.InputSession: close
02-19 13:19:41.941 6890 6890 I HBD : d ATL SpaceKeyA
02-19 13:19:41.942 6890 6890 I HBD : v3 wordSeparator:SPC
02-19 13:19:41.943 6890 6890 I HBD : c IIFO[r:483bf33a06][type:commit]
02-19 13:19:41.943 6890 6890 I HBD : c IIFO[r:3a2d8ec509][type:finish]
02-19 13:19:41.944 6890 6890 I HBD : h0 EBD key t 0
02-19 13:19:41.944 6890 6890 I HBD : b [HFFB][CHAR][ty:4][wp:5][ap:-][bd:t][sc:F]
02-19 13:19:41.944 6890 6890 I HBD : b [PF_KL] OTE none 1 1 5 3346614 (1, NONE)
02-19 13:19:41.949 6890 6890 I HBD : c1 ous - 2 , 2 , 3 , 3 , -1 , -1
02-19 13:19:41.949 6890 6890 I HBD : h0 EBD cm s 0
02-19 13:19:41.950 6890 6890 I HBD : [DirectWriting] AnimationController handleEvent() EditorRectChanged
02-19 13:19:41.950 6890 6890 I HBD : [DirectWriting] ToolbarController handleEvent() EditorRectChanged
02-19 13:19:41.967 1603 1760 D RenderEngine: [SEC_GC_CMN_SF_EFFECTS] drawLayersInternal,1279, Rendering layer at index 0
02-19 13:19:41.967 1603 1760 D RenderEngine: [SEC_GC_CMN_SF_EFFECTS] drawLayersInternal,1279, Rendering layer org.me.mobiexpensifyg/org.me.mobiexpensifyg.ExpensifyActivityBase$_21462#272730 at index 1
02-19 13:19:41.967 1603 1760 D RenderEngine: [SEC_GC_CMN_SF_EFFECTS] drawLayersInternal,1279, Rendering layer InputMethod$_6890#272773 at index 2
02-19 13:19:41.981 2334 2918 D InputReader: Btn_touch(9): value=1 when=263082.725570
02-19 13:19:41.981 2334 2918 I InputReader: Touch event's action is 0x0 (id=6, t=0) [pCnt=1, s=0.1953 ] when=263082.725570
02-19 13:19:41.981 2334 2917 I InputDispatcher: Delivering touch to (3256): action: 0x4, f=0x0, d=0, '3c5e648', t=1
02-19 13:19:41.981 2334 2917 I InputDispatcher: Delivering touch to (6890): action: 0x0, f=0x0, d=0, '1b8f22f', t=1 +(0,-87)
02-19 13:19:41.981 1484 22430 I sensors-hal: handle_sns_client_event:628, [0][1554] gyro_sample_cal(3) [-0.653,-0.047, 0.008] 1383760001809096
02-19 13:19:41.982 6890 6890 I ViewRootImpl@1cdd9d5[InputMethod]: ViewPostIme pointer 0
02-19 13:19:41.982 6890 6890 I GestureDetector: obtain mCurrentMotionEventRaw. action: 0 id: 660179713
02-19 13:19:41.982 6890 6890 I GestureDetector: obtain mCurrentDownEvent. id: 660179713 caller: be0.b.b:1019 be0.b.onTouch:0 android.view.View.dispatchTouchEvent:16230
02-19 13:19:41.982 3685 3685 I HoneySpace.GestureInputHandler: inputConsumers = [com.honeyspace.gesture.inputconsumer.InputConsumer$Companion$NO_OP$1@58c8177]
02-19 13:19:41.982 6194 6194 I SemDvfsHyPerManager: acquire hyper - TABoost/6194@27, type = 1090523139
02-19 13:19:41.982 3685 3685 I HoneySpace.InputSession: inputConsumers = NO_OP
02-19 13:19:41.983 3685 3685 I HoneySpace.InputSession: open
