02-19 13:19:29.723 1603 1760 D RenderEngine: [SEC_GC_CMN_SF_EFFECTS] drawLayersInternal,1279, Rendering layer org.me.mobiexpensifyg/org.me.mobiexpensifyg.ExpensifyActivityBase$_21462#272730 at index 1
02-19 13:19:29.729 21462 21555 I InputMethodManager: invalidateInput
02-19 13:19:29.735 21462 21462 I InputMethodManager: invalidateInput
02-19 13:19:29.735 21462 21462 I InputMethodManager: invalidateInput
02-19 13:19:29.735 21462 21462 I InputMethodManager: invalidateInput
02-19 13:19:29.736 21462 21462 I InputMethodManager: invalidateInput
02-19 13:19:29.736 21462 21462 I InputMethodManager: invalidateInput
02-19 13:19:29.739 21462 21462 D ScrollView: initGoToTop
02-19 13:19:29.740 21462 21462 D ScrollView: initGoToTop
02-19 13:19:29.740 21462 21462 W [RNScreens]: backTitleVisible prop is not available on Android
02-19 13:19:29.740 21462 21462 W [RNScreens]: largeTitleHideShadow prop is not available on Android
02-19 13:19:29.740 21462 21462 W [RNScreens]: disableBackButtonMenu prop is not available on Android
02-19 13:19:29.741 21462 21462 W [RNScreens]: backTitleVisible prop is not available on Android
02-19 13:19:29.741 21462 21462 W [RNScreens]: largeTitleHideShadow prop is not available on Android
02-19 13:19:29.741 21462 21462 W [RNScreens]: disableBackButtonMenu prop is not available on Android
02-19 13:19:29.741 21462 21462 W [RNScreens]: backTitleVisible prop is not available on Android
02-19 13:19:29.741 21462 21462 W [RNScreens]: largeTitleHideShadow prop is not available on Android
02-19 13:19:29.741 21462 21462 W [RNScreens]: disableBackButtonMenu prop is not available on Android
02-19 13:19:29.756 21462 21556 D RNFBCrashlyticsInit: isCrashlyticsCollectionEnabled via RNFBMeta: true
02-19 13:19:29.756 21462 21556 D RNFBCrashlyticsInit: isCrashlyticsCollectionEnabled final value: true
02-19 13:19:29.823 1603 1760 D RenderEngine: [SEC_GC_CMN_SF_EFFECTS] drawLayersInternal,1279, Rendering layer at index 0
02-19 13:19:29.823 1603 1760 D RenderEngine: [SEC_GC_CMN_SF_EFFECTS] drawLayersInternal,1279, Rendering layer org.me.mobiexpensifyg/org.me.mobiexpensifyg.ExpensifyActivityBase$_21462#272730 at index 1
02-19 13:19:29.840 21462 21857 W Kumiho-Kumiho: isSupportedFormat: Format is not supported
02-19 13:19:29.841 21462 21857 D OpenGLRenderer: --- Failed to create image decoder with message 'unimplemented'
02-19 13:19:29.841 21462 21857 W Kumiho-Kumiho: isSupportedFormat: Format is not supported
02-19 13:19:29.841 21462 21857 D OpenGLRenderer: --- Failed to create image decoder with message 'unimplemented'
02-19 13:19:29.841 21462 21857 W Kumiho-Kumiho: isSupportedFormat: Format is not supported
02-19 13:19:29.841 21462 21857 D OpenGLRenderer: --- Failed to create image decoder with message 'unimplemented'
02-19 13:19:29.841 21462 21860 W Kumiho-Kumiho: isSupportedFormat: Format is not supported
02-19 13:19:29.841 21462 21860 D OpenGLRenderer: --- Failed to create image decoder with message 'unimplemented'
02-19 13:19:29.841 21462 21860 W Kumiho-Kumiho: isSupportedFormat: Format is not supported
02-19 13:19:29.841 21462 21860 D OpenGLRenderer: --- Failed to create image decoder with message 'unimplemented'
02-19 13:19:29.841 21462 21860 W Kumiho-Kumiho: isSupportedFormat: Format is not supported
02-19 13:19:29.841 21462 21857 W Kumiho-Kumiho: isSupportedFormat: Format is not supported
02-19 13:19:29.841 21462 21860 D OpenGLRenderer: --- Failed to create image decoder with message 'unimplemented'
02-19 13:19:29.841 21462 21857 D OpenGLRenderer: --- Failed to create image decoder with message 'unimplemented'
02-19 13:19:29.841 21462 21857 W Kumiho-Kumiho: isSupportedFormat: Format is not supported
02-19 13:19:29.841 21462 21860 W Kumiho-Kumiho: isSupportedFormat: Format is not supported
02-19 13:19:29.841 21462 21857 D OpenGLRenderer: --- Failed to create image decoder with message 'unimplemented'
02-19 13:19:29.841 21462 21860 D OpenGLRenderer: --- Failed to create image decoder with message 'unimplemented'
02-19 13:19:29.841 21462 21860 W Kumiho-Kumiho: isSupportedFormat: Format is not supported
02-19 13:19:29.841 21462 21857 W Kumiho-Kumiho: isSupportedFormat: Format is not supported
02-19 13:19:29.841 21462 21860 D OpenGLRenderer: --- Failed to create image decoder with message 'unimplemented'
02-19 13:19:29.841 21462 21857 D OpenGLRenderer: --- Failed to create image decoder with message 'unimplemented'
02-19 13:19:29.842 21462 21858 W Kumiho-Kumiho: isSupportedFormat: Format is not supported
02-19 13:19:29.842 21462 21858 D OpenGLRenderer: --- Failed to create image decoder with message 'unimplemented'
02-19 13:19:29.842 21462 21858 W Kumiho-Kumiho: isSupportedFormat: Format is not supported
02-19 13:19:29.842 21462 21859 W Kumiho-Kumiho: isSupportedFormat: Format is not supported
02-19 13:19:29.842 21462 21858 D OpenGLRenderer: --- Failed to create image decoder with message 'unimplemented'
02-19 13:19:29.842 21462 21858 W Kumiho-Kumiho: isSupportedFormat: Format is not supported
02-19 13:19:29.842 21462 21859 D OpenGLRenderer: --- Failed to create image decoder with message 'unimplemented'
02-19 13:19:29.842 21462 21858 D OpenGLRenderer: --- Failed to create image decoder with message 'unimplemented'
02-19 13:19:29.842 21462 21859 W Kumiho-Kumiho: isSupportedFormat: Format is not supported
02-19 13:19:29.842 21462 21858 W Kumiho-Kumiho: isSupportedFormat: Format is not supported
02-19 13:19:29.842 21462 21859 D OpenGLRenderer: --- Failed to create image decoder with message 'unimplemented'
02-19 13:19:29.842 21462 21858 D OpenGLRenderer: --- Failed to create image decoder with message 'unimplemented'
02-19 13:19:29.842 21462 21859 W Kumiho-Kumiho: isSupportedFormat: Format is not supported
02-19 13:19:29.842 21462 21858 W Kumiho-Kumiho: isSupportedFormat: Format is not supported
02-19 13:19:29.842 21462 21859 D OpenGLRenderer: --- Failed to create image decoder with message 'unimplemented'
02-19 13:19:29.842 21462 21858 D OpenGLRenderer: --- Failed to create image decoder with message 'unimplemented'
02-19 13:19:29.842 21462 21859 W Kumiho-Kumiho: isSupportedFormat: Format is not supported
02-19 13:19:29.842 21462 21858 W Kumiho-Kumiho: isSupportedFormat: Format is not supported
02-19 13:19:29.842 21462 21859 D OpenGLRenderer: --- Failed to create image decoder with message 'unimplemented'
02-19 13:19:29.842 21462 21858 D OpenGLRenderer: --- Failed to create image decoder with message 'unimplemented'
02-19 13:19:29.842 21462 21859 W Kumiho-Kumiho: isSupportedFormat: Format is not supported
02-19 13:19:29.842 21462 21859 D OpenGLRenderer: --- Failed to create image decoder with message 'unimplemented'
02-19 13:19:29.842 21462 21859 W Kumiho-Kumiho: isSupportedFormat: Format is not supported
02-19 13:19:29.843 21462 21860 W Kumiho-Kumiho: isSupportedFormat: Format is not supported
02-19 13:19:29.843 21462 21860 D OpenGLRenderer: --- Failed to create image decoder with message 'unimplemented'
02-19 13:19:29.843 21462 21859 D OpenGLRenderer: --- Failed to create image decoder with message 'unimplemented'
02-19 13:19:29.857 21462 21462 I InputMethodManager: invalidateInput
02-19 13:19:29.868 9756 9817 I eqmw : (REDACTED) appOpsListener %s %s
02-19 13:19:29.869 9756 9817 I eqmw : (REDACTED) Ignoring irrelevant audio permission changes for package %s
02-19 13:19:29.888 1482 1505 D BatteryDump: wait_for_battery_event : occurred : change@/devices/platform/samsung_mobile_device/samsung_mobile_device:battery/power_supply/battery
02-19 13:19:29.894 1482 1482 I android.hardware.health@2.1-service-samsung: updateLrpSysfs: write: 337
02-19 13:19:29.896 2334 3051 D BatteryService: Sending ACTION_BATTERY_CHANGED: level:34, status:3, health:2, remain:0, ac:false, usb:false, wireless:false, pogo:false, misc:0x10000, charge_type:0, charger_type:0, voltage:3747, temperature:331, online:1, charging_status:0, cycle_count:0, current_avg:-393, ps:false, hvc:false, capacity:280000, current_event:0x40000000, current_now:-1521, mcc:0, mcv:0, cc:1376340, present:true, scale:100, technology:Li-ion
02-19 13:19:29.898 2334 3142 I DeviceBatteryInfoService: action: android.intent.action.BATTERY_CHANGED
02-19 13:19:29.898 2334 3142 I DeviceBatteryInfoService: phone battery level: 34
02-19 13:19:29.898 2334 3142 I DeviceBatteryInfoService: phone battery status: 3
02-19 13:19:29.900 2334 2334 D AdaptiveBrightnessLongtermModelBuilder: Received android.intent.action.BATTERY_CHANGED
02-19 13:19:29.900 2334 2970 D MotionRecognitionService: [SAR] onReceive : ACTION_BATTERY_CHANGED, Plugged: 0
02-19 13:19:29.900 2334 2901 D SEP_UNION_SemDeviceInfoManagerService: onReceive : android.intent.action.BATTERY_CHANGED, userId = 0
02-19 13:19:29.901 3232 3232 D SemBigDataInfoController: Intent: android.intent.action.BATTERY_CHANGED
02-19 13:19:29.902 3232 3232 D SemBigDataInfoController: Intent: android.intent.action.BATTERY_CHANGED
02-19 13:19:29.902 3256 3256 I PowerUI : mBootCompleted = true | mFullyConnected = true
02-19 13:19:29.903 3256 3256 I PowerUI : BATTERY_HEALTH_CHECK extraHealth=2 mBatteryMiscEvent=65536
02-19 13:19:29.903 3256 3256 I PowerUI : dismissAdaptiveProtectionNotification
02-19 13:19:29.903 3256 3256 D SecPowerUI.Notification: SecBatteryStatsSnapshot{batteryLevel=34, currentBatteryMode=0, chargingTime=0, chargingType=0, batteryHealth=2, automaticTestMode=false, isHiccupState=false, optChargingFinishTime=}
02-19 13:19:29.904 2334 3169 D KNOX_MDM_SettingsProvider: isChangeAllowed() : name = key_sleep_charging
02-19 13:19:29.904 2334 3169 D KNOX_MDM_SettingsProvider: edmUri: content://com.sec.knox.provider/RestrictionPolicy3
02-19 13:19:29.904 2334 3169 D KNOX_MDM_SettingsProvider: projectionArgs: isSettingsChangesAllowed
02-19 13:19:29.904 2334 3169 D KNOX_MDM_SettingsProvider: selectionArgs: false
02-19 13:19:29.904 2334 3169 D KNOX_MDM_SettingsProvider: selectionArgs: 10039
02-19 13:19:29.904 2334 3169 D SecContentProvider: query(), uri = 17 selection = isSettingsChangesAllowed
02-19 13:19:29.904 2334 3169 D SecContentProvider: called from android.uid.systemui:10039
02-19 13:19:29.904 2334 3169 D RestrictionPolicy: isSettingsChangesAllowedAsUser, userId 0 : true
02-19 13:19:29.904 2334 3169 D KNOX_MDM_SettingsProvider: ret = 1
02-19 13:19:29.905 3256 3256 W PowerUI : Plug reason
02-19 13:19:29.905 3256 3256 W PowerUI : Skip charging animation - by plug status
02-19 13:19:29.905 3256 3256 D PowerUI : priorPlugType = 0 mPlugType = 0 priorBatteryStatus = 3 mBatteryStatus = 3
02-19 13:19:29.905 3256 3256 W PowerUI : Plug reason
02-19 13:19:29.905 3256 3256 W PowerUI : Skip charging sound - by plug status
02-19 13:19:29.905 3256 3256 I PowerUI : oldMisalign : false, curMisalign : false
02-19 13:19:29.905 3256 3256 D SecPowerUI.Notification: dismissSlowByChargerConnectionInfoPopUp()
02-19 13:19:29.905 3256 3256 D SecPowerUI.Notification: dismissChargingNotification()
02-19 13:19:29.905 3256 3256 D SecPowerUI.Notification: SecBatteryStatsSnapshot{batteryLevel=34, currentBatteryMode=0, chargingTime=0, chargingType=0, batteryHealth=2, automaticTestMode=false, isHiccupState=false, optChargingFinishTime=}
02-19 13:19:29.905 3256 3256 D PowerUI : Battery swelling mode - priorBatterySwellingMode = 0 mBatterySwellingMode = 0 mBatteryStatus = 3
02-19 13:19:29.905 3256 3256 I PowerUI : mBatteryMiscEvent = 65536
02-19 13:19:29.905 3256 3256 I PowerUI : checkRestoreProtectBattery pb value : 0, Scheduling start ? : false
02-19 13:19:29.905 3256 3256 I PowerUI : Clear time
02-19 13:19:29.906 2334 3169 D KNOX_MDM_SettingsProvider: isChangeAllowed() : name = ltc_highsoc_exceed_time
02-19 13:19:29.906 2334 3169 D KNOX_MDM_SettingsProvider: edmUri: content://com.sec.knox.provider/RestrictionPolicy3
02-19 13:19:29.906 2334 3169 D KNOX_MDM_SettingsProvider: projectionArgs: isSettingsChangesAllowed
02-19 13:19:29.906 2334 3169 D KNOX_MDM_SettingsProvider: selectionArgs: false
02-19 13:19:29.906 2334 3169 D KNOX_MDM_SettingsProvider: selectionArgs: 10039
02-19 13:19:29.906 2334 3169 D SecContentProvider: query(), uri = 17 selection = isSettingsChangesAllowed
02-19 13:19:29.906 2334 3169 D SecContentProvider: called from android.uid.systemui:10039
02-19 13:19:29.906 2334 3169 D RestrictionPolicy: isSettingsChangesAllowedAsUser, userId 0 : true
02-19 13:19:29.906 2334 3169 D KNOX_MDM_SettingsProvider: ret = 1
02-19 13:19:29.906 3256 3256 I PowerUI : checkBatteryProtectionNotification : 3, pb value : 0, plugType : 0, level : 34
02-19 13:19:29.906 3256 3256 D SecPowerUI.Notification: SecBatteryStatsSnapshot{batteryLevel=34, currentBatteryMode=0, chargingTime=0, chargingType=0, batteryHealth=2, automaticTestMode=false, isHiccupState=false, optChargingFinishTime=}
02-19 13:19:29.907 3256 3256 D PowerUI : checkBatteryProtectionTipsNotification, first : false
02-19 13:19:29.907 3256 3256 I AODBatteryManager: updateBatteryData: ACTION_BATTERY_CHANGED
02-19 13:19:29.907 3256 3256 I AODBatteryManager: getChargeEstimateTime: not charging
02-19 13:19:29.907 3256 3256 I AODBatteryManager: saveBatteryData : AOD BatteryData [mBatteryLevel=34, mBatteryStatus=DISCHARGING, mBatteryPlugType=NOT_DEFINED, mBatteryPlugged=false, mRemainingChargeTime=0, mBatteryChargingType=0, mBatteryChargerType=NORMAL, mBatteryOnline=NONE, mBatterySwellingMode=NONE, mBatteryProtectMode=false, mBatteryProtectModeType=0, mSleepChargingEvent=null, mSleepChargingEventFinishTime=null]
02-19 13:19:29.907 3256 3256 D SamsungBatteryMeterDrawable: onBatteryLevelChanged isSomethingChanged: false
02-19 13:19:29.907 3256 3256 D SamsungBatteryMeterDrawable: onBatteryLevelChanged isSomethingChanged: false
02-19 13:19:29.907 3256 3256 D SamsungBatteryMeterDrawable: onBatteryLevelChanged isSomethingChanged: false
02-19 13:19:29.907 3256 3256 D KeyguardUpdateMonitor: handleBatteryUpdate
02-19 13:19:29.908 2334 2901 D ActivityManager: Received SERVICE intent 0x75e9b80 Key{startService pkg=com.samsung.android.app.routines intent=act=com.samsung.android.app.routines.ACTION_CONDITION_STATE_CHANGED cmp=com.samsung.android.app.routines/.engine.service.RoutineEngineService flags=0x2000000 u=0} requestCode=14 from uid 1000
02-19 13:19:29.908 2334 2901 D SEP_UNION_SemDeviceInfoManagerService: Send intent com.samsung.android.app.routines.ACTION_CONDITION_STATE_CHANGED, userId: 0 by broadcast
02-19 13:19:29.909 2113 2113 I [SCPMV2][SystemMonitorReceiver]: onReceive: android.intent.action.BATTERY_CHANGED
02-19 13:19:29.911 5013 5013 I Routine@Core[4.7.02.0]: RoutineEngineService: onCreate
02-19 13:19:29.911 5013 5013 I Routine@Core[4.7.02.0]: RoutineEngineService: onConditionStateChanged: packageName=com.samsung.android.app.routines, tag=battery_condition
02-19 13:19:29.912 5013 21592 I Routine@Core[4.7.02.0]: ProcessUtils: setProcessImportant: needForeground=true, reason=ENGINE_COORDINATOR
02-19 13:19:29.914 5013 21592 I Routine@Core[4.7.02.0]: COORD/CoordinatorRequestHandler: onCallReceive - method: condition_state_changed
02-19 13:19:29.914 5013 5064 I Routine@Core[4.7.02.0]: COORD/CoordinatorRequestHandler: threadHandler.handleMessage - message: CONDITION_STATE_CHANGED
02-19 13:19:29.915 5013 5064 I Routine@Core[4.7.02.0]: COORD/ConditionStateHandlerImpl: onConditionStateChanged: packageName=com.samsung.android.app.routines, tag=battery_condition, size=1
02-19 13:19:29.915 5013 5064 I Routine@Core[4.7.02.0]: COORD/BasicConditionController: handleConditions: conditions.size=1
02-19 13:19:29.915 5013 5064 I Routine@Core[4.7.02.0]: COORD/BasicConditionController: handleConditions: condition=RoutineCondition(meta=ConditionMeta(id=14, tag=battery_condition, packageName=com.samsung.android.app.routines, componentName=com.samsung.android.app.routines/.preloadproviders.provider.PreloadRoutineConditionProvider, componentType=provider, labelResourceId=2131886311, subLabelResourceId=-1, enabledLabelResourceId=2131886310, negativeEnabledLabelResourceId=-1, _isSupportNegative=0, descriptionResourceId=0, iconResourceId=2131230979, configActivity=com.samsung.android.app.routines/.preloadproviders.system.conditions.batterylevel.BatteryLevelConfigActivity, category=null, defaultParameter=null, defaultParameterLabel=null, uri=null, correctParam=null, supportState=1, attributes=null, version=1), _instance=ConditionInstance(id=2, uuid=4564365990217860849, routineId=2, parameterLabel=Equal to or above 95%, param=95;1, isNegative=-1, timestamp=1739820219576, validState=0, extra=, _triggerStatus=0))
02-19 13:19:29.916 5013 5064 I Routine@Core[4.7.02.0]: TASKD/ConditionTaskAdapterFactory: createConditionTaskAdapter - metaId=battery_condition(id=14)
02-19 13:19:29.916 5013 5064 I Routine@Core[4.7.02.0]: TASKD/ConditionTaskAdapterFactory: createConditionTaskAdapter - metaId=battery_condition(id=14)
02-19 13:19:29.917 5013 5064 I Routine@Core[4.7.02.0]: BatteryLevelCondition: isSatisfied, param : 95;1, isNegative : falsecurrent percent : 34, goal : 95
02-19 13:19:29.917 5013 5064 I Routine@Core[4.7.02.0]: COORD/BasicConditionController: handleConditions: isSatisfied=false (conditionId=battery_condition(id=2, uuid=456436, routineId=2))
02-19 13:19:29.918 5013 5064 I Routine@Core[4.7.02.0]: COORD/BasicConditionController: isConditionOfLifestyleMode: routineId=2(uuid=167416, name=Battery level)[READY], isLifestyleModeRoutine=false, conditionId=battery_condition(id=2, uuid=456436, routineId=2)
02-19 13:19:29.919 5013 5064 I Routine@Core[4.7.02.0]: COORD/ConditionProgressCallback: doTriggerOff: routineState=READY (routineId=2(uuid=167416, name=Battery level)[READY]) (conditionId=battery_condition(id=2, uuid=456436, routineId=2))
02-19 13:19:29.919 5013 5064 W Routine@Core[4.7.02.0]: COORD/ConditionProgressCallback: doTriggerOff: not handled status. routineState=READY
02-19 13:19:29.919 5013 21592 I Routine@Core[4.7.02.0]: ProcessUtils: setProcessImportant: needForeground=false, reason=ENGINE_COORDINATOR
02-19 13:19:29.920 5013 5013 I Routine@Core[4.7.02.0]: RoutineEngineService: onConditionStateChanged.onComplete: tag=battery_condition
02-19 13:19:29.920 5013 5013 I Routine@Core[4.7.02.0]: RoutineEngineService: onStartCommand.onConditionStateChanged: result=true
02-19 13:19:29.921 5013 5013 I Routine@Core[4.7.02.0]: RoutineEngineService: onDestroy
02-19 13:19:29.923 1603 1760 D RenderEngine: [SEC_GC_CMN_SF_EFFECTS] drawLayersInternal,1279, Rendering layer at index 0
02-19 13:19:29.923 1603 1760 D RenderEngine: [SEC_GC_CMN_SF_EFFECTS] drawLayersInternal,1279, Rendering layer org.me.mobiexpensifyg/org.me.mobiexpensifyg.ExpensifyActivityBase$_21462#272730 at index 1
02-19 13:19:30.013 1482 1505 E BatteryDump: !@new_battery_dump : 3747,-1521,100,100,34,331,324,344,331,0,335,900,329,Discharging,NO_CHARGING,None,Good,NONE,0,Normal,0,0,11400,0x40000000,0x10000,0x0,0,0,0000,0000,00000000,3723,3782,-370,-771,225,3826,3447,990,0,
02-19 13:19:30.024 1603 1760 D RenderEngine: [SEC_GC_CMN_SF_EFFECTS] drawLayersInternal,1279, Rendering layer at index 0
02-19 13:19:30.024 1603 1760 D RenderEngine: [SEC_GC_CMN_SF_EFFECTS] drawLayersInternal,1279, Rendering layer org.me.mobiexpensifyg/org.me.mobiexpensifyg.ExpensifyActivityBase$_21462#272730 at index 1
02-19 13:19:30.125 1603 1760 D RenderEngine: [SEC_GC_CMN_SF_EFFECTS] drawLayersInternal,1279, Rendering layer at index 0
02-19 13:19:30.125 1603 1760 D RenderEngine: [SEC_GC_CMN_SF_EFFECTS] drawLayersInternal,1279, Rendering layer org.me.mobiexpensifyg/org.me.mobiexpensifyg.ExpensifyActivityBase$_21462#272730 at index 1
02-19 13:19:30.165 2334 4863 D SemWifiUsabilityStatsMonitor: onWifiUsabilityStats - seqNum 53167, isSameBssidAndFreq true
02-19 13:19:30.166 2334 3092 I SemWifiLinkQualityMonitor: Link stat: 2370 / 44 / 1.35 (162) / 526 / -47.0 || 100.0 : 526.00 / 0.5 : 0.74 / 0.55 : 0.02 / G (G) || 0.09 ms / 90.32 Mbps / N || 0 / N / 0 Y / 0 Y
02-19 13:19:30.237 21462 21462 I InputMethodManager_LC: showSoftInput(View,I)
02-19 13:19:30.238 21462 21462 I ImeTracker: org.me.mobiexpensifyg:86667dda: onRequestShow at ORIGIN_CLIENT_SHOW_SOFT_INPUT reason SHOW_SOFT_INPUT
02-19 13:19:30.238 21462 21462 I InputMethodManager_LC: ssi(): flags=0 view=org.me.mobiexpensifyg reason = SHOW_SOFT_INPUT
02-19 13:19:30.239 21462 21462 D InputMethodManagerUtils: startInputInner - Id : 0
02-19 13:19:30.239 21462 21462 I InputMethodManager: startInputInner - IInputMethodManagerGlobalInvoker.startInputOrWindowGainedFocus
02-19 13:19:30.241 2334 7346 V InputMethodManagerService: startInputOrWindowGainedFocusInternalLocked: reason=CHECK_FOCUS clientState=772e1c1 editorInfo=android.view.inputmethod.EditorInfo@aa9f52e startInputFlags=VIEW_HAS_FOCUS|IS_TEXT_EDITOR|INITIAL_CONNECTION softInputMode=STATE_UNSPECIFIED|ADJUST_RESIZE windowFlags=#81810100 sameWindowFocused=true
02-19 13:19:30.241 2334 7346 D InputMethodManagerService: setWindowStateInner, windowToken=android.os.BinderProxy@9c91fce, state=ImeTargetWindowState{ imeToken null imeFocusChanged false hasEditorFocused true requestedImeVisible false imeDisplayId 0 softInputModeState STATE_UNSPECIFIED|ADJUST_RESIZE isStartInputByGainFocus false}
02-19 13:19:30.241 2334 7346 D InputMethodManagerService: DESKTOP MODE! : 2
02-19 13:19:30.241 2334 7346 D InputMethodManagerService: NOT IN KNOX DESKTOP MODE!
02-19 13:19:30.241 2334 7346 V InputMethodManagerService: getDisplayIdOfInputMethodWindowToBeAdded: displayId=0
02-19 13:19:30.241 2334 7346 D InputMethodManagerService: isImeSwitcherDisabledPackage : false
02-19 13:19:30.241 2334 7346 D InputMethodManagerService: checkDisplayOfStartInputAndUpdateKeyboard: displayId=0, mFocusedDisplayId=0
02-19 13:19:30.242 2334 7346 D InputTransport: Input channel constructed: 'ClientS', fd=920
02-19 13:19:30.242 2334 7346 D InputTransport: Input channel destroyed: 'ClientS', fd=920
02-19 13:19:30.242 21462 21462 D CompatibilityChangeReporter: Compat change id reported: 163400105; UID 11571; state: ENABLED
02-19 13:19:30.242 21462 21462 D InputMethodManager: showSoftInput() view=com.facebook.react.views.textinput.ReactEditText{6b9affc VFED..CL. .F....ID 0,0-799,112 #8d6 aid=1073741825} flags=0 reason=SHOW_SOFT_INPUT
02-19 13:19:30.242 2334 3169 V InputMethodManagerService: Client requesting input be shown, flags : 0
02-19 13:19:30.242 2334 3169 D InputMethodManagerService: ACCESS_CONTROL_ENABLED = false, ACCESS_CONTROL_KEYBOARD_BLOCK = true
02-19 13:19:30.242 2334 3169 D InputMethodManagerService: setWindowStateInner, windowToken=android.os.BinderProxy@9c91fce, state=ImeTargetWindowState{ imeToken android.os.Binder@42b525c imeFocusChanged false hasEditorFocused true requestedImeVisible true imeDisplayId 0 softInputModeState STATE_UNSPECIFIED|ADJUST_RESIZE isStartInputByGainFocus false}
02-19 13:19:30.243 2334 3169 D InputMethodBindingController: bindCurrentInputMethodService: caller=com.android.server.inputmethod.InputMethodBindingController.setCurrentMethodVisible:541 com.android.server.inputmethod.InputMethodManagerService.showCurrentInputLocked:4100 com.android.server.inputmethod.InputMethodManagerService.showSoftInput:3890 com.android.internal.view.IInputMethodManager$Stub.onTransact:528 com.android.server.inputmethod.InputMethodManagerService.onTransact:2204 android.os.Binder.execTransactInternal:1375 android.os.Binder.execTransact:1311
02-19 13:19:30.243 6890 6890 I HBD : HoneyBoardService onFinishInput
02-19 13:19:30.243 6890 6890 I HBD : a IC have been unbinding, RemoteInputConnection{idHash=#341bda9}
02-19 13:19:30.243 6890 6890 I HBD : HoneyBoardService [PF_CL][onFinishInput] 0 ms
02-19 13:19:30.243 6890 6890 I HBD : HoneyBoardService [IMI] onStartInput - caller pid : 21462 , caller uid : 11571
02-19 13:19:30.243 6890 6890 I HBD : m updateConfigs
02-19 13:19:30.243 6890 6890 I HBD : m isEnabledNightMode : true
02-19 13:19:30.243 6890 6890 I HBD : a IC have been binding, RemoteInputConnection{idHash=#9272663}
02-19 13:19:30.243 6890 6890 I HBD : g [EditorInputType]setPrivateImeOptionsToTable privateImeOptions ( null )
02-19 13:19:30.243 6890 6890 I HBD : b incognitoMode : false
02-19 13:19:30.243 6890 6890 I HBD : a [CPS]isPredictionOnByLanguage :false, isForceOff : false, isPredictionOn : true , isOnPref : true
02-19 13:19:30.243 6890 6890 I HBD : g getDefaultInputRange : UNKNOWN
02-19 13:19:30.243 6890 6890 I HBD : g getDefaultInputRange : UNKNOWN
02-19 13:19:30.243 6890 6890 I HBD : g getDefaultInputRange : UNKNOWN
02-19 13:19:30.243 2334 3169 I ActivityManager: Changes in 10189 7 to 5, 0 to 63
02-19 13:19:30.244 6890 6890 I HBD : a update cached prediction status : true
02-19 13:19:30.244 2334 3169 V InputMethodManagerService: Calling com.android.server.inputmethod.IInputMethodInvoker@3fc10de.showSoftInput(android.os.BinderProxy@9c91fce, 1, null) for reason: SHOW_SOFT_INPUT
02-19 13:19:30.244 6890 6890 I HBD : g getDefaultInputRange : UNKNOWN
02-19 13:19:30.244 6890 6890 I HBD : a currentState : 4
02-19 13:19:30.244 6890 6890 I HBD : h isCoverDisplay : true, cached selected json info : SelectedLanguageInfo(languageVersion=4.1, currentLanguageOrder=0, selectedLanguageList=[SelectedLanguage(id=65538, isUsed=true, engName=English, inputType=qwerty, activeOptionList=[auto_replace, writing_assistant]), SelectedLanguage(id=4653073, isUsed=true, engName=Simplified Chinese, inputType=phonepad, activeOptionList=[])])
02-19 13:19:30.244 6890 6890 I HBD : b [UpdatePolicy] [post] a: 0 cl: 65538 kit: [0/0] vt: 0 ir: 1
02-19 13:19:30.245 1843 6980 I CameraService: onUidStateChanged: uid=10189, procState is changed. (7 -> 5)
02-19 13:19:30.248 6890 6890 I HBD : a [NRIC] resetNoResponseState
02-19 13:19:30.248 6890 6890 I HBD : a update cached prediction status : true
02-19 13:19:30.248 6890 6890 I HBD : b [AiWriter] setContact : org.me.mobiexpensifyg
02-19 13:19:30.248 6890 6890 I HBD : HoneyBoardService [PF_OP][onStartInput] 5 ms
02-19 13:19:30.248 6890 6890 I HBD : d showInputView requested current = true, applyNow = true
02-19 13:19:30.248 6890 6890 I InputMethod: showSoftInput(): flags=1
02-19 13:19:30.248 2334 3169 I InputMethodManagerService: isAccessoryKeyboard 0
02-19 13:19:30.249 6890 6890 I HBD : HoneyBoardService onEvaluateInputViewShown: true
02-19 13:19:30.249 2334 7346 I InputMethodManagerService: isAccessoryKeyboard 0
02-19 13:19:30.249 6890 6890 I HBD : HoneyBoardService onEvaluateInputViewShown: true
02-19 13:19:30.249 6890 6890 I HBD : HoneyBoardService onStartInputView : restarting=false, client=org.me.mobiexpensifyg, pid=21462
02-19 13:19:30.249 6890 6890 I HBD : g [EditorInputType]setPrivateImeOptionsToTable privateImeOptions ( null )
02-19 13:19:30.249 6890 7405 I SemDvfsHyPerManager: acquire hyper - SKBD_RE_ENTER_SHOW/6890@1, type = -999
02-19 13:19:30.249 6890 6890 I HBD : b incognitoMode : false
02-19 13:19:30.249 6890 6890 I HBD : g getDefaultInputRange : UNKNOWN
02-19 13:19:30.249 6890 6890 I HBD : g getDefaultInputRange : UNKNOWN
02-19 13:19:30.249 6890 6890 I HBD : g getDefaultInputRange : UNKNOWN
02-19 13:19:30.249 6890 6890 I HBD : HoneyBoardService onStartInputViewInternal: inputType=0xc001, imeOptions=0x2, initialSelStart=20, initialSelEnd=20
02-19 13:19:30.249 6890 6890 I HBD : f applyThemesPolicy
02-19 13:19:30.250 6890 6890 I HBD : e mIsGalaxyTheme = false mIsDexDesktopDisplay : false IsRequiredDarkTypeTheme = true night mode : true mIsEnabledHighContrast = false mIsOpenThemeForHoneyBoardInstalled = true mIsWallpaperThemeInstalled = true mIsThemeParkTheme = false
02-19 13:19:30.250 6890 6890 I HBD : a theme : HomeThemeLastUsed in DarkMode
02-19 13:19:30.250 6890 6890 I HBD : f update KeyboardTheme themeIndex : 0x 80000000 theme : Home Theme
02-19 13:19:30.250 1492 1518 I HYPER-HAL: [RequestManager.cpp]acquire(): Acquired ID : 23746387 [6890 / 1] HINT : KBD_APP_RE_ENTER_VIEW list : [TIMEOUT / 400]
02-19 13:19:30.250 6890 6890 I HBD : a set Theme convertedIndex : 1
02-19 13:19:30.250 6890 6890 I HBD : a onThemeChanged: currTheme = 1, nextTheme = 1
02-19 13:19:30.250 6890 6890 I HBD : d onUpdate: mThemeStyle = 1
02-19 13:19:30.250 6890 6890 I HBD : a updatePredictionStatus : 1, editorOpt
02-19 13:19:30.250 6890 6890 I HBD : a updateForEditorClass isPredictionOn = true
02-19 13:19:30.250 6890 7659 I HBD : h0 EBD tb start :1
02-19 13:19:30.250 6890 7659 I HBD : h [SKE_LM] disableTags : id:zh_CN
02-19 13:19:30.253 6890 7659 I HBD : h0 EBD tb end :1
02-19 13:19:30.254 6890 6890 I HBD : f1 [SCV] (8) 14 2 12 22 1 3 2 4
02-19 13:19:30.255 6890 6890 I HBD : h0 EBD ssu f 1
02-19 13:19:30.255 6890 6890 I HBD : b [UpdatePolicy] [post] a: 1 cl: 65538 kit: [0/0] vt: 0 ir: 1
02-19 13:19:30.256 2334 3169 D KNOX_MDM_SettingsProvider: isChangeAllowed() : name = enabled_input_methods
02-19 13:19:30.256 1603 1760 D RenderEngine: [SEC_GC_CMN_SF_EFFECTS] drawLayersInternal,1279, Rendering layer at index 0
02-19 13:19:30.256 2334 3169 D KNOX_MDM_SettingsProvider: edmUri: content://com.sec.knox.provider/RestrictionPolicy3
02-19 13:19:30.256 2334 3169 D KNOX_MDM_SettingsProvider: projectionArgs: isSettingsChangesAllowed
02-19 13:19:30.256 2334 3169 D KNOX_MDM_SettingsProvider: selectionArgs: false
02-19 13:19:30.256 2334 3169 D KNOX_MDM_SettingsProvider: selectionArgs: 10189
02-19 13:19:30.256 6890 6890 I HBD : a update cached prediction status : true
02-19 13:19:30.256 1603 1760 D RenderEngine: [SEC_GC_CMN_SF_EFFECTS] drawLayersInternal,1279, Rendering layer org.me.mobiexpensifyg/org.me.mobiexpensifyg.ExpensifyActivityBase$_21462#272730 at index 1
02-19 13:19:30.256 2334 3169 D SecContentProvider: query(), uri = 17 selection = isSettingsChangesAllowed
02-19 13:19:30.256 2334 3169 D SecContentProvider: called from android.uid.honeyboard:10189
02-19 13:19:30.256 2334 3169 D RestrictionPolicy: isSettingsChangesAllowedAsUser, userId 0 : true
02-19 13:19:30.256 2334 3169 D KNOX_MDM_SettingsProvider: ret = 1
02-19 13:19:30.256 6890 6890 I HBD : a [SKE_TAM] Changed false
02-19 13:19:30.256 2334 3169 D KNOX_MDM_SettingsProvider: isChangeAllowed() : name = default_input_method
02-19 13:19:30.256 2334 3169 D KNOX_MDM_SettingsProvider: edmUri: content://com.sec.knox.provider/RestrictionPolicy3
02-19 13:19:30.256 2334 3169 D KNOX_MDM_SettingsProvider: projectionArgs: isSettingsChangesAllowed
02-19 13:19:30.256 2334 3169 D KNOX_MDM_SettingsProvider: selectionArgs: false
02-19 13:19:30.256 2334 3169 D KNOX_MDM_SettingsProvider: selectionArgs: 10189
02-19 13:19:30.256 6890 6890 I HBD : a update cached prediction status : true
02-19 13:19:30.256 2334 3169 D SecContentProvider: query(), uri = 17 selection = isSettingsChangesAllowed
02-19 13:19:30.256 6890 6890 I HBD : ::BnR:: d HONEY_SUPPORT_DATA_MIGRATION_FROM_SKBD : true, isMigrateNotNeeded : true, isFinishMigPreferences : false, isPasswordInputType : falseisUserUnlocked : true
02-19 13:19:30.256 2334 3169 D SecContentProvider: called from android.uid.honeyboard:10189
02-19 13:19:30.256 2334 3169 D RestrictionPolicy: isSettingsChangesAllowedAsUser, userId 0 : true
02-19 13:19:30.256 6890 22321 I HBD : b refresh(), mParameterMode, 0
02-19 13:19:30.256 2334 3169 D KNOX_MDM_SettingsProvider: ret = 1
02-19 13:19:30.256 6890 22321 I HBD : a [AiWriter] setContact : org.me.mobiexpensifyg
02-19 13:19:30.257 6890 6890 I HBD : a updateMultiTapTimeValue
02-19 13:19:30.257 6890 6890 I HBD : a getMultiTapTimeoutValue
02-19 13:19:30.257 6890 6890 I HBD : a getSingleVowelMultiTapTimeoutValue
02-19 13:19:30.257 6890 6890 I HBD : a [AiWriter] determineTranslateLanguage
02-19 13:19:30.257 6890 6890 I HBD : c1 [AiWriter] chat translation null isTranslationClosed : false lang : restarting : false hash : -1188828979 is from translation : false
02-19 13:19:30.257 6890 12338 I HBD : p updated Sub Types. English
02-19 13:19:30.257 6890 6890 I HBD : b onBind
02-19 13:19:30.257 6890 22324 I HBD : a InputMethodSubtype is set as local:en_GB
02-19 13:19:30.257 6890 22323 I HBD : c1 requestCursorUpdates returned true , 0
02-19 13:19:30.257 6890 6890 I HBD : b updateConfigForInvalidate: [EditorEnterActionItem] 0x2* /
02-19 13:19:30.258 6890 6890 I HBD : b updateConfig: [LanguageItem] English / [KeyboardViewTypeItem] 0 / [KeyboardInputTypeItem] mainType(0), subType(0)* / [CurrentLanguageInputTypeItem] mainType(0), subType(0) / [KeyboardInputRangeItem] 1* / [SelectedLanguageItem] 2 / [TextOrNullInputClassItem] true* / [NumberOnlyInputTypeItem] false* / [NumberInputClassItem] false* / [DigitEditorItem] false* / [NumberKeyFirstLineItem] true /
02-19 13:19:30.258 6890 12341 I HBD : h [AiWriter][PostHistory] setIfNeedUpdatePreviousText: false
02-19 13:19:30.258 6890 6890 I HBD : b updateConfig: [AlternativeCharacterItem] true / [SpaceRowStyleCmItem] true / [SpaceRowStylePeriodItem] true / [SpaceRowStyleEmailURLPeriodItem] true / [SpaceRowStyleEmailURLDotComItem] true / [SpaceRowStyleEmailURLPeriodItem] true / [SpaceRowStyleEmailURLDotComItem] false* / [SpaceRowStyleJapaneseArrowItem] true / [SpaceRowStyleJapanesePeriodItem] true / [TouchAndHoldSpaceBarTypeItem] cursor_control / [UseToolBarItem] true /
02-19 13:19:30.258 6890 6890 I HBD : b updateConfig: [VoiceInputTypeItem] 1 / [DensityItem] 2.625 / [DisplayWidthItem] 904 / [DisplayHeightItem] 2190 / [MainTextLabelItem] 1 / [LanguageSwitchingUsingSpaceBarItem] true / [CoverDisplayModeItem] true / [VoiceEnabledItem] true* / [PredictionStatusItem] true /
02-19 13:19:30.258 6890 6890 I HBD : d updateKeyboardViewHolder: MAKE NEW E: false CC: true UC: true
02-19 13:19:30.258 2334 2334 I InputMethodManagerService: subtype state: oldSubtype = android.view.inputmethod.InputMethodSubtype@10002 newSubtype = android.view.inputmethod.InputMethodSubtype@10002 force = false, intent received : false
02-19 13:19:30.258 6890 6890 I HBD : c [NormalPresenterLocator] processLocateKeyboard: isUseCached(true), isUseKeysCafe(false)
02-19 13:19:30.259 6890 6890 I HBD : d [PF_OP][updateKeyboardViewHolder] 1 ms
02-19 13:19:30.260 6890 6890 I HBD : k [PF_OP][onStartInputViewActivate] 0 ms
02-19 13:19:30.260 6890 6890 I HBD : e onStartInputView
02-19 13:19:30.261 3256 3256 D NavigationBarController: setNavigationBarShortcut requestClass : com.samsung.android.honeyboard, remoteViews : null, position : 0, priority : 12
02-19 13:19:30.261 6890 6890 I HBD : a color = [r : 10], [g : 10], [b : 10], [alpha : 255], rgb = -16119286, isDark = true
02-19 13:19:30.261 3256 3256 D Navbar.Store: --------------------handleEvent(0) OnSetRemoteView(requestClass=com.samsung.android.honeyboard, remoteViews=null, position=0, priority=12) [Module] NavigationBarController
02-19 13:19:30.261 3256 3256 D Navbar.Store: ----------------------[Band]REMOTE_VIEW_PACK_SET_NAVBAR_SHORTCUT_TO_MANAGER
02-19 13:19:30.261 3256 3256 D Navbar.Store: ------------------------apply(0) NavBarStoreAction$UpdateRemoteViewShortcut
02-19 13:19:30.261 3256 3256 D Navbar.Store: ----------------------[Band]GESTURE_PACK_UPDATE_GAMETOOLS_VISIBILITY
02-19 13:19:30.261 3256 3256 D Navbar.Store: ----------------------NavBarStates(0) isGameMode: false
02-19 13:19:30.261 3256 3256 D Navbar.Store: ------------------------apply(0) NavBarStoreAction$UpdateSysUiFlags
02-19 13:19:30.261 3256 3256 D Navbar.Store: ------------------------set 4294967296 : false
02-19 13:19:30.261 6890 6890 I HBD : a color = [r : 10], [g : 10], [b : 10], [alpha : 255], rgb = -16119286, isDark = true
02-19 13:19:30.261 3256 3256 D Navbar.Store: ----------------------[Band]TASKBAR_PACK_SET_REMOTEVIEW
02-19 13:19:30.262 3256 3256 D Navbar.Store: ------------------------apply(0) NavBarStoreAction$UpdateTaskBarNavBarEvents
02-19 13:19:30.262 3256 3256 D TaskbarDelegate: handleNavigationBarEvent() TaskbarDelegate is not initialized.
02-19 13:19:30.262 3256 3256 D Navbar.Store: ----------------------[Band]REMOTE_VIEW_PACK_SET_NAVBAR_SHORTCUT_TO_MANAGER
02-19 13:19:30.262 3256 3256 D Navbar.Store: ------------------------apply(0) NavBarStoreAction$InvalidateRemoteView
02-19 13:19:30.262 3256 3256 D Navbar.Store: ------------------------handleEvent(0) OnUpdateRemoteViewContainer(leftContainer=android.widget.LinearLayout{cbd1822 I.E...... ......ID 69,0-195,126 #7f0a05af app:id/left_remoteview}, rightContainer=android.widget.LinearLayout{629d2b3 I.E...... ......I. 709,0-835,126 #7f0a08d6 app:id/right_remoteview}, contextualButtonVisible=false, darkIntensity=0.0, displayId=0) [Module] SamsungNavigationBarView
02-19 13:19:30.262 6890 6890 I HBD : a color = [r : 10], [g : 10], [b : 10], [alpha : 255], rgb = -16119286, isDark = true
02-19 13:19:30.262 3256 3256 D Navbar.Store: --------------------------[Band]REMOTE_VIEW_PACK_SET_REMOTEVIEW_CONTAINER
02-19 13:19:30.262 3256 3256 D Navbar.Store: ----------------------------apply(0) NavBarStoreAction$UpdateRemoteViewContainer
02-19 13:19:30.262 3256 3256 D Navbar.Store: ----------------------------apply(0) NavBarStoreAction$UpdateRemoteViewDarkIntensity
02-19 13:19:30.264 6890 6890 I HBD : HoneyBoardService [PF_OP][onStartInputView] 15 ms
02-19 13:19:30.264 2334 3169 D InputMethodManagerService: isImeSwitcherDisabledPackage : false
02-19 13:19:30.265 2334 3169 I InputMethodManagerService: setImeWindowStatus: vis=3, backDisposition=0
02-19 13:19:30.265 6890 6890 I HBD : HoneyBoardService onWindowShown
02-19 13:19:30.265 6890 6890 I HBD : HoneyBoardService [PF_OP][onWindowShown] 0 ms
02-19 13:19:30.266 2334 3169 D InputMethodManagerService: notifyUserActivity: canceled, displayId=0
02-19 13:19:30.266 2334 3169 V InputMethodManagerService: applyImeVisibility state=1
02-19 13:19:30.266 2334 3169 D InputMethodManagerService: isImeSwitcherDisabledPackage : false
02-19 13:19:30.266 6890 6890 I HBD : c IIFO[r:7cd797c7d7][type:finish]
02-19 13:19:30.266 2334 3169 I InputMethodManagerService: setImeWindowStatus: vis=3, backDisposition=0
02-19 13:19:30.266 2334 22334 D SemInputDeviceManager: setProperty: (0) CMD,GRIP_DATA,1,15,20,6,1453,20,1568
02-19 13:19:30.266 2334 22334 D TspStateManager: wrote command: cmd=1,15,20,6,1453,20,1568, type=1
02-19 13:19:30.267 2334 2928 D SemInputDevice:TSP_SUB: SetPropertyTask: CMD,set_grip_data,1,15,20,6,1453,20,1568 [02-19 13:19:30.266]
02-19 13:19:30.267 6194 6194 I SemDvfsHyPerManager: acquire hyper - BaseTABoost/6194@26, type = 1090523139
02-19 13:19:30.268 6194 22335 I SemDvfsHyPerManager: acquire hyper - SIOP_OVER_LIMIT/6194@10, type = 1610616833
02-19 13:19:30.268 2334 22330 D SemInputMotionVolumeForce: setMotionControl: type: ALL control: 11
02-19 13:19:30.268 2334 22330 I SemInputMotionHelper: setMotionControl: ALL: 11, client=com.samsung.android.hardware.secinputdev.SemInputDeviceManager, ret=0
02-19 13:19:30.268 2334 22330 D SemInputDeviceManager: setProperty: (100) CMD,SIP,1
02-19 13:19:30.268 2334 22330 I SemInputCommandService: setPropertyAllTouch: SIP,1 retDefault=1 retExtra=1
02-19 13:19:30.268 2334 22330 D TspStateManager: wrote command: cmd=1, type=5
02-19 13:19:30.269 2334 7346 D CoreBackPreview: Window{9a77eef u0 org.me.mobiexpensifyg/org.me.mobiexpensifyg.ExpensifyActivityBase}: Setting back callback OnBackInvokedCallbackInfo{mCallback=android.window.IOnBackInvokedCallback$Stub$Proxy@45d2c7, mPriority=0, mIsAnimationCallback=false}
02-19 13:19:30.270 6890 6890 W HBD : j3 Engine Sync Finished by onStartInputView, check InputKey timing
02-19 13:19:30.270 6890 6890 I HBD : h0 EBD si t 0
02-19 13:19:30.270 1492 1518 I HYPER-HAL: [RequestManager.cpp]acquire(): Acquired ID : 19347336 [6194 / 26] HINT : list : [TABoost / 1]
02-19 13:19:30.270 6890 6890 I HBD : [DirectWriting] DirectWriting emitInputConnection : RemoteInputConnection{idHash=#9272663}
02-19 13:19:30.270 1558 1558 I sysinput:Touch: writeInformation:249, OK
02-19 13:19:30.271 2334 2928 D SysinputHAL_V1_3(V1_2): runTspCmdNoRead(TSP_SUB(2)): set_grip_data,1,15,20,6,1453,20,1568 ret=0
02-19 13:19:30.271 2334 2928 D SemInputDevice:TSP_SUB: SetPropertyTask: CMD,set_sip_mode,1 [02-19 13:19:30.268]
02-19 13:19:30.271 1492 1518 I HYPER-HAL: [RequestManager.cpp]acquire(): Acquired ID : 19247920 [6194 / 10] HINT : list : [OverLimit / 2707200]
02-19 13:19:30.272 3256 3256 D NavigationBarController: setNavigationBarShortcut requestClass : com.samsung.android.honeyboard, remoteViews : null, position : 0, priority : 12
02-19 13:19:30.273 3256 3256 D Navbar.Store: --------------------handleEvent(0) OnSetRemoteView(requestClass=com.samsung.android.honeyboard, remoteViews=null, position=0, priority=12) [Module] NavigationBarController
02-19 13:19:30.273 3256 3256 D Navbar.Store: ----------------------[Band]REMOTE_VIEW_PACK_SET_NAVBAR_SHORTCUT_TO_MANAGER
02-19 13:19:30.273 3256 3256 D Navbar.Store: ------------------------apply(0) NavBarStoreAction$UpdateRemoteViewShortcut
02-19 13:19:30.273 3256 3256 D Navbar.Store: ----------------------[Band]GESTURE_PACK_UPDATE_GAMETOOLS_VISIBILITY
02-19 13:19:30.273 3256 3256 D Navbar.Store: ----------------------NavBarStates(0) isGameMode: false
02-19 13:19:30.273 3256 3256 D Navbar.Store: ------------------------apply(0) NavBarStoreAction$UpdateSysUiFlags
02-19 13:19:30.273 1558 1558 I sysinput:Touch: writeInformation:249, OK
02-19 13:19:30.273 3256 3256 D Navbar.Store: ------------------------set 4294967296 : false
02-19 13:19:30.273 3256 3256 D Navbar.Store: ----------------------[Band]TASKBAR_PACK_SET_REMOTEVIEW
02-19 13:19:30.273 3256 3256 D Navbar.Store: ------------------------apply(0) NavBarStoreAction$UpdateTaskBarNavBarEvents
02-19 13:19:30.273 3256 3256 D TaskbarDelegate: handleNavigationBarEvent() TaskbarDelegate is not initialized.
02-19 13:19:30.273 3256 3256 D Navbar.Store: ----------------------[Band]REMOTE_VIEW_PACK_SET_NAVBAR_SHORTCUT_TO_MANAGER
02-19 13:19:30.273 3256 3256 D Navbar.Store: ------------------------apply(0) NavBarStoreAction$InvalidateRemoteView
02-19 13:19:30.273 2334 2928 D SysinputHAL_V1_3(V1_2): runTspCmdNoRead(TSP_SUB(2)): set_sip_mode,1 ret=0
02-19 13:19:30.273 2334 2928 D SemInputDevice:TSP: SetPropertyTask: CMD,set_sip_mode,1 [02-19 13:19:30.268]
02-19 13:19:30.273 3256 3256 D Navbar.Store: ------------------------handleEvent(0) OnUpdateRemoteViewContainer(leftContainer=android.widget.LinearLayout{cbd1822 I.E...... ......ID 69,0-195,126 #7f0a05af app:id/left_remoteview}, rightContainer=android.widget.LinearLayout{629d2b3 I.E...... ......I. 709,0-835,126 #7f0a08d6 app:id/right_remoteview}, contextualButtonVisible=false, darkIntensity=0.0, displayId=0) [Module] SamsungNavigationBarView
02-19 13:19:30.273 3256 3256 D Navbar.Store: --------------------------[Band]REMOTE_VIEW_PACK_SET_REMOTEVIEW_CONTAINER
02-19 13:19:30.273 3256 3256 D Navbar.Store: ----------------------------apply(0) NavBarStoreAction$UpdateRemoteViewContainer
02-19 13:19:30.273 3256 3256 D Navbar.Store: ----------------------------apply(0) NavBarStoreAction$UpdateRemoteViewDarkIntensity
02-19 13:19:30.274 3256 3256 D NavigationBarController: setNavigationBarShortcut requestClass : com.samsung.android.honeyboard, remoteViews : android.widget.RemoteViews@79fb294, position : 0, priority : 12
02-19 13:19:30.274 1558 1558 I sysinput:Touch: writeInformation:249, OK
02-19 13:19:30.274 3256 3256 D Navbar.Store: --------------------handleEvent(0) OnSetRemoteView(requestClass=com.samsung.android.honeyboard, remoteViews=android.widget.RemoteViews@79fb294, position=0, priority=12) [Module] NavigationBarController
02-19 13:19:30.274 3256 3256 D Navbar.Store: ----------------------[Band]REMOTE_VIEW_PACK_SET_NAVBAR_SHORTCUT_TO_MANAGER
02-19 13:19:30.274 3256 3256 D Navbar.Store: ------------------------apply(0) NavBarStoreAction$UpdateRemoteViewShortcut
02-19 13:19:30.274 2334 2928 D SysinputHAL_V1_3(V1_2): runTspCmdNoRead(TSP(1)): set_sip_mode,1 ret=0
02-19 13:19:30.280 3256 3256 D Navbar.Store: ----------------------[Band]GESTURE_PACK_UPDATE_GAMETOOLS_VISIBILITY
02-19 13:19:30.280 3256 3256 D Navbar.Store: ----------------------NavBarStates(0) isGameMode: false
02-19 13:19:30.280 3256 3256 D Navbar.Store: ------------------------apply(0) NavBarStoreAction$UpdateSysUiFlags
02-19 13:19:30.280 3256 3256 D Navbar.Store: ------------------------set 4294967296 : false
02-19 13:19:30.280 3256 3256 D Navbar.Store: ----------------------[Band]TASKBAR_PACK_SET_REMOTEVIEW
02-19 13:19:30.280 3256 3256 D Navbar.Store: ------------------------apply(0) NavBarStoreAction$UpdateTaskBarNavBarEvents
02-19 13:19:30.280 3256 3256 D TaskbarDelegate: handleNavigationBarEvent() TaskbarDelegate is not initialized.
02-19 13:19:30.280 3256 3256 D Navbar.Store: ----------------------[Band]REMOTE_VIEW_PACK_SET_NAVBAR_SHORTCUT_TO_MANAGER
02-19 13:19:30.280 3256 3256 D Navbar.Store: ------------------------apply(0) NavBarStoreAction$InvalidateRemoteView
02-19 13:19:30.280 3256 3256 D Navbar.Store: ------------------------handleEvent(0) OnUpdateRemoteViewContainer(leftContainer=android.widget.LinearLayout{cbd1822 V.E...... ......ID 69,0-195,126 #7f0a05af app:id/left_remoteview}, rightContainer=android.widget.LinearLayout{629d2b3 I.E...... ......I. 709,0-835,126 #7f0a08d6 app:id/right_remoteview}, contextualButtonVisible=false, darkIntensity=0.0, displayId=0) [Module] SamsungNavigationBarView
02-19 13:19:30.280 3256 3256 D Navbar.Store: --------------------------[Band]REMOTE_VIEW_PACK_SET_REMOTEVIEW_CONTAINER
02-19 13:19:30.280 3256 3256 D Navbar.Store: ----------------------------apply(0) NavBarStoreAction$UpdateRemoteViewContainer
02-19 13:19:30.280 3256 3256 D Navbar.Store: ----------------------------apply(0) NavBarStoreAction$UpdateRemoteViewDarkIntensity
02-19 13:19:30.280 3256 3256 D FlexPanelInteractor: startFloatingIcon: extra=display_floating_icon_clear
02-19 13:19:30.281 3256 3256 D NavigationBar: setImeWindowStatus displayId=0 vis=9 backDisposition=0 showImeSwitcher=false imeShown=false
02-19 13:19:30.282 3256 3256 D Navbar.Store: ----------------------------NavBarStates(0) canUseNavBarBackgroundFrame: true
02-19 13:19:30.282 3256 3256 I ControlPanelService: startId : 17158
02-19 13:19:30.283 3256 3256 D NavigationBarController: setNavigationBarShortcut requestClass : com.android.wm.shell.controlpanel.activity.FlexPanelActivity, remoteViews : null, position : 0, priority : 11
02-19 13:19:30.283 3256 3256 D Navbar.Store: --------------------handleEvent(0) OnSetRemoteView(requestClass=com.android.wm.shell.controlpanel.activity.FlexPanelActivity, remoteViews=null, position=0, priority=11) [Module] NavigationBarController
02-19 13:19:30.283 3256 3256 D Navbar.Store: ----------------------[Band]REMOTE_VIEW_PACK_SET_NAVBAR_SHORTCUT_TO_MANAGER
02-19 13:19:30.283 3256 3256 D Navbar.Store: ------------------------apply(0) NavBarStoreAction$UpdateRemoteViewShortcut
02-19 13:19:30.283 3256 3256 D Navbar.Store: ----------------------[Band]GESTURE_PACK_UPDATE_GAMETOOLS_VISIBILITY
02-19 13:19:30.283 3256 3256 D Navbar.Store: ----------------------NavBarStates(0) isGameMode: false
02-19 13:19:30.283 3256 3256 D Navbar.Store: ------------------------apply(0) NavBarStoreAction$UpdateSysUiFlags
02-19 13:19:30.283 3256 3256 D Navbar.Store: ------------------------set 4294967296 : false
02-19 13:19:30.283 3256 3256 D Navbar.Store: ----------------------[Band]TASKBAR_PACK_SET_REMOTEVIEW
02-19 13:19:30.283 3256 3256 D Navbar.Store: ------------------------apply(0) NavBarStoreAction$UpdateTaskBarNavBarEvents
02-19 13:19:30.283 3256 3256 D TaskbarDelegate: handleNavigationBarEvent() TaskbarDelegate is not initialized.
02-19 13:19:30.283 3256 3256 D Navbar.Store: ----------------------[Band]REMOTE_VIEW_PACK_SET_NAVBAR_SHORTCUT_TO_MANAGER
02-19 13:19:30.283 3256 3256 D Navbar.Store: ------------------------apply(0) NavBarStoreAction$InvalidateRemoteView
02-19 13:19:30.283 3256 3256 D Navbar.Store: ------------------------handleEvent(0) OnUpdateRemoteViewContainer(leftContainer=android.widget.LinearLayout{cbd1822 V.E...... ........ 69,0-195,126 #7f0a05af app:id/left_remoteview}, rightContainer=android.widget.LinearLayout{629d2b3 I.E...... ......I. 709,0-835,126 #7f0a08d6 app:id/right_remoteview}, contextualButtonVisible=false, darkIntensity=0.0, displayId=0) [Module] SamsungNavigationBarView
02-19 13:19:30.283 3256 3256 D Navbar.Store: --------------------------[Band]REMOTE_VIEW_PACK_SET_REMOTEVIEW_CONTAINER
02-19 13:19:30.283 3256 3256 D Navbar.Store: ----------------------------apply(0) NavBarStoreAction$UpdateRemoteViewContainer
02-19 13:19:30.283 3256 3256 D Navbar.Store: ----------------------------apply(0) NavBarStoreAction$UpdateRemoteViewDarkIntensity
02-19 13:19:30.285 3256 3256 D Navbar.Store: ----------------------------NavBarStates(0) canUseNavBarBackgroundFrame: true
02-19 13:19:30.290 2334 7346 V WindowManager: Relayout Window{1b8f22f u0 InputMethod}: viewVisibility=0 req=904x2229 ty=2011 d0
02-19 13:19:30.290 2334 7346 D RestrictionPolicy: isScreenCaptureEnabled : ret=true userId=0
02-19 13:19:30.291 1603 1747 I SurfaceFlinger: id=272733 createSurf, flag=44004, InputMethod$_6890#272733
02-19 13:19:30.292 2334 7346 D WindowManager: makeSurface duration=1 name=InputMethod$_6890
02-19 13:19:30.294 3256 3266 I ViewRootImpl@fa0aba5[StatusBar]: Resizing android.view.ViewRootImpl@87766a0: frame = [0,0][904,87] reportDraw = false forceLayout = false syncSeqId = -1
02-19 13:19:30.294 21462 21472 I ViewRootImpl@ccd3137[ExpensifyActivityBase]: Resizing android.view.ViewRootImpl@ff429dd: frame = [0,0][904,2316] reportDraw = false forceLayout = false syncSeqId = -1
02-19 13:19:30.294 2334 7346 V WindowManager: Relayout hash=1b8f22f, pid=6890, syncId=-1: mAttrs={(0,0)(fillxfill) gr=BOTTOM CENTER_VERTICAL sim={adjust=pan} ty=INPUT_METHOD fmt=TRANSPARENT wanim=0x7f1401b1 preferredMinDisplayRefreshRate=60.0 receive insets ignoring z-order
02-19 13:19:30.294 2334 7346 V WindowManager: fl=81800108
02-19 13:19:30.294 2334 7346 V WindowManager: pfl=12000000
02-19 13:19:30.294 2334 7346 V WindowManager: bhv=DEFAULT
02-19 13:19:30.294 2334 7346 V WindowManager: fitTypes=STATUS_BARS NAVIGATION_BARS
02-19 13:19:30.294 2334 7346 V WindowManager: fitSides=LEFT TOP RIGHT
02-19 13:19:30.294 2334 7346 V WindowManager: fitIgnoreVis
02-19 13:19:30.294 2334 7346 V WindowManager: dimAmount=4.6816468E-4 dimDuration=150 naviIconColor=0}
