02-19 13:19:38.191 21462 21462 I ViewRootImpl@ccd3137[ExpensifyActivityBase]: ViewPostIme pointer 0
02-19 13:19:38.191 1516 1737 I SDM : HWCDisplay::SubmitDisplayConfig: [DispConfigs] config 8 => 0, hs_mode 3 => 3
02-19 13:19:38.191 1516 1737 I SDM : HWDeviceDRM::SetDisplaySwitchMode: [DispConfigs] check hs_mode 3
02-19 13:19:38.191 1516 1737 I SDM : HWDeviceDRM::SetDisplaySwitchMode: [DispConfigs] Set mode index:0 904x2316x120xcmdHS, hs_mode(3), found_mode(0)
02-19 13:19:38.191 1516 1737 I SDM : HWDeviceDRM::UpdateMixerAttributes: Mixer WxH 904x2316-1 for Peripheral
02-19 13:19:38.192 1516 1737 I SDM : HWCDisplay::SubmitDisplayConfig: Active configuration changed from config 8 to 0
02-19 13:19:38.196 1603 1760 D RenderEngine: [SEC_GC_CMN_SF_EFFECTS] drawLayersInternal,1279, Rendering layer at index 0
02-19 13:19:38.196 1603 1760 D RenderEngine: [SEC_GC_CMN_SF_EFFECTS] drawLayersInternal,1279, Rendering layer org.me.mobiexpensifyg/org.me.mobiexpensifyg.ExpensifyActivityBase$_21462#272730 at index 1
02-19 13:19:38.196 21462 22487 I Mapbox : [threading]: Worker 4 priority is now 4
02-19 13:19:38.197 21462 21462 I Mapbox : [maps-android\Mbgl-RenderThread]: renderThreadPrepared=false and Android surface is not valid (isValid=null). Waiting for new one.
02-19 13:19:38.197 21462 21462 D SurfaceView@650c395: 105956245 updateSurface: has no frame
02-19 13:19:38.200 1603 1745 I VSyncReactor: Current= 24, Period= 120, hwcPeriod= 120
02-19 13:19:38.201 2334 2918 D InputReader: Btn_touch(9): value=0 when=263078.945225
02-19 13:19:38.201 2334 2918 I InputReader: Touch event's action is 0x1 (id=6, t=0) [pCnt=1, s=] when=263078.945225
02-19 13:19:38.201 2334 2917 I InputDispatcher: Delivering touch to (21462): action: 0x1, f=0x0, d=0, '9a77eef', t=1
02-19 13:19:38.201 21462 21462 I ViewRootImpl@ccd3137[ExpensifyActivityBase]: ViewPostIme pointer 1
02-19 13:19:38.202 3685 3685 I HoneySpace.GestureInputHandler: reset
02-19 13:19:38.202 3685 3685 I HoneySpace.InputSession: close
02-19 13:19:38.203 21462 22484 I Mapbox : [threading]: Worker 1 priority is now 4
02-19 13:19:38.203 21462 22484 W Mapbox : [config_service]: Update request 1 in progress (attempt 0 of 2)
02-19 13:19:38.203 21462 22485 I Mapbox : [threading]: Worker 2 priority is now 4
02-19 13:19:38.204 21462 22484 W Mapbox : [config_service]: No configuration options found stored on the disk.
02-19 13:19:38.206 21462 22503 D TrafficStats: tagSocket(319) with statsTag=0xffffffff, statsUid=-1
02-19 13:19:38.208 21462 21462 I Mapbox : [maps-android\Mbgl-RenderThread]: renderThreadPrepared=false and Android surface is not valid (isValid=null). Waiting for new one.
02-19 13:19:38.213 21462 21462 I Mapbox : [maps-android\Mbgl-RenderThread]: renderThreadPrepared=false and Android surface is not valid (isValid=null). Waiting for new one.
02-19 13:19:38.213 21462 21462 I Mapbox : [maps-android\Mbgl-RenderThread]: renderThreadPrepared=false and Android surface is not valid (isValid=null). Waiting for new one.
02-19 13:19:38.214 6194 6502 I SDHMS:BarTender:Gatherer:BatteryStats: BarTender addStats To DB (195 ms) ExtDB (65 ms)
02-19 13:19:38.214 6194 6502 I SDHMS:BarTender:Gatherer:BatteryStats: BatteryStats refreshed (260 ms) analyzed (1 ms)
02-19 13:19:38.218 2334 3151 D NetdEventListenerService: DNS Requested by 186, 11571, 10
02-19 13:19:38.218 21462 22504 D TrafficStats: tagSocket(320) with statsTag=0xffffffff, statsUid=-1
02-19 13:19:38.226 2334 3151 D NetdEventListenerService: DNS Requested by 186, 11571, 11
02-19 13:19:38.226 21462 22511 D TrafficStats: tagSocket(324) with statsTag=0xffffffff, statsUid=-1
02-19 13:19:38.282 6194 8000 I SDHMS:C : SIOP:: AP:389 BAT:331 USB:324 CHG:375 PA:369 CF:339 BLK:0 SUBBAT:327 SKIN:344 SKINF:344 SKINB:342 LRP:337 APT:344 APR:342 RCV:305 SPK:301 CAPR:337 CRCV:314 CSPK:343 RCV2:314 SPK2:343 UPSPK:330 DNSPK:330 VAP02:357 AMB:306 AVGCUR:-473
02-19 13:19:38.296 1603 1760 D RenderEngine: [SEC_GC_CMN_SF_EFFECTS] drawLayersInternal,1279, Rendering layer at index 0
02-19 13:19:38.296 1603 1760 D RenderEngine: [SEC_GC_CMN_SF_EFFECTS] drawLayersInternal,1279, Rendering layer org.me.mobiexpensifyg/org.me.mobiexpensifyg.ExpensifyActivityBase$_21462#272730 at index 1
02-19 13:19:38.323 21462 21556 I LocationEnablerModule: passed interval 2000
02-19 13:19:38.324 21462 21556 D RNFBCrashlyticsInit: isCrashlyticsCollectionEnabled via RNFBMeta: true
02-19 13:19:38.324 21462 21556 D RNFBCrashlyticsInit: isCrashlyticsCollectionEnabled final value: true
02-19 13:19:38.327 21462 21462 D AnimatorSet: mReversing is false. Don't call initChildren.
02-19 13:19:38.333 21462 21462 I Mapbox : [maps-android\Mbgl-RenderThread]: renderThreadPrepared=false and Android surface is not valid (isValid=null). Waiting for new one.
02-19 13:19:38.336 21462 21462 I Mapbox : [maps-android\Mbgl-RenderThread]: renderThreadPrepared=false and Android surface is not valid (isValid=null). Waiting for new one.
02-19 13:19:38.337 21462 21462 I LocationEnablerModule: OnComplete
02-19 13:19:38.343 21462 21462 D CompatibilityChangeReporter: Compat change id reported: 193247900; UID 11571; state: ENABLED
02-19 13:19:38.343 21462 21462 I Mapbox : [maps-android\Mbgl-RenderThread]: Renderer resumed, renderThreadPrepared=false, surface.isValid=null
02-19 13:19:38.343 21462 21462 I Mapbox : [maps-android\Mbgl-RenderThread]: renderThreadPrepared=false and Android surface is not valid (isValid=null). Waiting for new one.
02-19 13:19:38.344 21462 21462 I SurfaceView@650c395: onWindowVisibilityChanged(0) true android.view.SurfaceView{650c395 V.E...... ......ID 0,0-862,1314} of ViewRootImpl@ccd3137[ExpensifyActivityBase]
02-19 13:19:38.344 21462 21462 D SurfaceView@650c395: 105956245 updateSurface: has no frame
02-19 13:19:38.346 21462 21462 I BLASTBufferQueue_Java: update, w= 904 h= 2316 mName = ViewRootImpl@ccd3137[ExpensifyActivityBase] mNativeObject= 0xb400007d13b6b4f0 sc.mNativeObject= 0xb400007bd3b431d0 format= -3 caller= android.view.ViewRootImpl.updateBlastSurfaceIfNeeded:3074 android.view.ViewRootImpl.relayoutWindow:10224 android.view.ViewRootImpl.performTraversals:4167 android.view.ViewRootImpl.doTraversal:3345 android.view.ViewRootImpl$TraversalRunnable.run:11437 android.view.Choreographer$CallbackRecord.run:1690
02-19 13:19:38.346 21462 21462 I ViewRootImpl@ccd3137[ExpensifyActivityBase]: Relayout returned: old=(0,0,904,2316) new=(0,0,904,2316) relayoutAsync=true req=(904,2316)0 dur=0 res=0x0 s={true 0xb400007b33b6c4a0} ch=false seqId=0
02-19 13:19:38.346 2334 3990 V WindowManager: Relayout Window{9a77eef u0 org.me.mobiexpensifyg/org.me.mobiexpensifyg.ExpensifyActivityBase}: viewVisibility=0 req=904x2316 ty=1 d0
02-19 13:19:38.347 21462 21462 I SurfaceView: 105956245 Changes: creating=true format=true size=true visible=true alpha=false hint=false visible=true left=true top=true z=false attached=true lifecycleStrategy=false
02-19 13:19:38.347 1603 1747 I SurfaceFlinger: id=272749 createSurf, flag=20004, Bounds for - org.me.mobiexpensifyg/org.me.mobiexpensifyg.ExpensifyActivityBase@0#272749
02-19 13:19:38.347 1603 1747 I SurfaceFlinger: id=272750 createSurf, flag=84004, SurfaceView[org.me.mobiexpensifyg/org.me.mobiexpensifyg.ExpensifyActivityBase]@0#272750
02-19 13:19:38.347 1603 1747 I SurfaceFlinger: id=272751 createSurf, flag=44400, SurfaceView[org.me.mobiexpensifyg/org.me.mobiexpensifyg.ExpensifyActivityBase]@0(BLAST)#272751
02-19 13:19:38.347 1603 1747 I SurfaceFlinger: id=272752 createSurf, flag=20404, Background for SurfaceView[org.me.mobiexpensifyg/org.me.mobiexpensifyg.ExpensifyActivityBase]@0#272752
02-19 13:19:38.348 21462 21462 I BufferQueueProducer: [](id:53d600000004,api:0,p:38,c:21462) setDequeueTimeout:2077252342
02-19 13:19:38.348 21462 21462 I BLASTBufferQueue_Java: update, w= 862 h= 1314 mName = null mNativeObject= 0xb400007d13b96790 sc.mNativeObject= 0xb400007bd3b98a90 format= 4 caller= android.view.SurfaceView.createBlastSurfaceControls:1518 android.view.SurfaceView.updateSurface:1194 android.view.SurfaceView.lambda$new$0:258 android.view.SurfaceView.$r8$lambda$cm3nmzErr-srXoT_KjIYQgdhFN0:0 android.view.SurfaceView$$ExternalSyntheticLambda2.onPreDraw:2 android.view.ViewTreeObserver.dispatchOnPreDraw:1204
02-19 13:19:38.349 21462 21462 I SurfaceView@650c395: 105956245 Cur surface: Surface(name=null)/@0xe97409c
02-19 13:19:38.349 21462 21462 I SurfaceView@650c395: pST: sr = Rect(924, 732 - 1786, 2046) sw = 862 sh = 1314
02-19 13:19:38.349 21462 21462 D SurfaceView@650c395: 105956245 performSurfaceTransaction RenderWorker position = [924, 732, 1786, 2046] surfaceSize = 862x1314
02-19 13:19:38.349 21462 21462 I SurfaceView@650c395: updateSurface: mVisible = true mSurface.isValid() = true
02-19 13:19:38.349 21462 21462 I SurfaceView@650c395: updateSurface: mSurfaceCreated = false surfaceChanged = true visibleChanged = true
02-19 13:19:38.349 21462 21462 I SurfaceView: 105956245 visibleChanged -- surfaceCreated
02-19 13:19:38.349 21462 21462 I SurfaceView@650c395: surfaceCreated 1 #8 android.view.SurfaceView{650c395 V.E...... ......ID 0,0-862,1314}
02-19 13:19:38.349 21462 21462 I SurfaceView: 105956245 surfaceChanged -- format=4 w=862 h=1314
02-19 13:19:38.349 21462 21462 I SurfaceView@650c395: surfaceChanged (862,1314) 1 #8 android.view.SurfaceView{650c395 V.E...... ......ID 0,0-862,1314}
02-19 13:19:38.349 21462 21462 I Mapbox : [maps-android\Mbgl-RenderThread]: onSurfaceCreated
02-19 13:19:38.349 21462 21462 I Mapbox : [maps-android\Mbgl-RenderThread]: onSurfaceCreated: waiting Android surface to be processed...
02-19 13:19:38.349 21462 22483 I Mapbox : [maps-android\Mbgl-RenderThread]: Setting up render thread, flags: creatingSurface=true, nativeRenderCreated=false, eglContextMadeCurrent=false, eglContextCreated=false, paused=false
02-19 13:19:38.349 21462 22483 I Mapbox : [maps-android\Mbgl-EGLConfigChooser]: In emulator: false
02-19 13:19:38.350 21462 22483 I Mapbox : [maps-android\Mbgl-EGLConfigChooser]: In emulator: false
02-19 13:19:38.350 2334 3990 V WindowManager: Relayout hash=9a77eef, pid=0, syncId=-1: mAttrs={(0,0)(fillxfill) sim={adjust=resize} ty=BASE_APPLICATION fmt=TRANSLUCENT wanim=0x1030303
02-19 13:19:38.350 2334 3990 V WindowManager: fl=81810100
02-19 13:19:38.350 2334 3990 V WindowManager: pfl=16008040
02-19 13:19:38.350 2334 3990 V WindowManager: bhv=DEFAULT
02-19 13:19:38.350 2334 3990 V WindowManager: fitSides= naviIconColor=0}
02-19 13:19:38.351 1603 1603 I Layer : Layer [Bounds for - org.me.mobiexpensifyg/org.me.mobiexpensifyg.ExpensifyActivityBase@0#272749] hidden!! flag(0)
02-19 13:19:38.351 21462 22483 I Mapbox : [maps-android\Mbgl-EglCore]: EGLContext created, client version 3
02-19 13:19:38.351 21462 22483 I Mapbox : [maps-core]: Using OpenGL render backend
02-19 13:19:38.351 21462 22483 I Mapbox : [threading]: MapboxRenderThr priority is now -10
02-19 13:19:38.351 21462 22483 I Mapbox : [maps-android\Mbgl-RenderThread]: Native renderer created.
02-19 13:19:38.352 21462 21462 I Mapbox : [maps-android\Mbgl-RenderThread]: onSurfaceCreated: Android surface was processed.
02-19 13:19:38.352 21462 21462 I SurfaceView: 105956245 surfaceRedrawNeeded
02-19 13:19:38.352 21462 21462 I SurfaceView: 105956245 finishedDrawing
02-19 13:19:38.352 21462 21462 V SurfaceView@650c395: Layout: x=924 y=732 w=862 h=1314, frame=Rect(0, 0 - 862, 1314)
02-19 13:19:38.352 21462 21462 I ViewRootImpl@ccd3137[ExpensifyActivityBase]: registerCallbackForPendingTransactions
02-19 13:19:38.353 21462 21729 D SurfaceView: 105956245 updateSurfacePosition RenderWorker, frameNr = 568, position = [924, 732, 1786, 2046] surfaceSize = 862x1314
02-19 13:19:38.353 21462 21729 I SurfaceView@650c395: uSP: rtp = Rect(924, 732 - 1786, 2046) rtsw = 862 rtsh = 1314
02-19 13:19:38.353 21462 21729 I SurfaceView@650c395: onSSPAndSRT: pl = 924 pt = 732 sx = 1.0 sy = 1.0
02-19 13:19:38.354 21462 21729 I SurfaceView@650c395: aOrMT: ViewRootImpl@ccd3137[ExpensifyActivityBase] t = android.view.SurfaceControl$Transaction@77b6e7a fN = 568 android.view.SurfaceView.-$$Nest$mapplyOrMergeTransaction:0 android.view.SurfaceView$SurfaceViewPositionUpdateListener.positionChanged:1667 android.graphics.RenderNode$CompositePositionUpdateListener.positionChanged:369
02-19 13:19:38.354 21462 21729 I ViewRootImpl@ccd3137[ExpensifyActivityBase]: mWNT: t=0xb400007c23bd41f0 mBlastBufferQueue=0xb400007d13b6b4f0 fn= 568 mRenderHdrSdrRatio=1.0 caller= android.view.SurfaceView.applyOrMergeTransaction:1599 android.view.SurfaceView.-$$Nest$mapplyOrMergeTransaction:0 android.view.SurfaceView$SurfaceViewPositionUpdateListener.positionChanged:1667
02-19 13:19:38.354 21462 21787 I ViewRootImpl@ccd3137[ExpensifyActivityBase]: mWNT: t=0xb400007c23bdce30 mBlastBufferQueue=0xb400007d13b6b4f0 fn= 568 mRenderHdrSdrRatio=1.0 caller= android.view.ViewRootImpl$6.onFrameDraw:5705 android.view.ViewRootImpl$2.onFrameDraw:2190 android.view.ThreadedRenderer$1.onFrameDraw:792
02-19 13:19:38.356 21462 21462 D AnimatorSet: mReversing is false. Don't call initChildren.
02-19 13:19:38.357 21462 21462 D AnimatorSet: mReversing is false. Don't call initChildren.
02-19 13:19:38.357 21462 21462 D AnimatorSet: mReversing is false. Don't call initChildren.
02-19 13:19:38.358 1603 1603 I Layer : Layer [Background for SurfaceView[org.me.mobiexpensifyg/org.me.mobiexpensifyg.ExpensifyActivityBase]@0#272752] hidden!! flag(0)
02-19 13:19:38.358 1603 1603 I Layer : Layer [SurfaceView[org.me.mobiexpensifyg/org.me.mobiexpensifyg.ExpensifyActivityBase]@0#272750] hidden!! flag(0)
02-19 13:19:38.360 21462 22495 I Mapbox : [threading]: Logger priority is now 4
02-19 13:19:38.360 21462 22495 I Mapbox : [maps-core]: {MapboxRenderThr}[General]: GPU Identifier: Adreno (TM) 730
02-19 13:19:38.360 21462 21462 I SurfaceView: 105956245 Changes: creating=false format=false size=false visible=false alpha=false hint=false visible=false left=true top=false z=false attached=true lifecycleStrategy=false
02-19 13:19:38.360 21462 21462 I SurfaceView@650c395: 105956245 Cur surface: Surface(name=null)/@0xe97409c
02-19 13:19:38.360 21462 21462 I SurfaceView@650c395: updateSurface: mVisible = true mSurface.isValid() = true
02-19 13:19:38.360 21462 21462 I SurfaceView@650c395: updateSurface: mSurfaceCreated = true surfaceChanged = false visibleChanged = false
02-19 13:19:38.360 21462 21462 V SurfaceView@650c395: Layout: x=826 y=732 w=862 h=1314, frame=Rect(0, 0 - 862, 1314)
02-19 13:19:38.360 21462 21462 I ViewRootImpl@ccd3137[ExpensifyActivityBase]: registerCallbackForPendingTransactions
02-19 13:19:38.361 21462 21729 D SurfaceView: 105956245 updateSurfacePosition RenderWorker, frameNr = 569, position = [826, 732, 1688, 2046] surfaceSize = 862x1314
02-19 13:19:38.361 21462 21729 I SurfaceView@650c395: uSP: rtp = Rect(826, 732 - 1688, 2046) rtsw = 862 rtsh = 1314
02-19 13:19:38.361 21462 21729 I SurfaceView@650c395: onSSPAndSRT: pl = 826 pt = 732 sx = 1.0 sy = 1.0
02-19 13:19:38.361 21462 21729 I SurfaceView@650c395: aOrMT: ViewRootImpl@ccd3137[ExpensifyActivityBase] t = android.view.SurfaceControl$Transaction@77b6e7a fN = 569 android.view.SurfaceView.-$$Nest$mapplyOrMergeTransaction:0 android.view.SurfaceView$SurfaceViewPositionUpdateListener.positionChanged:1667 android.graphics.RenderNode$CompositePositionUpdateListener.positionChanged:369
02-19 13:19:38.361 21462 21729 I ViewRootImpl@ccd3137[ExpensifyActivityBase]: mWNT: t=0xb400007c23bd41f0 mBlastBufferQueue=0xb400007d13b6b4f0 fn= 569 mRenderHdrSdrRatio=1.0 caller= android.view.SurfaceView.applyOrMergeTransaction:1599 android.view.SurfaceView.-$$Nest$mapplyOrMergeTransaction:0 android.view.SurfaceView$SurfaceViewPositionUpdateListener.positionChanged:1667
02-19 13:19:38.361 21462 21786 I ViewRootImpl@ccd3137[ExpensifyActivityBase]: mWNT: t=0xb400007c23bd9050 mBlastBufferQueue=0xb400007d13b6b4f0 fn= 569 mRenderHdrSdrRatio=1.0 caller= android.view.ViewRootImpl$6.onFrameDraw:5705 android.view.ViewRootImpl$2.onFrameDraw:2190 android.view.ThreadedRenderer$1.onFrameDraw:792
02-19 13:19:38.362 21462 21462 D AnimatorSet: mReversing is false. Don't call initChildren.
02-19 13:19:38.363 21462 22486 I Mapbox : [threading]: Worker 3 priority is now 4
02-19 13:19:38.363 21462 22494 I Mapbox : [threading]: ResourceLoaderT priority is now 4
02-19 13:19:38.363 21462 22491 I Mapbox : [threading]: TileStoreFileSo priority is now 4
02-19 13:19:38.370 21462 21462 I SurfaceView: 105956245 Changes: creating=false format=false size=false visible=false alpha=false hint=false visible=false left=true top=false z=false attached=true lifecycleStrategy=false
02-19 13:19:38.370 21462 21462 I SurfaceView@650c395: 105956245 Cur surface: Surface(name=null)/@0xe97409c
02-19 13:19:38.370 21462 21462 I SurfaceView@650c395: updateSurface: mVisible = true mSurface.isValid() = true
02-19 13:19:38.370 21462 21462 I SurfaceView@650c395: updateSurface: mSurfaceCreated = true surfaceChanged = false visibleChanged = false
02-19 13:19:38.370 21462 21462 V SurfaceView@650c395: Layout: x=665 y=732 w=862 h=1314, frame=Rect(0, 0 - 862, 1314)
02-19 13:19:38.370 21462 21462 I ViewRootImpl@ccd3137[ExpensifyActivityBase]: registerCallbackForPendingTransactions
02-19 13:19:38.370 21462 21729 D SurfaceView: 105956245 updateSurfacePosition RenderWorker, frameNr = 570, position = [665, 732, 1527, 2046] surfaceSize = 862x1314
02-19 13:19:38.370 21462 21729 I SurfaceView@650c395: uSP: rtp = Rect(665, 732 - 1527, 2046) rtsw = 862 rtsh = 1314
02-19 13:19:38.370 21462 21729 I SurfaceView@650c395: onSSPAndSRT: pl = 665 pt = 732 sx = 1.0 sy = 1.0
02-19 13:19:38.370 21462 21729 I SurfaceView@650c395: aOrMT: ViewRootImpl@ccd3137[ExpensifyActivityBase] t = android.view.SurfaceControl$Transaction@77b6e7a fN = 570 android.view.SurfaceView.-$$Nest$mapplyOrMergeTransaction:0 android.view.SurfaceView$SurfaceViewPositionUpdateListener.positionChanged:1667 android.graphics.RenderNode$CompositePositionUpdateListener.positionChanged:369
02-19 13:19:38.370 21462 21729 I ViewRootImpl@ccd3137[ExpensifyActivityBase]: mWNT: t=0xb400007c23bd41f0 mBlastBufferQueue=0xb400007d13b6b4f0 fn= 570 mRenderHdrSdrRatio=1.0 caller= android.view.SurfaceView.applyOrMergeTransaction:1599 android.view.SurfaceView.-$$Nest$mapplyOrMergeTransaction:0 android.view.SurfaceView$SurfaceViewPositionUpdateListener.positionChanged:1667
02-19 13:19:38.371 21462 21787 I ViewRootImpl@ccd3137[ExpensifyActivityBase]: mWNT: t=0xb400007c23ba81f0 mBlastBufferQueue=0xb400007d13b6b4f0 fn= 570 mRenderHdrSdrRatio=1.0 caller= android.view.ViewRootImpl$6.onFrameDraw:5705 android.view.ViewRootImpl$2.onFrameDraw:2190 android.view.ThreadedRenderer$1.onFrameDraw:792
02-19 13:19:38.372 1603 1603 D SurfaceFlinger: Display 4630946213010294403 HWC layers:
02-19 13:19:38.372 1603 1603 D SurfaceFlinger: SOLID_COLOR | | 0002 | Unknown | 0.0 0.0 0.0 0.0 | 826 732 904 2046 | Background for SurfaceView[org.me.mo[...]ifyg.ExpensifyActivityBase]@0#272752
02-19 13:19:38.372 1603 1603 D SurfaceFlinger: DEVICE | 0xb400007cd8ce07a0 | 0100 | RGBA_8888 | 0.0 0.0 904.0 2316.0 | 0 0 904 2316 | org.me.mobiexpensifyg/org.me.mobiexp[...].ExpensifyActivityBase$_21462#272730
02-19 13:19:38.372 1603 1603 D SurfaceFlinger: DEVICE | 0xb400007cd8d30630 | 0100 | RGBA_8888 | 0.0 0.0 904.0 87.0 | 0 0 904 87 | StatusBar$_3256#121
02-19 13:19:38.372 1603 1603 D SurfaceFlinger: DEVICE | 0xb400007cd8d27630 | 0100 | RGBA_8888 | 0.0 0.0 904.0 126.0 | 0 2190 904 2316 | NavigationBar0$_3256#261410
02-19 13:19:38.372 1603 1603 D SurfaceFlinger: DEVICE | 0xb400007cd8d1ab20 | 0100 | RGBA_8888 | 0.0 0.0 904.0 2316.0 | 0 0 904 2316 | EdgeLightingWindow$_18257#272737
02-19 13:19:38.372 1603 1603 D SurfaceFlinger:
02-19 13:19:38.376 21462 22483 I BLASTBufferQueue: [SurfaceView[org.me.mobiexpensifyg/org.me.mobiexpensifyg.ExpensifyActivityBase]@0#4](f:0,a:0,s:0) onFrameAvailable the first frame is available
02-19 13:19:38.377 21462 22493 I Mapbox : [threading]: OnlineFileSourc priority is now 4
02-19 13:19:38.378 1484 1484 I sensors-hal: set_config:61, sample_period_ns is adjusted to 200000000 based on min/max delay_ns
02-19 13:19:38.378 1484 1484 I sensors-hal: batch:503, com.samsung.sensor.light_cct/1511, period=200000000, max_latency=0 request completed
02-19 13:19:38.378 1484 1484 I sensors-hal: activate:419, com.samsung.sensor.light_cct/1511 en=1
02-19 13:19:38.378 1484 1484 I sensors-hal: get_qmi_debug_flag:239, support_qmi_debug : false
02-19 13:19:38.379 1459 1660 E minksocket: MinkIPC_QRTR_Service: client with node 1 port 6fb1 went down
02-19 13:19:38.379 21462 21462 I SurfaceView: 105956245 Changes: creating=false format=false size=false visible=false alpha=false hint=false visible=false left=true top=false z=false attached=true lifecycleStrategy=false
02-19 13:19:38.379 21462 21462 I SurfaceView@650c395: 105956245 Cur surface: Surface(name=null)/@0xe97409c
02-19 13:19:38.379 21462 21462 I SurfaceView@650c395: updateSurface: mVisible = true mSurface.isValid() = true
02-19 13:19:38.379 21462 21462 I SurfaceView@650c395: updateSurface: mSurfaceCreated = true surfaceChanged = false visibleChanged = false
02-19 13:19:38.379 21462 21462 V SurfaceView@650c395: Layout: x=583 y=732 w=862 h=1314, frame=Rect(0, 0 - 862, 1314)
02-19 13:19:38.379 21462 21462 I ViewRootImpl@ccd3137[ExpensifyActivityBase]: registerCallbackForPendingTransactions
02-19 13:19:38.380 21462 21729 D SurfaceView: 105956245 updateSurfacePosition RenderWorker, frameNr = 571, position = [583, 732, 1445, 2046] surfaceSize = 862x1314
02-19 13:19:38.380 21462 21729 I SurfaceView@650c395: uSP: rtp = Rect(583, 732 - 1445, 2046) rtsw = 862 rtsh = 1314
02-19 13:19:38.380 21462 21729 I SurfaceView@650c395: onSSPAndSRT: pl = 583 pt = 732 sx = 1.0 sy = 1.0
02-19 13:19:38.380 21462 21729 I SurfaceView@650c395: aOrMT: ViewRootImpl@ccd3137[ExpensifyActivityBase] t = android.view.SurfaceControl$Transaction@77b6e7a fN = 571 android.view.SurfaceView.-$$Nest$mapplyOrMergeTransaction:0 android.view.SurfaceView$SurfaceViewPositionUpdateListener.positionChanged:1667 android.graphics.RenderNode$CompositePositionUpdateListener.positionChanged:369
02-19 13:19:38.380 21462 21729 I ViewRootImpl@ccd3137[ExpensifyActivityBase]: mWNT: t=0xb400007c23bd41f0 mBlastBufferQueue=0xb400007d13b6b4f0 fn= 571 mRenderHdrSdrRatio=1.0 caller= android.view.SurfaceView.applyOrMergeTransaction:1599 android.view.SurfaceView.-$$Nest$mapplyOrMergeTransaction:0 android.view.SurfaceView$SurfaceViewPositionUpdateListener.positionChanged:1667
02-19 13:19:38.381 21462 21786 I ViewRootImpl@ccd3137[ExpensifyActivityBase]: mWNT: t=0xb400007c23cbe790 mBlastBufferQueue=0xb400007d13b6b4f0 fn= 571 mRenderHdrSdrRatio=1.0 caller= android.view.ViewRootImpl$6.onFrameDraw:5705 android.view.ViewRootImpl$2.onFrameDraw:2190 android.view.ThreadedRenderer$1.onFrameDraw:792
02-19 13:19:38.381 1459 1660 E minksocket: MinkIPC_QRTR_Service: client with node 1 port 6fb2 went down
02-19 13:19:38.382 1459 1660 E minksocket: MinkIPC_QRTR_Service: client with node 1 port 6fb3 went down
02-19 13:19:38.382 1459 1660 E minksocket: MinkIPC_QRTR_Service: client with node 1 port 6fb4 went down
02-19 13:19:38.383 1484 1484 I sensors-hal: send_sync_sensor_request:448, send sync request
02-19 13:19:38.383 1484 1484 I sensors-hal: send_sync_sensor_request:474, wait for notification of response
02-19 13:19:38.384 1484 22518 I sensors-hal: ssc_conn_resp_cb:840, resp_value = 0
02-19 13:19:38.384 1484 22518 I sensors-hal: handle_indication_realtime:467, SCHED_FIFO(10) for qmi_cbk
02-19 13:19:38.384 1484 22518 I sensors-hal: handle_sns_std_sensor_event:89, light_cct: ts = 1383756410902221 ns; value = [10, 10, 30, 30, 9, 42, 0, 4, 90, 479, 1]
02-19 13:19:38.385 1603 1603 D SurfaceFlinger: Display 4630946213010294403 HWC layers:
02-19 13:19:38.385 1603 1603 D SurfaceFlinger: DEVICE | 0xb400007cd8d13740 | 0502 | RGBx_8888 | 0.0 0.0 239.0 1314.0 | 665 732 904 2046 | SurfaceView[org.me.mobiexpensifyg/or[...]pensifyActivityBase]@0(BLAST)#272751
02-19 13:19:38.385 1603 1603 D SurfaceFlinger: DEVICE | 0xb400007cd8d20520 | 0100 | RGBA_8888 | 0.0 0.0 904.0 2316.0 | 0 0 904 2316 | org.me.mobiexpensifyg/org.me.mobiexp[...].ExpensifyActivityBase$_21462#272730
02-19 13:19:38.385 1603 1603 D SurfaceFlinger: DEVICE | 0xb400007cd8d30630 | 0100 | RGBA_8888 | 0.0 0.0 904.0 87.0 | 0 0 904 87 | StatusBar$_3256#121
02-19 13:19:38.385 1603 1603 D SurfaceFlinger: DEVICE | 0xb400007cd8d27630 | 0100 | RGBA_8888 | 0.0 0.0 904.0 126.0 | 0 2190 904 2316 | NavigationBar0$_3256#261410
02-19 13:19:38.385 1603 1603 D SurfaceFlinger: DEVICE | 0xb400007cd8d0e7f0 | 0100 | RGBA_8888 | 0.0 0.0 904.0 2316.0 | 0 0 904 2316 | EdgeLightingWindow$_18257#272737
02-19 13:19:38.385 1603 1603 D SurfaceFlinger:
02-19 13:19:38.385 1484 1484 I sensors-hal: send_sync_sensor_request:480, takes 2 ms to receive the response with 0
02-19 13:19:38.385 1484 1484 I sensors-hal: activate:437, com.samsung.sensor.light_cct/1511 en=1 completed
02-19 13:19:38.386 2334 3022 D SensorManager: registerListener :: 1511, TMD4907 Light CCT Non-wakeup, 200000, 0, com.samsung.android.displaysolution.EyeComfortSolutionService$2@f88305d
02-19 13:19:38.387 1484 1484 I sensors-hal: activate:419, com.samsung.sensor.light_cct/1511 en=0
02-19 13:19:38.387 21462 21462 I SurfaceView: 105956245 Changes: creating=false format=false size=false visible=false alpha=false hint=false visible=false left=true top=false z=false attached=true lifecycleStrategy=false
02-19 13:19:38.387 21462 21462 I SurfaceView@650c395: 105956245 Cur surface: Surface(name=null)/@0xe97409c
02-19 13:19:38.387 21462 21462 I SurfaceView@650c395: updateSurface: mVisible = true mSurface.isValid() = true
02-19 13:19:38.387 21462 21462 I SurfaceView@650c395: updateSurface: mSurfaceCreated = true surfaceChanged = false visibleChanged = false
02-19 13:19:38.387 21462 21462 V SurfaceView@650c395: Layout: x=514 y=732 w=862 h=1314, frame=Rect(0, 0 - 862, 1314)
02-19 13:19:38.387 1459 1660 E minksocket: MinkIPC_QRTR_Service: client with node 1 port 6fb5 went down
02-19 13:19:38.387 21462 21462 I ViewRootImpl@ccd3137[ExpensifyActivityBase]: registerCallbackForPendingTransactions
02-19 13:19:38.388 1484 1484 I sensors-hal: deactivate:380, disconnect qmi to disable sensor
02-19 13:19:38.388 1484 1484 I sensors-hal: activate:437, com.samsung.sensor.light_cct/1511 en=0 completed
02-19 13:19:38.388 21462 21729 D SurfaceView: 105956245 updateSurfacePosition RenderWorker, frameNr = 572, position = [514, 732, 1376, 2046] surfaceSize = 862x1314
02-19 13:19:38.388 21462 21729 I SurfaceView@650c395: uSP: rtp = Rect(514, 732 - 1376, 2046) rtsw = 862 rtsh = 1314
02-19 13:19:38.388 21462 21729 I SurfaceView@650c395: onSSPAndSRT: pl = 514 pt = 732 sx = 1.0 sy = 1.0
02-19 13:19:38.388 2334 3022 D SensorManager: unregisterListener :: com.samsung.android.displaysolution.EyeComfortSolutionService$2@f88305d
02-19 13:19:38.388 21462 21729 I SurfaceView@650c395: aOrMT: ViewRootImpl@ccd3137[ExpensifyActivityBase] t = android.view.SurfaceControl$Transaction@77b6e7a fN = 572 android.view.SurfaceView.-$$Nest$mapplyOrMergeTransaction:0 android.view.SurfaceView$SurfaceViewPositionUpdateListener.positionChanged:1667 android.graphics.RenderNode$CompositePositionUpdateListener.positionChanged:369
02-19 13:19:38.388 21462 21729 I ViewRootImpl@ccd3137[ExpensifyActivityBase]: mWNT: t=0xb400007c23bd41f0 mBlastBufferQueue=0xb400007d13b6b4f0 fn= 572 mRenderHdrSdrRatio=1.0 caller= android.view.SurfaceView.applyOrMergeTransaction:1599 android.view.SurfaceView.-$$Nest$mapplyOrMergeTransaction:0 android.view.SurfaceView$SurfaceViewPositionUpdateListener.positionChanged:1667
02-19 13:19:38.389 21462 21787 I ViewRootImpl@ccd3137[ExpensifyActivityBase]: mWNT: t=0xb400007c23c8dd50 mBlastBufferQueue=0xb400007d13b6b4f0 fn= 572 mRenderHdrSdrRatio=1.0 caller= android.view.ViewRootImpl$6.onFrameDraw:5705 android.view.ViewRootImpl$2.onFrameDraw:2190 android.view.ThreadedRenderer$1.onFrameDraw:792
02-19 13:19:38.395 21462 21462 I SurfaceView: 105956245 Changes: creating=false format=false size=false visible=false alpha=false hint=false visible=false left=true top=false z=false attached=true lifecycleStrategy=false
02-19 13:19:38.395 21462 21462 I SurfaceView@650c395: 105956245 Cur surface: Surface(name=null)/@0xe97409c
02-19 13:19:38.395 21462 21462 I SurfaceView@650c395: updateSurface: mVisible = true mSurface.isValid() = true
02-19 13:19:38.395 21462 21462 I SurfaceView@650c395: updateSurface: mSurfaceCreated = true surfaceChanged = false visibleChanged = false
02-19 13:19:38.395 21462 21462 V SurfaceView@650c395: Layout: x=450 y=732 w=862 h=1314, frame=Rect(0, 0 - 862, 1314)
02-19 13:19:38.396 21462 21462 I ViewRootImpl@ccd3137[ExpensifyActivityBase]: registerCallbackForPendingTransactions
02-19 13:19:38.397 1603 1760 D RenderEngine: [SEC_GC_CMN_SF_EFFECTS] drawLayersInternal,1279, Rendering layer at index 0
02-19 13:19:38.397 1603 1760 D RenderEngine: [SEC_GC_CMN_SF_EFFECTS] drawLayersInternal,1279, Rendering layer org.me.mobiexpensifyg/org.me.mobiexpensifyg.ExpensifyActivityBase$_21462#272730 at index 1
02-19 13:19:38.398 21462 21729 D SurfaceView: 105956245 updateSurfacePosition RenderWorker, frameNr = 573, position = [450, 732, 1312, 2046] surfaceSize = 862x1314
02-19 13:19:38.398 21462 21729 I SurfaceView@650c395: uSP: rtp = Rect(450, 732 - 1312, 2046) rtsw = 862 rtsh = 1314
02-19 13:19:38.398 21462 21729 I SurfaceView@650c395: onSSPAndSRT: pl = 450 pt = 732 sx = 1.0 sy = 1.0
02-19 13:19:38.398 21462 21729 I SurfaceView@650c395: aOrMT: ViewRootImpl@ccd3137[ExpensifyActivityBase] t = android.view.SurfaceControl$Transaction@77b6e7a fN = 573 android.view.SurfaceView.-$$Nest$mapplyOrMergeTransaction:0 android.view.SurfaceView$SurfaceViewPositionUpdateListener.positionChanged:1667 android.graphics.RenderNode$CompositePositionUpdateListener.positionChanged:369
02-19 13:19:38.398 21462 21729 I ViewRootImpl@ccd3137[ExpensifyActivityBase]: mWNT: t=0xb400007c23bd41f0 mBlastBufferQueue=0xb400007d13b6b4f0 fn= 573 mRenderHdrSdrRatio=1.0 caller= android.view.SurfaceView.applyOrMergeTransaction:1599 android.view.SurfaceView.-$$Nest$mapplyOrMergeTransaction:0 android.view.SurfaceView$SurfaceViewPositionUpdateListener.positionChanged:1667
02-19 13:19:38.402 21462 21462 I SurfaceView: 105956245 Changes: creating=false format=false size=false visible=false alpha=false hint=false visible=false left=true top=false z=false attached=true lifecycleStrategy=false
02-19 13:19:38.402 21462 21462 I SurfaceView@650c395: 105956245 Cur surface: Surface(name=null)/@0xe97409c
02-19 13:19:38.402 21462 21462 I SurfaceView@650c395: updateSurface: mVisible = true mSurface.isValid() = true
02-19 13:19:38.402 21462 21462 I SurfaceView@650c395: updateSurface: mSurfaceCreated = true surfaceChanged = false visibleChanged = false
02-19 13:19:38.402 21462 21462 V SurfaceView@650c395: Layout: x=383 y=732 w=862 h=1314, frame=Rect(0, 0 - 862, 1314)
02-19 13:19:38.402 21462 21462 I ViewRootImpl@ccd3137[ExpensifyActivityBase]: registerCallbackForPendingTransactions
02-19 13:19:38.404 21462 21786 I ViewRootImpl@ccd3137[ExpensifyActivityBase]: mWNT: t=0xb400007c23cb3fd0 mBlastBufferQueue=0xb400007d13b6b4f0 fn= 573 mRenderHdrSdrRatio=1.0 caller= android.view.ViewRootImpl$6.onFrameDraw:5705 android.view.ViewRootImpl$2.onFrameDraw:2190 android.view.ThreadedRenderer$1.onFrameDraw:792
02-19 13:19:38.406 21462 21729 D SurfaceView: 105956245 updateSurfacePosition RenderWorker, frameNr = 574, position = [383, 732, 1245, 2046] surfaceSize = 862x1314
02-19 13:19:38.406 21462 21729 I SurfaceView@650c395: uSP: rtp = Rect(383, 732 - 1245, 2046) rtsw = 862 rtsh = 1314
02-19 13:19:38.406 21462 21729 I SurfaceView@650c395: onSSPAndSRT: pl = 383 pt = 732 sx = 1.0 sy = 1.0
02-19 13:19:38.406 21462 21729 I SurfaceView@650c395: aOrMT: ViewRootImpl@ccd3137[ExpensifyActivityBase] t = android.view.SurfaceControl$Transaction@77b6e7a fN = 574 android.view.SurfaceView.-$$Nest$mapplyOrMergeTransaction:0 android.view.SurfaceView$SurfaceViewPositionUpdateListener.positionChanged:1667 android.graphics.RenderNode$CompositePositionUpdateListener.positionChanged:369
02-19 13:19:38.406 21462 21729 I ViewRootImpl@ccd3137[ExpensifyActivityBase]: mWNT: t=0xb400007c23bd41f0 mBlastBufferQueue=0xb400007d13b6b4f0 fn= 574 mRenderHdrSdrRatio=1.0 caller= android.view.SurfaceView.applyOrMergeTransaction:1599 android.view.SurfaceView.-$$Nest$mapplyOrMergeTransaction:0 android.view.SurfaceView$SurfaceViewPositionUpdateListener.positionChanged:1667
02-19 13:19:38.406 21462 21787 I ViewRootImpl@ccd3137[ExpensifyActivityBase]: mWNT: t=0xb400007c23cd6730 mBlastBufferQueue=0xb400007d13b6b4f0 fn= 574 mRenderHdrSdrRatio=1.0 caller= android.view.ViewRootImpl$6.onFrameDraw:5705 android.view.ViewRootImpl$2.onFrameDraw:2190 android.view.ThreadedRenderer$1.onFrameDraw:792
02-19 13:19:38.413 21462 21462 D AnimatorSet: mReversing is false. Don't call initChildren.
02-19 13:19:38.425 21462 21462 I SurfaceView: 105956245 Changes: creating=false format=false size=false visible=false alpha=false hint=false visible=false left=true top=false z=false attached=true lifecycleStrategy=false
02-19 13:19:38.425 21462 21462 I SurfaceView@650c395: 105956245 Cur surface: Surface(name=null)/@0xe97409c
02-19 13:19:38.425 21462 21462 I SurfaceView@650c395: updateSurface: mVisible = true mSurface.isValid() = true
02-19 13:19:38.425 21462 21462 I SurfaceView@650c395: updateSurface: mSurfaceCreated = true surfaceChanged = false visibleChanged = false
02-19 13:19:38.425 21462 21462 V SurfaceView@650c395: Layout: x=329 y=732 w=862 h=1314, frame=Rect(0, 0 - 862, 1314)
02-19 13:19:38.426 21462 21462 I ViewRootImpl@ccd3137[ExpensifyActivityBase]: registerCallbackForPendingTransactions
02-19 13:19:38.427 21462 21729 D SurfaceView: 105956245 updateSurfacePosition RenderWorker, frameNr = 575, position = [329, 732, 1191, 2046] surfaceSize = 862x1314
02-19 13:19:38.427 21462 21729 I SurfaceView@650c395: uSP: rtp = Rect(329, 732 - 1191, 2046) rtsw = 862 rtsh = 1314
02-19 13:19:38.427 21462 21729 I SurfaceView@650c395: onSSPAndSRT: pl = 329 pt = 732 sx = 1.0 sy = 1.0
02-19 13:19:38.427 21462 21729 I SurfaceView@650c395: aOrMT: ViewRootImpl@ccd3137[ExpensifyActivityBase] t = android.view.SurfaceControl$Transaction@77b6e7a fN = 575 android.view.SurfaceView.-$$Nest$mapplyOrMergeTransaction:0 android.view.SurfaceView$SurfaceViewPositionUpdateListener.positionChanged:1667 android.graphics.RenderNode$CompositePositionUpdateListener.positionChanged:369
02-19 13:19:38.427 21462 21729 I ViewRootImpl@ccd3137[ExpensifyActivityBase]: mWNT: t=0xb400007c23bd41f0 mBlastBufferQueue=0xb400007d13b6b4f0 fn= 575 mRenderHdrSdrRatio=1.0 caller= android.view.SurfaceView.applyOrMergeTransaction:1599 android.view.SurfaceView.-$$Nest$mapplyOrMergeTransaction:0 android.view.SurfaceView$SurfaceViewPositionUpdateListener.positionChanged:1667
02-19 13:19:38.429 21462 21786 I ViewRootImpl@ccd3137[ExpensifyActivityBase]: mWNT: t=0xb400007c23d66bd0 mBlastBufferQueue=0xb400007d13b6b4f0 fn= 575 mRenderHdrSdrRatio=1.0 caller= android.view.ViewRootImpl$6.onFrameDraw:5705 android.view.ViewRootImpl$2.onFrameDraw:2190 android.view.ThreadedRenderer$1.onFrameDraw:792
02-19 13:19:38.444 2334 3990 D ActivityTaskManager: startActivityAsUser: callingPid=21462, callingUid=11571, caller=com.android.server.wm.ActivityTaskManagerService.startActivityAsUser:1870 com.android.server.wm.ActivityTaskManagerService.startActivity:1844 android.app.IActivityTaskManager$Stub.onTransact:1369 com.android.server.wm.ActivityTaskManagerService.onTransact:7025 android.os.Binder.execTransactInternal:1375 android.os.Binder.execTransact:1311
02-19 13:19:38.444 2334 2446 I ChimeraSystemEventListener: appLaunchIntent package name is: com.google.android.permissioncontroller
02-19 13:19:38.448 21462 21462 I SurfaceView: 105956245 Changes: creating=false format=false size=false visible=false alpha=false hint=false visible=false left=true top=false z=false attached=true lifecycleStrategy=false
02-19 13:19:38.448 21462 21462 I SurfaceView@650c395: 105956245 Cur surface: Surface(name=null)/@0xe97409c
02-19 13:19:38.448 21462 21462 I SurfaceView@650c395: updateSurface: mVisible = true mSurface.isValid() = true
02-19 13:19:38.448 21462 21462 I SurfaceView@650c395: updateSurface: mSurfaceCreated = true surfaceChanged = false visibleChanged = false
02-19 13:19:38.448 21462 21462 V SurfaceView@650c395: Layout: x=151 y=732 w=862 h=1314, frame=Rect(0, 0 - 862, 1314)
02-19 13:19:38.448 2334 3990 D ActivityTaskManager: ActivityRecord, mOccludesParent of ActivityRecord{69106dc u0 com.google.android.permissioncontroller/com.android.permissioncontroller.permission.ui.GrantPermissionsActivity is set to false, isTranslucentOrFloating=true mStyleFloating=true
02-19 13:19:38.448 21462 21462 I ViewRootImpl@ccd3137[ExpensifyActivityBase]: registerCallbackForPendingTransactions
02-19 13:19:38.449 2334 3990 D WindowManager: Transition is created, t=TransitionRecord{2b03eba id=-1 type=OPEN flags=0x0}, caller=com.android.server.wm.TransitionController.createAndStartCollecting:1830 com.android.server.wm.ActivityStarter.startActivityUnchecked:2374 com.android.server.wm.ActivityStarter.executeRequest:1959 com.android.server.wm.ActivityStarter.execute:1075 com.android.server.wm.ActivityTaskManagerService.startActivityAsUser:2011
02-19 13:19:38.449 21462 21729 D SurfaceView: 105956245 updateSurfacePosition RenderWorker, frameNr = 576, position = [151, 732, 1013, 2046] surfaceSize = 862x1314
02-19 13:19:38.449 21462 21729 I SurfaceView@650c395: uSP: rtp = Rect(151, 732 - 1013, 2046) rtsw = 862 rtsh = 1314
02-19 13:19:38.449 21462 21729 I SurfaceView@650c395: onSSPAndSRT: pl = 151 pt = 732 sx = 1.0 sy = 1.0
02-19 13:19:38.449 2334 3990 D WindowManager: SyncGroup is created, id=12396, name=Transition, caller=com.android.server.wm.BLASTSyncEngine$SyncGroup.:0 com.android.server.wm.BLASTSyncEngine.prepareSyncSet:523 com.android.server.wm.BLASTSyncEngine.startSyncSet:528 com.android.server.wm.Transition.startCollecting:704 com.android.server.wm.TransitionController.moveToCollecting:360 com.android.server.wm.TransitionController.createAndStartCollecting:1831 com.android.server.wm.ActivityStarter.startActivityUnchecked:2374
02-19 13:19:38.449 21462 21729 I SurfaceView@650c395: aOrMT: ViewRootImpl@ccd3137[ExpensifyActivityBase] t = android.view.SurfaceControl$Transaction@77b6e7a fN = 576 android.view.SurfaceView.-$$Nest$mapplyOrMergeTransaction:0 android.view.SurfaceView$SurfaceViewPositionUpdateListener.positionChanged:1667 android.graphics.RenderNode$CompositePositionUpdateListener.positionChanged:369
02-19 13:19:38.449 2334 3990 W WindowManager: setSyncMethod, id=12396, method=0, caller=com.android.server.wm.Transition.startCollecting:706 com.android.server.wm.TransitionController.moveToCollecting:360 com.android.server.wm.TransitionController.createAndStartCollecting:1831
02-19 13:19:38.449 21462 21729 I ViewRootImpl@ccd3137[ExpensifyActivityBase]: mWNT: t=0xb400007c23bd41f0 mBlastBufferQueue=0xb400007d13b6b4f0 fn= 576 mRenderHdrSdrRatio=1.0 caller= android.view.SurfaceView.applyOrMergeTransaction:1599 android.view.SurfaceView.-$$Nest$mapplyOrMergeTransaction:0 android.view.SurfaceView$SurfaceViewPositionUpdateListener.positionChanged:1667
02-19 13:19:38.449 2334 3990 V WindowManager: Start collecting in Transition: TransitionRecord{2b03eba id=12396 type=OPEN flags=0x0}, caller=com.android.server.wm.TransitionController.createAndStartCollecting:1831 com.android.server.wm.ActivityStarter.startActivityUnchecked:2374 com.android.server.wm.ActivityStarter.executeRequest:1959 com.android.server.wm.ActivityStarter.execute:1075 com.android.server.wm.ActivityTaskManagerService.startActivityAsUser:2011
02-19 13:19:38.449 2334 3990 V WindowManager: Collecting in transition 12396: ActivityRecord{69106dc u0 com.google.android.permissioncontroller/com.android.permissioncontroller.permission.ui.GrantPermissionsActivity t-1}, caller=com.android.server.wm.Transition.collect:753 com.android.server.wm.TransitionController.collect:975 com.android.server.wm.ActivityStarter.startActivityUnchecked:2407 com.android.server.wm.ActivityStarter.executeRequest:1959 com.android.server.wm.ActivityStarter.execute:1075
02-19 13:19:38.449 2334 3990 D ActivityTaskManager: TaskLaunchParamsModifier:task=null activity=ActivityRecord{69106dc u0 com.google.android.permissioncontroller/com.android.permissioncontroller.permission.ui.GrantPermissionsActivity t-1} display-area-from-source=DefaultTaskDisplayArea_d0@245515841 display-id=0 task-display-area-windowing-mode=1 suggested-display-area=DefaultTaskDisplayArea_d0@245515841
02-19 13:19:38.449 2334 3990 D ActivityTaskManager: TaskLaunchParamsModifier:task=Task{b385db2 #11810 type=standard A=11571:org.me.mobiexpensifyg} activity=ActivityRecord{69106dc u0 com.google.android.permissioncontroller/com.android.permissioncontroller.permission.ui.GrantPermissionsActivity t-1} display-area-from-source=DefaultTaskDisplayArea_d0@245515841 display-id=0 task-display-area-windowing-mode=1 suggested-display-area=DefaultTaskDisplayArea_d0@245515841 inherit-from-source=fullscreen non-freeform-task-display-area display-area=DefaultTaskDisplayArea_d0@245515841 activity-requested-portrait freeform-size-mismatch=Rect(71, 725 - 833, 1640)
02-19 13:19:38.449 21462 21787 I ViewRootImpl@ccd3137[ExpensifyActivityBase]: mWNT: t=0xb400007c23cd6470 mBlastBufferQueue=0xb400007d13b6b4f0 fn= 576 mRenderHdrSdrRatio=1.0 caller= android.view.ViewRootImpl$6.onFrameDraw:5705 android.view.ViewRootImpl$2.onFrameDraw:2190 android.view.ThreadedRenderer$1.onFrameDraw:792
02-19 13:19:38.449 2334 3924 I SemDvfsHyPerManager: acquire hyper - AMS_APP_SWITCH/2334@20, type = -999
02-19 13:19:38.450 1492 1518 I HYPER-HAL: [RequestManager.cpp]acquire(): Acquired ID : 2771855 [2334 / 20] HINT : AMS_APP_SWITCH list :
02-19 13:19:38.451 2334 3924 D ActivityManagerPerformance: AMP_acquire() APP_SWITCH
02-19 13:19:38.454 21462 21462 I SurfaceView: 105956245 Changes: creating=false format=false size=false visible=false alpha=false hint=false visible=false left=true top=false z=false attached=true lifecycleStrategy=false
02-19 13:19:38.454 21462 21462 I SurfaceView@650c395: 105956245 Cur surface: Surface(name=null)/@0xe97409c
02-19 13:19:38.454 21462 21462 I SurfaceView@650c395: updateSurface: mVisible = true mSurface.isValid() = true
02-19 13:19:38.454 21462 21462 I SurfaceView@650c395: updateSurface: mSurfaceCreated = true surfaceChanged = false visibleChanged = false
02-19 13:19:38.454 21462 21462 V SurfaceView@650c395: Layout: x=115 y=732 w=862 h=1314, frame=Rect(0, 0 - 862, 1314)
02-19 13:19:38.454 21462 21462 I ViewRootImpl@ccd3137[ExpensifyActivityBase]: registerCallbackForPendingTransactions
02-19 13:19:38.454 1603 2203 I SurfaceFlinger: id=272753 createSurf, flag=84004, ActivityRecord{69106dc u0 com.google.android.permissioncontroller/com.android.permissioncontroller.permission.ui.GrantPermissionsActivity t11810}#272753
02-19 13:19:38.454 21462 21729 D SurfaceView: 105956245 updateSurfacePosition RenderWorker, frameNr = 577, position = [115, 732, 977, 2046] surfaceSize = 862x1314
02-19 13:19:38.454 21462 21729 I SurfaceView@650c395: uSP: rtp = Rect(115, 732 - 977, 2046) rtsw = 862 rtsh = 1314
02-19 13:19:38.454 21462 21729 I SurfaceView@650c395: onSSPAndSRT: pl = 115 pt = 732 sx = 1.0 sy = 1.0
02-19 13:19:38.454 21462 21729 I SurfaceView@650c395: aOrMT: ViewRootImpl@ccd3137[ExpensifyActivityBase] t = android.view.SurfaceControl$Transaction@77b6e7a fN = 577 android.view.SurfaceView.-$$Nest$mapplyOrMergeTransaction:0 android.view.SurfaceView$SurfaceViewPositionUpdateListener.positionChanged:1667 android.graphics.RenderNode$CompositePositionUpdateListener.positionChanged:369
02-19 13:19:38.454 21462 21729 I ViewRootImpl@ccd3137[ExpensifyActivityBase]: mWNT: t=0xb400007c23bd41f0 mBlastBufferQueue=0xb400007d13b6b4f0 fn= 577 mRenderHdrSdrRatio=1.0 caller= android.view.SurfaceView.applyOrMergeTransaction:1599 android.view.SurfaceView.-$$Nest$mapplyOrMergeTransaction:0 android.view.SurfaceView$SurfaceViewPositionUpdateListener.positionChanged:1667
02-19 13:19:38.454 6194 6194 I SemDvfsHyPerManager: acquire hyper - APP_START_SHORT/6194@21, type = -999
02-19 13:19:38.455 21462 21786 I ViewRootImpl@ccd3137[ExpensifyActivityBase]: mWNT: t=0xb400007c23cd86d0 mBlastBufferQueue=0xb400007d13b6b4f0 fn= 577 mRenderHdrSdrRatio=1.0 caller= android.view.ViewRootImpl$6.onFrameDraw:5705 android.view.ViewRootImpl$2.onFrameDraw:2190 android.view.ThreadedRenderer$1.onFrameDraw:792
02-19 13:19:38.456 2334 3990 V WindowManager: Checking theme of starting window: 0x7f140198
02-19 13:19:38.456 2334 3990 V WindowManager: Translucent=true Floating=true ShowWallpaper=false Disable=false
02-19 13:19:38.456 2334 3990 D CompatibilityChangeReporter: Compat change id reported: 205907456; UID 10281; state: ENABLED
02-19 13:19:38.456 2334 3990 D ActivityTaskManager: scheduleTopResumedActivityChanged, onTop=false, r=ActivityRecord{95903bd u0 org.me.mobiexpensifyg/.ExpensifyActivityBase t11810}, caller=com.android.server.wm.ActivityTaskSupervisor.updateTopResumedActivityIfNeeded:2873 com.android.server.wm.TaskFragment.setResumedActivity:580 com.android.server.wm.TaskFragment.onActivityStateChanged:889 com.android.server.wm.ActivityRecord.setState:6892 com.android.server.wm.TaskFragment.startPausing:2012 com.android.server.wm.TaskFragment.startPausing:1956
02-19 13:19:38.457 2334 3990 V WindowManager: Collecting in transition 12396: ActivityRecord{69106dc u0 com.google.android.permissioncontroller/com.android.permissioncontroller.permission.ui.GrantPermissionsActivity t11810}, caller=com.android.server.wm.Transition.collect:753 com.android.server.wm.Transition.collectExistenceChange:936 com.android.server.wm.TransitionController.collectExistenceChange:1025 com.android.server.wm.ActivityStarter.handleStartResult:2632 com.android.server.wm.ActivityStarter.startActivityUnchecked:2415
02-19 13:19:38.457 2334 3990 E Transition: Trying to add a ready-group twice: Display{#0 state=ON size=904x2316 ROTATION_0}
02-19 13:19:38.457 2334 3990 V WindowManager: Requesting StartTransition: TransitionRecord{2b03eba id=12396 type=OPEN flags=0x0}, caller=com.android.server.wm.ActivityStarter.handleStartResult:2666 com.android.server.wm.ActivityStarter.startActivityUnchecked:2415 com.android.server.wm.ActivityStarter.executeRequest:1959 com.android.server.wm.ActivityStarter.execute:1075 com.android.server.wm.ActivityTaskManagerService.startActivityAsUser:2011
02-19 13:19:38.458 2334 3990 I ActivityTaskManager: START u0 {act=android.content.pm.action.REQUEST_PERMISSIONS pkg=com.google.android.permissioncontroller cmp=com.google.android.permissioncontroller/com.android.permissioncontroller.permission.ui.GrantPermissionsActivity (has extras)} with LAUNCH_MULTIPLE from uid 11571 (BAL_ALLOW_VISIBLE_WINDOW) result code=0
02-19 13:19:38.458 2334 3990 I Pageboost: stop alp
02-19 13:19:38.458 2334 3990 I SemDvfsHyPerManager: acquire hyper - AMS_APP_LAUNCH/2334@17, type = -999
02-19 13:19:38.458 6033 6033 W ContextImpl: Calling a method in the system process without a qualified user: android.app.ContextImpl.startService:1960 android.content.ContextWrapper.startService:842 android.content.ContextWrapper.startService:842 com.sec.android.diagmonagent.sa.receiver.CFLogReceiver.onReceive:56 android.app.ActivityThread.handleReceiver:4981
02-19 13:19:38.459 4417 4417 E pageboostd: Received HALT command code 2
02-19 13:19:38.460 21462 21462 I SurfaceView: 105956245 Changes: creating=false format=false size=false visible=false alpha=false hint=false visible=false left=true top=false z=false attached=true lifecycleStrategy=false
02-19 13:19:38.460 21462 21462 I SurfaceView@650c395: 105956245 Cur surface: Surface(name=null)/@0xe97409c
02-19 13:19:38.460 21462 21462 I SurfaceView@650c395: updateSurface: mVisible = true mSurface.isValid() = true
02-19 13:19:38.460 21462 21462 I SurfaceView@650c395: updateSurface: mSurfaceCreated = true surfaceChanged = false visibleChanged = false
02-19 13:19:38.460 21462 21462 V SurfaceView@650c395: Layout: x=88 y=732 w=862 h=1314, frame=Rect(0, 0 - 862, 1314)
02-19 13:19:38.460 21462 21462 I ViewRootImpl@ccd3137[ExpensifyActivityBase]: registerCallbackForPendingTransactions
