02-19 13:19:36.190 1603 1603 I Layer : Layer [Surface(name=1b8f22f InputMethod)/@0xe50c51f - animation-leash of insets_animation#272731] hidden!! flag(1)
02-19 13:19:36.194 1603 2203 I SurfaceFlinger: id=272731 Removed Surface(name=1b8f22f InputMethod)/@0xe50c51f - animation-leash of insets_animation#272731 (224)
02-19 13:19:36.198 1603 1603 I Layer : id=272731 Destroyed Surface(name=1b8f22f InputMethod)/@0xe50c51f - animation-leash of insets_animation#272731
02-19 13:19:36.217 6890 6890 I HBD : h isCoverDisplay : true, cached selected json info : SelectedLanguageInfo(languageVersion=4.1, currentLanguageOrder=0, selectedLanguageList=[SelectedLanguage(id=65538, isUsed=true, engName=English, inputType=qwerty, activeOptionList=[auto_replace, writing_assistant]), SelectedLanguage(id=4653073, isUsed=true, engName=Simplified Chinese, inputType=phonepad, activeOptionList=[])])
02-19 13:19:36.218 21462 21860 W Kumiho-Kumiho: isSupportedFormat: Format is not supported
02-19 13:19:36.218 21462 21860 D OpenGLRenderer: --- Failed to create image decoder with message 'unimplemented'
02-19 13:19:36.218 21462 21860 W Kumiho-Kumiho: isSupportedFormat: Format is not supported
02-19 13:19:36.218 21462 21860 D OpenGLRenderer: --- Failed to create image decoder with message 'unimplemented'
02-19 13:19:36.218 21462 21860 W Kumiho-Kumiho: isSupportedFormat: Format is not supported
02-19 13:19:36.218 21462 21860 D OpenGLRenderer: --- Failed to create image decoder with message 'unimplemented'
02-19 13:19:36.218 21462 21860 W Kumiho-Kumiho: isSupportedFormat: Format is not supported
02-19 13:19:36.218 21462 21860 D OpenGLRenderer: --- Failed to create image decoder with message 'unimplemented'
02-19 13:19:36.218 21462 21860 W Kumiho-Kumiho: isSupportedFormat: Format is not supported
02-19 13:19:36.218 6890 6890 I HBD : b [UpdatePolicy] [post] a: 0 cl: 65538 kit: [0/0] vt: 0 ir: 1
02-19 13:19:36.218 21462 21860 D OpenGLRenderer: --- Failed to create image decoder with message 'unimplemented'
02-19 13:19:36.218 21462 21860 W Kumiho-Kumiho: isSupportedFormat: Format is not supported
02-19 13:19:36.218 21462 21860 D OpenGLRenderer: --- Failed to create image decoder with message 'unimplemented'
02-19 13:19:36.219 21462 21858 W Kumiho-Kumiho: isSupportedFormat: Format is not supported
02-19 13:19:36.219 21462 21858 D OpenGLRenderer: --- Failed to create image decoder with message 'unimplemented'
02-19 13:19:36.219 21462 21858 W Kumiho-Kumiho: isSupportedFormat: Format is not supported
02-19 13:19:36.219 21462 21858 D OpenGLRenderer: --- Failed to create image decoder with message 'unimplemented'
02-19 13:19:36.219 21462 21858 W Kumiho-Kumiho: isSupportedFormat: Format is not supported
02-19 13:19:36.219 21462 21858 D OpenGLRenderer: --- Failed to create image decoder with message 'unimplemented'
02-19 13:19:36.219 21462 21860 W Kumiho-Kumiho: isSupportedFormat: Format is not supported
02-19 13:19:36.219 21462 21858 W Kumiho-Kumiho: isSupportedFormat: Format is not supported
02-19 13:19:36.219 21462 21860 D OpenGLRenderer: --- Failed to create image decoder with message 'unimplemented'
02-19 13:19:36.219 21462 21858 D OpenGLRenderer: --- Failed to create image decoder with message 'unimplemented'
02-19 13:19:36.219 21462 21858 W Kumiho-Kumiho: isSupportedFormat: Format is not supported
02-19 13:19:36.219 21462 21858 D OpenGLRenderer: --- Failed to create image decoder with message 'unimplemented'
02-19 13:19:36.219 21462 21858 W Kumiho-Kumiho: isSupportedFormat: Format is not supported
02-19 13:19:36.220 21462 21858 D OpenGLRenderer: --- Failed to create image decoder with message 'unimplemented'
02-19 13:19:36.220 21462 21857 W Kumiho-Kumiho: isSupportedFormat: Format is not supported
02-19 13:19:36.220 21462 21857 D OpenGLRenderer: --- Failed to create image decoder with message 'unimplemented'
02-19 13:19:36.220 21462 21857 W Kumiho-Kumiho: isSupportedFormat: Format is not supported
02-19 13:19:36.220 21462 21857 D OpenGLRenderer: --- Failed to create image decoder with message 'unimplemented'
02-19 13:19:36.220 21462 21857 W Kumiho-Kumiho: isSupportedFormat: Format is not supported
02-19 13:19:36.220 21462 21860 W Kumiho-Kumiho: isSupportedFormat: Format is not supported
02-19 13:19:36.220 21462 21857 D OpenGLRenderer: --- Failed to create image decoder with message 'unimplemented'
02-19 13:19:36.220 21462 21860 D OpenGLRenderer: --- Failed to create image decoder with message 'unimplemented'
02-19 13:19:36.220 21462 21860 W Kumiho-Kumiho: isSupportedFormat: Format is not supported
02-19 13:19:36.220 21462 21857 W Kumiho-Kumiho: isSupportedFormat: Format is not supported
02-19 13:19:36.220 21462 21860 D OpenGLRenderer: --- Failed to create image decoder with message 'unimplemented'
02-19 13:19:36.220 21462 21857 D OpenGLRenderer: --- Failed to create image decoder with message 'unimplemented'
02-19 13:19:36.220 21462 21857 W Kumiho-Kumiho: isSupportedFormat: Format is not supported
02-19 13:19:36.220 21462 21860 W Kumiho-Kumiho: isSupportedFormat: Format is not supported
02-19 13:19:36.220 21462 21857 D OpenGLRenderer: --- Failed to create image decoder with message 'unimplemented'
02-19 13:19:36.220 21462 21860 D OpenGLRenderer: --- Failed to create image decoder with message 'unimplemented'
02-19 13:19:36.220 21462 21857 W Kumiho-Kumiho: isSupportedFormat: Format is not supported
02-19 13:19:36.220 21462 21860 W Kumiho-Kumiho: isSupportedFormat: Format is not supported
02-19 13:19:36.220 21462 21857 D OpenGLRenderer: --- Failed to create image decoder with message 'unimplemented'
02-19 13:19:36.220 21462 21860 D OpenGLRenderer: --- Failed to create image decoder with message 'unimplemented'
02-19 13:19:36.220 21462 21860 W Kumiho-Kumiho: isSupportedFormat: Format is not supported
02-19 13:19:36.220 21462 21860 D OpenGLRenderer: --- Failed to create image decoder with message 'unimplemented'
02-19 13:19:36.229 6890 6890 I HBD : a [NRIC] resetNoResponseState
02-19 13:19:36.229 6890 6890 I HBD : a needOff = true , isForceOff = false, isNullInputClass : true
02-19 13:19:36.229 6890 6890 I HBD : a update cached prediction status : false
02-19 13:19:36.229 6890 6890 I HBD : b [AiWriter] setContact : org.me.mobiexpensifyg
02-19 13:19:36.229 6890 6890 I HBD : HoneyBoardService [PF_OP][onStartInput] 59 ms
02-19 13:19:36.229 6890 6890 I InputMethodService: scheduleImeSurfaceRemoval: removeImeSurface is posted.
02-19 13:19:36.230 6890 6890 I HBD : [DirectWriting] DirectWriting emitInputConnection : RemoteInputConnection{idHash=#341bda9}
02-19 13:19:36.296 1603 1760 D RenderEngine: [SEC_GC_CMN_SF_EFFECTS] drawLayersInternal,1279, Rendering layer at index 0
02-19 13:19:36.296 1603 1760 D RenderEngine: [SEC_GC_CMN_SF_EFFECTS] drawLayersInternal,1279, Rendering layer org.me.mobiexpensifyg/org.me.mobiexpensifyg.ExpensifyActivityBase$_21462#272730 at index 1
02-19 13:19:36.297 1603 1760 D RenderEngine: [SEC_GC_CMN_SF_EFFECTS] drawLayersInternal,1279, Rendering layer org.me.mobiexpensifyg/org.me.mobiexpensifyg.ExpensifyActivityBase$_21462#272741 at index 2
02-19 13:19:36.312 2334 2444 I GestureDetector: handleMessage TAP
02-19 13:19:36.312 2334 2334 I GestureDetector: handleMessage TAP
02-19 13:19:36.405 1603 1760 D RenderEngine: [SEC_GC_CMN_SF_EFFECTS] drawLayersInternal,1279, Rendering layer at index 0
02-19 13:19:36.405 1603 1760 D RenderEngine: [SEC_GC_CMN_SF_EFFECTS] drawLayersInternal,1279, Rendering layer org.me.mobiexpensifyg/org.me.mobiexpensifyg.ExpensifyActivityBase$_21462#272730 at index 1
02-19 13:19:36.406 1603 1760 D RenderEngine: [SEC_GC_CMN_SF_EFFECTS] drawLayersInternal,1279, Rendering layer org.me.mobiexpensifyg/org.me.mobiexpensifyg.ExpensifyActivityBase$_21462#272741 at index 2
02-19 13:19:36.432 6890 6890 I ViewRootImpl@1cdd9d5[InputMethod]: destroyHardwareResources: Callers=android.view.ViewRootImpl.performTraversals:3989 android.view.ViewRootImpl.doTraversal:3345 android.view.ViewRootImpl$TraversalRunnable.run:11437 android.view.Choreographer$CallbackRecord.run:1690 android.view.Choreographer$CallbackRecord.run:1699 android.view.Choreographer.doCallbacks:1154 android.view.Choreographer.doFrame:1080 android.view.Choreographer$FrameDisplayEventReceiver.run:1647 android.os.Handler.handleCallback:958 android.os.Handler.dispatchMessage:99
02-19 13:19:36.434 2334 3990 V WindowManager: Relayout Window{1b8f22f u0 InputMethod}: viewVisibility=8 req=904x2229 ty=2011 d0
02-19 13:19:36.434 2334 3990 E WindowManager: win=Window{1b8f22f u0 InputMethod} destroySurfaces: appStopped=true cleanupOnResume=false win.mWindowRemovalAllowed=false win.mRemoveOnExit=false win.mViewVisibility=8 caller=com.android.server.wm.WindowManagerService.tryStartExitingAnimation:3002 com.android.server.wm.WindowManagerService.relayoutWindow:2695 com.android.server.wm.Session.relayout:282 android.view.IWindowSession$Stub.onTransact:782 com.android.server.wm.Session.onTransact:204 android.os.Binder.execTransactInternal:1375 android.os.Binder.execTransact:1311
02-19 13:19:36.434 2334 3990 I WindowManager: Destroying surface Surface(name=InputMethod$_6890)/@0x760e5d9 called by com.android.server.wm.WindowStateAnimator.destroySurface:811 com.android.server.wm.WindowStateAnimator.destroySurfaceLocked:478 com.android.server.wm.WindowState.destroySurfaceUnchecked:4219 com.android.server.wm.WindowState.destroySurface:4193 com.android.server.wm.WindowManagerService.tryStartExitingAnimation:3002 com.android.server.wm.WindowManagerService.relayoutWindow:2695 com.android.server.wm.Session.relayout:282 android.view.IWindowSession$Stub.onTransact:782
02-19 13:19:36.436 2334 3990 D SurfaceControl: restrictHighRefreshRate, enabled=false
02-19 13:19:36.436 1603 2203 I SurfaceFlinger: HRR : 0
02-19 13:19:36.437 3256 3266 I ViewRootImpl@fa0aba5[StatusBar]: Resizing android.view.ViewRootImpl@87766a0: frame = [0,0][904,87] reportDraw = false forceLayout = false syncSeqId = -1
02-19 13:19:36.438 3256 3266 I ViewRootImpl@80857f2[NavigationBar0]: Resizing android.view.ViewRootImpl@47aa4f7: frame = [0,2190][904,2316] reportDraw = false forceLayout = false syncSeqId = -1
02-19 13:19:36.439 18257 18519 I ViewRootImpl@36646ec[EdgeLightingWindow]: Resizing android.view.ViewRootImpl@54a3038: frame = [0,0][904,2316] reportDraw = false forceLayout = false syncSeqId = -1
02-19 13:19:36.439 18257 18257 I ViewRootImpl@36646ec[EdgeLightingWindow]: handleResized, msg = 4 frames=ClientWindowFrames{frame=[0,0][904,2316] display=[0,0][904,2316] parentFrame=[0,0][0,0]} forceNextWindowRelayout=false displayId=0 dragResizing=false compatScale=1.0 frameChanged=false attachedFrameChanged=false configChanged=false displayChanged=false compatScaleChanged=false
02-19 13:19:36.439 2334 2446 I RefreshRateModeManager: Schedule to change allowedModes=baseModeId=8 allowGroupSwitching=false primary=physical: (10.0 120.0) render: (0.0 120.0) appRequest=physical: (10.0 120.0) render: (0.0 120.0), displayToken=android.os.BinderProxy@2c4e25e mVotesByDisplay:
02-19 13:19:36.439 2334 2446 I RefreshRateModeManager: -1:
02-19 13:19:36.439 2334 2446 I RefreshRateModeManager: PRIORITY_REFRESH_RATE_MODE -> Vote: {width: -1, height: -1, refreshRateRanges: physical: (10.0 120.0) render: (0.0 Infinity), disableRefreshRateSwitching: false, appRequestBaseModeRefreshRate: 0.0}
02-19 13:19:36.439 2334 2446 I RefreshRateModeManager: PRIORITY_USER_SETTING_PEAK_RENDER_FRAME_RATE -> Vote: {width: -1, height: -1, refreshRateRanges: physical: (0.0 Infinity) render: (0.0 120.0), disableRefreshRateSwitching: false, appRequestBaseModeRefreshRate: 0.0}
02-19 13:19:36.439 2334 2446 I RefreshRateModeManager: PRIORITY_USER_SETTING_MIN_RENDER_FRAME_RATE -> Vote: {width: -1, height: -1, refreshRateRanges: physical: (0.0 Infinity) render: (0.0 Infinity), disableRefreshRateSwitching: false, appRequestBaseModeRefreshRate: 0.0}
02-19 13:19:36.439 2334 2446 I RefreshRateModeManager:
02-19 13:19:36.439 2334 2446 I RefreshRateModeManager: mModeSwitchingType: SWITCHING_TYPE_WITHIN_GROUPS mAlwaysRespectAppRequest: false
02-19 13:19:36.439 2334 2446 I RefreshRateModeManager: Current Mode mReportedRefreshRateMode(toSurfaceFlinger)=REFRESH_RATE_MODE_PASSIVE, mRefreshRateMode(fromSettings)=REFRESH_RATE_MODE_SEAMLESS
02-19 13:19:36.439 2334 2446 I RefreshRateModeManager: BrightnessState mPassive=true, PassiveModeToken=false, mBrightness=42, mAmbientLux=7.0
02-19 13:19:36.440 2334 3990 V WindowManager: Relayout hash=1b8f22f, pid=6890, syncId=-1: mAttrs={(0,0)(fillxfill) gr=BOTTOM CENTER_VERTICAL sim={adjust=pan} ty=INPUT_METHOD fmt=TRANSPARENT wanim=0x7f1401b1 preferredMinDisplayRefreshRate=60.0 receive insets ignoring z-order
02-19 13:19:36.440 2334 3990 V WindowManager: fl=81800108
02-19 13:19:36.440 2334 3990 V WindowManager: pfl=12000000
02-19 13:19:36.440 2334 3990 V WindowManager: bhv=DEFAULT
02-19 13:19:36.440 2334 3990 V WindowManager: fitTypes=STATUS_BARS NAVIGATION_BARS
02-19 13:19:36.440 2334 3990 V WindowManager: fitSides=LEFT TOP RIGHT
02-19 13:19:36.440 2334 3990 V WindowManager: fitIgnoreVis
02-19 13:19:36.440 2334 3990 V WindowManager: dimAmount=4.6816468E-4 dimDuration=150 naviIconColor=0}
02-19 13:19:36.440 1603 1603 I Layer : Layer::reparent [InputMethod$_6890#272738] newParentHandle : null -------------------------
02-19 13:19:36.440 1603 1603 I Layer : id=272738 removeFromCurrentState InputMethod$_6890#272738 (223)
02-19 13:19:36.440 1603 1603 I Layer : Layer::reparent [InputMethod$_6890#272738] End -------------------------
02-19 13:19:36.441 3256 3256 I ViewRootImpl@fa0aba5[StatusBar]: handleResized, msg = 4 frames=ClientWindowFrames{frame=[0,0][904,87] display=[0,0][904,2316] parentFrame=[0,0][0,0]} forceNextWindowRelayout=false displayId=0 dragResizing=false compatScale=1.0 frameChanged=false attachedFrameChanged=false configChanged=false displayChanged=false compatScaleChanged=false
02-19 13:19:36.441 3256 3256 I ViewRootImpl@80857f2[NavigationBar0]: handleResized, msg = 4 frames=ClientWindowFrames{frame=[0,2190][904,2316] display=[0,0][904,2316] parentFrame=[0,0][0,0]} forceNextWindowRelayout=false displayId=0 dragResizing=false compatScale=1.0 frameChanged=false attachedFrameChanged=false configChanged=false displayChanged=false compatScaleChanged=false
02-19 13:19:36.444 2334 2447 W LocalDisplayAdapter: Ignoring request for invalid base mode id 8
02-19 13:19:36.444 2334 2446 D LocalDisplayAdapter: setDesiredDisplayModeSpecsAsync(4630946213010294403) : defaultMode=0 allowGroupSwitching=false primaryRanges=physical: (10.0 120.0) render: (0.0 120.0) appRequestRanges=physical: (10.0 120.0) render: (0.0 120.0)
02-19 13:19:36.444 21462 22457 I ViewRootImpl@15d997c[ExpensifyActivityBase]: Resizing android.view.ViewRootImpl@7c7c82a: frame = [0,0][904,2316] reportDraw = false forceLayout = false syncSeqId = -1
02-19 13:19:36.444 1603 1603 I RefreshRateSelector: Display 4630946213010294403 policy changed
02-19 13:19:36.444 1603 1603 I RefreshRateSelector: Previous: {defaultModeId=0, allowGroupSwitching=false, primaryRanges={physical=[60.00 Hz, 120.00 Hz], render=[60.00 Hz, 120.00 Hz]}, appRequestRanges={physical=[60.00 Hz, 120.00 Hz], render=[60.00 Hz, 120.00 Hz]}}
02-19 13:19:36.444 1603 1603 I RefreshRateSelector: Current: DisplayManagerPolicy{defaultModeId=0, allowGroupSwitching=false, primaryRanges={physical=[10.00 Hz, 120.00 Hz], render=[0.00 Hz, 120.00 Hz]}, appRequestRanges={physical=[10.00 Hz, 120.00 Hz], render=[0.00 Hz, 120.00 Hz]}}
02-19 13:19:36.444 1603 1603 I RefreshRateSelector: 2 mode changes were performed under the previous policy
02-19 13:19:36.444 1603 1603 I SurfaceFlinger: [4630946213010294403] Setting desired display mode specs: {defaultModeId=0, allowGroupSwitching=false, primaryRanges={physical=[10.00 Hz, 120.00 Hz], render=[0.00 Hz, 120.00 Hz]}, appRequestRanges={physical=[10.00 Hz, 120.00 Hz], render=[0.00 Hz, 120.00 Hz]}}
02-19 13:19:36.444 6890 6890 I ViewRootImpl@1cdd9d5[InputMethod]: Relayout returned: old=(0,87,904,2316) new=(0,87,904,2316) relayoutAsync=false req=(904,2229)8 dur=6 res=0x2 s={false 0x0} ch=true seqId=171
02-19 13:19:36.445 21462 21471 I ViewRootImpl@ccd3137[ExpensifyActivityBase]: Resizing android.view.ViewRootImpl@ff429dd: frame = [0,0][904,2316] reportDraw = false forceLayout = false syncSeqId = -1
02-19 13:19:36.445 21462 21462 I InsetsController: onStateChanged: host=org.me.mobiexpensifyg/org.me.mobiexpensifyg.ExpensifyActivityBase, from=android.view.ViewRootImpl$ViewRootHandler.handleMessageImpl:7266, state=InsetsState: {mDisplayFrame=Rect(0, 0 - 904, 2316), mDisplayCutout=DisplayCutout{insets=Rect(0, 87 - 0, 0) waterfall=Insets{left=0, top=0, right=0, bottom=0} boundingRect={Bounds=[Rect(0, 0 - 0, 0), Rect(418, 0 - 486, 87), Rect(0, 0 - 0, 0), Rect(0, 0 - 0, 0)]} cutoutPathParserInfo={CutoutPathParserInfo{displayWidth=904 displayHeight=2316 physicalDisplayWidth=904 physicalDisplayHeight=2316 density={2.625} cutoutSpec={M 0,0 H -12.95238095238095 V 33.14285714285714 H 12.95238095238095 V 0 H 0 Z @dp} rotation={0} scale={1.0} physicalPixelDisplaySizeRatio={1.0}}}}, mRoundedCorners=RoundedCorners{[RoundedCorner{position=TopLeft, radius=53, center=Point(53, 53)}, RoundedCorner{position=TopRight, radius=53, center=Point(851, 53)}, RoundedCorner{position=BottomRight, radius=53, center=Point(851, 2263)}, RoundedCorner{position=BottomLeft, radius=53, center=Point(53, 2263)}]} mRoundedCornerFrame=Rect(0, 0 - 904, 2316), mPrivacyIndicatorBounds=PrivacyIndicatorBounds {static bounds=Rect(788, 0 - 904, 87) rotation=0}, mDisplayShape=DisplayShape{ spec=-311912193 displayWidth=904 displayHeight=2316 physicalPixelDisplaySizeRatio=1.0 rotation=0 offsetX=0 offsetY=0 scale=1.0}, mSources= { InsetsSource: {80a80001 mType=navigationBars mFrame=[0,2277][904,2316] mVisible=true mFlags=[SUPPRESS_SCRIM]}, InsetsSource: {80a80004 mType=systemGestures mFrame=[0,0][78,2316] mVisible=true mFlags=[]}, InsetsSource: {80a80005 mType=mandatorySystemGestures mFrame=[0,2232][904,2316] mVisible=true mFlags=[]}, InsetsSource: {80a80006 mType=tappableElement mFrame=[0,0][0,0] mVisible=true mFlags=[]}, InsetsSource: {80a80024 mType=systemGestures mFrame=[826,0][904,2316] mVisible=true mFlags=[]}, InsetsSource: {d59c0000 mType=statusBars mFrame=[0,0][904,87] mVisible=true mFlags=[]}, InsetsSource: {d59c0005 mType=mandatorySystemGestures mFrame=[0,0][904,119] mVisible=true mFlags=[]}, InsetsSource: {d59c0006 mType=tappableElement mFrame=[0,0][904,87] mVisible=true mFlags=[]}, InsetsSource: {3 mType=ime mFrame=[0,0][0,0] mVisible=false mFlags=[]}, InsetsSource: {27 mType=displayCutout mFrame=[0,0][904,87] mVisible=true mFlags=[]} }
02-19 13:19:36.446 21462 21462 I ViewRootImpl@15d997c[ExpensifyActivityBase]: handleResized, msg = 4 frames=ClientWindowFrames{frame=[0,0][904,2316] display=[0,0][904,2316] parentFrame=[0,0][0,0]} forceNextWindowRelayout=false displayId=0 dragResizing=false compatScale=1.0 frameChanged=false attachedFrameChanged=false configChanged=false displayChanged=false compatScaleChanged=false
02-19 13:19:36.446 21462 21462 I InsetsController: onStateChanged: host=org.me.mobiexpensifyg/org.me.mobiexpensifyg.ExpensifyActivityBase, from=android.view.ViewRootImpl$ViewRootHandler.handleMessageImpl:7266, state=InsetsState: {mDisplayFrame=Rect(0, 0 - 904, 2316), mDisplayCutout=DisplayCutout{insets=Rect(0, 87 - 0, 0) waterfall=Insets{left=0, top=0, right=0, bottom=0} boundingRect={Bounds=[Rect(0, 0 - 0, 0), Rect(418, 0 - 486, 87), Rect(0, 0 - 0, 0), Rect(0, 0 - 0, 0)]} cutoutPathParserInfo={CutoutPathParserInfo{displayWidth=904 displayHeight=2316 physicalDisplayWidth=904 physicalDisplayHeight=2316 density={2.625} cutoutSpec={M 0,0 H -12.95238095238095 V 33.14285714285714 H 12.95238095238095 V 0 H 0 Z @dp} rotation={0} scale={1.0} physicalPixelDisplaySizeRatio={1.0}}}}, mRoundedCorners=RoundedCorners{[RoundedCorner{position=TopLeft, radius=53, center=Point(53, 53)}, RoundedCorner{position=TopRight, radius=53, center=Point(851, 53)}, RoundedCorner{position=BottomRight, radius=53, center=Point(851, 2263)}, RoundedCorner{position=BottomLeft, radius=53, center=Point(53, 2263)}]} mRoundedCornerFrame=Rect(0, 0 - 904, 2316), mPrivacyIndicatorBounds=PrivacyIndicatorBounds {static bounds=Rect(788, 0 - 904, 87) rotation=0}, mDisplayShape=DisplayShape{ spec=-311912193 displayWidth=904 displayHeight=2316 physicalPixelDisplaySizeRatio=1.0 rotation=0 offsetX=0 offsetY=0 scale=1.0}, mSources= { InsetsSource: {80a80001 mType=navigationBars mFrame=[0,2277][904,2316] mVisible=true mFlags=[SUPPRESS_SCRIM]}, InsetsSource: {80a80004 mType=systemGestures mFrame=[0,0][78,2316] mVisible=true mFlags=[]}, InsetsSource: {80a80005 mType=mandatorySystemGestures mFrame=[0,2232][904,2316] mVisible=true mFlags=[]}, InsetsSource: {80a80006 mType=tappableElement mFrame=[0,0][0,0] mVisible=true mFlags=[]}, InsetsSource: {80a80024 mType=systemGestures mFrame=[826,0][904,2316] mVisible=true mFlags=[]}, InsetsSource: {d59c0000 mType=statusBars mFrame=[0,0][904,87] mVisible=true mFlags=[]}, InsetsSource: {d59c0005 mType=mandatorySystemGestures mFrame=[0,0][904,119] mVisible=true mFlags=[]}, InsetsSource: {d59c0006 mType=tappableElement mFrame=[0,0][904,87] mVisible=true mFlags=[]}, InsetsSource: {3 mType=ime mFrame=[0,0][0,0] mVisible=false mFlags=[]}, InsetsSource: {27 mType=displayCutout mFrame=[0,0][904,87] mVisible=true mFlags=[]} }
02-19 13:19:36.446 21462 21462 I ViewRootImpl@ccd3137[ExpensifyActivityBase]: handleResized, msg = 4 frames=ClientWindowFrames{frame=[0,0][904,2316] display=[0,0][904,2316] parentFrame=[0,0][0,0]} forceNextWindowRelayout=false displayId=0 dragResizing=false compatScale=1.0 frameChanged=false attachedFrameChanged=false configChanged=false displayChanged=false compatScaleChanged=false
02-19 13:19:36.449 1603 1603 I SurfaceFlinger: id=272738 Removed InputMethod$_6890#272738 (223)
02-19 13:19:36.457 1603 1603 I Layer : id=272738 Destroyed InputMethod$_6890#272738
02-19 13:19:36.507 1603 1760 D RenderEngine: [SEC_GC_CMN_SF_EFFECTS] drawLayersInternal,1279, Rendering layer at index 0
02-19 13:19:36.507 1603 1760 D RenderEngine: [SEC_GC_CMN_SF_EFFECTS] drawLayersInternal,1279, Rendering layer org.me.mobiexpensifyg/org.me.mobiexpensifyg.ExpensifyActivityBase$_21462#272730 at index 1
02-19 13:19:36.508 1603 1760 D RenderEngine: [SEC_GC_CMN_SF_EFFECTS] drawLayersInternal,1279, Rendering layer org.me.mobiexpensifyg/org.me.mobiexpensifyg.ExpensifyActivityBase$_21462#272741 at index 2
02-19 13:19:36.612 1603 1760 D RenderEngine: [SEC_GC_CMN_SF_EFFECTS] drawLayersInternal,1279, Rendering layer at index 0
02-19 13:19:36.612 1603 1760 D RenderEngine: [SEC_GC_CMN_SF_EFFECTS] drawLayersInternal,1279, Rendering layer org.me.mobiexpensifyg/org.me.mobiexpensifyg.ExpensifyActivityBase$_21462#272730 at index 1
02-19 13:19:36.613 1603 1760 D RenderEngine: [SEC_GC_CMN_SF_EFFECTS] drawLayersInternal,1279, Rendering layer org.me.mobiexpensifyg/org.me.mobiexpensifyg.ExpensifyActivityBase$_21462#272741 at index 2
02-19 13:19:36.673 2334 22472 D SemInputMotionVolumeForce: setMotionControl: type: ALL control: 12
02-19 13:19:36.673 2334 22472 I SemInputMotionHelper: setMotionControl: ALL: 12, client=com.samsung.android.hardware.secinputdev.SemInputDeviceManager, ret=0
02-19 13:19:36.673 2334 22473 D SemInputDeviceManager: setProperty: (0) CMD,GRIP_DATA,1,13,3,3,0,3,2316
02-19 13:19:36.673 2334 22472 D SemInputDeviceManager: setProperty: (100) CMD,SIP,0
02-19 13:19:36.674 2334 22473 D TspStateManager: wrote command: cmd=1,13,3,3,0,3,2316, type=1
02-19 13:19:36.674 2334 22472 I SemInputCommandService: setPropertyAllTouch: SIP,0 retDefault=1 retExtra=1
02-19 13:19:36.674 2334 22472 D TspStateManager: wrote command: cmd=0, type=5
02-19 13:19:36.674 2334 2928 D SemInputDevice:TSP_SUB: SetPropertyTask: CMD,set_grip_data,1,13,3,3,0,3,2316 [02-19 13:19:36.673]
02-19 13:19:36.678 1558 1558 I sysinput:Touch: writeInformation:249, OK
02-19 13:19:36.678 2334 2928 D SysinputHAL_V1_3(V1_2): runTspCmdNoRead(TSP_SUB(2)): set_grip_data,1,13,3,3,0,3,2316 ret=0
02-19 13:19:36.679 2334 2928 D SemInputDevice:TSP_SUB: SetPropertyTask: CMD,set_sip_mode,0 [02-19 13:19:36.673]
02-19 13:19:36.679 1558 1558 I sysinput:Touch: writeInformation:249, OK
02-19 13:19:36.680 2334 2928 D SysinputHAL_V1_3(V1_2): runTspCmdNoRead(TSP_SUB(2)): set_sip_mode,0 ret=0
02-19 13:19:36.680 2334 2928 D SemInputDevice:TSP: SetPropertyTask: CMD,set_sip_mode,0 [02-19 13:19:36.674]
02-19 13:19:36.680 1558 1558 I sysinput:Touch: writeInformation:249, OK
02-19 13:19:36.681 2334 2928 D SysinputHAL_V1_3(V1_2): runTspCmdNoRead(TSP(1)): set_sip_mode,0 ret=0
02-19 13:19:36.692 2334 2918 D InputReader: Btn_touch(9): value=1 when=263077.436387
02-19 13:19:36.693 2334 2918 I InputReader: Touch event's action is 0x0 (id=6, t=0) [pCnt=1, s=0.1945 ] when=263077.436387
02-19 13:19:36.695 2334 2917 I InputDispatcher: Delivering touch to (3256): action: 0x4, f=0x0, d=0, '3c5e648', t=1
02-19 13:19:36.695 2334 2917 I InputDispatcher: Delivering touch to (21462): action: 0x0, f=0x0, d=0, 'c93fb8f', t=1
02-19 13:19:36.695 21462 21462 I ViewRootImpl@15d997c[ExpensifyActivityBase]: ViewPostIme pointer 0
02-19 13:19:36.696 3685 3685 I HoneySpace.GestureInputHandler: inputConsumers = [com.honeyspace.gesture.inputconsumer.InputConsumer$Companion$NO_OP$1@58c8177]
02-19 13:19:36.696 3685 3685 I HoneySpace.InputSession: inputConsumers = NO_OP
02-19 13:19:36.696 3685 3685 I HoneySpace.InputSession: open
02-19 13:19:36.697 2334 2444 I GestureDetector: obtain mCurrentDownEvent. id: 425345214 caller: com.android.server.wm.SystemGesturesPointerEventListener.onPointerEvent:204 com.android.server.wm.PointerEventDispatcher.onInputEvent:53 android.view.InputEventReceiver.dispatchInputEvent:337
02-19 13:19:36.697 2334 2444 I GestureDetector: obtain mCurrentDownEvent. id: 425345214 caller: com.android.server.wm.SystemPerformancePointerEventListener.onPointerEvent:89 com.android.server.wm.PointerEventDispatcher.onInputEvent:53 android.view.InputEventReceiver.dispatchInputEvent:337
02-19 13:19:36.697 6194 6194 I SemDvfsHyPerManager: acquire hyper - TABoost/6194@27, type = 1090523139
02-19 13:19:36.698 1492 1518 I HYPER-HAL: [RequestManager.cpp]releaseLocked(): Released ID : 19353558
02-19 13:19:36.698 1492 1518 I HYPER-HAL: [RequestManager.cpp]acquire(): Acquired ID : 19353558 [6194 / 27] HINT : list : [TABoost / 1] [TIMEOUT / 1500]
02-19 13:19:36.710 2334 2444 I GestureDetector: obtain mCurrentMotionEventRaw. action: 2 id: 492696179
02-19 13:19:36.710 2334 2444 I GestureDetector: obtain mCurrentMotionEventRaw. action: 2 id: 492696179
02-19 13:19:36.713 1603 1760 D RenderEngine: [SEC_GC_CMN_SF_EFFECTS] drawLayersInternal,1279, Rendering layer at index 0
02-19 13:19:36.713 1603 1760 D RenderEngine: [SEC_GC_CMN_SF_EFFECTS] drawLayersInternal,1279, Rendering layer org.me.mobiexpensifyg/org.me.mobiexpensifyg.ExpensifyActivityBase$_21462#272730 at index 1
02-19 13:19:36.713 1603 1760 D RenderEngine: [SEC_GC_CMN_SF_EFFECTS] drawLayersInternal,1279, Rendering layer org.me.mobiexpensifyg/org.me.mobiexpensifyg.ExpensifyActivityBase$_21462#272741 at index 2
02-19 13:19:36.730 6890 6890 I InputMethodService: removeImeSurface
02-19 13:19:36.730 6890 6890 I InputMethodService: cancelImeSurfaceRemoval: removeCallbacks
02-19 13:19:36.735 21462 21858 W Kumiho-Kumiho: isSupportedFormat: Format is not supported
02-19 13:19:36.735 21462 21858 D OpenGLRenderer: --- Failed to create image decoder with message 'unimplemented'
02-19 13:19:36.735 21462 21858 W Kumiho-Kumiho: isSupportedFormat: Format is not supported
02-19 13:19:36.735 21462 21858 D OpenGLRenderer: --- Failed to create image decoder with message 'unimplemented'
02-19 13:19:36.735 21462 21858 W Kumiho-Kumiho: isSupportedFormat: Format is not supported
02-19 13:19:36.735 21462 21858 D OpenGLRenderer: --- Failed to create image decoder with message 'unimplemented'
02-19 13:19:36.736 21462 21858 W Kumiho-Kumiho: isSupportedFormat: Format is not supported
02-19 13:19:36.736 21462 21858 D OpenGLRenderer: --- Failed to create image decoder with message 'unimplemented'
02-19 13:19:36.736 21462 21858 W Kumiho-Kumiho: isSupportedFormat: Format is not supported
02-19 13:19:36.736 21462 21858 D OpenGLRenderer: --- Failed to create image decoder with message 'unimplemented'
02-19 13:19:36.736 21462 21858 W Kumiho-Kumiho: isSupportedFormat: Format is not supported
02-19 13:19:36.736 21462 21858 D OpenGLRenderer: --- Failed to create image decoder with message 'unimplemented'
02-19 13:19:36.748 2334 2918 D InputReader: Btn_touch(9): value=0 when=263077.492303
02-19 13:19:36.748 2334 2918 I InputReader: Touch event's action is 0x1 (id=6, t=0) [pCnt=1, s=] when=263077.492303
02-19 13:19:36.748 2334 2917 I InputDispatcher: Delivering touch to (21462): action: 0x1, f=0x0, d=0, 'c93fb8f', t=1
02-19 13:19:36.749 21462 21462 I ViewRootImpl@15d997c[ExpensifyActivityBase]: ViewPostIme pointer 1
02-19 13:19:36.749 3685 3685 I HoneySpace.GestureInputHandler: reset
02-19 13:19:36.749 3685 3685 I HoneySpace.InputSession: close
02-19 13:19:36.809 21462 21859 W Kumiho-Kumiho: isSupportedFormat: Format is not supported
02-19 13:19:36.809 21462 21859 D OpenGLRenderer: --- Failed to create image decoder with message 'unimplemented'
02-19 13:19:36.809 21462 21859 W Kumiho-Kumiho: isSupportedFormat: Format is not supported
02-19 13:19:36.809 21462 21859 D OpenGLRenderer: --- Failed to create image decoder with message 'unimplemented'
02-19 13:19:36.809 21462 21859 W Kumiho-Kumiho: isSupportedFormat: Format is not supported
02-19 13:19:36.809 21462 21859 D OpenGLRenderer: --- Failed to create image decoder with message 'unimplemented'
02-19 13:19:36.809 21462 21859 W Kumiho-Kumiho: isSupportedFormat: Format is not supported
02-19 13:19:36.809 21462 21859 D OpenGLRenderer: --- Failed to create image decoder with message 'unimplemented'
02-19 13:19:36.809 21462 21859 W Kumiho-Kumiho: isSupportedFormat: Format is not supported
02-19 13:19:36.809 21462 21859 D OpenGLRenderer: --- Failed to create image decoder with message 'unimplemented'
02-19 13:19:36.809 21462 21859 W Kumiho-Kumiho: isSupportedFormat: Format is not supported
02-19 13:19:36.809 21462 21859 D OpenGLRenderer: --- Failed to create image decoder with message 'unimplemented'
02-19 13:19:36.812 1603 1760 D RenderEngine: [SEC_GC_CMN_SF_EFFECTS] drawLayersInternal,1279, Rendering layer at index 0
02-19 13:19:36.813 1603 1760 D RenderEngine: [SEC_GC_CMN_SF_EFFECTS] drawLayersInternal,1279, Rendering layer org.me.mobiexpensifyg/org.me.mobiexpensifyg.ExpensifyActivityBase$_21462#272730 at index 1
02-19 13:19:36.813 1603 1760 D RenderEngine: [SEC_GC_CMN_SF_EFFECTS] drawLayersInternal,1279, Rendering layer org.me.mobiexpensifyg/org.me.mobiexpensifyg.ExpensifyActivityBase$_21462#272741 at index 2
02-19 13:19:36.836 1090 1090 D io_stats: !@ 8,0 r 16676461 409282559 w 28554009 386638872 d 6449172 549220364 f 0 3019291 iot 17352212 0 th 0 0 0 pt 0 inp 0 0 263077.581
02-19 13:19:36.836 1090 1090 D io_stats: !@ Read_top(KB): id.ext.services(3789) 3096 loop48(4456) 772 loop26(1271) 740
02-19 13:19:36.837 1090 1090 D io_stats: !@ Write_top(KB): roid.honeyboard(6890) 1812 .mobiexpensifyg(21462) 1544 system_server(2334) 640
02-19 13:19:36.842 21462 21556 D RNFBCrashlyticsInit: isCrashlyticsCollectionEnabled via RNFBMeta: true
02-19 13:19:36.842 21462 21556 D RNFBCrashlyticsInit: isCrashlyticsCollectionEnabled final value: true
02-19 13:19:36.850 21462 21462 W [RNScreens]: backTitleVisible prop is not available on Android
02-19 13:19:36.850 21462 21462 W [RNScreens]: largeTitleHideShadow prop is not available on Android
02-19 13:19:36.850 21462 21462 W [RNScreens]: disableBackButtonMenu prop is not available on Android
02-19 13:19:36.851 21462 21462 W [RNScreens]: backTitleVisible prop is not available on Android
02-19 13:19:36.851 21462 21462 W [RNScreens]: largeTitleHideShadow prop is not available on Android
02-19 13:19:36.851 21462 21462 W [RNScreens]: disableBackButtonMenu prop is not available on Android
02-19 13:19:36.851 21462 21462 W [RNScreens]: backTitleVisible prop is not available on Android
02-19 13:19:36.851 21462 21462 W [RNScreens]: largeTitleHideShadow prop is not available on Android
02-19 13:19:36.851 21462 21462 W [RNScreens]: disableBackButtonMenu prop is not available on Android
02-19 13:19:36.875 21462 21462 I WindowManager: WindowManagerGlobal#removeView, ty=2, view=DecorView@b5da64d[ExpensifyActivityBase], caller=android.view.WindowManagerGlobal.removeView:648 android.view.WindowManagerImpl.removeViewImmediate:208 android.app.Dialog.dismissDialog:806
02-19 13:19:36.875 21462 21462 W WindowOnBackDispatcher: sendCancelIfRunning: isInProgress=falsecallback=android.view.ViewRootImpl$$ExternalSyntheticLambda19@70feb5f
02-19 13:19:36.875 2334 4147 D CoreBackPreview: Window{c93fb8f u0 org.me.mobiexpensifyg/org.me.mobiexpensifyg.ExpensifyActivityBase}: Setting back callback null
02-19 13:19:36.876 21462 21462 I ViewRootImpl@15d997c[ExpensifyActivityBase]: dispatchDetachedFromWindow
02-19 13:19:36.877 2334 3990 D InputTransport: Input channel destroyed: 'c93fb8f', fd=946
02-19 13:19:36.877 2334 3990 W InputManager-JNI: Input channel object 'c93fb8f org.me.mobiexpensifyg/org.me.mobiexpensifyg.ExpensifyActivityBase (client)' was disposed without first being removed with the input manager!
02-19 13:19:36.877 2334 3990 D InputTransport: Input channel destroyed: 'c93fb8f', fd=954
02-19 13:19:36.877 2334 3990 V WindowManager: Remove Window{c93fb8f u0 org.me.mobiexpensifyg/org.me.mobiexpensifyg.ExpensifyActivityBase}: mSurfaceController=Surface(name=org.me.mobiexpensifyg/org.me.mobiexpensifyg.ExpensifyActivityBase$_21462)/@0x6f10695 mAnimatingExit=false mRemoveOnExit=false mHasSurface=true surfaceShowing=true animating=false app-animation=false mDisplayFrozen=false callers=com.android.server.wm.WindowManagerService.removeWindow:2151 com.android.server.wm.Session.remove:257 android.view.IWindowSession$Stub.onTransact:747 com.android.server.wm.Session.onTransact:204 android.os.Binder.execTransactInternal:1375 android.os.Binder.execTransact:1311
02-19 13:19:36.877 2334 3990 I WindowManager: Destroying surface Surface(name=org.me.mobiexpensifyg/org.me.mobiexpensifyg.ExpensifyActivityBase$_21462)/@0x6f10695 called by com.android.server.wm.WindowStateAnimator.destroySurface:811 com.android.server.wm.WindowStateAnimator.destroySurfaceLocked:478 com.android.server.wm.WindowState.removeImmediately:2958 com.android.server.wm.WindowState.removeIfPossible:3226 com.android.server.wm.WindowManagerService.removeWindow:2151 com.android.server.wm.Session.remove:257 android.view.IWindowSession$Stub.onTransact:747 com.android.server.wm.Session.onTransact:204
02-19 13:19:36.878 2334 3990 I WindowManager: Cancelling animation restarting=true, leash=Surface(name=Surface(name=1b8f22f InputMethod)/@0xe50c51f - animation-leash of insets_animation)/@0xbb89c52
02-19 13:19:36.878 2334 3990 I WindowManager: Reparenting to original parent: Surface(name=WindowToken{1242e9c type=2011 android.os.Binder@d433e0f})/@0x6ac8b8e, destroy=false, surface=Surface(name=1b8f22f InputMethod)/@0xe50c51f
02-19 13:19:36.878 2334 3990 I WindowManager: Reparenting to leash, surface=Surface(name=1b8f22f InputMethod)/@0xe50c51f, leashParent=Surface(name=WindowToken{1242e9c type=2011 android.os.Binder@d433e0f})/@0x6ac8b8e
02-19 13:19:36.878 1603 1747 I SurfaceFlinger: id=272745 createSurf, flag=24004, Surface(name=1b8f22f InputMethod)/@0xe50c51f - animation-leash of insets_animation#272745
02-19 13:19:36.878 2334 3990 D WindowManager: makeSurface duration=1 leash=Surface(name=Surface(name=1b8f22f InputMethod)/@0xe50c51f - animation-leash of insets_animation)/@0x7043b38
02-19 13:19:36.878 2334 3990 D InsetsSourceProvider: updateControlForTarget: control=InsetsSourceControl: {3 mType=ime mSurfacePosition=Point(0, 87) mInsetsHint=Insets{left=0, top=0, right=0, bottom=950}}, target=com.android.server.wm.InsetsStateController$1@a69d29a, from=com.android.server.wm.ImeInsetsSourceProvider.updateControlForTarget:165 com.android.server.wm.InsetsStateController.onControlTargetChanged:363 com.android.server.wm.InsetsStateController.onImeControlTargetChanged:307 com.android.server.wm.DisplayContent.updateImeControlTarget:5763 com.android.server.wm.DisplayContent.updateImeInputAndControlTarget:5723
02-19 13:19:36.880 2334 3990 V WindowManager: Changing focus from Window{c93fb8f u0 org.me.mobiexpensifyg/org.me.mobiexpensifyg.ExpensifyActivityBase} to Window{9a77eef u0 org.me.mobiexpensifyg/org.me.mobiexpensifyg.ExpensifyActivityBase} displayId=0 Callers=com.android.server.wm.RootWindowContainer.updateFocusedWindowLocked:581 com.android.server.wm.WindowManagerService.updateFocusedWindowLocked:6910 com.android.server.wm.WindowState.removeIfPossible:3248 com.android.server.wm.WindowManagerService.removeWindow:2151
02-19 13:19:36.880 2334 3990 I WindowManager: Cancelling animation restarting=true, leash=Surface(name=Surface(name=f01df StatusBar)/@0xca67e00 - animation-leash of insets_animation)/@0xd5ec1ab
02-19 13:19:36.880 6890 6890 I InputMethodService: scheduleImeSurfaceRemoval: removeImeSurface is posted.
02-19 13:19:36.880 2334 3990 I WindowManager: Reparenting to original parent: Surface(name=WindowToken{542187e type=2000 android.os.BinderProxy@6a1b200})/@0x147d639, destroy=false, surface=Surface(name=f01df StatusBar)/@0xca67e00
02-19 13:19:36.880 2334 3990 I WindowManager: Reparenting to leash, surface=Surface(name=f01df StatusBar)/@0xca67e00, leashParent=Surface(name=WindowToken{542187e type=2000 android.os.BinderProxy@6a1b200})/@0x147d639
02-19 13:19:36.880 1603 3351 I SurfaceFlinger: id=272746 createSurf, flag=24000, Surface(name=f01df StatusBar)/@0xca67e00 - animation-leash of insets_animation#272746
02-19 13:19:36.880 2334 3990 D WindowManager: makeSurface duration=1 leash=Surface(name=Surface(name=f01df StatusBar)/@0xca67e00 - animation-leash of insets_animation)/@0x9a81076
02-19 13:19:36.881 2334 3990 D InsetsSourceProvider: updateControlForTarget: control=InsetsSourceControl: {d59c0000 mType=statusBars initiallyVisible mSurfacePosition=Point(0, 0) mInsetsHint=Insets{left=0, top=87, right=0, bottom=0}}, target=Window{9a77eef u0 org.me.mobiexpensifyg/org.me.mobiexpensifyg.ExpensifyActivityBase}, from=com.android.server.wm.InsetsStateController.onControlTargetChanged:363 com.android.server.wm.InsetsStateController.onBarControlTargetChanged:329 com.android.server.wm.InsetsPolicy.updateBarControlTarget:173 com.android.server.wm.InsetsPolicy.updateSystemBars:843 com.android.server.wm.DisplayPolicy.updateSystemBarsLw:3484
02-19 13:19:36.881 2334 3990 I WindowManager: Cancelling animation restarting=true, leash=Surface(name=Surface(name=3c5e648 NavigationBar0)/@0xe853047 - animation-leash of insets_animation)/@0x47063a1
02-19 13:19:36.881 2334 3990 I WindowManager: Reparenting to original parent: Surface(name=WindowToken{df798eb type=2019 android.os.BinderProxy@636ff65})/@0x1556074, destroy=false, surface=Surface(name=3c5e648 NavigationBar0)/@0xe853047
02-19 13:19:36.881 2334 3990 I WindowManager: Reparenting to leash, surface=Surface(name=3c5e648 NavigationBar0)/@0xe853047, leashParent=Surface(name=WindowToken{df798eb type=2019 android.os.BinderProxy@636ff65})/@0x1556074
02-19 13:19:36.881 1603 3351 I SurfaceFlinger: id=272747 createSurf, flag=24000, Surface(name=3c5e648 NavigationBar0)/@0xe853047 - animation-leash of insets_animation#272747
02-19 13:19:36.881 2334 3990 D WindowManager: makeSurface duration=0 leash=Surface(name=Surface(name=3c5e648 NavigationBar0)/@0xe853047 - animation-leash of insets_animation)/@0xa5dd2e4
02-19 13:19:36.881 2334 3990 D InsetsSourceProvider: updateControlForTarget: control=InsetsSourceControl: {80a80001 mType=navigationBars initiallyVisible mSurfacePosition=Point(0, 2190) mInsetsHint=Insets{left=0, top=0, right=0, bottom=39}}, target=Window{9a77eef u0 org.me.mobiexpensifyg/org.me.mobiexpensifyg.ExpensifyActivityBase}, from=com.android.server.wm.InsetsStateController.onControlTargetChanged:363 com.android.server.wm.InsetsStateController.onBarControlTargetChanged:332 com.android.server.wm.InsetsPolicy.updateBarControlTarget:173 com.android.server.wm.InsetsPolicy.updateSystemBars:843 com.android.server.wm.DisplayPolicy.updateSystemBarsLw:3484
02-19 13:19:36.881 2334 3990 V SystemKeyManager: updateFocusedWindow() is called, org.me.mobiexpensifyg/org.me.mobiexpensifyg.ExpensifyActivityBase
02-19 13:19:36.881 21462 21462 D InputTransport: Input channel destroyed: 'c93fb8f', fd=275
02-19 13:19:36.882 1603 1603 I Layer : Layer::reparent [org.me.mobiexpensifyg/org.me.mobiexpensifyg.ExpensifyActivityBase$_21462#272741] newParentHandle : null -------------------------
02-19 13:19:36.882 1603 1603 I Layer : id=272741 removeFromCurrentState org.me.mobiexpensifyg/org.me.mobiexpensifyg.ExpensifyActivityBase$_21462#272741 (225)
02-19 13:19:36.882 1603 1603 I Layer : Layer::reparent [org.me.mobiexpensifyg/org.me.mobiexpensifyg.ExpensifyActivityBase$_21462#272741] End -------------------------
02-19 13:19:36.883 1603 1603 I Layer : Layer::reparent [c93fb8f org.me.mobiexpensifyg/org.me.mobiexpensifyg.ExpensifyActivityBase#272740] newParentHandle : null -------------------------
02-19 13:19:36.883 1603 1603 I Layer : id=272740 removeFromCurrentState c93fb8f org.me.mobiexpensifyg/org.me.mobiexpensifyg.ExpensifyActivityBase#272740 (225)
02-19 13:19:36.883 1603 1603 I Layer : Layer::reparent [c93fb8f org.me.mobiexpensifyg/org.me.mobiexpensifyg.ExpensifyActivityBase#272740] End -------------------------
02-19 13:19:36.883 1603 1603 I Layer : Layer::reparent [1b8f22f InputMethod#180] newParent : Surface(name=1b8f22f InputMethod)/@0xe50c51f - animation-leash of insets_animation#272745 , isRemovedFromCurrentState : 0 -------------------------
02-19 13:19:36.883 1603 1603 I Layer : Layer::reparent [1b8f22f InputMethod#180] End -------------------------
02-19 13:19:36.883 1603 1603 I Layer : Layer::reparent [Surface(name=1b8f22f InputMethod)/@0xe50c51f - animation-leash of insets_animation#272744] newParentHandle : null -------------------------
02-19 13:19:36.883 1603 1603 I Layer : id=272744 removeFromCurrentState Surface(name=1b8f22f InputMethod)/@0xe50c51f - animation-leash of insets_animation#272744 (225)
02-19 13:19:36.883 1603 1603 I Layer : Layer::reparent [Surface(name=1b8f22f InputMethod)/@0xe50c51f - animation-leash of insets_animation#272744] End -------------------------
02-19 13:19:36.883 1603 1603 I Layer : Layer::reparent [f01df StatusBar#106] newParent : Surface(name=f01df StatusBar)/@0xca67e00 - animation-leash of insets_animation#272746 , isRemovedFromCurrentState : 0 -------------------------
02-19 13:19:36.883 1603 1603 I Layer : Layer::reparent [f01df StatusBar#106] End -------------------------
02-19 13:19:36.883 1603 1603 I Layer : Layer::reparent [Surface(name=f01df StatusBar)/@0xca67e00 - animation-leash of insets_animation#272742] newParentHandle : null -------------------------
02-19 13:19:36.883 1603 1603 I Layer : id=272742 removeFromCurrentState Surface(name=f01df StatusBar)/@0xca67e00 - animation-leash of insets_animation#272742 (225)
02-19 13:19:36.883 1603 1603 I Layer : Layer::reparent [Surface(name=f01df StatusBar)/@0xca67e00 - animation-leash of insets_animation#272742] End -------------------------
02-19 13:19:36.883 1603 1603 I Layer : Layer::reparent [3c5e648 NavigationBar0#261402] newParent : Surface(name=3c5e648 NavigationBar0)/@0xe853047 - animation-leash of insets_animation#272747 , isRemovedFromCurrentState : 0 -------------------------
02-19 13:19:36.883 1603 1603 I Layer : Layer::reparent [3c5e648 NavigationBar0#261402] End -------------------------
02-19 13:19:36.883 1603 1603 I Layer : Layer::reparent [Surface(name=3c5e648 NavigationBar0)/@0xe853047 - animation-leash of insets_animation#272743] newParentHandle : null -------------------------
02-19 13:19:36.884 1603 1603 I Layer : id=272743 removeFromCurrentState Surface(name=3c5e648 NavigationBar0)/@0xe853047 - animation-leash of insets_animation#272743 (225)
02-19 13:19:36.884 1603 1603 I Layer : Layer::reparent [Surface(name=3c5e648 NavigationBar0)/@0xe853047 - animation-leash of insets_animation#272743] End -------------------------
02-19 13:19:36.885 1603 1603 I SurfaceFlinger: id=272743 Removed Surface(name=3c5e648 NavigationBar0)/@0xe853047 - animation-leash of insets_animation#272743 (225)
02-19 13:19:36.885 1603 1603 I SurfaceFlinger: id=272742 Removed Surface(name=f01df StatusBar)/@0xca67e00 - animation-leash of insets_animation#272742 (225)
02-19 13:19:36.885 1603 1603 I SurfaceFlinger: id=272744 Removed Surface(name=1b8f22f InputMethod)/@0xe50c51f - animation-leash of insets_animation#272744 (225)
02-19 13:19:36.885 1603 1603 I SurfaceFlinger: id=272740 Removed c93fb8f org.me.mobiexpensifyg/org.me.mobiexpensifyg.ExpensifyActivityBase#272740 (225)
02-19 13:19:36.885 1603 1603 I SurfaceFlinger: id=272741 Removed org.me.mobiexpensifyg/org.me.mobiexpensifyg.ExpensifyActivityBase$_21462#272741 (225)
02-19 13:19:36.887 2334 3169 D InputDispatcher: Focus left window (0): c93fb8f org.me.mobiexpensifyg/org.me.mobiexpensifyg.ExpensifyActivityBase
02-19 13:19:36.888 2334 2446 V WindowManager: Unknown focus tokens, dropping reportFocusChanged
02-19 13:19:36.890 1603 1603 D SurfaceFlinger: Display 4630946213010294403 HWC layers:
02-19 13:19:36.890 1603 1603 D SurfaceFlinger: DEVICE | 0xb400007cd8d0a7d0 | 0102 | RGBA_8888 | 0.0 0.0 904.0 2316.0 | 0 0 904 2316 | org.me.mobiexpensifyg/org.me.mobiexp[...].ExpensifyActivityBase$_21462#272730
02-19 13:19:36.890 1603 1603 D SurfaceFlinger: DEVICE | 0xb400007cd8d30630 | 0100 | RGBA_8888 | 0.0 0.0 904.0 87.0 | 0 0 904 87 | StatusBar$_3256#121
02-19 13:19:36.890 1603 1603 D SurfaceFlinger: DEVICE | 0xb400007cd8d27630 | 0100 | RGBA_8888 | 0.0 0.0 904.0 126.0 | 0 2190 904 2316 | NavigationBar0$_3256#261410
02-19 13:19:36.890 1603 1603 D SurfaceFlinger: DEVICE | 0xb400007cd8d1ab20 | 0100 | RGBA_8888 | 0.0 0.0 904.0 2316.0 | 0 0 904 2316 | EdgeLightingWindow$_18257#272737
02-19 13:19:36.890 1603 1603 D SurfaceFlinger:
02-19 13:19:36.891 1603 1603 I Layer : id=272744 Destroyed Surface(name=1b8f22f InputMethod)/@0xe50c51f - animation-leash of insets_animation#272744
02-19 13:19:36.891 1603 1603 I Layer : id=272740 Destroyed c93fb8f org.me.mobiexpensifyg/org.me.mobiexpensifyg.ExpensifyActivityBase#272740
02-19 13:19:36.891 1603 1603 I Layer : id=272742 Destroyed Surface(name=f01df StatusBar)/@0xca67e00 - animation-leash of insets_animation#272742
02-19 13:19:36.892 1603 1603 I Layer : id=272743 Destroyed Surface(name=3c5e648 NavigationBar0)/@0xe853047 - animation-leash of insets_animation#272743
02-19 13:19:36.892 1603 1603 I Layer : id=272741 Destroyed org.me.mobiexpensifyg/org.me.mobiexpensifyg.ExpensifyActivityBase$_21462#272741
02-19 13:19:36.895 2334 4147 D InputDispatcher: Focus entered window (0): 9a77eef org.me.mobiexpensifyg/org.me.mobiexpensifyg.ExpensifyActivityBase
02-19 13:19:36.913 1603 1760 D RenderEngine: [SEC_GC_CMN_SF_EFFECTS] drawLayersInternal,1279, Rendering layer at index 0
02-19 13:19:36.913 1603 1760 D RenderEngine: [SEC_GC_CMN_SF_EFFECTS] drawLayersInternal,1279, Rendering layer org.me.mobiexpensifyg/org.me.mobiexpensifyg.ExpensifyActivityBase$_21462#272730 at index 1
02-19 13:19:36.943 21462 21555 I CameraManager: registerAvailabilityCallback: Is device callback = false
02-19 13:19:36.943 21462 21555 I CameraManagerGlobal: postSingleUpdate device: camera id 0 status STATUS_PRESENT
02-19 13:19:36.943 21462 21555 I CameraManagerGlobal: postSingleUpdate device: camera id 1 status STATUS_PRESENT
02-19 13:19:36.943 21462 21555 I CameraManagerGlobal: postSingleUpdate device: camera id 2 status STATUS_PRESENT
02-19 13:19:36.943 21462 21555 I CameraManagerGlobal: postSingleUpdate device: camera id 3 status STATUS_PRESENT
02-19 13:19:36.945 21462 22475 I CameraDevices: Initializing ProcessCameraProvider...
02-19 13:19:36.945 21462 22475 I CameraDevices: Initializing ExtensionsManager...
02-19 13:19:36.946 21462 22475 I cx/ExtensionVersion: extension library version = 1.4.0, device version = 1.4.0
02-19 13:19:36.946 21462 22475 D ExtenderVersion: Selected vendor runtime: 1.4.0
02-19 13:19:36.947 21462 22475 I cx/ServiceInitializer: init: app version = 1.4.0
02-19 13:19:36.947 21462 22475 I cx/ServiceInitializer: bind to extension service
02-19 13:19:36.947 21462 22475 I cx/ServiceInitializer: bindService start. intent = Intent { cmp=com.samsung.android.cameraxservice/com.samsung.android.camerax.service.CameraExtensionService }
02-19 13:19:36.951 32689 32689 I cx/CameraExtensionService: onCreate
02-19 13:19:36.951 32689 32689 I cx/CameraExtensionService: onBind
02-19 13:19:36.953 21462 21462 I InsetsSourceConsumer: applyRequestedVisibilityToControl: visible=true, type=statusBars, host=org.me.mobiexpensifyg/org.me.mobiexpensifyg.ExpensifyActivityBase
02-19 13:19:36.953 21462 21462 I InsetsSourceConsumer: applyRequestedVisibilityToControl: visible=true, type=navigationBars, host=org.me.mobiexpensifyg/org.me.mobiexpensifyg.ExpensifyActivityBase
02-19 13:19:36.955 21462 22476 I cx/ServiceInitializer: service connected
02-19 13:19:36.955 21462 22475 I cx/ServiceInitializer: Service is available
02-19 13:19:36.956 21462 22475 D ExtensionsManager: Successfully initialized extensions
02-19 13:19:36.956 21462 22475 I CameraDevices: Successfully initialized!
02-19 13:19:36.956 21462 21462 I ViewRootImpl@ccd3137[ExpensifyActivityBase]: handleWindowFocusChanged: 1 0 call from android.view.ViewRootImpl.-$$Nest$mhandleWindowFocusChanged:0
02-19 13:19:36.956 21462 21462 D ViewRootImpl@ccd3137[ExpensifyActivityBase]: mThreadedRenderer.initializeIfNeeded()#2 mSurface={isValid=true 0xb400007b33b6c4a0}
02-19 13:19:36.956 21462 21462 D InputMethodManagerUtils: startInputInner - Id : 0
02-19 13:19:36.956 21462 21462 I InputMethodManager: startInputInner - IInputMethodManagerGlobalInvoker.startInputOrWindowGainedFocus
