02-19 13:19:44.617 21462 21858 D OpenGLRenderer: --- Failed to create image decoder with message 'unimplemented'
02-19 13:19:44.617 21462 21858 W Kumiho-Kumiho: isSupportedFormat: Format is not supported
02-19 13:19:44.617 21462 21858 D OpenGLRenderer: --- Failed to create image decoder with message 'unimplemented'
02-19 13:19:44.617 21462 21858 W Kumiho-Kumiho: isSupportedFormat: Format is not supported
02-19 13:19:44.617 21462 21858 D OpenGLRenderer: --- Failed to create image decoder with message 'unimplemented'
02-19 13:19:44.620 2334 2918 D InputReader: Btn_touch(9): value=0 when=263085.365179
02-19 13:19:44.621 2334 2918 I InputReader: Touch event's action is 0x1 (id=6, t=0) [pCnt=1, s=] when=263085.365179
02-19 13:19:44.622 2334 2917 I InputDispatcher: Delivering touch to (21462): action: 0x1, f=0x0, d=0, '9a77eef', t=1
02-19 13:19:44.622 3685 3685 I HoneySpace.GestureInputHandler: reset
02-19 13:19:44.622 3685 3685 I HoneySpace.InputSession: close
02-19 13:19:44.625 21462 21462 I ViewRootImpl@ccd3137[ExpensifyActivityBase]: ViewPostIme pointer 1
02-19 13:19:44.635 1603 1760 D RenderEngine: [SEC_GC_CMN_SF_EFFECTS] drawLayersInternal,1279, Rendering layer at index 0
02-19 13:19:44.635 1603 1760 D RenderEngine: [SEC_GC_CMN_SF_EFFECTS] drawLayersInternal,1279, Rendering layer org.me.mobiexpensifyg/org.me.mobiexpensifyg.ExpensifyActivityBase$_21462#272730 at index 1
02-19 13:19:44.688 21462 21462 I InputMethodManager: invalidateInput
02-19 13:19:44.688 21462 21462 I InputMethodManager: invalidateInput
02-19 13:19:44.688 21462 21462 I InputMethodManager: invalidateInput
02-19 13:19:44.688 21462 21462 I InputMethodManager: invalidateInput
02-19 13:19:44.688 21462 21462 I InputMethodManager: invalidateInput
02-19 13:19:44.699 21462 21462 D ScrollView: initGoToTop
02-19 13:19:44.700 21462 21462 D ScrollView: initGoToTop
02-19 13:19:44.700 21462 21462 W [RNScreens]: backTitleVisible prop is not available on Android
02-19 13:19:44.700 21462 21462 W [RNScreens]: largeTitleHideShadow prop is not available on Android
02-19 13:19:44.700 21462 21462 W [RNScreens]: disableBackButtonMenu prop is not available on Android
02-19 13:19:44.709 21462 21556 D RNFBCrashlyticsInit: isCrashlyticsCollectionEnabled via RNFBMeta: true
02-19 13:19:44.710 21462 21556 D RNFBCrashlyticsInit: isCrashlyticsCollectionEnabled final value: true
02-19 13:19:44.736 1603 1760 D RenderEngine: [SEC_GC_CMN_SF_EFFECTS] drawLayersInternal,1279, Rendering layer at index 0
02-19 13:19:44.736 1603 1760 D RenderEngine: [SEC_GC_CMN_SF_EFFECTS] drawLayersInternal,1279, Rendering layer org.me.mobiexpensifyg/org.me.mobiexpensifyg.ExpensifyActivityBase$_21462#272730 at index 1
02-19 13:19:44.739 21462 21462 I SurfaceView@650c395: onWindowVisibilityChanged(8) false android.view.SurfaceView{650c395 V.E...... ........ 0,0-862,1314} of ViewRootImpl@ccd3137[ExpensifyActivityBase]
02-19 13:19:44.739 21462 21462 I SurfaceView: 105956245 Changes: creating=false format=false size=false visible=true alpha=false hint=false visible=true left=false top=false z=false attached=true lifecycleStrategy=false
02-19 13:19:44.739 21462 21462 I SurfaceView@650c395: 105956245 Cur surface: Surface(name=null)/@0xe97409c
02-19 13:19:44.740 21462 21462 I SurfaceView: 105956245 surfaceDestroyed
02-19 13:19:44.740 21462 21462 I SurfaceView@650c395: surfaceDestroyed callback.size 1 #2 android.view.SurfaceView{650c395 V.E...... ........ 0,0-862,1314}
02-19 13:19:44.740 21462 21462 I Mapbox : [maps-android\Mbgl-RenderThread]: onSurfaceDestroyed
02-19 13:19:44.740 21462 21462 I Mapbox : [maps-android\Mbgl-RenderThread]: onSurfaceDestroyed: waiting until EGL will be cleaned up...
02-19 13:19:44.741 21462 22483 I Mapbox : [maps-android\Mbgl-EglCore]: EGL surface was destroyed.
02-19 13:19:44.741 21462 21462 I Mapbox : [maps-android\Mbgl-RenderThread]: onSurfaceDestroyed: EGL resources were cleaned up.
02-19 13:19:44.741 21462 21462 I SurfaceView@650c395: updateSurface: mVisible = false mSurface.isValid() = true
02-19 13:19:44.741 21462 21462 I SurfaceView@650c395: releaseSurfaces: viewRoot = ViewRootImpl@ccd3137[ExpensifyActivityBase]
02-19 13:19:44.741 21462 21462 V SurfaceView@650c395: Layout: x=21 y=732 w=862 h=1314, frame=Rect(0, 0 - 862, 1314)
02-19 13:19:44.741 21462 21462 I SurfaceView: 105956245 Detaching SV
02-19 13:19:44.741 21462 21462 I SurfaceView: 105956245 Changes: creating=false format=false size=false visible=false alpha=false hint=false visible=false left=false top=false z=false attached=false lifecycleStrategy=false
02-19 13:19:44.741 21462 21462 I SurfaceView@650c395: onDetachedFromWindow: tryReleaseSurfaces()
02-19 13:19:44.741 21462 21462 I SurfaceView@650c395: releaseSurfaces: viewRoot = ViewRootImpl@ccd3137[ExpensifyActivityBase]
02-19 13:19:44.741 21462 21462 I Mapbox : [maps-android\Mbgl-RenderThread]: Renderer paused
02-19 13:19:44.742 21462 22484 I Mapbox : [events_service]: Queue is empty, nothing to flush
02-19 13:19:44.742 21462 22484 I Mapbox : [events_service]: Queue is empty, nothing to flush
02-19 13:19:44.743 21462 21462 I Mapbox : [maps-android\Mbgl-RenderThread]: Renderer resumed, renderThreadPrepared=false, surface.isValid=false
02-19 13:19:44.743 21462 21462 I Mapbox : [maps-android\Mbgl-RenderThread]: renderThreadPrepared=false and Android surface is not valid (isValid=false). Waiting for new one.
02-19 13:19:44.743 21462 21462 I SurfaceView@650c395: onWindowVisibilityChanged(0) true android.view.SurfaceView{650c395 V.E...... ........ 0,0-862,1314} of ViewRootImpl@ccd3137[ExpensifyActivityBase]
02-19 13:19:44.743 21462 21462 D SurfaceView@650c395: 105956245 updateSurface: has no frame
02-19 13:19:44.745 21462 21462 I InputMethodManager: invalidateInput
02-19 13:19:44.748 21462 21462 I SurfaceView: 105956245 Changes: creating=true format=false size=false visible=true alpha=false hint=false visible=true left=false top=false z=false attached=true lifecycleStrategy=false
02-19 13:19:44.748 1603 2205 I SurfaceFlinger: id=272778 createSurf, flag=84004, SurfaceView[org.me.mobiexpensifyg/org.me.mobiexpensifyg.ExpensifyActivityBase]@0#272778
02-19 13:19:44.748 1603 2205 I SurfaceFlinger: id=272779 createSurf, flag=44400, SurfaceView[org.me.mobiexpensifyg/org.me.mobiexpensifyg.ExpensifyActivityBase]@0(BLAST)#272779
02-19 13:19:44.748 1603 2205 I SurfaceFlinger: id=272780 createSurf, flag=20404, Background for SurfaceView[org.me.mobiexpensifyg/org.me.mobiexpensifyg.ExpensifyActivityBase]@0#272780
02-19 13:19:44.749 21462 21462 I BufferQueueProducer: [](id:53d600000007,api:0,p:0,c:21462) setDequeueTimeout:2077252342
02-19 13:19:44.749 21462 21462 I BLASTBufferQueue_Java: update, w= 862 h= 1314 mName = null mNativeObject= 0xb400007d13d0bb70 sc.mNativeObject= 0xb400007bd3b4e210 format= 4 caller= android.view.SurfaceView.createBlastSurfaceControls:1518 android.view.SurfaceView.updateSurface:1194 android.view.SurfaceView.lambda$new$0:258 android.view.SurfaceView.$r8$lambda$cm3nmzErr-srXoT_KjIYQgdhFN0:0 android.view.SurfaceView$$ExternalSyntheticLambda2.onPreDraw:2 android.view.ViewTreeObserver.dispatchOnPreDraw:1204
02-19 13:19:44.749 21462 21462 I SurfaceView@650c395: 105956245 Cur surface: Surface(name=null)/@0xe97409c
02-19 13:19:44.749 21462 21462 I SurfaceView@650c395: pST: sr = Rect(21, 732 - 883, 2046) sw = 862 sh = 1314
02-19 13:19:44.749 21462 21462 D SurfaceView@650c395: 105956245 performSurfaceTransaction RenderWorker position = [21, 732, 883, 2046] surfaceSize = 862x1314
02-19 13:19:44.749 21462 21462 I SurfaceView@650c395: updateSurface: mVisible = true mSurface.isValid() = true
02-19 13:19:44.749 21462 21462 I SurfaceView@650c395: updateSurface: mSurfaceCreated = false surfaceChanged = true visibleChanged = true
02-19 13:19:44.749 21462 21462 I SurfaceView: 105956245 visibleChanged -- surfaceCreated
02-19 13:19:44.749 21462 21462 I SurfaceView@650c395: surfaceCreated 1 #8 android.view.SurfaceView{650c395 V.E...... ........ 0,0-862,1314}
02-19 13:19:44.749 21462 21462 I SurfaceView: 105956245 surfaceChanged -- format=4 w=862 h=1314
02-19 13:19:44.749 21462 21462 I SurfaceView@650c395: surfaceChanged (862,1314) 1 #8 android.view.SurfaceView{650c395 V.E...... ........ 0,0-862,1314}
02-19 13:19:44.749 21462 21462 I Mapbox : [maps-android\Mbgl-RenderThread]: onSurfaceCreated
02-19 13:19:44.749 21462 21462 I Mapbox : [maps-android\Mbgl-RenderThread]: onSurfaceCreated: waiting Android surface to be processed...
02-19 13:19:44.750 21462 22483 I Mapbox : [maps-android\Mbgl-RenderThread]: Setting up render thread, flags: creatingSurface=true, nativeRenderCreated=true, eglContextMadeCurrent=false, eglContextCreated=true, paused=false
02-19 13:19:44.750 21462 21462 I Mapbox : [maps-android\Mbgl-RenderThread]: onSurfaceCreated: Android surface was processed.
02-19 13:19:44.750 21462 21462 I SurfaceView: 105956245 surfaceRedrawNeeded
02-19 13:19:44.750 21462 21462 I SurfaceView: 105956245 finishedDrawing
02-19 13:19:44.750 21462 21462 V SurfaceView@650c395: Layout: x=21 y=732 w=862 h=1314, frame=Rect(0, 0 - 862, 1314)
02-19 13:19:44.751 21462 21462 I ViewRootImpl@ccd3137[ExpensifyActivityBase]: registerCallbackForPendingTransactions
02-19 13:19:44.752 21462 21729 D SurfaceView: 105956245 updateSurfacePosition RenderWorker, frameNr = 922, position = [21, 732, 883, 2046] surfaceSize = 862x1314
02-19 13:19:44.752 21462 21729 I SurfaceView@650c395: uSP: rtp = Rect(21, 732 - 883, 2046) rtsw = 862 rtsh = 1314
02-19 13:19:44.752 21462 21729 I SurfaceView@650c395: onSSPAndSRT: pl = 21 pt = 732 sx = 1.0 sy = 1.0
02-19 13:19:44.752 21462 21729 I SurfaceView@650c395: aOrMT: ViewRootImpl@ccd3137[ExpensifyActivityBase] t = android.view.SurfaceControl$Transaction@d062cbd fN = 922 android.view.SurfaceView.-$$Nest$mapplyOrMergeTransaction:0 android.view.SurfaceView$SurfaceViewPositionUpdateListener.positionChanged:1667 android.graphics.RenderNode$CompositePositionUpdateListener.positionChanged:369
02-19 13:19:44.752 21462 21729 I ViewRootImpl@ccd3137[ExpensifyActivityBase]: mWNT: t=0xb400007c23ca6d70 mBlastBufferQueue=0xb400007d13b6b4f0 fn= 922 mRenderHdrSdrRatio=1.0 caller= android.view.SurfaceView.applyOrMergeTransaction:1599 android.view.SurfaceView.-$$Nest$mapplyOrMergeTransaction:0 android.view.SurfaceView$SurfaceViewPositionUpdateListener.positionChanged:1667
02-19 13:19:44.753 21462 21786 I ViewRootImpl@ccd3137[ExpensifyActivityBase]: mWNT: t=0xb400007c23c94cb0 mBlastBufferQueue=0xb400007d13b6b4f0 fn= 922 mRenderHdrSdrRatio=1.0 caller= android.view.ViewRootImpl$6.onFrameDraw:5705 android.view.ViewRootImpl$2.onFrameDraw:2190 android.view.ThreadedRenderer$1.onFrameDraw:792
02-19 13:19:44.758 21462 22483 I BLASTBufferQueue: [SurfaceView[org.me.mobiexpensifyg/org.me.mobiexpensifyg.ExpensifyActivityBase]@0#7](f:0,a:0,s:0) onFrameAvailable the first frame is available
02-19 13:19:44.760 21462 21462 I InputMethodManager: invalidateInput
02-19 13:19:44.763 1603 1603 I Layer : Layer::reparent [SurfaceView[org.me.mobiexpensifyg/org.me.mobiexpensifyg.ExpensifyActivityBase]@0(BLAST)#272776] newParentHandle : null -------------------------
02-19 13:19:44.763 1603 1603 I Layer : id=272776 removeFromCurrentState SurfaceView[org.me.mobiexpensifyg/org.me.mobiexpensifyg.ExpensifyActivityBase]@0(BLAST)#272776 (226)
02-19 13:19:44.763 1603 1603 I Layer : Layer::reparent [SurfaceView[org.me.mobiexpensifyg/org.me.mobiexpensifyg.ExpensifyActivityBase]@0(BLAST)#272776] End -------------------------
02-19 13:19:44.763 1603 1603 I Layer : Layer::reparent [Background for SurfaceView[org.me.mobiexpensifyg/org.me.mobiexpensifyg.ExpensifyActivityBase]@0#272777] newParentHandle : null -------------------------
02-19 13:19:44.763 1603 1603 I Layer : id=272777 removeFromCurrentState Background for SurfaceView[org.me.mobiexpensifyg/org.me.mobiexpensifyg.ExpensifyActivityBase]@0#272777 (226)
02-19 13:19:44.763 1603 1603 I Layer : Layer::reparent [Background for SurfaceView[org.me.mobiexpensifyg/org.me.mobiexpensifyg.ExpensifyActivityBase]@0#272777] End -------------------------
02-19 13:19:44.764 1603 1603 I Layer : Layer [Background for SurfaceView[org.me.mobiexpensifyg/org.me.mobiexpensifyg.ExpensifyActivityBase]@0#272780] hidden!! flag(0)
02-19 13:19:44.764 1603 1603 I Layer : Layer::reparent [SurfaceView[org.me.mobiexpensifyg/org.me.mobiexpensifyg.ExpensifyActivityBase]@0#272775] newParentHandle : null -------------------------
02-19 13:19:44.764 1603 1603 I Layer : id=272775 removeFromCurrentState SurfaceView[org.me.mobiexpensifyg/org.me.mobiexpensifyg.ExpensifyActivityBase]@0#272775 (226)
02-19 13:19:44.764 1603 1603 I Layer : Layer::reparent [SurfaceView[org.me.mobiexpensifyg/org.me.mobiexpensifyg.ExpensifyActivityBase]@0#272775] End -------------------------
02-19 13:19:44.764 1603 1603 I Layer : Layer [SurfaceView[org.me.mobiexpensifyg/org.me.mobiexpensifyg.ExpensifyActivityBase]@0#272778] hidden!! flag(0)
02-19 13:19:44.771 1603 1603 D SurfaceFlinger: Display 4630946213010294403 HWC layers:
02-19 13:19:44.771 1603 1603 D SurfaceFlinger: DEVICE | 0xb400007cd8cf71e0 | 0502 | RGBx_8888 | 0.0 0.0 862.0 1314.0 | 21 732 883 2046 | SurfaceView[org.me.mobiexpensifyg/or[...]pensifyActivityBase]@0(BLAST)#272779
02-19 13:19:44.771 1603 1603 D SurfaceFlinger: DEVICE | 0xb400007cd8d20520 | 0100 | RGBA_8888 | 0.0 0.0 904.0 2316.0 | 0 0 904 2316 | org.me.mobiexpensifyg/org.me.mobiexp[...].ExpensifyActivityBase$_21462#272730
02-19 13:19:44.771 1603 1603 D SurfaceFlinger: DEVICE | 0xb400007cd8d30630 | 0100 | RGBA_8888 | 0.0 0.0 904.0 87.0 | 0 0 904 87 | StatusBar$_3256#121
02-19 13:19:44.771 1603 1603 D SurfaceFlinger: DEVICE | 0xb400007cd8cfd2a0 | 0100 | RGBA_8888 | 0.0 0.0 904.0 126.0 | 0 2190 904 2316 | NavigationBar0$_3256#261410
02-19 13:19:44.771 1603 1603 D SurfaceFlinger:
02-19 13:19:44.773 1603 1747 I SurfaceFlinger: id=272777 Removed Background for SurfaceView[org.me.mobiexpensifyg/org.me.mobiexpensifyg.ExpensifyActivityBase]@0#272777 (226)
02-19 13:19:44.773 1603 1747 I SurfaceFlinger: id=272775 Removed SurfaceView[org.me.mobiexpensifyg/org.me.mobiexpensifyg.ExpensifyActivityBase]@0#272775 (226)
02-19 13:19:44.773 1603 1747 I SurfaceFlinger: id=272776 Removed SurfaceView[org.me.mobiexpensifyg/org.me.mobiexpensifyg.ExpensifyActivityBase]@0(BLAST)#272776 (226)
02-19 13:19:44.780 1603 1603 I Layer : id=272776 Destroyed SurfaceView[org.me.mobiexpensifyg/org.me.mobiexpensifyg.ExpensifyActivityBase]@0(BLAST)#272776
02-19 13:19:44.780 1603 1603 I Layer : id=272777 Destroyed Background for SurfaceView[org.me.mobiexpensifyg/org.me.mobiexpensifyg.ExpensifyActivityBase]@0#272777
02-19 13:19:44.780 1603 1603 I Layer : id=272775 Destroyed SurfaceView[org.me.mobiexpensifyg/org.me.mobiexpensifyg.ExpensifyActivityBase]@0#272775
02-19 13:19:44.783 21462 21729 D SurfaceView: 105956245 updateSurfacePosition RenderWorker, frameNr = 925, position = [16, 732, 878, 2046] surfaceSize = 862x1314
02-19 13:19:44.783 21462 21729 I SurfaceView@650c395: uSP: rtp = Rect(16, 732 - 878, 2046) rtsw = 862 rtsh = 1314
02-19 13:19:44.783 21462 21729 I SurfaceView@650c395: onSSPAndSRT: pl = 16 pt = 732 sx = 1.0 sy = 1.0
02-19 13:19:44.783 21462 21729 I SurfaceView@650c395: aOrMT: ViewRootImpl@ccd3137[ExpensifyActivityBase] t = android.view.SurfaceControl$Transaction@d062cbd fN = 925 android.view.SurfaceView.-$$Nest$mapplyOrMergeTransaction:0 android.view.SurfaceView$SurfaceViewPositionUpdateListener.positionChanged:1667 android.graphics.RenderNode$CompositePositionUpdateListener.positionChanged:369
02-19 13:19:44.783 21462 21729 I ViewRootImpl@ccd3137[ExpensifyActivityBase]: mWNT: t=0xb400007c23ca6d70 mBlastBufferQueue=0xb400007d13b6b4f0 fn= 925 mRenderHdrSdrRatio=1.0 caller= android.view.SurfaceView.applyOrMergeTransaction:1599 android.view.SurfaceView.-$$Nest$mapplyOrMergeTransaction:0 android.view.SurfaceView$SurfaceViewPositionUpdateListener.positionChanged:1667
02-19 13:19:44.793 21462 21729 D SurfaceView: 105956245 updateSurfacePosition RenderWorker, frameNr = 926, position = [11, 732, 873, 2046] surfaceSize = 862x1314
02-19 13:19:44.793 21462 21729 I SurfaceView@650c395: uSP: rtp = Rect(11, 732 - 873, 2046) rtsw = 862 rtsh = 1314
02-19 13:19:44.793 21462 21729 I SurfaceView@650c395: onSSPAndSRT: pl = 11 pt = 732 sx = 1.0 sy = 1.0
02-19 13:19:44.793 21462 21729 I SurfaceView@650c395: aOrMT: ViewRootImpl@ccd3137[ExpensifyActivityBase] t = android.view.SurfaceControl$Transaction@d062cbd fN = 926 android.view.SurfaceView.-$$Nest$mapplyOrMergeTransaction:0 android.view.SurfaceView$SurfaceViewPositionUpdateListener.positionChanged:1667 android.graphics.RenderNode$CompositePositionUpdateListener.positionChanged:369
02-19 13:19:44.793 21462 21729 I ViewRootImpl@ccd3137[ExpensifyActivityBase]: mWNT: t=0xb400007c23ca6d70 mBlastBufferQueue=0xb400007d13b6b4f0 fn= 926 mRenderHdrSdrRatio=1.0 caller= android.view.SurfaceView.applyOrMergeTransaction:1599 android.view.SurfaceView.-$$Nest$mapplyOrMergeTransaction:0 android.view.SurfaceView$SurfaceViewPositionUpdateListener.positionChanged:1667
02-19 13:19:44.802 21462 21729 D SurfaceView: 105956245 updateSurfacePosition RenderWorker, frameNr = 927, position = [2, 732, 864, 2046] surfaceSize = 862x1314
02-19 13:19:44.802 21462 21729 I SurfaceView@650c395: uSP: rtp = Rect(2, 732 - 864, 2046) rtsw = 862 rtsh = 1314
02-19 13:19:44.802 21462 21729 I SurfaceView@650c395: onSSPAndSRT: pl = 2 pt = 732 sx = 1.0 sy = 1.0
02-19 13:19:44.802 21462 21729 I SurfaceView@650c395: aOrMT: ViewRootImpl@ccd3137[ExpensifyActivityBase] t = android.view.SurfaceControl$Transaction@d062cbd fN = 927 android.view.SurfaceView.-$$Nest$mapplyOrMergeTransaction:0 android.view.SurfaceView$SurfaceViewPositionUpdateListener.positionChanged:1667 android.graphics.RenderNode$CompositePositionUpdateListener.positionChanged:369
02-19 13:19:44.802 21462 21729 I ViewRootImpl@ccd3137[ExpensifyActivityBase]: mWNT: t=0xb400007c23ca6d70 mBlastBufferQueue=0xb400007d13b6b4f0 fn= 927 mRenderHdrSdrRatio=1.0 caller= android.view.SurfaceView.applyOrMergeTransaction:1599 android.view.SurfaceView.-$$Nest$mapplyOrMergeTransaction:0 android.view.SurfaceView$SurfaceViewPositionUpdateListener.positionChanged:1667
02-19 13:19:44.806 21462 21729 D SurfaceView: 105956245 updateSurfacePosition RenderWorker, frameNr = 928, position = [-8, 732, 855, 2046] surfaceSize = 862x1314
02-19 13:19:44.806 21462 21729 I SurfaceView@650c395: uSP: rtp = Rect(-8, 732 - 855, 2046) rtsw = 862 rtsh = 1314
02-19 13:19:44.806 21462 21729 I SurfaceView@650c395: onSSPAndSRT: pl = -8 pt = 732 sx = 1.0011601 sy = 1.0
02-19 13:19:44.807 21462 21729 I SurfaceView@650c395: aOrMT: ViewRootImpl@ccd3137[ExpensifyActivityBase] t = android.view.SurfaceControl$Transaction@d062cbd fN = 928 android.view.SurfaceView.-$$Nest$mapplyOrMergeTransaction:0 android.view.SurfaceView$SurfaceViewPositionUpdateListener.positionChanged:1667 android.graphics.RenderNode$CompositePositionUpdateListener.positionChanged:369
02-19 13:19:44.807 21462 21729 I ViewRootImpl@ccd3137[ExpensifyActivityBase]: mWNT: t=0xb400007c23ca6d70 mBlastBufferQueue=0xb400007d13b6b4f0 fn= 928 mRenderHdrSdrRatio=1.0 caller= android.view.SurfaceView.applyOrMergeTransaction:1599 android.view.SurfaceView.-$$Nest$mapplyOrMergeTransaction:0 android.view.SurfaceView$SurfaceViewPositionUpdateListener.positionChanged:1667
02-19 13:19:44.815 21462 21729 D SurfaceView: 105956245 updateSurfacePosition RenderWorker, frameNr = 929, position = [-19, 732, 843, 2046] surfaceSize = 862x1314
02-19 13:19:44.815 21462 21729 I SurfaceView@650c395: uSP: rtp = Rect(-19, 732 - 843, 2046) rtsw = 862 rtsh = 1314
02-19 13:19:44.815 21462 21729 I SurfaceView@650c395: onSSPAndSRT: pl = -19 pt = 732 sx = 1.0 sy = 1.0
02-19 13:19:44.816 21462 21729 I SurfaceView@650c395: aOrMT: ViewRootImpl@ccd3137[ExpensifyActivityBase] t = android.view.SurfaceControl$Transaction@d062cbd fN = 929 android.view.SurfaceView.-$$Nest$mapplyOrMergeTransaction:0 android.view.SurfaceView$SurfaceViewPositionUpdateListener.positionChanged:1667 android.graphics.RenderNode$CompositePositionUpdateListener.positionChanged:369
02-19 13:19:44.816 21462 21729 I ViewRootImpl@ccd3137[ExpensifyActivityBase]: mWNT: t=0xb400007c23ca6d70 mBlastBufferQueue=0xb400007d13b6b4f0 fn= 929 mRenderHdrSdrRatio=1.0 caller= android.view.SurfaceView.applyOrMergeTransaction:1599 android.view.SurfaceView.-$$Nest$mapplyOrMergeTransaction:0 android.view.SurfaceView$SurfaceViewPositionUpdateListener.positionChanged:1667
02-19 13:19:44.824 21462 21729 D SurfaceView: 105956245 updateSurfacePosition RenderWorker, frameNr = 930, position = [-33, 732, 829, 2046] surfaceSize = 862x1314
02-19 13:19:44.824 21462 21729 I SurfaceView@650c395: uSP: rtp = Rect(-33, 732 - 829, 2046) rtsw = 862 rtsh = 1314
02-19 13:19:44.824 21462 21729 I SurfaceView@650c395: onSSPAndSRT: pl = -33 pt = 732 sx = 1.0 sy = 1.0
02-19 13:19:44.824 21462 21729 I SurfaceView@650c395: aOrMT: ViewRootImpl@ccd3137[ExpensifyActivityBase] t = android.view.SurfaceControl$Transaction@d062cbd fN = 930 android.view.SurfaceView.-$$Nest$mapplyOrMergeTransaction:0 android.view.SurfaceView$SurfaceViewPositionUpdateListener.positionChanged:1667 android.graphics.RenderNode$CompositePositionUpdateListener.positionChanged:369
02-19 13:19:44.824 21462 21729 I ViewRootImpl@ccd3137[ExpensifyActivityBase]: mWNT: t=0xb400007c23ca6d70 mBlastBufferQueue=0xb400007d13b6b4f0 fn= 930 mRenderHdrSdrRatio=1.0 caller= android.view.SurfaceView.applyOrMergeTransaction:1599 android.view.SurfaceView.-$$Nest$mapplyOrMergeTransaction:0 android.view.SurfaceView$SurfaceViewPositionUpdateListener.positionChanged:1667
02-19 13:19:44.832 21462 21729 D SurfaceView: 105956245 updateSurfacePosition RenderWorker, frameNr = 931, position = [-47, 732, 815, 2046] surfaceSize = 862x1314
02-19 13:19:44.832 21462 21729 I SurfaceView@650c395: uSP: rtp = Rect(-47, 732 - 815, 2046) rtsw = 862 rtsh = 1314
02-19 13:19:44.832 21462 21729 I SurfaceView@650c395: onSSPAndSRT: pl = -47 pt = 732 sx = 1.0 sy = 1.0
02-19 13:19:44.833 21462 21729 I SurfaceView@650c395: aOrMT: ViewRootImpl@ccd3137[ExpensifyActivityBase] t = android.view.SurfaceControl$Transaction@d062cbd fN = 931 android.view.SurfaceView.-$$Nest$mapplyOrMergeTransaction:0 android.view.SurfaceView$SurfaceViewPositionUpdateListener.positionChanged:1667 android.graphics.RenderNode$CompositePositionUpdateListener.positionChanged:369
02-19 13:19:44.833 21462 21729 I ViewRootImpl@ccd3137[ExpensifyActivityBase]: mWNT: t=0xb400007c23ca6d70 mBlastBufferQueue=0xb400007d13b6b4f0 fn= 931 mRenderHdrSdrRatio=1.0 caller= android.view.SurfaceView.applyOrMergeTransaction:1599 android.view.SurfaceView.-$$Nest$mapplyOrMergeTransaction:0 android.view.SurfaceView$SurfaceViewPositionUpdateListener.positionChanged:1667
02-19 13:19:44.840 21462 21729 D SurfaceView: 105956245 updateSurfacePosition RenderWorker, frameNr = 932, position = [-63, 732, 799, 2046] surfaceSize = 862x1314
02-19 13:19:44.841 21462 21729 I SurfaceView@650c395: uSP: rtp = Rect(-63, 732 - 799, 2046) rtsw = 862 rtsh = 1314
02-19 13:19:44.841 21462 21729 I SurfaceView@650c395: onSSPAndSRT: pl = -63 pt = 732 sx = 1.0 sy = 1.0
02-19 13:19:44.841 21462 21729 I SurfaceView@650c395: aOrMT: ViewRootImpl@ccd3137[ExpensifyActivityBase] t = android.view.SurfaceControl$Transaction@d062cbd fN = 932 android.view.SurfaceView.-$$Nest$mapplyOrMergeTransaction:0 android.view.SurfaceView$SurfaceViewPositionUpdateListener.positionChanged:1667 android.graphics.RenderNode$CompositePositionUpdateListener.positionChanged:369
02-19 13:19:44.841 21462 21729 I ViewRootImpl@ccd3137[ExpensifyActivityBase]: mWNT: t=0xb400007c23ca6d70 mBlastBufferQueue=0xb400007d13b6b4f0 fn= 932 mRenderHdrSdrRatio=1.0 caller= android.view.SurfaceView.applyOrMergeTransaction:1599 android.view.SurfaceView.-$$Nest$mapplyOrMergeTransaction:0 android.view.SurfaceView$SurfaceViewPositionUpdateListener.positionChanged:1667
02-19 13:19:44.841 1090 1090 D io_stats: !@ 8,0 r 16676467 409282595 w 28555082 386654208 d 6449412 549229304 f 0 3019361 iot 17353012 0 th 0 0 0 pt 0 inp 0 0 263085.585
02-19 13:19:44.841 1603 1760 D RenderEngine: [SEC_GC_CMN_SF_EFFECTS] drawLayersInternal,1279, Rendering layer at index 0
02-19 13:19:44.841 1603 1760 D RenderEngine: [SEC_GC_CMN_SF_EFFECTS] drawLayersInternal,1279, Rendering layer org.me.mobiexpensifyg/org.me.mobiexpensifyg.ExpensifyActivityBase$_21462#272730 at index 1
02-19 13:19:44.842 1090 1090 D io_stats: !@ Write_top(KB): kworker/u16:14(19734) 4672 roid.honeyboard(6890) 1812 f2fs_ckpt-254:5(4311) 376
02-19 13:19:44.849 21462 21729 D SurfaceView: 105956245 updateSurfacePosition RenderWorker, frameNr = 933, position = [-81, 732, 781, 2046] surfaceSize = 862x1314
02-19 13:19:44.849 21462 21729 I SurfaceView@650c395: uSP: rtp = Rect(-81, 732 - 781, 2046) rtsw = 862 rtsh = 1314
02-19 13:19:44.849 21462 21729 I SurfaceView@650c395: onSSPAndSRT: pl = -81 pt = 732 sx = 1.0 sy = 1.0
02-19 13:19:44.849 21462 21729 I SurfaceView@650c395: aOrMT: ViewRootImpl@ccd3137[ExpensifyActivityBase] t = android.view.SurfaceControl$Transaction@d062cbd fN = 933 android.view.SurfaceView.-$$Nest$mapplyOrMergeTransaction:0 android.view.SurfaceView$SurfaceViewPositionUpdateListener.positionChanged:1667 android.graphics.RenderNode$CompositePositionUpdateListener.positionChanged:369
02-19 13:19:44.849 21462 21729 I ViewRootImpl@ccd3137[ExpensifyActivityBase]: mWNT: t=0xb400007c23ca6d70 mBlastBufferQueue=0xb400007d13b6b4f0 fn= 933 mRenderHdrSdrRatio=1.0 caller= android.view.SurfaceView.applyOrMergeTransaction:1599 android.view.SurfaceView.-$$Nest$mapplyOrMergeTransaction:0 android.view.SurfaceView$SurfaceViewPositionUpdateListener.positionChanged:1667
02-19 13:19:44.858 21462 21729 D SurfaceView: 105956245 updateSurfacePosition RenderWorker, frameNr = 934, position = [-98, 732, 764, 2046] surfaceSize = 862x1314
02-19 13:19:44.858 21462 21729 I SurfaceView@650c395: uSP: rtp = Rect(-98, 732 - 764, 2046) rtsw = 862 rtsh = 1314
02-19 13:19:44.858 21462 21729 I SurfaceView@650c395: onSSPAndSRT: pl = -98 pt = 732 sx = 1.0 sy = 1.0
02-19 13:19:44.858 21462 21729 I SurfaceView@650c395: aOrMT: ViewRootImpl@ccd3137[ExpensifyActivityBase] t = android.view.SurfaceControl$Transaction@d062cbd fN = 934 android.view.SurfaceView.-$$Nest$mapplyOrMergeTransaction:0 android.view.SurfaceView$SurfaceViewPositionUpdateListener.positionChanged:1667 android.graphics.RenderNode$CompositePositionUpdateListener.positionChanged:369
02-19 13:19:44.858 21462 21729 I ViewRootImpl@ccd3137[ExpensifyActivityBase]: mWNT: t=0xb400007c23ca6d70 mBlastBufferQueue=0xb400007d13b6b4f0 fn= 934 mRenderHdrSdrRatio=1.0 caller= android.view.SurfaceView.applyOrMergeTransaction:1599 android.view.SurfaceView.-$$Nest$mapplyOrMergeTransaction:0 android.view.SurfaceView$SurfaceViewPositionUpdateListener.positionChanged:1667
02-19 13:19:44.866 21462 21729 D SurfaceView: 105956245 updateSurfacePosition RenderWorker, frameNr = 935, position = [-115, 732, 747, 2046] surfaceSize = 862x1314
02-19 13:19:44.866 21462 21729 I SurfaceView@650c395: uSP: rtp = Rect(-115, 732 - 747, 2046) rtsw = 862 rtsh = 1314
02-19 13:19:44.866 21462 21729 I SurfaceView@650c395: onSSPAndSRT: pl = -115 pt = 732 sx = 1.0 sy = 1.0
02-19 13:19:44.867 21462 21729 I SurfaceView@650c395: aOrMT: ViewRootImpl@ccd3137[ExpensifyActivityBase] t = android.view.SurfaceControl$Transaction@d062cbd fN = 935 android.view.SurfaceView.-$$Nest$mapplyOrMergeTransaction:0 android.view.SurfaceView$SurfaceViewPositionUpdateListener.positionChanged:1667 android.graphics.RenderNode$CompositePositionUpdateListener.positionChanged:369
02-19 13:19:44.867 21462 21729 I ViewRootImpl@ccd3137[ExpensifyActivityBase]: mWNT: t=0xb400007c23ca6d70 mBlastBufferQueue=0xb400007d13b6b4f0 fn= 935 mRenderHdrSdrRatio=1.0 caller= android.view.SurfaceView.applyOrMergeTransaction:1599 android.view.SurfaceView.-$$Nest$mapplyOrMergeTransaction:0 android.view.SurfaceView$SurfaceViewPositionUpdateListener.positionChanged:1667
02-19 13:19:44.868 2334 2444 I GestureDetector: handleMessage TAP
02-19 13:19:44.869 2334 2334 I GestureDetector: handleMessage TAP
02-19 13:19:44.874 21462 21729 D SurfaceView: 105956245 updateSurfacePosition RenderWorker, frameNr = 936, position = [-134, 732, 728, 2046] surfaceSize = 862x1314
02-19 13:19:44.875 21462 21729 I SurfaceView@650c395: uSP: rtp = Rect(-134, 732 - 728, 2046) rtsw = 862 rtsh = 1314
02-19 13:19:44.875 21462 21729 I SurfaceView@650c395: onSSPAndSRT: pl = -134 pt = 732 sx = 1.0 sy = 1.0
02-19 13:19:44.875 21462 21729 I SurfaceView@650c395: aOrMT: ViewRootImpl@ccd3137[ExpensifyActivityBase] t = android.view.SurfaceControl$Transaction@d062cbd fN = 936 android.view.SurfaceView.-$$Nest$mapplyOrMergeTransaction:0 android.view.SurfaceView$SurfaceViewPositionUpdateListener.positionChanged:1667 android.graphics.RenderNode$CompositePositionUpdateListener.positionChanged:369
02-19 13:19:44.875 21462 21729 I ViewRootImpl@ccd3137[ExpensifyActivityBase]: mWNT: t=0xb400007c23ca6d70 mBlastBufferQueue=0xb400007d13b6b4f0 fn= 936 mRenderHdrSdrRatio=1.0 caller= android.view.SurfaceView.applyOrMergeTransaction:1599 android.view.SurfaceView.-$$Nest$mapplyOrMergeTransaction:0 android.view.SurfaceView$SurfaceViewPositionUpdateListener.positionChanged:1667
02-19 13:19:44.885 21462 21729 D SurfaceView: 105956245 updateSurfacePosition RenderWorker, frameNr = 937, position = [-150, 732, 712, 2046] surfaceSize = 862x1314
02-19 13:19:44.885 21462 21729 I SurfaceView@650c395: uSP: rtp = Rect(-150, 732 - 712, 2046) rtsw = 862 rtsh = 1314
02-19 13:19:44.885 21462 21729 I SurfaceView@650c395: onSSPAndSRT: pl = -150 pt = 732 sx = 1.0 sy = 1.0
02-19 13:19:44.885 21462 21729 I SurfaceView@650c395: aOrMT: ViewRootImpl@ccd3137[ExpensifyActivityBase] t = android.view.SurfaceControl$Transaction@d062cbd fN = 937 android.view.SurfaceView.-$$Nest$mapplyOrMergeTransaction:0 android.view.SurfaceView$SurfaceViewPositionUpdateListener.positionChanged:1667 android.graphics.RenderNode$CompositePositionUpdateListener.positionChanged:369
02-19 13:19:44.885 21462 21729 I ViewRootImpl@ccd3137[ExpensifyActivityBase]: mWNT: t=0xb400007c23ca6d70 mBlastBufferQueue=0xb400007d13b6b4f0 fn= 937 mRenderHdrSdrRatio=1.0 caller= android.view.SurfaceView.applyOrMergeTransaction:1599 android.view.SurfaceView.-$$Nest$mapplyOrMergeTransaction:0 android.view.SurfaceView$SurfaceViewPositionUpdateListener.positionChanged:1667
02-19 13:19:44.890 21462 21729 D SurfaceView: 105956245 updateSurfacePosition RenderWorker, frameNr = 938, position = [-167, 732, 696, 2046] surfaceSize = 862x1314
02-19 13:19:44.891 21462 21729 I SurfaceView@650c395: uSP: rtp = Rect(-167, 732 - 696, 2046) rtsw = 862 rtsh = 1314
02-19 13:19:44.891 21462 21729 I SurfaceView@650c395: onSSPAndSRT: pl = -167 pt = 732 sx = 1.0011601 sy = 1.0
02-19 13:19:44.891 21462 21729 I SurfaceView@650c395: aOrMT: ViewRootImpl@ccd3137[ExpensifyActivityBase] t = android.view.SurfaceControl$Transaction@d062cbd fN = 938 android.view.SurfaceView.-$$Nest$mapplyOrMergeTransaction:0 android.view.SurfaceView$SurfaceViewPositionUpdateListener.positionChanged:1667 android.graphics.RenderNode$CompositePositionUpdateListener.positionChanged:369
02-19 13:19:44.891 21462 21729 I ViewRootImpl@ccd3137[ExpensifyActivityBase]: mWNT: t=0xb400007c23ca6d70 mBlastBufferQueue=0xb400007d13b6b4f0 fn= 938 mRenderHdrSdrRatio=1.0 caller= android.view.SurfaceView.applyOrMergeTransaction:1599 android.view.SurfaceView.-$$Nest$mapplyOrMergeTransaction:0 android.view.SurfaceView$SurfaceViewPositionUpdateListener.positionChanged:1667
02-19 13:19:44.899 21462 21729 D SurfaceView: 105956245 updateSurfacePosition RenderWorker, frameNr = 939, position = [-184, 732, 678, 2046] surfaceSize = 862x1314
02-19 13:19:44.899 21462 21729 I SurfaceView@650c395: uSP: rtp = Rect(-184, 732 - 678, 2046) rtsw = 862 rtsh = 1314
02-19 13:19:44.899 21462 21729 I SurfaceView@650c395: onSSPAndSRT: pl = -184 pt = 732 sx = 1.0 sy = 1.0
02-19 13:19:44.899 21462 21729 I SurfaceView@650c395: aOrMT: ViewRootImpl@ccd3137[ExpensifyActivityBase] t = android.view.SurfaceControl$Transaction@d062cbd fN = 939 android.view.SurfaceView.-$$Nest$mapplyOrMergeTransaction:0 android.view.SurfaceView$SurfaceViewPositionUpdateListener.positionChanged:1667 android.graphics.RenderNode$CompositePositionUpdateListener.positionChanged:369
02-19 13:19:44.899 21462 21729 I ViewRootImpl@ccd3137[ExpensifyActivityBase]: mWNT: t=0xb400007c23ca6d70 mBlastBufferQueue=0xb400007d13b6b4f0 fn= 939 mRenderHdrSdrRatio=1.0 caller= android.view.SurfaceView.applyOrMergeTransaction:1599 android.view.SurfaceView.-$$Nest$mapplyOrMergeTransaction:0 android.view.SurfaceView$SurfaceViewPositionUpdateListener.positionChanged:1667
02-19 13:19:44.908 21462 21729 D SurfaceView: 105956245 updateSurfacePosition RenderWorker, frameNr = 940, position = [-198, 732, 664, 2046] surfaceSize = 862x1314
02-19 13:19:44.908 21462 21729 I SurfaceView@650c395: uSP: rtp = Rect(-198, 732 - 664, 2046) rtsw = 862 rtsh = 1314
02-19 13:19:44.908 21462 21729 I SurfaceView@650c395: onSSPAndSRT: pl = -198 pt = 732 sx = 1.0 sy = 1.0
02-19 13:19:44.909 21462 21729 I SurfaceView@650c395: aOrMT: ViewRootImpl@ccd3137[ExpensifyActivityBase] t = android.view.SurfaceControl$Transaction@d062cbd fN = 940 android.view.SurfaceView.-$$Nest$mapplyOrMergeTransaction:0 android.view.SurfaceView$SurfaceViewPositionUpdateListener.positionChanged:1667 android.graphics.RenderNode$CompositePositionUpdateListener.positionChanged:369
02-19 13:19:44.909 21462 21729 I ViewRootImpl@ccd3137[ExpensifyActivityBase]: mWNT: t=0xb400007c23ca6d70 mBlastBufferQueue=0xb400007d13b6b4f0 fn= 940 mRenderHdrSdrRatio=1.0 caller= android.view.SurfaceView.applyOrMergeTransaction:1599 android.view.SurfaceView.-$$Nest$mapplyOrMergeTransaction:0 android.view.SurfaceView$SurfaceViewPositionUpdateListener.positionChanged:1667
02-19 13:19:44.916 21462 21729 D SurfaceView: 105956245 updateSurfacePosition RenderWorker, frameNr = 941, position = [-211, 732, 652, 2046] surfaceSize = 862x1314
02-19 13:19:44.916 21462 21729 I SurfaceView@650c395: uSP: rtp = Rect(-211, 732 - 652, 2046) rtsw = 862 rtsh = 1314
02-19 13:19:44.916 21462 21729 I SurfaceView@650c395: onSSPAndSRT: pl = -211 pt = 732 sx = 1.0011601 sy = 1.0
02-19 13:19:44.917 21462 21729 I SurfaceView@650c395: aOrMT: ViewRootImpl@ccd3137[ExpensifyActivityBase] t = android.view.SurfaceControl$Transaction@d062cbd fN = 941 android.view.SurfaceView.-$$Nest$mapplyOrMergeTransaction:0 android.view.SurfaceView$SurfaceViewPositionUpdateListener.positionChanged:1667 android.graphics.RenderNode$CompositePositionUpdateListener.positionChanged:369
02-19 13:19:44.917 21462 21729 I ViewRootImpl@ccd3137[ExpensifyActivityBase]: mWNT: t=0xb400007c23ca6d70 mBlastBufferQueue=0xb400007d13b6b4f0 fn= 941 mRenderHdrSdrRatio=1.0 caller= android.view.SurfaceView.applyOrMergeTransaction:1599 android.view.SurfaceView.-$$Nest$mapplyOrMergeTransaction:0 android.view.SurfaceView$SurfaceViewPositionUpdateListener.positionChanged:1667
02-19 13:19:44.924 21462 21729 D SurfaceView: 105956245 updateSurfacePosition RenderWorker, frameNr = 942, position = [-223, 732, 639, 2046] surfaceSize = 862x1314
02-19 13:19:44.924 21462 21729 I SurfaceView@650c395: uSP: rtp = Rect(-223, 732 - 639, 2046) rtsw = 862 rtsh = 1314
02-19 13:19:44.924 21462 21729 I SurfaceView@650c395: onSSPAndSRT: pl = -223 pt = 732 sx = 1.0 sy = 1.0
02-19 13:19:44.924 21462 21729 I SurfaceView@650c395: aOrMT: ViewRootImpl@ccd3137[ExpensifyActivityBase] t = android.view.SurfaceControl$Transaction@d062cbd fN = 942 android.view.SurfaceView.-$$Nest$mapplyOrMergeTransaction:0 android.view.SurfaceView$SurfaceViewPositionUpdateListener.positionChanged:1667 android.graphics.RenderNode$CompositePositionUpdateListener.positionChanged:369
02-19 13:19:44.924 21462 21729 I ViewRootImpl@ccd3137[ExpensifyActivityBase]: mWNT: t=0xb400007c23ca6d70 mBlastBufferQueue=0xb400007d13b6b4f0 fn= 942 mRenderHdrSdrRatio=1.0 caller= android.view.SurfaceView.applyOrMergeTransaction:1599 android.view.SurfaceView.-$$Nest$mapplyOrMergeTransaction:0 android.view.SurfaceView$SurfaceViewPositionUpdateListener.positionChanged:1667
02-19 13:19:44.932 21462 21729 D SurfaceView: 105956245 updateSurfacePosition RenderWorker, frameNr = 943, position = [-232, 732, 630, 2046] surfaceSize = 862x1314
02-19 13:19:44.932 21462 21729 I SurfaceView@650c395: uSP: rtp = Rect(-232, 732 - 630, 2046) rtsw = 862 rtsh = 1314
02-19 13:19:44.932 21462 21729 I SurfaceView@650c395: onSSPAndSRT: pl = -232 pt = 732 sx = 1.0 sy = 1.0
02-19 13:19:44.932 21462 21729 I SurfaceView@650c395: aOrMT: ViewRootImpl@ccd3137[ExpensifyActivityBase] t = android.view.SurfaceControl$Transaction@d062cbd fN = 943 android.view.SurfaceView.-$$Nest$mapplyOrMergeTransaction:0 android.view.SurfaceView$SurfaceViewPositionUpdateListener.positionChanged:1667 android.graphics.RenderNode$CompositePositionUpdateListener.positionChanged:369
02-19 13:19:44.932 21462 21729 I ViewRootImpl@ccd3137[ExpensifyActivityBase]: mWNT: t=0xb400007c23ca6d70 mBlastBufferQueue=0xb400007d13b6b4f0 fn= 943 mRenderHdrSdrRatio=1.0 caller= android.view.SurfaceView.applyOrMergeTransaction:1599 android.view.SurfaceView.-$$Nest$mapplyOrMergeTransaction:0 android.view.SurfaceView$SurfaceViewPositionUpdateListener.positionChanged:1667
02-19 13:19:44.941 21462 21729 D SurfaceView: 105956245 updateSurfacePosition RenderWorker, frameNr = 944, position = [-240, 732, 622, 2046] surfaceSize = 862x1314
02-19 13:19:44.941 1603 1760 D RenderEngine: [SEC_GC_CMN_SF_EFFECTS] drawLayersInternal,1279, Rendering layer at index 0
02-19 13:19:44.941 21462 21729 I SurfaceView@650c395: uSP: rtp = Rect(-240, 732 - 622, 2046) rtsw = 862 rtsh = 1314
02-19 13:19:44.941 21462 21729 I SurfaceView@650c395: onSSPAndSRT: pl = -240 pt = 732 sx = 1.0 sy = 1.0
02-19 13:19:44.941 1603 1760 D RenderEngine: [SEC_GC_CMN_SF_EFFECTS] drawLayersInternal,1279, Rendering layer org.me.mobiexpensifyg/org.me.mobiexpensifyg.ExpensifyActivityBase$_21462#272730 at index 1
02-19 13:19:44.941 21462 21729 I SurfaceView@650c395: aOrMT: ViewRootImpl@ccd3137[ExpensifyActivityBase] t = android.view.SurfaceControl$Transaction@d062cbd fN = 944 android.view.SurfaceView.-$$Nest$mapplyOrMergeTransaction:0 android.view.SurfaceView$SurfaceViewPositionUpdateListener.positionChanged:1667 android.graphics.RenderNode$CompositePositionUpdateListener.positionChanged:369
02-19 13:19:44.941 21462 21729 I ViewRootImpl@ccd3137[ExpensifyActivityBase]: mWNT: t=0xb400007c23ca6d70 mBlastBufferQueue=0xb400007d13b6b4f0 fn= 944 mRenderHdrSdrRatio=1.0 caller= android.view.SurfaceView.applyOrMergeTransaction:1599 android.view.SurfaceView.-$$Nest$mapplyOrMergeTransaction:0 android.view.SurfaceView$SurfaceViewPositionUpdateListener.positionChanged:1667
02-19 13:19:44.949 21462 21729 D SurfaceView: 105956245 updateSurfacePosition RenderWorker, frameNr = 945, position = [-246, 732, 616, 2046] surfaceSize = 862x1314
02-19 13:19:44.949 21462 21729 I SurfaceView@650c395: uSP: rtp = Rect(-246, 732 - 616, 2046) rtsw = 862 rtsh = 1314
02-19 13:19:44.949 21462 21729 I SurfaceView@650c395: onSSPAndSRT: pl = -246 pt = 732 sx = 1.0 sy = 1.0
02-19 13:19:44.949 21462 21729 I SurfaceView@650c395: aOrMT: ViewRootImpl@ccd3137[ExpensifyActivityBase] t = android.view.SurfaceControl$Transaction@d062cbd fN = 945 android.view.SurfaceView.-$$Nest$mapplyOrMergeTransaction:0 android.view.SurfaceView$SurfaceViewPositionUpdateListener.positionChanged:1667 android.graphics.RenderNode$CompositePositionUpdateListener.positionChanged:369
02-19 13:19:44.949 21462 21729 I ViewRootImpl@ccd3137[ExpensifyActivityBase]: mWNT: t=0xb400007c23ca6d70 mBlastBufferQueue=0xb400007d13b6b4f0 fn= 945 mRenderHdrSdrRatio=1.0 caller= android.view.SurfaceView.applyOrMergeTransaction:1599 android.view.SurfaceView.-$$Nest$mapplyOrMergeTransaction:0 android.view.SurfaceView$SurfaceViewPositionUpdateListener.positionChanged:1667
02-19 13:19:44.957 21462 21729 D SurfaceView: 105956245 updateSurfacePosition RenderWorker, frameNr = 946, position = [-249, 732, 613, 2046] surfaceSize = 862x1314
02-19 13:19:44.957 21462 21729 I SurfaceView@650c395: uSP: rtp = Rect(-249, 732 - 613, 2046) rtsw = 862 rtsh = 1314
02-19 13:19:44.957 21462 21729 I SurfaceView@650c395: onSSPAndSRT: pl = -249 pt = 732 sx = 1.0 sy = 1.0
02-19 13:19:44.957 21462 21729 I SurfaceView@650c395: aOrMT: ViewRootImpl@ccd3137[ExpensifyActivityBase] t = android.view.SurfaceControl$Transaction@d062cbd fN = 946 android.view.SurfaceView.-$$Nest$mapplyOrMergeTransaction:0 android.view.SurfaceView$SurfaceViewPositionUpdateListener.positionChanged:1667 android.graphics.RenderNode$CompositePositionUpdateListener.positionChanged:369
02-19 13:19:44.957 21462 21729 I ViewRootImpl@ccd3137[ExpensifyActivityBase]: mWNT: t=0xb400007c23ca6d70 mBlastBufferQueue=0xb400007d13b6b4f0 fn= 946 mRenderHdrSdrRatio=1.0 caller= android.view.SurfaceView.applyOrMergeTransaction:1599 android.view.SurfaceView.-$$Nest$mapplyOrMergeTransaction:0 android.view.SurfaceView$SurfaceViewPositionUpdateListener.positionChanged:1667
02-19 13:19:44.959 21462 21462 I SurfaceView@650c395: onWindowVisibilityChanged(8) false android.view.SurfaceView{650c395 V.E...... ........ 0,0-862,1314} of ViewRootImpl@ccd3137[ExpensifyActivityBase]
02-19 13:19:44.959 21462 21462 I SurfaceView: 105956245 Changes: creating=false format=false size=false visible=true alpha=false hint=false visible=true left=false top=false z=false attached=true lifecycleStrategy=false
02-19 13:19:44.959 21462 21462 I SurfaceView@650c395: 105956245 Cur surface: Surface(name=null)/@0xe97409c
02-19 13:19:44.959 21462 21462 I SurfaceView: 105956245 surfaceDestroyed
02-19 13:19:44.959 21462 21462 I SurfaceView@650c395: surfaceDestroyed callback.size 1 #2 android.view.SurfaceView{650c395 V.E...... ........ 0,0-862,1314}
02-19 13:19:44.959 21462 21462 I Mapbox : [maps-android\Mbgl-RenderThread]: onSurfaceDestroyed
02-19 13:19:44.959 21462 21462 I Mapbox : [maps-android\Mbgl-RenderThread]: onSurfaceDestroyed: waiting until EGL will be cleaned up...
02-19 13:19:44.959 21462 22483 I Mapbox : [maps-android\Mbgl-EglCore]: EGL surface was destroyed.
02-19 13:19:44.959 21462 21462 I Mapbox : [maps-android\Mbgl-RenderThread]: onSurfaceDestroyed: EGL resources were cleaned up.
02-19 13:19:44.959 21462 21462 I SurfaceView@650c395: updateSurface: mVisible = false mSurface.isValid() = true
02-19 13:19:44.959 21462 21462 I SurfaceView@650c395: releaseSurfaces: viewRoot = ViewRootImpl@ccd3137[ExpensifyActivityBase]
02-19 13:19:44.959 21462 21462 V SurfaceView@650c395: Layout: x=21 y=732 w=862 h=1314, frame=Rect(0, 0 - 862, 1314)
02-19 13:19:44.959 21462 21462 I SurfaceView: 105956245 Detaching SV
02-19 13:19:44.959 21462 21462 I SurfaceView: 105956245 Changes: creating=false format=false size=false visible=false alpha=false hint=false visible=false left=false top=false z=false attached=false lifecycleStrategy=false
02-19 13:19:44.959 21462 21462 I SurfaceView@650c395: onDetachedFromWindow: tryReleaseSurfaces()
02-19 13:19:44.959 21462 21462 I SurfaceView@650c395: releaseSurfaces: viewRoot = ViewRootImpl@ccd3137[ExpensifyActivityBase]
02-19 13:19:44.960 21462 21462 I Mapbox : [maps-android\Mbgl-RenderThread]: Renderer paused
02-19 13:19:44.960 21462 22484 I Mapbox : [events_service]: Queue is empty, nothing to flush
02-19 13:19:44.960 21462 22487 I Mapbox : [events_service]: Queue is empty, nothing to flush
02-19 13:19:44.965 21462 21462 I ViewRootImpl@ccd3137[ExpensifyActivityBase]: registerCallbackForPendingTransactions
02-19 13:19:44.965 21462 21729 D SurfaceView: 180414156 windowPositionLost, frameNr = 947
02-19 13:19:44.966 21462 21462 I Mapbox : [maps-android\Mbgl-RenderThread]: renderThreadPrepared=false and Android surface is not valid (isValid=false). Waiting for new one.
02-19 13:19:44.966 21462 21787 I ViewRootImpl@ccd3137[ExpensifyActivityBase]: mWNT: t=0xb400007c23c98bf0 mBlastBufferQueue=0xb400007d13b6b4f0 fn= 947 mRenderHdrSdrRatio=1.0 caller= android.view.ViewRootImpl$6.onFrameDraw:5705 android.view.ViewRootImpl$2.onFrameDraw:2190 android.view.ThreadedRenderer$1.onFrameDraw:792
02-19 13:19:44.972 1603 1603 I Layer : Layer::reparent [SurfaceView[org.me.mobiexpensifyg/org.me.mobiexpensifyg.ExpensifyActivityBase]@0(BLAST)#272779] newParentHandle : null -------------------------
02-19 13:19:44.972 1603 1603 I Layer : id=272779 removeFromCurrentState SurfaceView[org.me.mobiexpensifyg/org.me.mobiexpensifyg.ExpensifyActivityBase]@0(BLAST)#272779 (223)
02-19 13:19:44.972 1603 1603 I Layer : Layer::reparent [SurfaceView[org.me.mobiexpensifyg/org.me.mobiexpensifyg.ExpensifyActivityBase]@0(BLAST)#272779] End -------------------------
02-19 13:19:44.972 1603 1603 I Layer : Layer::reparent [Background for SurfaceView[org.me.mobiexpensifyg/org.me.mobiexpensifyg.ExpensifyActivityBase]@0#272780] newParentHandle : null -------------------------
02-19 13:19:44.972 1603 1603 I Layer : id=272780 removeFromCurrentState Background for SurfaceView[org.me.mobiexpensifyg/org.me.mobiexpensifyg.ExpensifyActivityBase]@0#272780 (223)
02-19 13:19:44.972 1603 1603 I Layer : Layer::reparent [Background for SurfaceView[org.me.mobiexpensifyg/org.me.mobiexpensifyg.ExpensifyActivityBase]@0#272780] End -------------------------
02-19 13:19:44.972 1603 1603 I Layer : Layer::reparent [SurfaceView[org.me.mobiexpensifyg/org.me.mobiexpensifyg.ExpensifyActivityBase]@0#272778] newParentHandle : null -------------------------
02-19 13:19:44.972 1603 1603 I Layer : id=272778 removeFromCurrentState SurfaceView[org.me.mobiexpensifyg/org.me.mobiexpensifyg.ExpensifyActivityBase]@0#272778 (223)
02-19 13:19:44.972 1603 1603 I Layer : Layer::reparent [SurfaceView[org.me.mobiexpensifyg/org.me.mobiexpensifyg.ExpensifyActivityBase]@0#272778] End -------------------------
02-19 13:19:44.975 1603 1603 D SurfaceFlinger: Display 4630946213010294403 HWC layers:
02-19 13:19:44.975 1603 1603 D SurfaceFlinger: DEVICE | 0xb400007cd8d0a7d0 | 0100 | RGBA_8888 | 0.0 0.0 904.0 2316.0 | 0 0 904 2316 | org.me.mobiexpensifyg/org.me.mobiexp[...].ExpensifyActivityBase$_21462#272730
02-19 13:19:44.975 1603 1603 D SurfaceFlinger: DEVICE | 0xb400007cd8d30630 | 0100 | RGBA_8888 | 0.0 0.0 904.0 87.0 | 0 0 904 87 | StatusBar$_3256#121
02-19 13:19:44.975 1603 1603 D SurfaceFlinger: DEVICE | 0xb400007cd8cfd2a0 | 0100 | RGBA_8888 | 0.0 0.0 904.0 126.0 | 0 2190 904 2316 | NavigationBar0$_3256#261410
02-19 13:19:44.975 1603 1603 D SurfaceFlinger:
02-19 13:19:44.976 21462 21462 I Mapbox : [maps-android\Mbgl-RenderThread]: renderThreadPrepared=false and Android surface is not valid (isValid=false). Waiting for new one.
02-19 13:19:44.976 1603 1747 I SurfaceFlinger: id=272780 Removed Background for SurfaceView[org.me.mobiexpensifyg/org.me.mobiexpensifyg.ExpensifyActivityBase]@0#272780 (223)
02-19 13:19:44.977 1603 1747 I SurfaceFlinger: id=272778 Removed SurfaceView[org.me.mobiexpensifyg/org.me.mobiexpensifyg.ExpensifyActivityBase]@0#272778 (223)
02-19 13:19:44.977 1603 1747 I SurfaceFlinger: id=272779 Removed SurfaceView[org.me.mobiexpensifyg/org.me.mobiexpensifyg.ExpensifyActivityBase]@0(BLAST)#272779 (223)
02-19 13:19:44.980 1603 1603 I Layer : id=272779 Destroyed SurfaceView[org.me.mobiexpensifyg/org.me.mobiexpensifyg.ExpensifyActivityBase]@0(BLAST)#272779
02-19 13:19:44.980 1603 1603 I Layer : id=272778 Destroyed SurfaceView[org.me.mobiexpensifyg/org.me.mobiexpensifyg.ExpensifyActivityBase]@0#272778
02-19 13:19:44.980 1603 1603 I Layer : id=272780 Destroyed Background for SurfaceView[org.me.mobiexpensifyg/org.me.mobiexpensifyg.ExpensifyActivityBase]@0#272780
02-19 13:19:44.983 21462 21462 I InputMethodManager_LC: showSoftInput(View,I)
02-19 13:19:44.984 21462 21462 I ImeTracker: org.me.mobiexpensifyg:73dbc674: onRequestShow at ORIGIN_CLIENT_SHOW_SOFT_INPUT reason SHOW_SOFT_INPUT
02-19 13:19:44.984 21462 21462 I InputMethodManager_LC: ssi(): flags=0 view=org.me.mobiexpensifyg reason = SHOW_SOFT_INPUT
02-19 13:19:44.984 21462 21462 D InputMethodManagerUtils: startInputInner - Id : 0
02-19 13:19:44.984 21462 21462 I InputMethodManager: startInputInner - IInputMethodManagerGlobalInvoker.startInputOrWindowGainedFocus
02-19 13:19:44.985 2334 4248 V InputMethodManagerService: startInputOrWindowGainedFocusInternalLocked: reason=CHECK_FOCUS clientState=772e1c1 editorInfo=android.view.inputmethod.EditorInfo@580427d startInputFlags=VIEW_HAS_FOCUS|IS_TEXT_EDITOR|INITIAL_CONNECTION softInputMode=STATE_UNSPECIFIED|ADJUST_RESIZE windowFlags=#81810100 sameWindowFocused=true
02-19 13:19:44.985 2334 4248 D InputMethodManagerService: setWindowStateInner, windowToken=android.os.BinderProxy@9c91fce, state=ImeTargetWindowState{ imeToken null imeFocusChanged false hasEditorFocused true requestedImeVisible false imeDisplayId 0 softInputModeState STATE_UNSPECIFIED|ADJUST_RESIZE isStartInputByGainFocus false}
02-19 13:19:44.985 2334 4248 D InputMethodManagerService: DESKTOP MODE! : 2
02-19 13:19:44.986 2334 4248 D InputMethodManagerService: NOT IN KNOX DESKTOP MODE!
02-19 13:19:44.986 2334 4248 V InputMethodManagerService: getDisplayIdOfInputMethodWindowToBeAdded: displayId=0
02-19 13:19:44.986 2334 4248 D InputMethodManagerService: isImeSwitcherDisabledPackage : false
02-19 13:19:44.986 2334 4248 D InputMethodManagerService: checkDisplayOfStartInputAndUpdateKeyboard: displayId=0, mFocusedDisplayId=0
02-19 13:19:44.986 2334 4248 D InputTransport: Input channel constructed: 'ClientS', fd=920
02-19 13:19:44.986 2334 4248 D InputTransport: Input channel destroyed: 'ClientS', fd=920
02-19 13:19:44.987 21462 21462 D InputMethodManager: showSoftInput() view=com.facebook.react.views.textinput.ReactEditText{e8331d0 VFED..CL. .F....ID 0,0-799,112 #1840 aid=1073741934} flags=0 reason=SHOW_SOFT_INPUT
02-19 13:19:44.987 2334 4248 V InputMethodManagerService: Client requesting input be shown, flags : 0
02-19 13:19:44.987 2334 4248 D InputMethodManagerService: ACCESS_CONTROL_ENABLED = false, ACCESS_CONTROL_KEYBOARD_BLOCK = true
