02-19 13:19:35.254 6890 6890 I HBD : [DirectWriting] AnimationController handleEvent() EditorRectChanged
02-19 13:19:35.254 6890 6890 I HBD : [DirectWriting] ToolbarController handleEvent() EditorRectChanged
02-19 13:19:35.254 24217 24217 I [PASS][SPAF]CommonUtil: is_password_generator_enabled: false
02-19 13:19:35.254 2334 3990 I AssistStructure: Flattened final assist data: 1968 bytes, containing 1 windows, 15 views
02-19 13:19:35.255 21462 21462 I ViewRootImpl@ccd3137[ExpensifyActivityBase]: onDisplayChanged oldDisplayState=2 newDisplayState=2
02-19 13:19:35.255 24217 24217 I [PASS][SPAF]AutofillHintExtension: findFromEditText() / entry [null], hint [Write something...] => username
02-19 13:19:35.255 24217 24217 W [PASS][SPAF]AutofillHints: Valid autofill hint: [username]
02-19 13:19:35.255 24217 24217 I [PASS][SPAF]MetadataCollect: Add: 8, null
02-19 13:19:35.255 24217 24217 W [PASS][SPAF]AutofillHints: Valid autofill hint: [username]
02-19 13:19:35.255 24217 24217 E [PASS][SPAF]AutofillService: No valid parsed autofill fields
02-19 13:19:35.257 21462 21787 I ViewRootImpl@ccd3137[ExpensifyActivityBase]: mWNT: t=0xb400007c23c78c70 mBlastBufferQueue=0xb400007d13b6b4f0 fn= 437 mRenderHdrSdrRatio=1.0 caller= android.view.SyncRtSurfaceTransactionApplier.applyTransaction:96 android.view.SyncRtSurfaceTransactionApplier.lambda$scheduleApply$0:69 android.view.SyncRtSurfaceTransactionApplier.$r8$lambda$SgowXC58rj3PR958kHUfRgLZmvE:0
02-19 13:19:35.261 6068 6068 I SSS:AugmentedAutofillService: AugmentedAutofillService: onConnected()
02-19 13:19:35.261 21462 21786 I ViewRootImpl@ccd3137[ExpensifyActivityBase]: mWNT: t=0xb400007c23c79350 mBlastBufferQueue=0xb400007d13b6b4f0 fn= 438 mRenderHdrSdrRatio=1.0 caller= android.view.SyncRtSurfaceTransactionApplier.applyTransaction:96 android.view.SyncRtSurfaceTransactionApplier.lambda$scheduleApply$0:69 android.view.SyncRtSurfaceTransactionApplier.$r8$lambda$SgowXC58rj3PR958kHUfRgLZmvE:0
02-19 13:19:35.263 6068 6068 I SSS:AugmentedAutofillService: AugmentedAutofillService: onFillRequest()
02-19 13:19:35.267 6068 6068 I SSS:CommonUtil: getTargetActivityComponent() activityComponent:ComponentInfo{org.me.mobiexpensifyg/org.me.mobiexpensifyg.ExpensifyActivityBase} target:null
02-19 13:19:35.267 6068 6068 I SSS:CommonUtil: getTargetActivityComponent() activityComponent:ComponentInfo{org.me.mobiexpensifyg/org.me.mobiexpensifyg.ExpensifyActivityBase} target:null
02-19 13:19:35.267 2334 3169 I AssistStructure: Flattened final assist data: 1968 bytes, containing 1 windows, 15 views
02-19 13:19:35.268 6068 6068 I SSS: CustomAssistStructure: Time Test - tree creation time: 1 mS
02-19 13:19:35.268 6068 6068 I SSS:AssistStructureParser: Unable to find hint from Assist Structure
02-19 13:19:35.268 6068 6068 I SSS:AugmentedAutofillService: AssistStructureParser Hint: []
02-19 13:19:35.268 6068 6068 I SSS:AugmentedAutofillService: onFillRequest hint: {}
02-19 13:19:35.268 6068 6068 I SSS:AugmentedAutofillService: onFillRequest() fail: hint not found
02-19 13:19:35.268 6890 6890 I HBD : HoneyBoardService onInlineSuggestionsResponse
02-19 13:19:35.271 1492 22440 I HYPER-HAL: [RequestManager.cpp]releaseLocked(): Released ID : 23746387
02-19 13:19:35.277 21462 21787 I ViewRootImpl@ccd3137[ExpensifyActivityBase]: mWNT: t=0xb400007c23c76330 mBlastBufferQueue=0xb400007d13b6b4f0 fn= 439 mRenderHdrSdrRatio=1.0 caller= android.view.SyncRtSurfaceTransactionApplier.applyTransaction:96 android.view.SyncRtSurfaceTransactionApplier.lambda$scheduleApply$0:69 android.view.SyncRtSurfaceTransactionApplier.$r8$lambda$SgowXC58rj3PR958kHUfRgLZmvE:0
02-19 13:19:35.278 1603 1760 D RenderEngine: [SEC_GC_CMN_SF_EFFECTS] drawLayersInternal,1279, Rendering layer at index 0
02-19 13:19:35.278 1603 1760 D RenderEngine: [SEC_GC_CMN_SF_EFFECTS] drawLayersInternal,1279, Rendering layer org.me.mobiexpensifyg/org.me.mobiexpensifyg.ExpensifyActivityBase$_21462#272730 at index 1
02-19 13:19:35.278 1603 1760 D RenderEngine: [SEC_GC_CMN_SF_EFFECTS] drawLayersInternal,1279, Rendering layer InputMethod$_6890#272738 at index 2
02-19 13:19:35.294 6890 6890 I HBD : [DirectWriting] AnimationController handleEvent() EditorRectChanged
02-19 13:19:35.294 6890 6890 I HBD : [DirectWriting] ToolbarController handleEvent() EditorRectChanged
02-19 13:19:35.294 21462 21786 I ViewRootImpl@ccd3137[ExpensifyActivityBase]: mWNT: t=0xb400007c23c76cd0 mBlastBufferQueue=0xb400007d13b6b4f0 fn= 440 mRenderHdrSdrRatio=1.0 caller= android.view.SyncRtSurfaceTransactionApplier.applyTransaction:96 android.view.SyncRtSurfaceTransactionApplier.lambda$scheduleApply$0:69 android.view.SyncRtSurfaceTransactionApplier.$r8$lambda$SgowXC58rj3PR958kHUfRgLZmvE:0
02-19 13:19:35.310 6890 6890 I HBD : [DirectWriting] AnimationController handleEvent() EditorRectChanged
02-19 13:19:35.310 6890 6890 I HBD : [DirectWriting] ToolbarController handleEvent() EditorRectChanged
02-19 13:19:35.310 21462 21787 I ViewRootImpl@ccd3137[ExpensifyActivityBase]: mWNT: t=0xb400007c23c78590 mBlastBufferQueue=0xb400007d13b6b4f0 fn= 441 mRenderHdrSdrRatio=1.0 caller= android.view.SyncRtSurfaceTransactionApplier.applyTransaction:96 android.view.SyncRtSurfaceTransactionApplier.lambda$scheduleApply$0:69 android.view.SyncRtSurfaceTransactionApplier.$r8$lambda$SgowXC58rj3PR958kHUfRgLZmvE:0
02-19 13:19:35.333 6890 6890 I HBD : [DirectWriting] AnimationController handleEvent() EditorRectChanged
02-19 13:19:35.333 6890 6890 I HBD : [DirectWriting] ToolbarController handleEvent() EditorRectChanged
02-19 13:19:35.333 21462 21786 I ViewRootImpl@ccd3137[ExpensifyActivityBase]: mWNT: t=0xb400007c23c79770 mBlastBufferQueue=0xb400007d13b6b4f0 fn= 442 mRenderHdrSdrRatio=1.0 caller= android.view.SyncRtSurfaceTransactionApplier.applyTransaction:96 android.view.SyncRtSurfaceTransactionApplier.lambda$scheduleApply$0:69 android.view.SyncRtSurfaceTransactionApplier.$r8$lambda$SgowXC58rj3PR958kHUfRgLZmvE:0
02-19 13:19:35.343 21462 21787 I ViewRootImpl@ccd3137[ExpensifyActivityBase]: mWNT: t=0xb400007c23c75f10 mBlastBufferQueue=0xb400007d13b6b4f0 fn= 443 mRenderHdrSdrRatio=1.0 caller= android.view.SyncRtSurfaceTransactionApplier.applyTransaction:96 android.view.SyncRtSurfaceTransactionApplier.lambda$scheduleApply$0:69 android.view.SyncRtSurfaceTransactionApplier.$r8$lambda$SgowXC58rj3PR958kHUfRgLZmvE:0
02-19 13:19:35.361 21462 21462 I InsetsController: cancelAnimation: types=ime, animType=0, host=org.me.mobiexpensifyg/org.me.mobiexpensifyg.ExpensifyActivityBase, from=android.view.InsetsController.notifyFinished:1783 android.view.InsetsAnimationControlImpl.applyChangeInsets:312 android.view.InsetsController.lambda$new$3:926
02-19 13:19:35.362 21462 21462 I ImeTracker: org.me.mobiexpensifyg:88aa60fd: onShown
02-19 13:19:35.369 21462 21786 I ViewRootImpl@ccd3137[ExpensifyActivityBase]: mWNT: t=0xb400007c23c77930 mBlastBufferQueue=0xb400007d13b6b4f0 fn= 444 mRenderHdrSdrRatio=1.0 caller= android.view.SyncRtSurfaceTransactionApplier.applyTransaction:96 android.view.SyncRtSurfaceTransactionApplier.lambda$scheduleApply$0:69 android.view.SyncRtSurfaceTransactionApplier.$r8$lambda$SgowXC58rj3PR958kHUfRgLZmvE:0
02-19 13:19:35.369 6890 6890 I HBD : [DirectWriting] AnimationController handleEvent() EditorRectChanged
02-19 13:19:35.369 6890 6890 I HBD : [DirectWriting] ToolbarController handleEvent() EditorRectChanged
02-19 13:19:35.369 21462 21786 I ViewRootImpl@ccd3137[ExpensifyActivityBase]: mWNT: t=0xb400007c23c76e30 mBlastBufferQueue=0xb400007d13b6b4f0 fn= 444 mRenderHdrSdrRatio=1.0 caller= android.view.SyncRtSurfaceTransactionApplier.applyTransaction:96 android.view.SyncRtSurfaceTransactionApplier.lambda$scheduleApply$0:69 android.view.SyncRtSurfaceTransactionApplier.$r8$lambda$SgowXC58rj3PR958kHUfRgLZmvE:0
02-19 13:19:35.378 6890 6890 I HBD : [DirectWriting] AnimationController handleEvent() EditorRectChanged
02-19 13:19:35.378 6890 6890 I HBD : [DirectWriting] ToolbarController handleEvent() EditorRectChanged
02-19 13:19:35.378 1603 1760 D RenderEngine: [SEC_GC_CMN_SF_EFFECTS] drawLayersInternal,1279, Rendering layer at index 0
02-19 13:19:35.379 1603 1760 D RenderEngine: [SEC_GC_CMN_SF_EFFECTS] drawLayersInternal,1279, Rendering layer org.me.mobiexpensifyg/org.me.mobiexpensifyg.ExpensifyActivityBase$_21462#272730 at index 1
02-19 13:19:35.379 1603 1760 D RenderEngine: [SEC_GC_CMN_SF_EFFECTS] drawLayersInternal,1279, Rendering layer InputMethod$_6890#272738 at index 2
02-19 13:19:35.380 2334 4386 D FreecessController: org.me.mobiexpensifyg(11571) is important[12]
02-19 13:19:35.479 1603 1760 D RenderEngine: [SEC_GC_CMN_SF_EFFECTS] drawLayersInternal,1279, Rendering layer at index 0
02-19 13:19:35.480 1603 1760 D RenderEngine: [SEC_GC_CMN_SF_EFFECTS] drawLayersInternal,1279, Rendering layer org.me.mobiexpensifyg/org.me.mobiexpensifyg.ExpensifyActivityBase$_21462#272730 at index 1
02-19 13:19:35.480 1603 1760 D RenderEngine: [SEC_GC_CMN_SF_EFFECTS] drawLayersInternal,1279, Rendering layer InputMethod$_6890#272738 at index 2
02-19 13:19:35.511 2334 2444 I GestureDetector: handleMessage TAP
02-19 13:19:35.512 2334 2334 I GestureDetector: handleMessage TAP
02-19 13:19:35.554 21462 21857 W Kumiho-Kumiho: isSupportedFormat: Format is not supported
02-19 13:19:35.554 21462 21857 D OpenGLRenderer: --- Failed to create image decoder with message 'unimplemented'
02-19 13:19:35.554 21462 21857 W Kumiho-Kumiho: isSupportedFormat: Format is not supported
02-19 13:19:35.554 21462 21857 D OpenGLRenderer: --- Failed to create image decoder with message 'unimplemented'
02-19 13:19:35.554 21462 21857 W Kumiho-Kumiho: isSupportedFormat: Format is not supported
02-19 13:19:35.554 21462 21857 D OpenGLRenderer: --- Failed to create image decoder with message 'unimplemented'
02-19 13:19:35.554 21462 21857 W Kumiho-Kumiho: isSupportedFormat: Format is not supported
02-19 13:19:35.554 21462 21857 D OpenGLRenderer: --- Failed to create image decoder with message 'unimplemented'
02-19 13:19:35.554 21462 21857 W Kumiho-Kumiho: isSupportedFormat: Format is not supported
02-19 13:19:35.555 21462 21857 D OpenGLRenderer: --- Failed to create image decoder with message 'unimplemented'
02-19 13:19:35.555 21462 21857 W Kumiho-Kumiho: isSupportedFormat: Format is not supported
02-19 13:19:35.555 21462 21857 D OpenGLRenderer: --- Failed to create image decoder with message 'unimplemented'
02-19 13:19:35.565 6194 6194 I SDHMS:LOAD: type: LoadsFreqs, value: 0:95:6:1779456:3187200:0:1656576:2745600:0:310:439:0
02-19 13:19:35.580 1603 1760 D RenderEngine: [SEC_GC_CMN_SF_EFFECTS] drawLayersInternal,1279, Rendering layer at index 0
02-19 13:19:35.580 1603 1760 D RenderEngine: [SEC_GC_CMN_SF_EFFECTS] drawLayersInternal,1279, Rendering layer org.me.mobiexpensifyg/org.me.mobiexpensifyg.ExpensifyActivityBase$_21462#272730 at index 1
02-19 13:19:35.580 1603 1760 D RenderEngine: [SEC_GC_CMN_SF_EFFECTS] drawLayersInternal,1279, Rendering layer InputMethod$_6890#272738 at index 2
02-19 13:19:35.681 1603 1760 D RenderEngine: [SEC_GC_CMN_SF_EFFECTS] drawLayersInternal,1279, Rendering layer at index 0
02-19 13:19:35.681 1603 1760 D RenderEngine: [SEC_GC_CMN_SF_EFFECTS] drawLayersInternal,1279, Rendering layer org.me.mobiexpensifyg/org.me.mobiexpensifyg.ExpensifyActivityBase$_21462#272730 at index 1
02-19 13:19:35.681 1603 1760 D RenderEngine: [SEC_GC_CMN_SF_EFFECTS] drawLayersInternal,1279, Rendering layer InputMethod$_6890#272738 at index 2
02-19 13:19:35.692 2334 2918 D InputReader: Btn_touch(9): value=1 when=263076.436241
02-19 13:19:35.692 2334 2918 I InputReader: Touch event's action is 0x0 (id=6, t=0) [pCnt=1, s=0.1943 ] when=263076.436241
02-19 13:19:35.693 2334 2917 I InputDispatcher: Delivering touch to (3256): action: 0x4, f=0x0, d=0, '3c5e648', t=1
02-19 13:19:35.693 2334 2917 I InputDispatcher: Delivering touch to (6890): action: 0x0, f=0x0, d=0, '1b8f22f', t=1 +(0,-87)
02-19 13:19:35.694 3685 3685 I HoneySpace.GestureInputHandler: inputConsumers = [com.honeyspace.gesture.inputconsumer.InputConsumer$Companion$NO_OP$1@58c8177]
02-19 13:19:35.694 6890 6890 I ViewRootImpl@1cdd9d5[InputMethod]: ViewPostIme pointer 0
02-19 13:19:35.694 3685 3685 I HoneySpace.InputSession: inputConsumers = NO_OP
02-19 13:19:35.694 2334 2917 D PowerManagerService: [api] userActivityFromNative : touch, IME displayId=0 eventTime=263076436
02-19 13:19:35.694 3685 3685 I HoneySpace.InputSession: open
02-19 13:19:35.694 2334 2444 I GestureDetector: obtain mCurrentDownEvent. id: 433733774 caller: com.android.server.wm.SystemGesturesPointerEventListener.onPointerEvent:204 com.android.server.wm.PointerEventDispatcher.onInputEvent:53 android.view.InputEventReceiver.dispatchInputEvent:337
02-19 13:19:35.695 2334 2444 I GestureDetector: obtain mCurrentDownEvent. id: 433733774 caller: com.android.server.wm.SystemPerformancePointerEventListener.onPointerEvent:89 com.android.server.wm.PointerEventDispatcher.onInputEvent:53 android.view.InputEventReceiver.dispatchInputEvent:337
02-19 13:19:35.696 6890 6890 I GestureDetector: obtain mCurrentDownEvent. id: 433733774 caller: be0.b.b:1019 be0.b.onTouch:0 android.view.View.dispatchTouchEvent:16230
02-19 13:19:35.696 6194 6194 I SemDvfsHyPerManager: acquire hyper - TABoost/6194@27, type = 1090523139
02-19 13:19:35.697 6890 6890 I HBD : d ATL SoundAndVibrationKeyA
02-19 13:19:35.697 1492 1518 I HYPER-HAL: [RequestManager.cpp]releaseLocked(): Released ID : 19353558
02-19 13:19:35.697 1492 1518 I HYPER-HAL: [RequestManager.cpp]acquire(): Acquired ID : 19353558 [6194 / 27] HINT : list : [TABoost / 1] [TIMEOUT / 1500]
02-19 13:19:35.698 6890 6890 I HBD : c sound is off
02-19 13:19:35.698 6890 6890 I HBD : d vib is off
02-19 13:19:35.698 6890 6890 I HBD : b [PF_KL] OTE none 0 3 6 3139271 (1, NONE)
02-19 13:19:35.707 2334 2918 D InputReader: Btn_touch(9): value=0 when=263076.451600
02-19 13:19:35.707 2334 2918 I InputReader: Touch event's action is 0x1 (id=6, t=0) [pCnt=1, s=] when=263076.451600
02-19 13:19:35.708 2334 2917 I InputDispatcher: Delivering touch to (6890): action: 0x1, f=0x0, d=0, '1b8f22f', t=1 +(0,-87)
02-19 13:19:35.709 3685 3685 I HoneySpace.GestureInputHandler: reset
02-19 13:19:35.709 3685 3685 I HoneySpace.InputSession: close
02-19 13:19:35.709 2334 2444 I GestureDetector: obtain mCurrentMotionEventRaw. action: 1 id: 135867193
02-19 13:19:35.709 2334 2444 I GestureDetector: obtain mCurrentMotionEventRaw. action: 1 id: 135867193
02-19 13:19:35.710 6890 6890 I ViewRootImpl@1cdd9d5[InputMethod]: ViewPostIme pointer 1
02-19 13:19:35.710 6890 6890 I GestureDetector: obtain mCurrentMotionEventRaw. action: 1 id: 135867193
02-19 13:19:35.710 6890 6890 I HBD : d ATL CharacterKeyA
02-19 13:19:35.711 6890 6890 I HBD : v3 wordSeparator:OTH
02-19 13:19:35.712 6890 6890 I HBD : c IIFO[r:3990f00178][type:commit]
02-19 13:19:35.713 6890 6890 I HBD : c IIFO[r:afbd338de3][type:finish]
02-19 13:19:35.713 6890 6890 I HBD : f1 [SCV] (6) 1 1 1 1 1 1
02-19 13:19:35.715 6890 6890 I HBD : h0 EBD key S 1
02-19 13:19:35.715 6890 6890 I HBD : b [HFFB][CHAR][ty:2][bd:S][sc:T][ls:T]
02-19 13:19:35.715 6890 6890 I HBD : b [PF_KL] OTE none 1 3 8 5313802 (1, NONE)
02-19 13:19:35.715 6890 6890 I GestureDetector: handleMessage LONG_PRESS
02-19 13:19:35.718 6890 6890 I HBD : h container vis= true
02-19 13:19:35.729 6890 6890 I BLASTBufferQueue_Java: update, w= 904 h= 2229 mName = ViewRootImpl@1cdd9d5[InputMethod] mNativeObject= 0xb400007d13bfd990 sc.mNativeObject= 0xb400007bd3bd9a10 format= -2 caller= android.view.ViewRootImpl.updateBlastSurfaceIfNeeded:3074 android.view.ViewRootImpl.relayoutWindow:10224 android.view.ViewRootImpl.performTraversals:4167 android.view.ViewRootImpl.doTraversal:3345 android.view.ViewRootImpl$TraversalRunnable.run:11437 android.view.Choreographer$CallbackRecord.run:1690
02-19 13:19:35.729 2334 3169 V WindowManager: Relayout Window{1b8f22f u0 InputMethod}: viewVisibility=0 req=904x2229 ty=2011 d0
02-19 13:19:35.729 6890 6890 I ViewRootImpl@1cdd9d5[InputMethod]: Relayout returned: old=(0,87,904,2316) new=(0,87,904,2316) relayoutAsync=true req=(904,2229)0 dur=0 res=0x0 s={true 0xb400007b33c213f0} ch=false seqId=171
02-19 13:19:35.729 6890 6890 I ViewRootImpl@1cdd9d5[InputMethod]: registerCallbackForPendingTransactions
02-19 13:19:35.732 6890 14170 I ViewRootImpl@1cdd9d5[InputMethod]: mWNT: t=0xb400007c23b7ad50 mBlastBufferQueue=0xb400007d13bfd990 fn= 5 mRenderHdrSdrRatio=1.0 caller= android.view.ViewRootImpl$6.onFrameDraw:5705 android.view.ViewRootImpl$2.onFrameDraw:2190 android.view.ThreadedRenderer$1.onFrameDraw:792
02-19 13:19:35.733 6890 6890 I HBD : c1 ous - 0 , 0 , 1 , 1 , -1 , -1
02-19 13:19:35.733 2334 3169 V WindowManager: Relayout hash=1b8f22f, pid=0, syncId=-1: mAttrs={(0,0)(fillxfill) gr=BOTTOM CENTER_VERTICAL sim={adjust=resize} ty=INPUT_METHOD fmt=TRANSPARENT wanim=0x7f1401b1 preferredMinDisplayRefreshRate=60.0 receive insets ignoring z-order
02-19 13:19:35.733 2334 3169 V WindowManager: fl=81800108
02-19 13:19:35.733 2334 3169 V WindowManager: pfl=12000000
02-19 13:19:35.733 2334 3169 V WindowManager: bhv=DEFAULT
02-19 13:19:35.733 2334 3169 V WindowManager: fitTypes=STATUS_BARS NAVIGATION_BARS
02-19 13:19:35.733 2334 3169 V WindowManager: fitSides=LEFT TOP RIGHT
02-19 13:19:35.733 2334 3169 V WindowManager: fitIgnoreVis
02-19 13:19:35.733 2334 3169 V WindowManager: dimAmount=4.6816468E-4 dimDuration=150 naviIconColor=0}
02-19 13:19:35.733 6890 6890 I HBD : h0 EBD cm s 0
02-19 13:19:35.734 6890 6890 I HBD : [DirectWriting] AnimationController handleEvent() EditorRectChanged
02-19 13:19:35.734 6890 6890 I HBD : [DirectWriting] ToolbarController handleEvent() EditorRectChanged
02-19 13:19:35.734 6890 18517 I HBD : b getET , flag: 1 , start: 1 , end: 1 , length: 1 , composingLength: 0 , isKCC: false
02-19 13:19:35.775 21462 21859 W Kumiho-Kumiho: isSupportedFormat: Format is not supported
02-19 13:19:35.775 21462 21859 D OpenGLRenderer: --- Failed to create image decoder with message 'unimplemented'
02-19 13:19:35.775 21462 21859 W Kumiho-Kumiho: isSupportedFormat: Format is not supported
02-19 13:19:35.775 21462 21859 D OpenGLRenderer: --- Failed to create image decoder with message 'unimplemented'
02-19 13:19:35.775 21462 21859 W Kumiho-Kumiho: isSupportedFormat: Format is not supported
02-19 13:19:35.775 21462 21859 D OpenGLRenderer: --- Failed to create image decoder with message 'unimplemented'
02-19 13:19:35.775 21462 21859 W Kumiho-Kumiho: isSupportedFormat: Format is not supported
02-19 13:19:35.775 21462 21859 D OpenGLRenderer: --- Failed to create image decoder with message 'unimplemented'
02-19 13:19:35.776 21462 21859 W Kumiho-Kumiho: isSupportedFormat: Format is not supported
02-19 13:19:35.776 21462 21859 D OpenGLRenderer: --- Failed to create image decoder with message 'unimplemented'
02-19 13:19:35.776 21462 21859 W Kumiho-Kumiho: isSupportedFormat: Format is not supported
02-19 13:19:35.776 21462 21859 D OpenGLRenderer: --- Failed to create image decoder with message 'unimplemented'
02-19 13:19:35.780 1603 1760 D RenderEngine: [SEC_GC_CMN_SF_EFFECTS] drawLayersInternal,1279, Rendering layer at index 0
02-19 13:19:35.781 1603 1760 D RenderEngine: [SEC_GC_CMN_SF_EFFECTS] drawLayersInternal,1279, Rendering layer org.me.mobiexpensifyg/org.me.mobiexpensifyg.ExpensifyActivityBase$_21462#272730 at index 1
02-19 13:19:35.781 1603 1760 D RenderEngine: [SEC_GC_CMN_SF_EFFECTS] drawLayersInternal,1279, Rendering layer InputMethod$_6890#272738 at index 2
02-19 13:19:35.792 6890 6890 I HBD : [DirectWriting] AnimationController handleEvent() EditorRectChanged
02-19 13:19:35.792 6890 6890 I HBD : [DirectWriting] ToolbarController handleEvent() EditorRectChanged
02-19 13:19:35.882 1603 1760 D RenderEngine: [SEC_GC_CMN_SF_EFFECTS] drawLayersInternal,1279, Rendering layer at index 0
02-19 13:19:35.883 1603 1760 D RenderEngine: [SEC_GC_CMN_SF_EFFECTS] drawLayersInternal,1279, Rendering layer org.me.mobiexpensifyg/org.me.mobiexpensifyg.ExpensifyActivityBase$_21462#272730 at index 1
02-19 13:19:35.883 1603 1760 D RenderEngine: [SEC_GC_CMN_SF_EFFECTS] drawLayersInternal,1279, Rendering layer InputMethod$_6890#272738 at index 2
02-19 13:19:35.980 1484 22430 I sensors-hal: handle_sns_client_event:628, [0][316] gyro_sample_cal(3) [ 0.120,-0.094,-0.040] 1383754000080867
02-19 13:19:35.982 1603 1760 D RenderEngine: [SEC_GC_CMN_SF_EFFECTS] drawLayersInternal,1279, Rendering layer at index 0
02-19 13:19:35.982 1603 1760 D RenderEngine: [SEC_GC_CMN_SF_EFFECTS] drawLayersInternal,1279, Rendering layer org.me.mobiexpensifyg/org.me.mobiexpensifyg.ExpensifyActivityBase$_21462#272730 at index 1
02-19 13:19:35.983 1603 1760 D RenderEngine: [SEC_GC_CMN_SF_EFFECTS] drawLayersInternal,1279, Rendering layer InputMethod$_6890#272738 at index 2
02-19 13:19:35.995 2334 2444 I GestureDetector: handleMessage TAP
02-19 13:19:35.995 2334 2334 I GestureDetector: handleMessage TAP
02-19 13:19:36.006 2334 2918 D InputReader: Btn_touch(9): value=1 when=263076.750282
02-19 13:19:36.006 2334 2918 I InputReader: Touch event's action is 0x0 (id=6, t=0) [pCnt=1, s=0.1944 ] when=263076.750282
02-19 13:19:36.007 2334 2917 I InputDispatcher: Delivering touch to (3256): action: 0x4, f=0x0, d=0, '3c5e648', t=1
02-19 13:19:36.007 2334 2917 I InputDispatcher: Delivering touch to (21462): action: 0x0, f=0x0, d=0, '9a77eef', t=1
02-19 13:19:36.008 3685 3685 I HoneySpace.GestureInputHandler: inputConsumers = [com.honeyspace.gesture.inputconsumer.InputConsumer$Companion$NO_OP$1@58c8177]
02-19 13:19:36.008 3685 3685 I HoneySpace.InputSession: inputConsumers = NO_OP
02-19 13:19:36.008 3685 3685 I HoneySpace.InputSession: open
02-19 13:19:36.009 21462 21462 I ViewRootImpl@ccd3137[ExpensifyActivityBase]: ViewPostIme pointer 0
02-19 13:19:36.011 6194 6194 I SemDvfsHyPerManager: acquire hyper - TABoost/6194@27, type = 1090523139
02-19 13:19:36.011 1603 1603 I HWComposer: [4630946213010294403] ActiveConfigToHWC, ID : 0
02-19 13:19:36.012 1603 1603 I LayerHistory: InputMethod$_6890#272738 Max (can't resolve refresh rate)
02-19 13:19:36.012 1603 1603 I LayerHistory: NavigationBar0$_3256#261410 Max (can't resolve refresh rate)
02-19 13:19:36.012 1603 1603 I LayerHistory: EdgeLightingWindow$_18257#272737 Max (can't resolve refresh rate)
02-19 13:19:36.012 1492 1518 I HYPER-HAL: [RequestManager.cpp]releaseLocked(): Released ID : 19353558
02-19 13:19:36.012 1603 1603 I LayerHistory: org.me.mobiexpensifyg/org.me.mobiexpensifyg.ExpensifyActivityBase$_21462#272730 Max (can't resolve refresh rate)
02-19 13:19:36.012 1603 1603 I SurfaceFlinger: Touch Boost - choose 120.00 Hz
02-19 13:19:36.012 1492 1518 I HYPER-HAL: [RequestManager.cpp]acquire(): Acquired ID : 19353558 [6194 / 27] HINT : list : [TABoost / 1] [TIMEOUT / 1500]
02-19 13:19:36.012 2334 2444 I GestureDetector: obtain mCurrentDownEvent. id: 963675395 caller: com.android.server.wm.SystemGesturesPointerEventListener.onPointerEvent:204 com.android.server.wm.PointerEventDispatcher.onInputEvent:53 android.view.InputEventReceiver.dispatchInputEvent:337
02-19 13:19:36.012 2334 2444 I GestureDetector: obtain mCurrentDownEvent. id: 963675395 caller: com.android.server.wm.SystemPerformancePointerEventListener.onPointerEvent:89 com.android.server.wm.PointerEventDispatcher.onInputEvent:53 android.view.InputEventReceiver.dispatchInputEvent:337
02-19 13:19:36.013 2334 2446 D LocalDisplayAdapter: updateActiveModeLocked for d=4630946213010294403, mActiveModeId=8, mActiveSfDisplayMode=DisplayMode{id=0, width=904, height=2316, xDpi=402.835, yDpi=402.92, refreshRate=120.00001, appVsyncOffsetNanos=100000, presentationDeadlineNanos=9233333, supportedHdrTypes=[2, 3, 4], group=904}
02-19 13:19:36.013 1516 1737 I SDM : HWCDisplay::SubmitDisplayConfig: [DispConfigs] config 2 => 0, hs_mode 3 => 3
02-19 13:19:36.013 1516 1737 I SDM : HWDeviceDRM::SetDisplaySwitchMode: [DispConfigs] check hs_mode 3
02-19 13:19:36.013 1516 1737 I SDM : HWDeviceDRM::SetDisplaySwitchMode: [DispConfigs] Set mode index:0 904x2316x120xcmdHS, hs_mode(3), found_mode(0)
02-19 13:19:36.013 1516 1737 I SDM : HWDeviceDRM::UpdateMixerAttributes: Mixer WxH 904x2316-1 for Peripheral
02-19 13:19:36.013 1516 1737 I SDM : HWCDisplay::SubmitDisplayConfig: Active configuration changed from config 2 to 0
02-19 13:19:36.014 2334 2446 I DisplayDeviceRepository: Display device changed: DisplayDeviceInfo{"Built-in Screen": uniqueId="local:4630946213010294403", 904 x 2316, modeId 8, renderFrameRate 120.00001, defaultModeId 8, supportedModes [{id=8, width=904, height=2316, fps=120.00001, alternativeRefreshRates=[10.0, 24.000002, 30.000002, 48.000004, 60.000004, 96.00001], supportedHdrTypes=[2, 3, 4]}, {id=9, width=904, height=2316, fps=96.00001, alternativeRefreshRates=[10.0, 24.000002, 30.000002, 48.000004, 60.000004, 120.00001], supportedHdrTypes=[2, 3, 4]}, {id=10, width=904, height=2316, fps=60.000004, alternativeRefreshRates=[10.0, 24.000002, 30.000002, 48.000004, 96.00001, 120.00001], supportedHdrTypes=[2, 3, 4]}, {id=11, width=904, height=2316, fps=48.000004, alternativeRefreshRates=[10.0, 24.000002, 30.000002, 60.000004, 96.00001, 120.00001], supportedHdrTypes=[2, 3, 4]}, {id=12, width=904, height=2316, fps=30.000002, alternativeRefreshRates=[10.0, 24.000002, 48.000004, 60.000004, 96.00001, 120.00001], supportedHdrTypes=[2, 3, 4]}, {id=13, width=904, height=2316, fps=24.000002, alternativeRefreshRates=[10.0, 30.000002, 48.000004, 60.000004, 96.00001, 120.00001], supportedHdrTypes=[2, 3, 4]}, {id=14, width=904, height=2316, fps=10.0, alternativeRefreshRates=[24.000002, 30.000002, 48.000004, 60.000004, 96.00001, 120.00001], supportedHdrTypes=[2, 3, 4]}], colorMode 0, supportedColorModes [0, 7, 9], hdrCapabilities HdrCapabilities{mSupportedHdrTypes=[2, 3, 4], mMaxLuminance=450.0, mMaxAverageLuminance=225.00024, mMinLuminance=5.0E-4}, allmSupported false, gameContentTypeSupported false, density 420, 402.835 x 402.92 dpi, appVsyncOff 100000, presDeadline 9233333, cutout DisplayCutout{insets=Rect(0, 87 - 0, 0) waterfall=Insets{left=0, top=0, right=0, bottom=0} boundingRect={Bounds=[Rect(0, 0 - 0, 0), Rect(418, 0 - 486, 87), Rect(0, 0 - 0, 0), Rect(0, 0 - 0, 0)]} cutoutPathParserInfo={CutoutPathParserInfo{displayWidth=904 displayHeight=2316 physicalDisplayWidth=904 physicalDisplayHeight=2316 density={2.625} cutoutSpec={M 0,0 H -12.95238095238095 V 33.14285714285714 H 12.95238095238095 V 0 H 0 Z @dp} rotation={0} scale={1.0} physicalPixelDisplaySizeRatio={1.0}}}}, touch INTERNAL, rotation 0, type INTERNAL, address {port=131, model=0x40446d0b806b46}, deviceProductInfo DeviceProductInfo{name=, manufacturerPnpId=QCM, productId=1, modelYear=null, manufactureDate=ManufactureDate{week=27, year=2006}, connectionToSinkType=0}, state ON, committedState ON, frameRateOverride , brightnessMinimum 0.0, brightnessMaximum 1.0, brightnessDefault 0.5019608, hdrSdrRatio NaN, roundedCorners RoundedCorners{[RoundedCorner{position=TopLeft, radius=53, center=Point(53, 53)}, RoundedCorner{position=TopRight, radius=53, center=Point(851, 53)}, RoundedCorner{position=BottomRight, radius=53, center=Point(851, 2263)}, RoundedCorner{position=BottomLeft, radius=53, center=Point(53, 2263)}]}, FLAG_ROTATES_WITH_CONTENT, FLAG_SECURE, FLAG_SUPPORTS_PROTECTED_BUFFERS, FLAG_PRESENTATION, FLAG_OWN_CONTENT_ONLY, FLAG_TRUSTED, FLAG_EXTRA_BUILT_IN_DISPLAY, installOrientation 0, displayShape DisplayShape{ spec=-311912193 displayWidth=904 displayHeight=2316 physicalPixelDisplaySizeRatio=1.0 rotation=0 offsetX=0 offsetY=0 scale=1.0}}
02-19 13:19:36.016 2334 2334 D SGM:GameManager: onDisplayChanged. displyId: 0, state: 2
02-19 13:19:36.017 2309 2309 I ViewRootImpl@a450ca8[AssetBrowserActivity]: onDisplayChanged oldDisplayState=2 newDisplayState=2
02-19 13:19:36.017 2334 2334 D AODManagerService: requestReCalToTSP IsSingleTouchMode = truerequestedReCalToTSP = false / previousDisplayState = ON
02-19 13:19:36.017 2334 4756 D LiftUpHandler: [LTW] Stopped already.
02-19 13:19:36.018 2334 2936 D SGM:FgCheckThread: onLooperPrepared(), msg: MSG_LCD_ON
02-19 13:19:36.018 2334 2446 D DisplayManagerService: Ignore redundant display event 0/2 to 11549/11434
02-19 13:19:36.018 2334 2447 W LocalDisplayAdapter: Ignoring request for invalid base mode id 8
02-19 13:19:36.019 3685 22147 I HoneySpace.RefreshRateSource: singleFrameMs 8
02-19 13:19:36.019 2334 2446 D DisplayManagerService: Ignore redundant display event 0/2 to 10072/19750
02-19 13:19:36.019 3685 3685 I ViewRootImpl@9781073[RecentsTransitionOverlay]: onDisplayChanged oldDisplayState=2 newDisplayState=2
02-19 13:19:36.019 3685 3685 I ViewRootImpl@8a672e1[LauncherActivity]: onDisplayChanged oldDisplayState=2 newDisplayState=2
02-19 13:19:36.019 3685 3685 I ViewRootImpl@dd984d6[RecentsActivity]: onDisplayChanged oldDisplayState=2 newDisplayState=2
02-19 13:19:36.020 3685 21635 I HoneySpace.DeXLaunchService: Display changed - 0
02-19 13:19:36.020 15708 15708 I ViewRootImpl@7e61450[DeepLinkHomepageActivity]: onDisplayChanged oldDisplayState=2 newDisplayState=2
02-19 13:19:36.020 3685 21635 I HoneySpace.Memory-Monitor: current state = 2, didTrim = false
02-19 13:19:36.020 15708 15708 I ViewRootImpl@dfc8434[InstalledAppDetails]: onDisplayChanged oldDisplayState=2 newDisplayState=2
02-19 13:19:36.020 15708 15708 I ViewRootImpl@2c057b1[SubSettings]: onDisplayChanged oldDisplayState=2 newDisplayState=2
02-19 13:19:36.020 15708 15708 I ViewRootImpl@219413d[SettingsHomepageActivity]: onDisplayChanged oldDisplayState=2 newDisplayState=2
02-19 13:19:36.020 2334 2446 D DisplayManagerService: Ignore redundant display event 0/2 to 10209/21901
02-19 13:19:36.020 3256 3287 I ViewRootImpl@caf6fb6[ShellDropTarget]: onDisplayChanged oldDisplayState=2 newDisplayState=2
02-19 13:19:36.020 2334 2446 D DisplayManagerService: Ignore redundant display event 0/2 to 11533/23903
02-19 13:19:36.020 3256 3287 I ViewRootImpl@5c3dd93[StageCoordinatorSplitDivider]: onDisplayChanged oldDisplayState=2 newDisplayState=2
02-19 13:19:36.020 3256 3377 D StackScroller: onDisplayChanged for predraw skip to 2
02-19 13:19:36.020 15708 15708 I ViewRootImpl@5325286[SubSettings]: onDisplayChanged oldDisplayState=2 newDisplayState=2
02-19 13:19:36.020 15708 15708 I ViewRootImpl@79b9aaa[SubSettings]: onDisplayChanged oldDisplayState=2 newDisplayState=2
02-19 13:19:36.021 2334 2446 D DisplayManagerService: Ignore redundant display event 0/2 to 10254/32477
02-19 13:19:36.021 2334 2446 D DisplayManagerService: Ignore redundant display event 0/2 to 10254/32700
02-19 13:19:36.022 18257 18257 I ViewRootImpl@36646ec[EdgeLightingWindow]: onDisplayChanged oldDisplayState=2 newDisplayState=2
02-19 13:19:36.023 1603 1745 I VSyncReactor: Current= 60, Period= 120, hwcPeriod= 120
02-19 13:19:36.024 3256 3256 D DisplayLifecycle: updateDisplay id = 0
02-19 13:19:36.024 3256 3256 I ViewRootImpl@2a8a990[LockscreenShortcutBlur]: onDisplayChanged oldDisplayState=2 newDisplayState=2
02-19 13:19:36.024 3256 3256 I ViewRootImpl@1ee396c[NotificationShade]: onDisplayChanged oldDisplayState=2 newDisplayState=2
02-19 13:19:36.024 3256 3256 I ViewRootImpl@fa0aba5[StatusBar]: onDisplayChanged oldDisplayState=2 newDisplayState=2
02-19 13:19:36.024 3256 3256 I ViewRootImpl@80857f2[NavigationBar0]: onDisplayChanged oldDisplayState=2 newDisplayState=2
02-19 13:19:36.024 3256 3256 I ViewRootImpl@382a1a2[EdgeBackGestureHandler0]: onDisplayChanged oldDisplayState=2 newDisplayState=2
02-19 13:19:36.024 3256 3256 I ViewRootImpl@45e80e0[Bouncer]: onDisplayChanged oldDisplayState=2 newDisplayState=2
02-19 13:19:36.024 3256 3256 I ViewRootImpl@fe8021b[SecondaryHomeHandle0]: onDisplayChanged oldDisplayState=2 newDisplayState=2
02-19 13:19:36.024 3256 3256 I ViewRootImpl@101c6cf[KeyguardBiometricToastView]: onDisplayChanged oldDisplayState=2 newDisplayState=2
02-19 13:19:36.025 21462 21462 I ViewRootImpl@ccd3137[ExpensifyActivityBase]: onDisplayChanged oldDisplayState=2 newDisplayState=2
02-19 13:19:36.025 2334 2446 D RefreshRateModeManager: updateDefaultDisplayToken: android.os.BinderProxy@2c4e25e, isChanged: false
02-19 13:19:36.026 2334 2444 I GestureDetector: obtain mCurrentMotionEventRaw. action: 2 id: 952040088
02-19 13:19:36.026 2334 2444 I GestureDetector: obtain mCurrentMotionEventRaw. action: 2 id: 952040088
02-19 13:19:36.026 6890 6890 I SPenContext: virtual void SPen::Context::SetDisplayRefreshRate(float) framerate=120
02-19 13:19:36.026 6890 6890 I LatencyConfiguration: void SPen::LatencyConfiguration::UpdateRefreshRate(float) RefreshRate=120.000008
02-19 13:19:36.026 6890 6890 I LatencyConfiguration: void SPen::LatencyConfiguration::UpdateRefreshRate(float) RefreshRateCallback 0xb400007c23b46270
02-19 13:19:36.026 6890 6890 I PredictorBase: virtual void SPen::PredictorBase::SetRefreshRate(float) Refresh rate: 120.000
02-19 13:19:36.026 6890 6890 I spe_log : virtual void SPen::FbrDrawPad::SetRefreshRate(float) = 120.000
02-19 13:19:36.026 6890 6890 I spe_log : virtual void SPen::FbrDrawPad::SetRefreshRate(float) mFrameDurationNano=8333333, mDisplayRefreshDurationNano: 8333333
02-19 13:19:36.026 6890 6890 I spe_log : virtual void SPen::LowLatencyStrokeView::SetRefreshRate(float) refresh rate=120.000
02-19 13:19:36.026 6890 6890 I ViewRootImpl@1cdd9d5[InputMethod]: onDisplayChanged oldDisplayState=2 newDisplayState=2
02-19 13:19:36.037 6890 18517 I HBD : d Grammarly checkText revisionId: 1383754061, length: 1, time: 3 ms
02-19 13:19:36.046 2334 2918 D InputReader: Btn_touch(9): value=0 when=263076.790426
02-19 13:19:36.046 2334 2918 I InputReader: Touch event's action is 0x1 (id=6, t=0) [pCnt=1, s=] when=263076.790426
02-19 13:19:36.046 2334 2917 I InputDispatcher: Delivering touch to (21462): action: 0x1, f=0x0, d=0, '9a77eef', t=1
02-19 13:19:36.047 21462 21462 I ViewRootImpl@ccd3137[ExpensifyActivityBase]: ViewPostIme pointer 1
02-19 13:19:36.047 3685 3685 I HoneySpace.GestureInputHandler: reset
02-19 13:19:36.047 3685 3685 I HoneySpace.InputSession: close
02-19 13:19:36.058 21462 21462 I ImeTracker: org.me.mobiexpensifyg:182c0ccf: onRequestHide at ORIGIN_CLIENT_HIDE_SOFT_INPUT reason HIDE_SOFT_INPUT
02-19 13:19:36.058 21462 21462 I InputMethodManager_LC: hsifw() - flag : 0
02-19 13:19:36.059 21462 21462 I InputMethodManager_LC: hsifw() - mService.hideSoftInput
02-19 13:19:36.059 2334 2949 D InputMethodManagerService: hideSoftInput
02-19 13:19:36.059 2334 2949 V InputMethodManagerService: Client requesting input be hidden
02-19 13:19:36.059 2334 2949 D InputMethodManagerService: setWindowStateInner, windowToken=android.os.BinderProxy@9c91fce, state=ImeTargetWindowState{ imeToken android.os.Binder@69d3a6d imeFocusChanged false hasEditorFocused true requestedImeVisible false imeDisplayId 0 softInputModeState STATE_UNSPECIFIED|ADJUST_RESIZE isStartInputByGainFocus false}
02-19 13:19:36.059 2334 2949 V InputMethodManagerService: Calling com.android.server.inputmethod.IInputMethodInvoker@3fc10de.hideSoftInput(0, android.os.BinderProxy@9c91fce, null) for reason: HIDE_SOFT_INPUT
02-19 13:19:36.060 2334 2949 I ActivityManager: Changes in 10189 5 to 7, 63 to 0
02-19 13:19:36.060 6890 6890 I InputMethod: hideSoftInput(): flags=0
02-19 13:19:36.060 2334 2949 I ActivityManager: Changes in 10109 5 to 7, 56 to 0
02-19 13:19:36.060 2334 3990 D InputMethodManagerService: isImeSwitcherDisabledPackage : false
02-19 13:19:36.060 6890 6890 I HBD : HoneyBoardService onFinishInputView finishingInput= false
02-19 13:19:36.060 2334 3990 I InputMethodManagerService: setImeWindowStatus: vis=0, backDisposition=0
02-19 13:19:36.060 2334 2949 V InputMethodManagerService: applyImeVisibility state=0
02-19 13:19:36.061 6890 6890 I HBD : b [UpdatePolicy] [post] a: 3 cl: 65538 kit: [0/1] vt: 0 ir: 4
02-19 13:19:36.061 3256 3256 D NavigationBar: setImeWindowStatus displayId=0 vis=0 backDisposition=0 showImeSwitcher=false imeShown=false
02-19 13:19:36.061 6890 6890 I HBD : d processFinishInputView
02-19 13:19:36.061 1843 3557 I CameraService: onUidStateChanged: uid=10189, procState is changed. (5 -> 7)
02-19 13:19:36.062 3256 3256 D Navbar.Store: --------------------handleEvent(0) OnNavBarIconHintChanged(iconHint=0) [Module] NavigationBar
02-19 13:19:36.062 3256 3256 D Navbar.Store: ----------------------[Band]SETUPWIZARD_PACK_SET_NAVBAR_ICON_HINT
02-19 13:19:36.062 3256 3256 D Navbar.Store: ----------------------[Band]VIS_PACK_REEVAULATE_NAVBAR
02-19 13:19:36.062 3256 3256 D Navbar.Store: ------------------------apply(0) NavBarStoreAction$ReevaluateNavBar
02-19 13:19:36.062 6890 18517 I HBD : w [SKE_LM] learnInDynamicModel, false
02-19 13:19:36.062 3256 3256 D Navbar.Store: ------------------------handleEvent(0) OnUpdateRemoteViewContainer(leftContainer=android.widget.LinearLayout{cbd1822 V.E...... ........ 69,0-195,126 #7f0a05af app:id/left_remoteview}, rightContainer=android.widget.LinearLayout{629d2b3 I.E...... ......I. 709,0-835,126 #7f0a08d6 app:id/right_remoteview}, contextualButtonVisible=false, darkIntensity=0.0, displayId=0) [Module] SamsungNavigationBarView
02-19 13:19:36.062 3256 3256 D Navbar.Store: --------------------------[Band]REMOTE_VIEW_PACK_SET_REMOTEVIEW_CONTAINER
02-19 13:19:36.062 3256 3256 D Navbar.Store: ----------------------------apply(0) NavBarStoreAction$UpdateRemoteViewContainer
02-19 13:19:36.062 6890 18517 I HBD : w [SKE_LM] learnInDynamicModel, true
02-19 13:19:36.062 3256 3256 D Navbar.Store: ----------------------------apply(0) NavBarStoreAction$UpdateRemoteViewDarkIntensity
02-19 13:19:36.063 3256 3256 D Navbar.Store: --------------------handleEvent(0) OnSetGestureHintVisibility(recentVisible=true, homeVisible=true, backVisible=true) [Module] SamsungNavigationBarView
02-19 13:19:36.063 3256 3256 D Navbar.Store: ----------------------[Band]GESTURE_PACK_SET_HINT_VISIBILITY
02-19 13:19:36.063 3256 3256 D Navbar.Store: ----------------------[Band] (afterAction) GESTURE_PACK_SET_HINT_VISIBILITY
02-19 13:19:36.063 3256 3256 D Navbar.Store: ------------------------apply(0) NavBarStoreAction$UpdateGestureHintVisibility
02-19 13:19:36.063 3256 3256 D Navbar.Store: ------------------------NavBarStates(0) canShowGestureHint: true
02-19 13:19:36.063 3256 3256 D Navbar.Store: --------------------handleEvent(0) OnUpdateSysUiStateFlag(noArguments=true) [Module] SamsungNavigationBarView
02-19 13:19:36.064 3256 3256 D Navbar.Store: ----------------------[Band]GESTURE_PACK_UPDATE_SYSTEMUI_STATE_FLAG
02-19 13:19:36.064 3256 3256 D Navbar.Store: ----------------------[Band] (afterAction) GESTURE_PACK_UPDATE_SYSTEMUI_STATE_FLAG
02-19 13:19:36.064 3256 3256 D Navbar.Store: ----------------------NavBarStates(0) isGameMode: false
02-19 13:19:36.064 21462 21462 I InsetsController: setRequestedVisibleTypes: visible=false, mask=ime, host=org.me.mobiexpensifyg/org.me.mobiexpensifyg.ExpensifyActivityBase, from=android.view.InsetsController.controlAnimationUnchecked:1476 android.view.InsetsController.applyAnimation:2040 android.view.InsetsController.applyAnimation:2003 android.view.InsetsController.hide:1434 android.view.ViewRootImpl$ViewRootHandler.handleMessageImpl:7310 android.view.ViewRootImpl$ViewRootHandler.handleMessage:7236 android.os.Handler.dispatchMessage:106 android.os.Looper.loopOnce:230 android.os.Looper.loop:319 android.app.ActivityThread.main:9063
02-19 13:19:36.064 3256 3256 D Navbar.Store: ------------------------apply(0) NavBarStoreAction$UpdateSysUiFlags
02-19 13:19:36.064 3256 3256 D Navbar.Store: ------------------------set 68719476736 : false
02-19 13:19:36.064 3256 3256 D Navbar.Store: ------------------------set 4294967296 : false
02-19 13:19:36.064 3256 3256 D SysUiState: SysUiState changed: old=0x10060000 new=0x10020000
02-19 13:19:36.064 21462 21462 I InsetsController: controlAnimationUncheckedInner: Added types=ime, animType=1, host=org.me.mobiexpensifyg/org.me.mobiexpensifyg.ExpensifyActivityBase, from=android.view.InsetsController.controlAnimationUnchecked:1480 android.view.InsetsController.applyAnimation:2040 android.view.InsetsController.applyAnimation:2003
02-19 13:19:36.064 3685 3813 I HoneySpace.TaskbarEventTracker: invokeEvent() called with: event = SystemUiStateChanged(stateFlags=268566528)
02-19 13:19:36.065 3685 22147 I HoneySpace.SystemUiRepository: systemUiFlags: allow_gesture|awake
02-19 13:19:36.065 3685 6677 I HoneySpace.TaskbarVisibilityController: updateTaskbarEvent needToHide:false stateFlags:268566528,keyguardShowing:false
02-19 13:19:36.065 3685 6677 I HoneySpace.TaskbarVisibilityController: updateVisibility(0) isDock:false occlude:true needToHide:false hideFlag:false launcher:false recent:false minus:false homePackage:false AppPicker:false :: state 0 -> 1
02-19 13:19:36.065 3256 3256 D Navbar.Store: ------------------------NavBarStates(0) canUseNavBarBackgroundFrame: true
02-19 13:19:36.065 2334 2949 D InsetsSourceProvider: updateVisibility: serverVisible=true, clientVisible=false, source=InsetsSource: {3 mType=ime mFrame=[0,1366][904,2316] mVisible=false mFlags=[]}, controlTarget=Window{9a77eef u0 org.me.mobiexpensifyg/org.me.mobiexpensifyg.ExpensifyActivityBase}, from=com.android.server.wm.ImeInsetsSourceProvider.updateVisibility:154 com.android.server.wm.InsetsSourceProvider.setClientVisible:642 com.android.server.wm.ImeInsetsSourceProvider.setClientVisible:101 com.android.server.wm.InsetsSourceProvider.updateClientVisibility:629 com.android.server.wm.ImeInsetsSourceProvider.updateClientVisibility:173 com.android.server.wm.InsetsStateController.onInsetsModified:280 com.android.server.wm.InsetsPolicy.onInsetsModified:539 com.android.server.wm.Session.updateRequestedVisibleTypes:797 android.view.IWindowSession$Stub.onTransact:1145 com.android.server.wm.Session.onTransact:204
02-19 13:19:36.066 2334 2949 I WindowManager: Reparenting to leash, surface=Surface(name=3c5e648 NavigationBar0)/@0xe853047, leashParent=Surface(name=WindowToken{df798eb type=2019 android.os.BinderProxy@636ff65})/@0x1556074
02-19 13:19:36.067 1603 3351 I SurfaceFlinger: id=272739 createSurf, flag=24000, Surface(name=3c5e648 NavigationBar0)/@0xe853047 - animation-leash of insets_animation#272739
02-19 13:19:36.067 2334 2949 D WindowManager: makeSurface duration=0 leash=Surface(name=Surface(name=3c5e648 NavigationBar0)/@0xe853047 - animation-leash of insets_animation)/@0x60d46a2
02-19 13:19:36.067 2334 2949 D InsetsSourceProvider: updateControlForTarget: control=InsetsSourceControl: {80a80001 mType=navigationBars initiallyVisible mSurfacePosition=Point(0, 2190) mInsetsHint=Insets{left=0, top=0, right=0, bottom=39}}, target=Window{9a77eef u0 org.me.mobiexpensifyg/org.me.mobiexpensifyg.ExpensifyActivityBase}, from=com.android.server.wm.InsetsStateController.onControlTargetChanged:363 com.android.server.wm.InsetsStateController.onBarControlTargetChanged:332 com.android.server.wm.InsetsPolicy.updateBarControlTarget:173 com.android.server.wm.InsetsPolicy.updateSystemBars:843 com.android.server.wm.DisplayPolicy.updateSystemBarsLw:3484
02-19 13:19:36.068 2334 2949 D WindowManager: updateSystemBarAttributes: displayId=0, win=Window{9a77eef u0 org.me.mobiexpensifyg/org.me.mobiexpensifyg.ExpensifyActivityBase}, navColorWin=Window{9a77eef u0 org.me.mobiexpensifyg/org.me.mobiexpensifyg.ExpensifyActivityBase}, focusedCanBeNavColorWin=false, behavior=1, appearance=0, statusBarAppearanceRegions=[AppearanceRegion{ bounds=[0,0][904,2316]}], requestedVisibilities=-9, from=com.android.server.wm.InsetsStateController.onInsetsModified:286 com.android.server.wm.InsetsPolicy.onInsetsModified:539 com.android.server.wm.Session.updateRequestedVisibleTypes:797
02-19 13:19:36.071 3256 5725 I ViewRootImpl@80857f2[NavigationBar0]: Resizing android.view.ViewRootImpl@47aa4f7: frame = [0,2190][904,2316] reportDraw = false forceLayout = false syncSeqId = -1
02-19 13:19:36.071 3256 3266 I ViewRootImpl@fa0aba5[StatusBar]: Resizing android.view.ViewRootImpl@87766a0: frame = [0,0][904,87] reportDraw = false forceLayout = false syncSeqId = -1
02-19 13:19:36.071 18257 18519 I ViewRootImpl@36646ec[EdgeLightingWindow]: Resizing android.view.ViewRootImpl@54a3038: frame = [0,0][904,2316] reportDraw = false forceLayout = false syncSeqId = -1
02-19 13:19:36.071 21462 21471 I ViewRootImpl@ccd3137[ExpensifyActivityBase]: Resizing android.view.ViewRootImpl@ff429dd: frame = [0,0][904,2316] reportDraw = false forceLayout = false syncSeqId = -1
02-19 13:19:36.071 6890 6890 I HBD : c1 stopRunningTimers
02-19 13:19:36.071 18257 18257 I InsetsController: onStateChanged: host=EdgeLightingWindow, from=android.view.ViewRootImpl$ViewRootHandler.handleMessageImpl:7266, state=InsetsState: {mDisplayFrame=Rect(0, 0 - 904, 2316), mDisplayCutout=DisplayCutout{insets=Rect(0, 87 - 0, 0) waterfall=Insets{left=0, top=0, right=0, bottom=0} boundingRect={Bounds=[Rect(0, 0 - 0, 0), Rect(418, 0 - 486, 87), Rect(0, 0 - 0, 0), Rect(0, 0 - 0, 0)]} cutoutPathParserInfo={CutoutPathParserInfo{displayWidth=904 displayHeight=2316 physicalDisplayWidth=904 physicalDisplayHeight=2316 density={2.625} cutoutSpec={M 0,0 H -12.95238095238095 V 33.14285714285714 H 12.95238095238095 V 0 H 0 Z @dp} rotation={0} scale={1.0} physicalPixelDisplaySizeRatio={1.0}}}}, mRoundedCorners=RoundedCorners{[RoundedCorner{position=TopLeft, radius=53, center=Point(53, 53)}, RoundedCorner{position=TopRight, radius=53, center=Point(851, 53)}, RoundedCorner{position=BottomRight, radius=53, center=Point(851, 2263)}, RoundedCorner{position=BottomLeft, radius=53, center=Point(53, 2263)}]} mRoundedCornerFrame=Rect(0, 0 - 0, 0), mPrivacyIndicatorBounds=PrivacyIndicatorBounds {static bounds=Rect(788, 0 - 904, 87) rotation=0}, mDisplayShape=DisplayShape{ spec=-311912193 displayWidth=904 displayHeight=2316 physicalPixelDisplaySizeRatio=1.0 rotation=0 offsetX=0 offsetY=0 scale=1.0}, mSources= { InsetsSource: {80a80004 mType=systemGestures mFrame=[0,0][78,2316] mVisible=true mFlags=[]}, InsetsSource: {80a80005 mType=mandatorySystemGestures mFrame=[0,2232][904,2316] mVisible=true mFlags=[]}, InsetsSource: {80a80024 mType=systemGestures mFrame=[826,0][904,2316] mVisible=true mFlags=[]}, InsetsSource: {d59c0005 mType=mandatorySystemGestures mFrame=[0,0][904,119] mVisible=true mFlags=[]}, InsetsSource: {27 mType=displayCutout mFrame=[0,0][904,87] mVisible=true mFlags=[]} }
02-19 13:19:36.072 6890 6890 I HBD : c [PF_EN] saveUserData() 0
02-19 13:19:36.072 18257 18257 I ViewRootImpl@36646ec[EdgeLightingWindow]: handleResized, msg = 4 frames=ClientWindowFrames{frame=[0,0][904,2316] display=[0,0][904,2316] parentFrame=[0,0][0,0]} forceNextWindowRelayout=false displayId=0 dragResizing=false compatScale=1.0 frameChanged=false attachedFrameChanged=false configChanged=false displayChanged=false compatScaleChanged=false
02-19 13:19:36.072 6890 6890 I HBD : h0 EBD reset pbc:0 pdc:0
02-19 13:19:36.072 6890 6890 I HBD : w [WPM] sessionTime:861 wordCount:1 pausedTime:0 wpm:69
02-19 13:19:36.072 6890 6890 I HBD : j [AiWriter] unLoadOndeviceModel
02-19 13:19:36.072 6890 6890 I ScsApi@ToneConverter: release: false
02-19 13:19:36.072 6890 6890 I ScsApi@Corrector: release: false
02-19 13:19:36.072 6890 6890 I ScsApi@EmojiAugmentor: release: false
02-19 13:19:36.073 6890 6890 I ScsApi@NeuralTranslator: NeuralTranslator -- close() executed
02-19 13:19:36.073 6890 6890 I ScsApi@Translator: release: false
02-19 13:19:36.073 6890 6890 I ScsApi@WritingComposer: release: false
02-19 13:19:36.073 6890 6890 I ScsApi@Configuration: release: false
02-19 13:19:36.073 6890 6890 I HBD : d unbindCurrentHoneyBoard : text_board
02-19 13:19:36.073 6890 6890 I HBD : b onUnbind
02-19 13:19:36.073 3256 3256 I ViewRootImpl@80857f2[NavigationBar0]: handleResized, msg = 4 frames=ClientWindowFrames{frame=[0,2190][904,2316] display=[0,0][904,2316] parentFrame=[0,0][0,0]} forceNextWindowRelayout=false displayId=0 dragResizing=false compatScale=1.0 frameChanged=false attachedFrameChanged=false configChanged=false displayChanged=false compatScaleChanged=false
02-19 13:19:36.073 3256 3256 I ViewRootImpl@fa0aba5[StatusBar]: handleResized, msg = 4 frames=ClientWindowFrames{frame=[0,0][904,87] display=[0,0][904,2316] parentFrame=[0,0][0,0]} forceNextWindowRelayout=false displayId=0 dragResizing=false compatScale=1.0 frameChanged=false attachedFrameChanged=false configChanged=false displayChanged=false compatScaleChanged=false
02-19 13:19:36.073 6890 15416 I HBD : w [SKE_LM] saveDynamicModel, false , true
02-19 13:19:36.073 1603 1603 I Layer : Layer::reparent [3c5e648 NavigationBar0#261402] newParent : Surface(name=3c5e648 NavigationBar0)/@0xe853047 - animation-leash of insets_animation#272739 , isRemovedFromCurrentState : 0 -------------------------
02-19 13:19:36.073 6890 6890 I HBD : d expression state[false], searchState[0]
02-19 13:19:36.073 1603 1603 I Layer : Layer::reparent [3c5e648 NavigationBar0#261402] End -------------------------
02-19 13:19:36.074 6890 6890 I HBD : a clear BaseLanguageRepo
02-19 13:19:36.075 2334 3009 D ConnectivityService: Removing from current network [186 WIFI], leaving 189 requests.
02-19 13:19:36.075 6890 6890 I HBD : d Grammarly stop session 1 ms
02-19 13:19:36.075 6890 6890 I HBD : e onFinishInputView
02-19 13:19:36.075 6890 6890 I HBD : a [StopHoneyVoiceListeningWithReleaseDecorator] stopListeningWithRelease()
02-19 13:19:36.075 6890 6890 I IceCone : e HoneyVoice stopListening by stopListeningWithRelease()
02-19 13:19:36.077 3256 3256 D NavigationBarController: setNavigationBarShortcut requestClass : com.samsung.android.honeyboard, remoteViews : null, position : 0, priority : 12
02-19 13:19:36.077 3256 3256 D Navbar.Store: --------------------handleEvent(0) OnSetRemoteView(requestClass=com.samsung.android.honeyboard, remoteViews=null, position=0, priority=12) [Module] NavigationBarController
02-19 13:19:36.077 6890 6890 I HBD : HoneyBoardService [PF_CL][onFinishInputView] 17 ms
02-19 13:19:36.077 3256 3256 D Navbar.Store: ----------------------[Band]REMOTE_VIEW_PACK_SET_NAVBAR_SHORTCUT_TO_MANAGER
02-19 13:19:36.077 3256 3256 D Navbar.Store: ------------------------apply(0) NavBarStoreAction$UpdateRemoteViewShortcut
02-19 13:19:36.077 6890 6890 I HBD : d showInputView requested current = true, applyNow = false
