02-19 13:19:40.518 3256 3256 D Navbar.Store: --------------------handleEvent(0) OnSetRemoteView(requestClass=com.samsung.android.honeyboard, remoteViews=null, position=0, priority=12) [Module] NavigationBarController
02-19 13:19:40.519 3256 3256 D Navbar.Store: ----------------------[Band]REMOTE_VIEW_PACK_SET_NAVBAR_SHORTCUT_TO_MANAGER
02-19 13:19:40.519 3256 3256 D Navbar.Store: ------------------------apply(0) NavBarStoreAction$UpdateRemoteViewShortcut
02-19 13:19:40.519 3256 3256 D Navbar.Store: ----------------------[Band]GESTURE_PACK_UPDATE_GAMETOOLS_VISIBILITY
02-19 13:19:40.519 3256 3256 D Navbar.Store: ----------------------NavBarStates(0) isGameMode: false
02-19 13:19:40.519 3256 3256 D Navbar.Store: ------------------------apply(0) NavBarStoreAction$UpdateSysUiFlags
02-19 13:19:40.519 3256 3256 D Navbar.Store: ------------------------set 4294967296 : false
02-19 13:19:40.519 3256 3256 D Navbar.Store: ----------------------[Band]TASKBAR_PACK_SET_REMOTEVIEW
02-19 13:19:40.519 3256 3256 D Navbar.Store: ------------------------apply(0) NavBarStoreAction$UpdateTaskBarNavBarEvents
02-19 13:19:40.519 3256 3256 D TaskbarDelegate: handleNavigationBarEvent() TaskbarDelegate is not initialized.
02-19 13:19:40.519 3256 3256 D Navbar.Store: ----------------------[Band]REMOTE_VIEW_PACK_SET_NAVBAR_SHORTCUT_TO_MANAGER
02-19 13:19:40.519 6890 6890 I HBD : a color = [r : 10], [g : 10], [b : 10], [alpha : 255], rgb = -16119286, isDark = true
02-19 13:19:40.519 3256 3256 D Navbar.Store: ------------------------apply(0) NavBarStoreAction$InvalidateRemoteView
02-19 13:19:40.519 3256 3256 D Navbar.Store: ------------------------handleEvent(0) OnUpdateRemoteViewContainer(leftContainer=android.widget.LinearLayout{cbd1822 I.E...... ......ID 69,0-195,126 #7f0a05af app:id/left_remoteview}, rightContainer=android.widget.LinearLayout{629d2b3 I.E...... ......I. 709,0-835,126 #7f0a08d6 app:id/right_remoteview}, contextualButtonVisible=false, darkIntensity=0.0, displayId=0) [Module] SamsungNavigationBarView
02-19 13:19:40.519 3256 3256 D Navbar.Store: --------------------------[Band]REMOTE_VIEW_PACK_SET_REMOTEVIEW_CONTAINER
02-19 13:19:40.519 3256 3256 D Navbar.Store: ----------------------------apply(0) NavBarStoreAction$UpdateRemoteViewContainer
02-19 13:19:40.519 6890 6890 I HBD : a color = [r : 10], [g : 10], [b : 10], [alpha : 255], rgb = -16119286, isDark = true
02-19 13:19:40.520 3256 3256 D Navbar.Store: ----------------------------apply(0) NavBarStoreAction$UpdateRemoteViewDarkIntensity
02-19 13:19:40.521 6890 6890 I HBD : HoneyBoardService [PF_OP][onStartInputView] 13 ms
02-19 13:19:40.521 2334 3169 D InputMethodManagerService: isImeSwitcherDisabledPackage : false
02-19 13:19:40.521 2334 3169 I InputMethodManagerService: setImeWindowStatus: vis=3, backDisposition=0
02-19 13:19:40.522 2334 22603 D SemInputMotionVolumeForce: setMotionControl: type: ALL control: 11
02-19 13:19:40.522 2334 22603 I SemInputMotionHelper: setMotionControl: ALL: 11, client=com.samsung.android.hardware.secinputdev.SemInputDeviceManager, ret=0
02-19 13:19:40.522 2334 22603 D SemInputDeviceManager: setProperty: (100) CMD,SIP,1
02-19 13:19:40.522 2334 22604 D SemInputDeviceManager: setProperty: (0) CMD,GRIP_DATA,1,15,20,6,1453,20,1923
02-19 13:19:40.523 2334 22604 D TspStateManager: wrote command: cmd=1,15,20,6,1453,20,1923, type=1
02-19 13:19:40.523 2334 22603 I SemInputCommandService: setPropertyAllTouch: SIP,1 retDefault=1 retExtra=1
02-19 13:19:40.523 2334 22603 D TspStateManager: wrote command: cmd=1, type=5
02-19 13:19:40.523 2334 2928 D SemInputDevice:TSP_SUB: SetPropertyTask: CMD,set_grip_data,1,15,20,6,1453,20,1923 [02-19 13:19:40.522]
02-19 13:19:40.523 6890 6890 I HBD : HoneyBoardService onWindowShown
02-19 13:19:40.523 6890 6890 I HBD : HoneyBoardService [PF_OP][onWindowShown] 0 ms
02-19 13:19:40.523 2334 3169 D InputMethodManagerService: notifyUserActivity: canceled, displayId=0
02-19 13:19:40.523 2334 3169 V InputMethodManagerService: applyImeVisibility state=1
02-19 13:19:40.523 2334 3169 D InputMethodManagerService: isImeSwitcherDisabledPackage : false
02-19 13:19:40.523 2334 3169 I InputMethodManagerService: setImeWindowStatus: vis=3, backDisposition=0
02-19 13:19:40.523 6890 6890 I HBD : c IIFO[r:6292429d27][type:finish]
02-19 13:19:40.524 6890 6890 I HBD : h [SKE_LM] disableTags : id:zh_CN
02-19 13:19:40.526 1558 1558 I sysinput:Touch: writeInformation:249, OK
02-19 13:19:40.526 6194 22605 I SemDvfsHyPerManager: acquire hyper - SIOP_OVER_LIMIT/6194@10, type = 1610616833
02-19 13:19:40.526 6194 6194 I SemDvfsHyPerManager: acquire hyper - BaseTABoost/6194@26, type = 1090523139
02-19 13:19:40.526 2334 2928 D SysinputHAL_V1_3(V1_2): runTspCmdNoRead(TSP_SUB(2)): set_grip_data,1,15,20,6,1453,20,1923 ret=0
02-19 13:19:40.526 2334 2928 D SemInputDevice:TSP_SUB: SetPropertyTask: CMD,set_sip_mode,1 [02-19 13:19:40.522]
02-19 13:19:40.527 6890 6890 W HBD : j3 Engine Sync Finished by onStartInputView, check InputKey timing
02-19 13:19:40.527 6890 6890 I HBD : h0 EBD si t 0
02-19 13:19:40.527 6890 6890 I HBD : [DirectWriting] DirectWriting emitInputConnection : RemoteInputConnection{idHash=#5e88be0}
02-19 13:19:40.528 3256 3256 D NavigationBarController: setNavigationBarShortcut requestClass : com.samsung.android.honeyboard, remoteViews : null, position : 0, priority : 12
02-19 13:19:40.528 3256 3256 D Navbar.Store: --------------------handleEvent(0) OnSetRemoteView(requestClass=com.samsung.android.honeyboard, remoteViews=null, position=0, priority=12) [Module] NavigationBarController
02-19 13:19:40.528 3256 3256 D Navbar.Store: ----------------------[Band]REMOTE_VIEW_PACK_SET_NAVBAR_SHORTCUT_TO_MANAGER
02-19 13:19:40.528 3256 3256 D Navbar.Store: ------------------------apply(0) NavBarStoreAction$UpdateRemoteViewShortcut
02-19 13:19:40.528 1492 1518 I HYPER-HAL: [RequestManager.cpp]acquire(): Acquired ID : 19247920 [6194 / 10] HINT : list : [OverLimit / 2707200]
02-19 13:19:40.528 3256 3256 D Navbar.Store: ----------------------[Band]GESTURE_PACK_UPDATE_GAMETOOLS_VISIBILITY
02-19 13:19:40.528 3256 3256 D Navbar.Store: ----------------------NavBarStates(0) isGameMode: false
02-19 13:19:40.529 3256 3256 D Navbar.Store: ------------------------apply(0) NavBarStoreAction$UpdateSysUiFlags
02-19 13:19:40.529 3256 3256 D Navbar.Store: ------------------------set 4294967296 : false
02-19 13:19:40.529 3256 3256 D Navbar.Store: ----------------------[Band]TASKBAR_PACK_SET_REMOTEVIEW
02-19 13:19:40.529 1558 1558 I sysinput:Touch: writeInformation:249, OK
02-19 13:19:40.529 3256 3256 D Navbar.Store: ------------------------apply(0) NavBarStoreAction$UpdateTaskBarNavBarEvents
02-19 13:19:40.529 3256 3256 D TaskbarDelegate: handleNavigationBarEvent() TaskbarDelegate is not initialized.
02-19 13:19:40.529 3256 3256 D Navbar.Store: ----------------------[Band]REMOTE_VIEW_PACK_SET_NAVBAR_SHORTCUT_TO_MANAGER
02-19 13:19:40.529 3256 3256 D Navbar.Store: ------------------------apply(0) NavBarStoreAction$InvalidateRemoteView
02-19 13:19:40.529 2334 2928 D SysinputHAL_V1_3(V1_2): runTspCmdNoRead(TSP_SUB(2)): set_sip_mode,1 ret=0
02-19 13:19:40.529 2334 2928 D SemInputDevice:TSP: SetPropertyTask: CMD,set_sip_mode,1 [02-19 13:19:40.523]
02-19 13:19:40.529 1492 1518 I HYPER-HAL: [RequestManager.cpp]acquire(): Acquired ID : 19347336 [6194 / 26] HINT : list : [TABoost / 1]
02-19 13:19:40.529 3256 3256 D Navbar.Store: ------------------------handleEvent(0) OnUpdateRemoteViewContainer(leftContainer=android.widget.LinearLayout{cbd1822 I.E...... ......ID 69,0-195,126 #7f0a05af app:id/left_remoteview}, rightContainer=android.widget.LinearLayout{629d2b3 I.E...... ......I. 709,0-835,126 #7f0a08d6 app:id/right_remoteview}, contextualButtonVisible=false, darkIntensity=0.0, displayId=0) [Module] SamsungNavigationBarView
02-19 13:19:40.529 3256 3256 D Navbar.Store: --------------------------[Band]REMOTE_VIEW_PACK_SET_REMOTEVIEW_CONTAINER
02-19 13:19:40.529 3256 3256 D Navbar.Store: ----------------------------apply(0) NavBarStoreAction$UpdateRemoteViewContainer
02-19 13:19:40.530 1558 1558 I sysinput:Touch: writeInformation:249, OK
02-19 13:19:40.530 2334 2928 D SysinputHAL_V1_3(V1_2): runTspCmdNoRead(TSP(1)): set_sip_mode,1 ret=0
02-19 13:19:40.530 3256 3256 D Navbar.Store: ----------------------------apply(0) NavBarStoreAction$UpdateRemoteViewDarkIntensity
02-19 13:19:40.531 3256 3256 D NavigationBarController: setNavigationBarShortcut requestClass : com.samsung.android.honeyboard, remoteViews : android.widget.RemoteViews@ebdb63a, position : 0, priority : 12
02-19 13:19:40.531 3256 3256 D Navbar.Store: --------------------handleEvent(0) OnSetRemoteView(requestClass=com.samsung.android.honeyboard, remoteViews=android.widget.RemoteViews@ebdb63a, position=0, priority=12) [Module] NavigationBarController
02-19 13:19:40.531 3256 3256 D Navbar.Store: ----------------------[Band]REMOTE_VIEW_PACK_SET_NAVBAR_SHORTCUT_TO_MANAGER
02-19 13:19:40.531 3256 3256 D Navbar.Store: ------------------------apply(0) NavBarStoreAction$UpdateRemoteViewShortcut
02-19 13:19:40.532 3256 3256 D Navbar.Store: ----------------------[Band]GESTURE_PACK_UPDATE_GAMETOOLS_VISIBILITY
02-19 13:19:40.532 3256 3256 D Navbar.Store: ----------------------NavBarStates(0) isGameMode: false
02-19 13:19:40.532 3256 3256 D Navbar.Store: ------------------------apply(0) NavBarStoreAction$UpdateSysUiFlags
02-19 13:19:40.532 3256 3256 D Navbar.Store: ------------------------set 4294967296 : false
02-19 13:19:40.532 3256 3256 D Navbar.Store: ----------------------[Band]TASKBAR_PACK_SET_REMOTEVIEW
02-19 13:19:40.532 3256 3256 D Navbar.Store: ------------------------apply(0) NavBarStoreAction$UpdateTaskBarNavBarEvents
02-19 13:19:40.532 3256 3256 D TaskbarDelegate: handleNavigationBarEvent() TaskbarDelegate is not initialized.
02-19 13:19:40.532 3256 3256 D Navbar.Store: ----------------------[Band]REMOTE_VIEW_PACK_SET_NAVBAR_SHORTCUT_TO_MANAGER
02-19 13:19:40.532 3256 3256 D Navbar.Store: ------------------------apply(0) NavBarStoreAction$InvalidateRemoteView
02-19 13:19:40.532 3256 3256 D Navbar.Store: ------------------------handleEvent(0) OnUpdateRemoteViewContainer(leftContainer=android.widget.LinearLayout{cbd1822 V.E...... ......ID 69,0-195,126 #7f0a05af app:id/left_remoteview}, rightContainer=android.widget.LinearLayout{629d2b3 I.E...... ......I. 709,0-835,126 #7f0a08d6 app:id/right_remoteview}, contextualButtonVisible=false, darkIntensity=0.0, displayId=0) [Module] SamsungNavigationBarView
02-19 13:19:40.532 3256 3256 D Navbar.Store: --------------------------[Band]REMOTE_VIEW_PACK_SET_REMOTEVIEW_CONTAINER
02-19 13:19:40.532 3256 3256 D Navbar.Store: ----------------------------apply(0) NavBarStoreAction$UpdateRemoteViewContainer
02-19 13:19:40.533 3256 3256 D Navbar.Store: ----------------------------apply(0) NavBarStoreAction$UpdateRemoteViewDarkIntensity
02-19 13:19:40.533 3256 3256 D FlexPanelInteractor: startFloatingIcon: extra=display_floating_icon_clear
02-19 13:19:40.533 21462 21857 W Kumiho-Kumiho: isSupportedFormat: Format is not supported
02-19 13:19:40.533 21462 21857 D OpenGLRenderer: --- Failed to create image decoder with message 'unimplemented'
02-19 13:19:40.533 21462 21857 W Kumiho-Kumiho: isSupportedFormat: Format is not supported
02-19 13:19:40.533 21462 21857 D OpenGLRenderer: --- Failed to create image decoder with message 'unimplemented'
02-19 13:19:40.533 21462 21857 W Kumiho-Kumiho: isSupportedFormat: Format is not supported
02-19 13:19:40.533 21462 21857 D OpenGLRenderer: --- Failed to create image decoder with message 'unimplemented'
02-19 13:19:40.534 21462 21857 W Kumiho-Kumiho: isSupportedFormat: Format is not supported
02-19 13:19:40.534 21462 21857 D OpenGLRenderer: --- Failed to create image decoder with message 'unimplemented'
02-19 13:19:40.534 21462 21857 W Kumiho-Kumiho: isSupportedFormat: Format is not supported
02-19 13:19:40.534 21462 21857 D OpenGLRenderer: --- Failed to create image decoder with message 'unimplemented'
02-19 13:19:40.534 3256 3256 D NavigationBar: setImeWindowStatus displayId=0 vis=9 backDisposition=0 showImeSwitcher=false imeShown=false
02-19 13:19:40.534 21462 21857 W Kumiho-Kumiho: isSupportedFormat: Format is not supported
02-19 13:19:40.534 21462 21857 D OpenGLRenderer: --- Failed to create image decoder with message 'unimplemented'
02-19 13:19:40.535 2334 4147 D CoreBackPreview: Window{9a77eef u0 org.me.mobiexpensifyg/org.me.mobiexpensifyg.ExpensifyActivityBase}: Setting back callback OnBackInvokedCallbackInfo{mCallback=android.window.IOnBackInvokedCallback$Stub$Proxy@11eca67, mPriority=0, mIsAnimationCallback=false}
02-19 13:19:40.535 3256 3256 D Navbar.Store: ----------------------------NavBarStates(0) canUseNavBarBackgroundFrame: true
02-19 13:19:40.535 3256 3256 I ControlPanelService: startId : 17162
02-19 13:19:40.535 3256 3256 D NavigationBarController: setNavigationBarShortcut requestClass : com.android.wm.shell.controlpanel.activity.FlexPanelActivity, remoteViews : null, position : 0, priority : 11
02-19 13:19:40.535 3256 3256 D Navbar.Store: --------------------handleEvent(0) OnSetRemoteView(requestClass=com.android.wm.shell.controlpanel.activity.FlexPanelActivity, remoteViews=null, position=0, priority=11) [Module] NavigationBarController
02-19 13:19:40.535 3256 3256 D Navbar.Store: ----------------------[Band]REMOTE_VIEW_PACK_SET_NAVBAR_SHORTCUT_TO_MANAGER
02-19 13:19:40.535 3256 3256 D Navbar.Store: ------------------------apply(0) NavBarStoreAction$UpdateRemoteViewShortcut
02-19 13:19:40.535 3256 3256 D Navbar.Store: ----------------------[Band]GESTURE_PACK_UPDATE_GAMETOOLS_VISIBILITY
02-19 13:19:40.535 3256 3256 D Navbar.Store: ----------------------NavBarStates(0) isGameMode: false
02-19 13:19:40.535 3256 3256 D Navbar.Store: ------------------------apply(0) NavBarStoreAction$UpdateSysUiFlags
02-19 13:19:40.535 3256 3256 D Navbar.Store: ------------------------set 4294967296 : false
02-19 13:19:40.535 3256 3256 D Navbar.Store: ----------------------[Band]TASKBAR_PACK_SET_REMOTEVIEW
02-19 13:19:40.535 3256 3256 D Navbar.Store: ------------------------apply(0) NavBarStoreAction$UpdateTaskBarNavBarEvents
02-19 13:19:40.535 3256 3256 D TaskbarDelegate: handleNavigationBarEvent() TaskbarDelegate is not initialized.
02-19 13:19:40.535 3256 3256 D Navbar.Store: ----------------------[Band]REMOTE_VIEW_PACK_SET_NAVBAR_SHORTCUT_TO_MANAGER
02-19 13:19:40.535 3256 3256 D Navbar.Store: ------------------------apply(0) NavBarStoreAction$InvalidateRemoteView
02-19 13:19:40.536 3256 3256 D Navbar.Store: ------------------------handleEvent(0) OnUpdateRemoteViewContainer(leftContainer=android.widget.LinearLayout{cbd1822 V.E...... ........ 69,0-195,126 #7f0a05af app:id/left_remoteview}, rightContainer=android.widget.LinearLayout{629d2b3 I.E...... ......I. 709,0-835,126 #7f0a08d6 app:id/right_remoteview}, contextualButtonVisible=false, darkIntensity=0.0, displayId=0) [Module] SamsungNavigationBarView
02-19 13:19:40.536 3256 3256 D Navbar.Store: --------------------------[Band]REMOTE_VIEW_PACK_SET_REMOTEVIEW_CONTAINER
02-19 13:19:40.536 3256 3256 D Navbar.Store: ----------------------------apply(0) NavBarStoreAction$UpdateRemoteViewContainer
02-19 13:19:40.536 3256 3256 D Navbar.Store: ----------------------------apply(0) NavBarStoreAction$UpdateRemoteViewDarkIntensity
02-19 13:19:40.536 21462 21462 I Mapbox : [maps-android\Mbgl-RenderThread]: renderThreadPrepared=false and Android surface is not valid (isValid=false). Waiting for new one.
02-19 13:19:40.543 3256 3256 D Navbar.Store: ----------------------------NavBarStates(0) canUseNavBarBackgroundFrame: true
02-19 13:19:40.546 21462 21462 I Mapbox : [maps-android\Mbgl-RenderThread]: renderThreadPrepared=false and Android surface is not valid (isValid=false). Waiting for new one.
02-19 13:19:40.548 1603 1760 D RenderEngine: [SEC_GC_CMN_SF_EFFECTS] drawLayersInternal,1279, Rendering layer at index 0
02-19 13:19:40.548 1603 1760 D RenderEngine: [SEC_GC_CMN_SF_EFFECTS] drawLayersInternal,1279, Rendering layer org.me.mobiexpensifyg/org.me.mobiexpensifyg.ExpensifyActivityBase$_21462#272730 at index 1
02-19 13:19:40.553 2334 4147 V WindowManager: Relayout Window{1b8f22f u0 InputMethod}: viewVisibility=0 req=904x2229 ty=2011 d0
02-19 13:19:40.553 2334 4147 D RestrictionPolicy: isScreenCaptureEnabled : ret=true userId=0
02-19 13:19:40.554 1603 1747 I SurfaceFlinger: id=272773 createSurf, flag=44004, InputMethod$_6890#272773
02-19 13:19:40.556 21462 21462 I Mapbox : [maps-android\Mbgl-RenderThread]: renderThreadPrepared=false and Android surface is not valid (isValid=false). Waiting for new one.
02-19 13:19:40.556 2334 4147 D WindowManager: makeSurface duration=3 name=InputMethod$_6890
02-19 13:19:40.558 21462 21471 I ViewRootImpl@ccd3137[ExpensifyActivityBase]: Resizing android.view.ViewRootImpl@ff429dd: frame = [0,0][904,2316] reportDraw = false forceLayout = false syncSeqId = -1
02-19 13:19:40.558 3256 3583 I ViewRootImpl@fa0aba5[StatusBar]: Resizing android.view.ViewRootImpl@87766a0: frame = [0,0][904,87] reportDraw = false forceLayout = false syncSeqId = -1
02-19 13:19:40.559 3256 5725 I ViewRootImpl@80857f2[NavigationBar0]: Resizing android.view.ViewRootImpl@47aa4f7: frame = [0,2190][904,2316] reportDraw = false forceLayout = false syncSeqId = -1
02-19 13:19:40.559 3256 3256 I ViewRootImpl@fa0aba5[StatusBar]: handleResized, msg = 4 frames=ClientWindowFrames{frame=[0,0][904,87] display=[0,0][904,2316] parentFrame=[0,0][0,0]} forceNextWindowRelayout=false displayId=0 dragResizing=false compatScale=1.0 frameChanged=false attachedFrameChanged=false configChanged=false displayChanged=false compatScaleChanged=false
02-19 13:19:40.559 3256 3256 I ViewRootImpl@80857f2[NavigationBar0]: handleResized, msg = 4 frames=ClientWindowFrames{frame=[0,2190][904,2316] display=[0,0][904,2316] parentFrame=[0,0][0,0]} forceNextWindowRelayout=false displayId=0 dragResizing=false compatScale=1.0 frameChanged=false attachedFrameChanged=false configChanged=false displayChanged=false compatScaleChanged=false
02-19 13:19:40.559 2334 4147 V WindowManager: Relayout hash=1b8f22f, pid=6890, syncId=-1: mAttrs={(0,0)(fillxfill) gr=BOTTOM CENTER_VERTICAL sim={adjust=pan} ty=INPUT_METHOD fmt=TRANSPARENT wanim=0x7f1401b1 preferredMinDisplayRefreshRate=60.0 receive insets ignoring z-order
02-19 13:19:40.559 2334 4147 V WindowManager: fl=81800108
02-19 13:19:40.559 2334 4147 V WindowManager: pfl=12000000
02-19 13:19:40.559 2334 4147 V WindowManager: bhv=DEFAULT
02-19 13:19:40.559 2334 4147 V WindowManager: fitTypes=STATUS_BARS NAVIGATION_BARS
02-19 13:19:40.559 2334 4147 V WindowManager: fitSides=LEFT TOP RIGHT
02-19 13:19:40.559 2334 4147 V WindowManager: fitIgnoreVis
02-19 13:19:40.559 2334 4147 V WindowManager: dimAmount=4.6816468E-4 dimDuration=150 naviIconColor=0}
02-19 13:19:40.559 21462 21462 I InsetsController: onStateChanged: host=org.me.mobiexpensifyg/org.me.mobiexpensifyg.ExpensifyActivityBase, from=android.view.ViewRootImpl$ViewRootHandler.handleMessageImpl:7266, state=InsetsState: {mDisplayFrame=Rect(0, 0 - 904, 2316), mDisplayCutout=DisplayCutout{insets=Rect(0, 87 - 0, 0) waterfall=Insets{left=0, top=0, right=0, bottom=0} boundingRect={Bounds=[Rect(0, 0 - 0, 0), Rect(418, 0 - 486, 87), Rect(0, 0 - 0, 0), Rect(0, 0 - 0, 0)]} cutoutPathParserInfo={CutoutPathParserInfo{displayWidth=904 displayHeight=2316 physicalDisplayWidth=904 physicalDisplayHeight=2316 density={2.625} cutoutSpec={M 0,0 H -12.95238095238095 V 33.14285714285714 H 12.95238095238095 V 0 H 0 Z @dp} rotation={0} scale={1.0} physicalPixelDisplaySizeRatio={1.0}}}}, mRoundedCorners=RoundedCorners{[RoundedCorner{position=TopLeft, radius=53, center=Point(53, 53)}, RoundedCorner{position=TopRight, radius=53, center=Point(851, 53)}, RoundedCorner{position=BottomRight, radius=53, center=Point(851, 2263)}, RoundedCorner{position=BottomLeft, radius=53, center=Point(53, 2263)}]} mRoundedCornerFrame=Rect(0, 0 - 904, 2316), mPrivacyIndicatorBounds=PrivacyIndicatorBounds {static bounds=Rect(788, 0 - 904, 87) rotation=0}, mDisplayShape=DisplayShape{ spec=-311912193 displayWidth=904 displayHeight=2316 physicalPixelDisplaySizeRatio=1.0 rotation=0 offsetX=0 offsetY=0 scale=1.0}, mSources= { InsetsSource: {80a80001 mType=navigationBars mFrame=[0,2277][904,2316] mVisible=true mFlags=[SUPPRESS_SCRIM]}, InsetsSource: {80a80004 mType=systemGestures mFrame=[0,0][78,2316] mVisible=true mFlags=[]}, InsetsSource: {80a80005 mType=mandatorySystemGestures mFrame=[0,2232][904,2316] mVisible=true mFlags=[]}, InsetsSource: {80a80006 mType=tappableElement mFrame=[0,0][0,0] mVisible=true mFlags=[]}, InsetsSource: {80a80024 mType=systemGestures mFrame=[826,0][904,2316] mVisible=true mFlags=[]}, InsetsSource: {d59c0000 mType=statusBars mFrame=[0,0][904,87] mVisible=true mFlags=[]}, InsetsSource: {d59c0005 mType=mandatorySystemGestures mFrame=[0,0][904,119] mVisible=true mFlags=[]}, InsetsSource: {d59c0006 mType=tappableElement mFrame=[0,0][904,87] mVisible=true mFlags=[]}, InsetsSource: {3 mType=ime mFrame=[0,1366][904,2316] mVisible=false mFlags=[]}, InsetsSource: {27 mType=displayCutout mFrame=[0,0][904,87] mVisible=true mFlags=[]} }
02-19 13:19:40.559 21462 21462 I ViewRootImpl@ccd3137[ExpensifyActivityBase]: handleResized, msg = 4 frames=ClientWindowFrames{frame=[0,0][904,2316] display=[0,0][904,2316] parentFrame=[0,0][0,0]} forceNextWindowRelayout=false displayId=0 dragResizing=false compatScale=1.0 frameChanged=false attachedFrameChanged=false configChanged=false displayChanged=false compatScaleChanged=false
02-19 13:19:40.559 6890 6890 I BufferQueueProducer: [](id:1aea00000ffc,api:0,p:7536757,c:6890) setDequeueTimeout:2077252342
02-19 13:19:40.560 6890 6890 I BLASTBufferQueue_Java: new BLASTBufferQueue, mName= ViewRootImpl@1cdd9d5[InputMethod] mNativeObject= 0xb400007d13bae7f0 sc.mNativeObject= 0xb400007bd3bc4c50 caller= android.view.ViewRootImpl.updateBlastSurfaceIfNeeded:3085 android.view.ViewRootImpl.relayoutWindow:10224 android.view.ViewRootImpl.performTraversals:4167 android.view.ViewRootImpl.doTraversal:3345 android.view.ViewRootImpl$TraversalRunnable.run:11437 android.view.Choreographer$CallbackRecord.run:1690 android.view.Choreographer$CallbackRecord.run:1699 android.view.Choreographer.doCallbacks:1154 android.view.Choreographer.doFrame:1080 android.view.Choreographer$FrameDisplayEventReceiver.run:1647
02-19 13:19:40.560 6890 6890 I BLASTBufferQueue_Java: update, w= 904 h= 2229 mName = ViewRootImpl@1cdd9d5[InputMethod] mNativeObject= 0xb400007d13bae7f0 sc.mNativeObject= 0xb400007bd3bc4c50 format= -2 caller= android.graphics.BLASTBufferQueue.:89 android.view.ViewRootImpl.updateBlastSurfaceIfNeeded:3085 android.view.ViewRootImpl.relayoutWindow:10224 android.view.ViewRootImpl.performTraversals:4167 android.view.ViewRootImpl.doTraversal:3345 android.view.ViewRootImpl$TraversalRunnable.run:11437
02-19 13:19:40.560 6890 6890 I ViewRootImpl@1cdd9d5[InputMethod]: Relayout returned: old=(0,87,904,2316) new=(0,87,904,2316) relayoutAsync=false req=(904,2229)0 dur=6 res=0x3 s={true 0xb400007b33d1e960} ch=true seqId=171
02-19 13:19:40.561 6890 6890 I SemTspStateManager: setDeadZone() cmd=null
02-19 13:19:40.561 6890 6890 I HBD : b Set dead zone & edge zone for SamsungIME deadzone_v3 : 2.2%,0.69%,62.74%,2.22%,83.01%,0.69%,1.67%
02-19 13:19:40.561 6890 6890 I HBD : d [PresenterContainerImpl] onFirstOnLayoutChanged: set touch listeners
02-19 13:19:40.561 6890 6890 I HBD : d [PresenterContainerImpl] OnLayoutChangeListener: ViewInfo = pos(0, 0), size(904, 709), posOnScreen(0, 1394), offset(0, 0), L
02-19 13:19:40.561 6890 6890 I HBD : a [BoardScrapCreator] create: keyboardCount(1)
02-19 13:19:40.561 6890 6890 I HBD : x1 updateChangedBoard - [LC:false][TC:true][RC:true][RB:false]
02-19 13:19:40.561 6890 6890 I HBD : a update cached prediction status : true
02-19 13:19:40.561 6890 6890 I HBD : e updateCurrentEngine, 65538 , SWIFTKEY
02-19 13:19:40.561 6890 6890 I HBD : a [SKE_TAM] Changed false
02-19 13:19:40.561 6890 6890 I HBD : a [SKE_TAM] custom = false , useEngine = true
02-19 13:19:40.561 6890 6890 I HBD : a [SKE_TAM] Changed false
02-19 13:19:40.562 6890 6890 I HBD : b refresh(), mParameterMode, 0
02-19 13:19:40.562 6890 6890 I HBD : c [PF_EN] updateChangedBoard() 1
02-19 13:19:40.562 6890 6890 I HBD : h0 EBD bc t 0
02-19 13:19:40.563 6890 6890 I HBD : c TMST - update statistics
02-19 13:19:40.564 6890 6890 I ViewRootImpl@1cdd9d5[InputMethod]: Setup new sync=wmsSync-ViewRootImpl@1cdd9d5[InputMethod]#5
02-19 13:19:40.564 6890 6890 I ViewRootImpl@1cdd9d5[InputMethod]: Creating new active sync group ViewRootImpl@1cdd9d5[InputMethod]#6
02-19 13:19:40.564 6890 6890 I SurfaceSyncGroup: addLocalSync=ViewRootImpl@1cdd9d5[InputMethod]#6 to name=wmsSync-ViewRootImpl@1cdd9d5[InputMethod]#5, callers=android.window.SurfaceSyncGroup.add:431 android.window.SurfaceSyncGroup.add:392 android.window.SurfaceSyncGroup.add:340 android.view.ViewRootImpl.createSyncIfNeeded:4912 android.view.ViewRootImpl.performTraversals:4796 android.view.ViewRootImpl.doTraversal:3345
02-19 13:19:40.564 6890 6890 I ViewRootImpl@1cdd9d5[InputMethod]: registerCallbacksForSync syncBuffer=false
02-19 13:19:40.566 21462 21462 I Mapbox : [maps-android\Mbgl-RenderThread]: renderThreadPrepared=false and Android surface is not valid (isValid=false). Waiting for new one.
02-19 13:19:40.568 6890 14171 I ViewRootImpl@1cdd9d5[InputMethod]: Received frameDrawingCallback syncResult=0 frameNum=1.
02-19 13:19:40.568 6890 14171 I ViewRootImpl@1cdd9d5[InputMethod]: mWNT: t=0xb400007c23b60890 mBlastBufferQueue=0xb400007d13bae7f0 fn= 1 mRenderHdrSdrRatio=1.0 caller= android.view.ViewRootImpl$8.onFrameDraw:13946 android.view.ThreadedRenderer$1.onFrameDraw:792
02-19 13:19:40.569 6890 14171 I ViewRootImpl@1cdd9d5[InputMethod]: Setting up sync and frameCommitCallback
02-19 13:19:40.573 6890 8271 I BLASTBufferQueue: [ViewRootImpl@1cdd9d5[InputMethod]#4092](f:0,a:0,s:0) onFrameAvailable the first frame is available
02-19 13:19:40.574 21462 21462 I Mapbox : [maps-android\Mbgl-RenderThread]: renderThreadPrepared=false and Android surface is not valid (isValid=false). Waiting for new one.
02-19 13:19:40.574 6890 8271 I ViewRootImpl@1cdd9d5[InputMethod]: Received frameCommittedCallback lastAttemptedDrawFrameNum=1 didProduceBuffer=true
02-19 13:19:40.574 6890 8271 I SurfaceSyncGroup: onTransactionReady mName=wmsSync-ViewRootImpl@1cdd9d5[InputMethod]#5 callback=36057101
02-19 13:19:40.574 6890 6890 I ViewRootImpl@1cdd9d5[InputMethod]: reportDrawFinished seqId=171
02-19 13:19:40.574 2334 4147 D WindowManager: finishDrawingWindow: Window{1b8f22f u0 InputMethod} mDrawState=DRAW_PENDING seqId=171
02-19 13:19:40.576 2334 6167 I ActivityManager: Changes in 10109 15 to 5, 0 to 56
02-19 13:19:40.580 27186 7657 I SamsungAccount: [AccountManagerProvider] isChildAccount
02-19 13:19:40.580 27186 7657 I SamsungAccount: [AccountManagerProvider] Calling package : android.honeyboard.
02-19 13:19:40.580 27186 7657 I SamsungAccount: [SignatureCheckUtil] runCheckSignatureAsync
02-19 13:19:40.580 27186 7657 I SamsungAccount: [SignaturePreconditionChecker] getSignatureResult - fromSesSdk : false
02-19 13:19:40.580 27186 7657 I SamsungAccount: [SignatureInfoDbHelper] getSignatureResult - [10/lfgff][android.honeyboard.]
02-19 13:19:40.580 27186 7657 I SamsungAccount: [SignatureInfoDbHelper] searchOnUser
02-19 13:19:40.581 2334 3169 D SecContentProvider: query(), uri = 15 selection = isClipboardAllowedAsUser
02-19 13:19:40.581 2334 3169 D SecContentProvider: called from android.uid.honeyboard:10189
02-19 13:19:40.581 2334 3169 D RestrictionPolicy: isClipboardAllowed : true
02-19 13:19:40.581 2334 3169 D SecContentProvider: SemKnoxPolicyContract.RestrictionPolicy.CLIPBOARD_ALLOWED_AS_USER return = true
02-19 13:19:40.581 27186 7657 I SamsungAccount: [SignatureInfoDbHelper] searchOnUser - [10/lfgff][android.honeyboard.][64/3291d] => matched
02-19 13:19:40.582 27186 7657 I SamsungAccount: [SignatureInfoDbHelper] search - matched
02-19 13:19:40.582 27186 7657 I SamsungAccount: [SignatureCheckUtil] runCheckSignatureAsync(fromDb) - matched
02-19 13:19:40.582 27186 7657 I SamsungAccount: [AccountManagerProvider] This is the access of the allowed application
02-19 13:19:40.582 27186 7657 I SamsungAccount: [AccountManagerUtil] isSamsungAccountSignedIn : true
02-19 13:19:40.582 27186 7657 I SamsungAccount: [DbManagerV2] getDataState : VALID
02-19 13:19:40.582 27186 7657 I SamsungAccount: [TPMU] SIMState :SIM_STATE_ABSENT
02-19 13:19:40.582 27186 7657 I SamsungAccount: [DbManagerV2] getMccFromDB
02-19 13:19:40.582 27186 7657 I SamsungAccount: [DbManagerV2] getDataV02ForItems : MCC from Cache
02-19 13:19:40.583 27186 7657 I SamsungAccount: [ChildAccountSupportedListManager] getSupportedListFromPreference from cache
02-19 13:19:40.583 27186 7657 E SamsungAccount: [FamilyGroupUtil] getCountryCodeListWithRegionMcc - no country code with region mcc
02-19 13:19:40.583 27186 7657 I SamsungAccount: [FamilyGroupUtil] isSupportFamilyService: false
02-19 13:19:40.583 6890 18517 I HBD : h [AiWriter] updateChildAccountInfo reset
02-19 13:19:40.583 6890 18517 I HBD : h [AiWriter] setCurrentCc resetCcAndLegalAge
02-19 13:19:40.583 21462 21462 I Mapbox : [maps-android\Mbgl-RenderThread]: renderThreadPrepared=false and Android surface is not valid (isValid=false). Waiting for new one.
02-19 13:19:40.584 21462 21462 D InsetsController: show(ime(), fromIme=true)
02-19 13:19:40.584 6890 15416 I ScsApi@Feature: checkFeature() : FEATURE_SPEECH_RECOGNITION, sdk : 3.2.8
02-19 13:19:40.584 21462 21462 I InsetsController: setRequestedVisibleTypes: visible=true, mask=ime, host=org.me.mobiexpensifyg/org.me.mobiexpensifyg.ExpensifyActivityBase, from=android.view.InsetsController.controlAnimationUnchecked:1476 android.view.InsetsController.applyAnimation:2040 android.view.InsetsController.applyAnimation:2003 android.view.InsetsController.show:1340 android.view.ViewRootImpl$ViewRootHandler.handleMessageImpl:7303 android.view.ViewRootImpl$ViewRootHandler.handleMessage:7236 android.os.Handler.dispatchMessage:106 android.os.Looper.loopOnce:230 android.os.Looper.loop:319 android.app.ActivityThread.main:9063
02-19 13:19:40.585 6890 15416 I ScsApi@FeatureHolder: setStatus() : FEATURE_SPEECH_RECOGNITION : 0
02-19 13:19:40.585 6890 15416 I HBD : h HoneyVoice checkFeature() 0 time: 1
02-19 13:19:40.586 6890 15416 I HBD : a HoneyVoice isSCSSpeechFeatureEnabled : true 2 ms
02-19 13:19:40.586 21462 21462 I InsetsController: controlAnimationUncheckedInner: Added types=ime, animType=0, host=org.me.mobiexpensifyg/org.me.mobiexpensifyg.ExpensifyActivityBase, from=android.view.InsetsController.controlAnimationUnchecked:1480 android.view.InsetsController.applyAnimation:2040 android.view.InsetsController.applyAnimation:2003
02-19 13:19:40.587 2334 7371 D InsetsSourceProvider: updateVisibility: serverVisible=true, clientVisible=true, source=InsetsSource: {3 mType=ime mFrame=[0,1366][904,2316] mVisible=true mFlags=[]}, controlTarget=Window{9a77eef u0 org.me.mobiexpensifyg/org.me.mobiexpensifyg.ExpensifyActivityBase}, from=com.android.server.wm.ImeInsetsSourceProvider.updateVisibility:154 com.android.server.wm.InsetsSourceProvider.setClientVisible:642 com.android.server.wm.ImeInsetsSourceProvider.setClientVisible:101 com.android.server.wm.InsetsSourceProvider.updateClientVisibility:629 com.android.server.wm.ImeInsetsSourceProvider.updateClientVisibility:173 com.android.server.wm.InsetsStateController.onInsetsModified:280 com.android.server.wm.InsetsPolicy.onInsetsModified:539 com.android.server.wm.Session.updateRequestedVisibleTypes:797 android.view.IWindowSession$Stub.onTransact:1145 com.android.server.wm.Session.onTransact:204
02-19 13:19:40.587 2334 4147 D ConnectivityService: requestNetwork for uid/pid:10189/6890 activeRequest: null callbackRequest: 50011 [NetworkRequest [ REQUEST id=50012, [ Capabilities: INTERNET&NOT_RESTRICTED&TRUSTED&NOT_VCN_MANAGED Uid: 10189 RequestorUid: 10189 RequestorPkg: com.samsung.android.honeyboard UnderlyingNetworks: Null] ]] callback flags: 0 order: 2147483647 isUidTracked: false declaredMethods: ALL
02-19 13:19:40.588 6890 13756 I HBD : d Grammarly start session 4 ms
02-19 13:19:40.588 2334 3009 D ConnectivityService: accepting network in place of null for NetworkRequest [ REQUEST id=50012, [ Capabilities: INTERNET&NOT_RESTRICTED&TRUSTED&NOT_VCN_MANAGED Uid: 10189 RequestorUid: 10189 RequestorPkg: com.samsung.android.honeyboard UnderlyingNetworks: Null] ]
02-19 13:19:40.588 2334 7371 I WindowManager: Cancelling animation restarting=false, leash=Surface(name=Surface(name=3c5e648 NavigationBar0)/@0xe853047 - animation-leash of insets_animation)/@0xcff7f2
02-19 13:19:40.588 2334 7371 I WindowManager: Reparenting to original parent: Surface(name=WindowToken{df798eb type=2019 android.os.BinderProxy@636ff65})/@0x1556074, destroy=false, surface=Surface(name=3c5e648 NavigationBar0)/@0xe853047
02-19 13:19:40.588 2334 7371 D WindowManager: updateSystemBarAttributes: displayId=0, win=Window{9a77eef u0 org.me.mobiexpensifyg/org.me.mobiexpensifyg.ExpensifyActivityBase}, navColorWin=Window{1b8f22f u0 InputMethod}, focusedCanBeNavColorWin=false, behavior=1, appearance=0, statusBarAppearanceRegions=[AppearanceRegion{ bounds=[0,0][904,2316]}], requestedVisibilities=-1, from=com.android.server.wm.InsetsStateController.onInsetsModified:286 com.android.server.wm.InsetsPolicy.onInsetsModified:539 com.android.server.wm.Session.updateRequestedVisibleTypes:797
02-19 13:19:40.589 2334 2979 D WifiNetworkFactory: got request NetworkRequest [ REQUEST id=50012, [ Capabilities: INTERNET&NOT_RESTRICTED&TRUSTED&NOT_VCN_MANAGED Uid: 10189 RequestorUid: 10189 RequestorPkg: com.samsung.android.honeyboard UnderlyingNetworks: Null] ]
02-19 13:19:40.589 6890 6890 I HBD : [DirectWriting] AnimationController handleEvent() EditorRectChanged
02-19 13:19:40.589 6890 6890 I HBD : [DirectWriting] ToolbarController handleEvent() EditorRectChanged
02-19 13:19:40.589 2334 3009 D ConnectivityService: Rematched networks [computed 1ms] [applied 0ms] [issued 1]
02-19 13:19:40.589 2334 3009 D ConnectivityService: NetworkReassignment :
02-19 13:19:40.589 2334 3009 D ConnectivityService: 50012 : null → 186
02-19 13:19:40.589 2334 2979 D UntrustedWifiNetworkFactory: got request NetworkRequest [ REQUEST id=50012, [ Capabilities: INTERNET&NOT_RESTRICTED&TRUSTED&NOT_VCN_MANAGED Uid: 10189 RequestorUid: 10189 RequestorPkg: com.samsung.android.honeyboard UnderlyingNetworks: Null] ]
02-19 13:19:40.589 2334 2979 D OemPaidWifiNetworkFactory: got request NetworkRequest [ REQUEST id=50012, [ Capabilities: INTERNET&NOT_RESTRICTED&TRUSTED&NOT_VCN_MANAGED Uid: 10189 RequestorUid: 10189 RequestorPkg: com.samsung.android.honeyboard UnderlyingNetworks: Null] ]
02-19 13:19:40.589 2334 2979 D MultiInternetWifiNetworkFactory: got request NetworkRequest [ REQUEST id=50012, [ Capabilities: INTERNET&NOT_RESTRICTED&TRUSTED&NOT_VCN_MANAGED Uid: 10189 RequestorUid: 10189 RequestorPkg: com.samsung.android.honeyboard UnderlyingNetworks: Null] ]
02-19 13:19:40.590 6890 7848 W HBD : d [SKE_KPM] -400 was not included in KPM.
02-19 13:19:40.590 6890 7848 W HBD : d [SKE_KPM] -5 was not included in KPM.
02-19 13:19:40.590 6890 7848 W HBD : d [SKE_KPM] -102 was not included in KPM.
02-19 13:19:40.590 6890 7848 W HBD : d [SKE_KPM] -117 was not included in KPM.
02-19 13:19:40.590 6890 7848 W HBD : d [SKE_KPM] -122 was not included in KPM.
02-19 13:19:40.590 6890 7848 W HBD : d [SKE_KPM] 10 was not included in KPM.
02-19 13:19:40.591 6890 7848 I HBD : d [SKE_KPM] load kpm : /data/user/0/com.samsung.android.honeyboard/app_KeyPressModel/model_0_0_1010227686.im
02-19 13:19:40.591 2334 2446 V WindowManager: performShowLocked: mDrawState=HAS_DRAWN in Window{1b8f22f u0 InputMethod}
02-19 13:19:40.592 2334 2446 D SurfaceControl: restrictHighRefreshRate, enabled=true
02-19 13:19:40.593 1603 2205 I SurfaceFlinger: HRR : 1
02-19 13:19:40.596 6890 14462 I ViewRootImpl@1cdd9d5[InputMethod]: Resizing android.view.ViewRootImpl@d67dd85: frame = [0,87][904,2316] reportDraw = false forceLayout = false syncSeqId = -1
02-19 13:19:40.596 3256 5725 I ViewRootImpl@fa0aba5[StatusBar]: Resizing android.view.ViewRootImpl@87766a0: frame = [0,0][904,87] reportDraw = false forceLayout = false syncSeqId = -1
02-19 13:19:40.596 6890 6890 I ViewRootImpl@1cdd9d5[InputMethod]: handleResized, msg = 4 frames=ClientWindowFrames{frame=[0,87][904,2316] display=[0,87][904,2316] parentFrame=[0,0][0,0]} forceNextWindowRelayout=false displayId=0 dragResizing=false compatScale=1.0 frameChanged=false attachedFrameChanged=false configChanged=false displayChanged=false compatScaleChanged=false
02-19 13:19:40.596 3256 3583 I ViewRootImpl@80857f2[NavigationBar0]: Resizing android.view.ViewRootImpl@47aa4f7: frame = [0,2190][904,2316] reportDraw = false forceLayout = false syncSeqId = -1
02-19 13:19:40.597 21462 21471 I ViewRootImpl@ccd3137[ExpensifyActivityBase]: Resizing android.view.ViewRootImpl@ff429dd: frame = [0,0][904,2316] reportDraw = false forceLayout = false syncSeqId = -1
02-19 13:19:40.597 2334 2446 I RefreshRateModeManager: Schedule to change allowedModes=baseModeId=8 allowGroupSwitching=false primary=physical: (60.0 120.0) render: (60.0 120.0) appRequest=physical: (60.0 120.0) render: (60.0 120.0), displayToken=android.os.BinderProxy@2c4e25e mVotesByDisplay:
02-19 13:19:40.597 2334 2446 I RefreshRateModeManager: -1:
02-19 13:19:40.597 2334 2446 I RefreshRateModeManager: PRIORITY_REFRESH_RATE_MODE -> Vote: {width: -1, height: -1, refreshRateRanges: physical: (10.0 120.0) render: (0.0 Infinity), disableRefreshRateSwitching: false, appRequestBaseModeRefreshRate: 0.0}
02-19 13:19:40.597 2334 2446 I RefreshRateModeManager: PRIORITY_USER_SETTING_PEAK_RENDER_FRAME_RATE -> Vote: {width: -1, height: -1, refreshRateRanges: physical: (0.0 Infinity) render: (0.0 120.0), disableRefreshRateSwitching: false, appRequestBaseModeRefreshRate: 0.0}
02-19 13:19:40.597 2334 2446 I RefreshRateModeManager: PRIORITY_USER_SETTING_MIN_RENDER_FRAME_RATE -> Vote: {width: -1, height: -1, refreshRateRanges: physical: (0.0 Infinity) render: (0.0 Infinity), disableRefreshRateSwitching: false, appRequestBaseModeRefreshRate: 0.0}
02-19 13:19:40.597 2334 2446 I RefreshRateModeManager: 0:
02-19 13:19:40.597 2334 2446 I RefreshRateModeManager: PRIORITY_APP_REQUEST_RENDER_FRAME_RATE_RANGE -> Vote: {width: -1, height: -1, refreshRateRanges: physical: (0.0 Infinity) render: (60.0 Infinity), disableRefreshRateSwitching: false, appRequestBaseModeRefreshRate: 0.0}
02-19 13:19:40.597 2334 2446 I RefreshRateModeManager:
02-19 13:19:40.597 2334 2446 I RefreshRateModeManager: mModeSwitchingType: SWITCHING_TYPE_WITHIN_GROUPS mAlwaysRespectAppRequest: false
02-19 13:19:40.597 2334 2446 I RefreshRateModeManager: Current Mode mReportedRefreshRateMode(toSurfaceFlinger)=REFRESH_RATE_MODE_PASSIVE, mRefreshRateMode(fromSettings)=REFRESH_RATE_MODE_SEAMLESS
02-19 13:19:40.597 2334 2446 I RefreshRateModeManager: BrightnessState mPassive=true, PassiveModeToken=false, mBrightness=42, mAmbientLux=7.0
02-19 13:19:40.598 2334 2447 W LocalDisplayAdapter: Ignoring request for invalid base mode id 8
02-19 13:19:40.598 3256 3256 I ViewRootImpl@fa0aba5[StatusBar]: handleResized, msg = 4 frames=ClientWindowFrames{frame=[0,0][904,87] display=[0,0][904,2316] parentFrame=[0,0][0,0]} forceNextWindowRelayout=false displayId=0 dragResizing=false compatScale=1.0 frameChanged=false attachedFrameChanged=false configChanged=false displayChanged=false compatScaleChanged=false
02-19 13:19:40.598 3256 3256 I ViewRootImpl@80857f2[NavigationBar0]: handleResized, msg = 4 frames=ClientWindowFrames{frame=[0,2190][904,2316] display=[0,0][904,2316] parentFrame=[0,0][0,0]} forceNextWindowRelayout=false displayId=0 dragResizing=false compatScale=1.0 frameChanged=false attachedFrameChanged=false configChanged=false displayChanged=false compatScaleChanged=false
02-19 13:19:40.599 2334 2446 D LocalDisplayAdapter: setDesiredDisplayModeSpecsAsync(4630946213010294403) : defaultMode=0 allowGroupSwitching=false primaryRanges=physical: (60.0 120.0) render: (60.0 120.0) appRequestRanges=physical: (60.0 120.0) render: (60.0 120.0)
02-19 13:19:40.599 1603 1603 I RefreshRateSelector: Display 4630946213010294403 policy changed
02-19 13:19:40.599 1603 1603 I RefreshRateSelector: Previous: {defaultModeId=0, allowGroupSwitching=false, primaryRanges={physical=[10.00 Hz, 120.00 Hz], render=[0.00 Hz, 120.00 Hz]}, appRequestRanges={physical=[10.00 Hz, 120.00 Hz], render=[0.00 Hz, 120.00 Hz]}}
02-19 13:19:40.599 1603 1603 I RefreshRateSelector: Current: DisplayManagerPolicy{defaultModeId=0, allowGroupSwitching=false, primaryRanges={physical=[60.00 Hz, 120.00 Hz], render=[60.00 Hz, 120.00 Hz]}, appRequestRanges={physical=[60.00 Hz, 120.00 Hz], render=[60.00 Hz, 120.00 Hz]}}
02-19 13:19:40.599 1603 1603 I RefreshRateSelector: 2 mode changes were performed under the previous policy
02-19 13:19:40.599 1603 1603 I SurfaceFlinger: [4630946213010294403] Setting desired display mode specs: {defaultModeId=0, allowGroupSwitching=false, primaryRanges={physical=[60.00 Hz, 120.00 Hz], render=[60.00 Hz, 120.00 Hz]}, appRequestRanges={physical=[60.00 Hz, 120.00 Hz], render=[60.00 Hz, 120.00 Hz]}}
02-19 13:19:40.601 1603 1603 I Layer : Layer::reparent [3c5e648 NavigationBar0#261402] newParent : WindowToken{df798eb type=2019 android.os.BinderProxy@636ff65}#261401 , isRemovedFromCurrentState : 0 -------------------------
02-19 13:19:40.601 1603 1603 I Layer : Layer::reparent [3c5e648 NavigationBar0#261402] End -------------------------
02-19 13:19:40.601 1603 1603 I Layer : Layer::reparent [Surface(name=3c5e648 NavigationBar0)/@0xe853047 - animation-leash of insets_animation#272766] newParentHandle : null -------------------------
02-19 13:19:40.601 1603 1603 I Layer : id=272766 removeFromCurrentState Surface(name=3c5e648 NavigationBar0)/@0xe853047 - animation-leash of insets_animation#272766 (221)
02-19 13:19:40.601 1603 1603 I Layer : Layer::reparent [Surface(name=3c5e648 NavigationBar0)/@0xe853047 - animation-leash of insets_animation#272766] End -------------------------
02-19 13:19:40.601 1603 1603 I Layer : Layer [InputMethod$_6890#272773] hidden!! flag(0)
02-19 13:19:40.616 21462 21787 I ViewRootImpl@ccd3137[ExpensifyActivityBase]: mWNT: t=0xb400007c23ce9870 mBlastBufferQueue=0xb400007d13b6b4f0 fn= 628 mRenderHdrSdrRatio=1.0 caller= android.view.SyncRtSurfaceTransactionApplier.applyTransaction:96 android.view.SyncRtSurfaceTransactionApplier.lambda$scheduleApply$0:69 android.view.SyncRtSurfaceTransactionApplier.$r8$lambda$SgowXC58rj3PR958kHUfRgLZmvE:0
02-19 13:19:40.616 21462 21462 I Mapbox : [maps-android\Mbgl-RenderThread]: renderThreadPrepared=false and Android surface is not valid (isValid=false). Waiting for new one.
02-19 13:19:40.619 2334 3924 D ActivityManagerPerformance: AMP_release() ACT_RESUME
02-19 13:19:40.622 1492 1518 I HYPER-HAL: [RequestManager.cpp]releaseLocked(): Released ID : 2778926
02-19 13:19:40.632 21462 21462 I Mapbox : [maps-android\Mbgl-RenderThread]: renderThreadPrepared=false and Android surface is not valid (isValid=false). Waiting for new one.
02-19 13:19:40.632 21462 21786 I ViewRootImpl@ccd3137[ExpensifyActivityBase]: mWNT: t=0xb400007c23cec050 mBlastBufferQueue=0xb400007d13b6b4f0 fn= 629 mRenderHdrSdrRatio=1.0 caller= android.view.SyncRtSurfaceTransactionApplier.applyTransaction:96 android.view.SyncRtSurfaceTransactionApplier.lambda$scheduleApply$0:69 android.view.SyncRtSurfaceTransactionApplier.$r8$lambda$SgowXC58rj3PR958kHUfRgLZmvE:0
02-19 13:19:40.633 21462 21462 I InsetsController: onStateChanged: host=org.me.mobiexpensifyg/org.me.mobiexpensifyg.ExpensifyActivityBase, from=android.view.ViewRootImpl$ViewRootHandler.handleMessageImpl:7279, state=InsetsState: {mDisplayFrame=Rect(0, 0 - 904, 2316), mDisplayCutout=DisplayCutout{insets=Rect(0, 87 - 0, 0) waterfall=Insets{left=0, top=0, right=0, bottom=0} boundingRect={Bounds=[Rect(0, 0 - 0, 0), Rect(418, 0 - 486, 87), Rect(0, 0 - 0, 0), Rect(0, 0 - 0, 0)]} cutoutPathParserInfo={CutoutPathParserInfo{displayWidth=904 displayHeight=2316 physicalDisplayWidth=904 physicalDisplayHeight=2316 density={2.625} cutoutSpec={M 0,0 H -12.95238095238095 V 33.14285714285714 H 12.95238095238095 V 0 H 0 Z @dp} rotation={0} scale={1.0} physicalPixelDisplaySizeRatio={1.0}}}}, mRoundedCorners=RoundedCorners{[RoundedCorner{position=TopLeft, radius=53, center=Point(53, 53)}, RoundedCorner{position=TopRight, radius=53, center=Point(851, 53)}, RoundedCorner{position=BottomRight, radius=53, center=Point(851, 2263)}, RoundedCorner{position=BottomLeft, radius=53, center=Point(53, 2263)}]} mRoundedCornerFrame=Rect(0, 0 - 904, 2316), mPrivacyIndicatorBounds=PrivacyIndicatorBounds {static bounds=Rect(788, 0 - 904, 87) rotation=0}, mDisplayShape=DisplayShape{ spec=-311912193 displayWidth=904 displayHeight=2316 physicalPixelDisplaySizeRatio=1.0 rotation=0 offsetX=0 offsetY=0 scale=1.0}, mSources= { InsetsSource: {80a80001 mType=navigationBars mFrame=[0,2277][904,2316] mVisible=true mFlags=[SUPPRESS_SCRIM]}, InsetsSource: {80a80004 mType=systemGestures mFrame=[0,0][78,2316] mVisible=true mFlags=[]}, InsetsSource: {80a80005 mType=mandatorySystemGestures mFrame=[0,2232][904,2316] mVisible=true mFlags=[]}, InsetsSource: {80a80006 mType=tappableElement mFrame=[0,0][0,0] mVisible=true mFlags=[]}, InsetsSource: {80a80024 mType=systemGestures mFrame=[826,0][904,2316] mVisible=true mFlags=[]}, InsetsSource: {d59c0000 mType=statusBars mFrame=[0,0][904,87] mVisible=true mFlags=[]}, InsetsSource: {d59c0005 mType=mandatorySystemGestures mFrame=[0,0][904,119] mVisible=true mFlags=[]}, InsetsSource: {d59c0006 mType=tappableElement mFrame=[0,0][904,87] mVisible=true mFlags=[]}, InsetsSource: {3 mType=ime mFrame=[0,1366][904,2316] mVisible=true mFlags=[]}, InsetsSource: {27 mType=displayCutout mFrame=[0,0][904,87] mVisible=true mFlags=[]} }
02-19 13:19:40.633 21462 21462 I ViewRootImpl@ccd3137[ExpensifyActivityBase]: handleResized, msg = 4 frames=ClientWindowFrames{frame=[0,0][904,2316] display=[0,0][904,2316] parentFrame=[0,0][0,0]} forceNextWindowRelayout=false displayId=0 dragResizing=false compatScale=1.0 frameChanged=false attachedFrameChanged=false configChanged=false displayChanged=false compatScaleChanged=false
02-19 13:19:40.633 1603 2205 I SurfaceFlinger: id=272766 Removed Surface(name=3c5e648 NavigationBar0)/@0xe853047 - animation-leash of insets_animation#272766 (221)
02-19 13:19:40.635 1603 1603 I Layer : id=272766 Destroyed Surface(name=3c5e648 NavigationBar0)/@0xe853047 - animation-leash of insets_animation#272766
02-19 13:19:40.636 2334 6167 D InputMethodManagerService: isImeSwitcherDisabledPackage : false
02-19 13:19:40.637 3256 3256 D NavigationBar: setImeWindowStatus displayId=0 vis=3 backDisposition=0 showImeSwitcher=false imeShown=true
02-19 13:19:40.637 3256 3256 D Navbar.Store: --------------------handleEvent(0) OnNavBarIconHintChanged(iconHint=3) [Module] NavigationBar
02-19 13:19:40.637 3256 3256 D Navbar.Store: ----------------------[Band]SETUPWIZARD_PACK_SET_NAVBAR_ICON_HINT
02-19 13:19:40.638 3256 3256 D Navbar.Store: ----------------------[Band]VIS_PACK_REEVAULATE_NAVBAR
02-19 13:19:40.638 3256 3256 D Navbar.Store: ------------------------apply(0) NavBarStoreAction$ReevaluateNavBar
02-19 13:19:40.638 3256 3256 D Navbar.Store: ------------------------handleEvent(0) OnUpdateRemoteViewContainer(leftContainer=android.widget.LinearLayout{cbd1822 V.E...... ........ 69,0-195,126 #7f0a05af app:id/left_remoteview}, rightContainer=android.widget.LinearLayout{629d2b3 I.E...... ......I. 709,0-835,126 #7f0a08d6 app:id/right_remoteview}, contextualButtonVisible=false, darkIntensity=0.0, displayId=0) [Module] SamsungNavigationBarView
02-19 13:19:40.638 3256 3256 D Navbar.Store: --------------------------[Band]REMOTE_VIEW_PACK_SET_REMOTEVIEW_CONTAINER
02-19 13:19:40.638 3256 3256 D Navbar.Store: ----------------------------apply(0) NavBarStoreAction$UpdateRemoteViewContainer
02-19 13:19:40.639 3256 3256 D Navbar.Store: ----------------------------apply(0) NavBarStoreAction$UpdateRemoteViewDarkIntensity
02-19 13:19:40.639 21462 21467 D InputTransport: Input channel destroyed: 'ClientS', fd=286
02-19 13:19:40.644 3256 3256 D Navbar.Store: --------------------handleEvent(0) OnSetGestureHintVisibility(recentVisible=true, homeVisible=true, backVisible=true) [Module] SamsungNavigationBarView
02-19 13:19:40.644 3256 3256 D Navbar.Store: ----------------------[Band]GESTURE_PACK_SET_HINT_VISIBILITY
02-19 13:19:40.644 3256 3256 D Navbar.Store: ----------------------[Band] (afterAction) GESTURE_PACK_SET_HINT_VISIBILITY
02-19 13:19:40.644 3256 3256 D Navbar.Store: ------------------------apply(0) NavBarStoreAction$UpdateGestureHintVisibility
02-19 13:19:40.644 3256 3256 D Navbar.Store: ------------------------NavBarStates(0) canShowGestureHint: true
02-19 13:19:40.645 3256 3256 D Navbar.Store: --------------------handleEvent(0) OnUpdateSysUiStateFlag(noArguments=true) [Module] SamsungNavigationBarView
02-19 13:19:40.645 3256 3256 D Navbar.Store: ----------------------[Band]GESTURE_PACK_UPDATE_SYSTEMUI_STATE_FLAG
02-19 13:19:40.645 3256 3256 D Navbar.Store: ----------------------[Band] (afterAction) GESTURE_PACK_UPDATE_SYSTEMUI_STATE_FLAG
02-19 13:19:40.645 3256 3256 D Navbar.Store: ----------------------NavBarStates(0) isGameMode: false
02-19 13:19:40.645 3256 3256 D Navbar.Store: ------------------------apply(0) NavBarStoreAction$UpdateSysUiFlags
02-19 13:19:40.645 21462 21787 I ViewRootImpl@ccd3137[ExpensifyActivityBase]: mWNT: t=0xb400007c23ce7e50 mBlastBufferQueue=0xb400007d13b6b4f0 fn= 630 mRenderHdrSdrRatio=1.0 caller= android.view.SyncRtSurfaceTransactionApplier.applyTransaction:96 android.view.SyncRtSurfaceTransactionApplier.lambda$scheduleApply$0:69 android.view.SyncRtSurfaceTransactionApplier.$r8$lambda$SgowXC58rj3PR958kHUfRgLZmvE:0
02-19 13:19:40.645 3256 3256 D Navbar.Store: ------------------------set 68719476736 : false
