02-19 13:19:34.080 1879 22414 I CCodec : state->set(ALLOCATING)
02-19 13:19:34.080 1879 11729 V MediaPlayerService: [800] enableAudioDeviceCallback, 0
02-19 13:19:34.080 1879 11729 V AudioSink: enableAudioDeviceCallback, 0
02-19 13:19:34.080 1879 22414 I CCodec : allocate(c2.android.vorbis.decoder)
02-19 13:19:34.080 3256 22388 V MediaPlayer: resetDrmState: mDrmInfo=null mDrmProvisioningThread=null mPrepareDrmInProgress=false mActiveDrmScheme=false
02-19 13:19:34.080 3256 22388 V MediaPlayer: cleanDrmObj: mDrmObj=null mDrmSessionId=null
02-19 13:19:34.080 3256 22388 V MediaPlayer-JNI: release
02-19 13:19:34.080 3256 22388 V MediaPlayerNative: setListener
02-19 13:19:34.080 3256 22388 V MediaPlayerNative: disconnect
02-19 13:19:34.080 1879 11729 V MediaPlayerService: disconnect(800) from AttributionSource AttributionSourceState{pid: 3256, uid: 10039, packageName: com.android.systemui, attributionTag: (null), token: binder:0xec78f5b0, renouncedPermissions: [], next: []}
02-19 13:19:34.080 1879 11729 D NuPlayerDriver: reset(0xec506d70) at state 8
02-19 13:19:34.080 1879 11729 V NuPlayerDriver: updateMetrics(0xec506d70) from reset at state 8
02-19 13:19:34.080 1879 11729 V NuPlayer: updateInternalTimers()
02-19 13:19:34.080 1879 11729 V NuPlayer: updatePlaybackTimer(snap) time 0 (updateInternalTimers)
02-19 13:19:34.080 1879 11729 V NuPlayer: updateRebufferingTimer(snap) time 0 (exiting 0)
02-19 13:19:34.080 1879 11729 V NuPlayerDriver: logMetrics(0xec506d70) from reset at state 8
02-19 13:19:34.080 1879 11729 V NuPlayerDriver: nothing to record (only 3 fields)
02-19 13:19:34.081 1879 22394 V NuPlayer: kWhatReset
02-19 13:19:34.081 1879 22394 I MediaMonitor: stop time 263074823699
02-19 13:19:34.081 1879 22394 V NuPlayer: setDecoderBooster enable = No
02-19 13:19:34.081 1879 22394 V NuPlayer: updatePlaybackTimer(stop) time 0 (kWhatReset)
02-19 13:19:34.081 1879 22394 V NuPlayer: updateRebufferingTimer(stop) time 0 (exiting 1)
02-19 13:19:34.081 1879 22394 V NuPlayer: performDecoderFlush audio=2, video=2
02-19 13:19:34.081 1879 22394 V NuPlayer: [audio] flushDecoder needShutdown=1
02-19 13:19:34.081 1879 22394 V NuPlayer: postponing action mFlushingAudio=2, mFlushingVideo=0
02-19 13:19:34.082 1879 22414 I CCodec : setting up 'default' as default (vendor) store
02-19 13:19:34.085 1941 28997 D BufferPoolAccessor2.0: bufferpool2 0xb4000073ac416a08 : 0(0 size) total buffers - 0(0 size) used buffers - 0/0 (recycle/alloc) - 0/0 (fetch/transfer)
02-19 13:19:34.085 1941 28997 D BufferPoolAccessor2.0: bufferpool2 0xb4000073ac427f88 : 0(0 size) total buffers - 0(0 size) used buffers - 12/15 (recycle/alloc) - 3/14 (fetch/transfer)
02-19 13:19:34.085 1941 28997 D BufferPoolAccessor2.0: bufferpool2 0xb4000073ac413038 : 0(0 size) total buffers - 0(0 size) used buffers - 0/0 (recycle/alloc) - 0/0 (fetch/transfer)
02-19 13:19:34.085 1879 7313 D BufferPoolAccessor2.0: bufferpool2 0xe3d8ac48 : 0(0 size) total buffers - 0(0 size) used buffers - 119/127 (recycle/alloc) - 8/250 (fetch/transfer)
02-19 13:19:34.085 1879 7313 D BufferPoolAccessor2.0: Destruction - bufferpool2 0xe3d8ac48 cached: 0/0M, 0/0% in use; allocs: 127, 94% recycled; transfers: 250, 97% unfetched
02-19 13:19:34.086 1879 22414 I CCodec : Created component [c2.android.vorbis.decoder]
02-19 13:19:34.086 1879 22414 I CCodec : [c2.android.vorbis.decoder] state->set(ALLOCATED)
02-19 13:19:34.086 1879 22414 D CCodecConfig: read media type: audio/vorbis
02-19 13:19:34.088 1879 22414 D ReflectedParamUpdater: extent() != 1 for single value type: algo.buffers.max-count.values
02-19 13:19:34.088 1879 22414 D ReflectedParamUpdater: extent() != 1 for single value type: output.subscribed-indices.values
02-19 13:19:34.088 1879 22414 D ReflectedParamUpdater: extent() != 1 for single value type: input.buffers.allocator-ids.values
02-19 13:19:34.089 1879 22414 D ReflectedParamUpdater: extent() != 1 for single value type: output.buffers.allocator-ids.values
02-19 13:19:34.089 1879 22414 D ReflectedParamUpdater: extent() != 1 for single value type: algo.buffers.allocator-ids.values
02-19 13:19:34.089 1879 22414 D ReflectedParamUpdater: extent() != 1 for single value type: output.buffers.pool-ids.values
02-19 13:19:34.089 1879 22414 D ReflectedParamUpdater: extent() != 1 for single value type: algo.buffers.pool-ids.values
02-19 13:19:34.090 1879 22414 I CCodecConfig: query failed after returning 7 values (BAD_INDEX)
02-19 13:19:34.090 1879 22414 D CCodecConfig: c2 config diff is Dict {
02-19 13:19:34.090 1879 22414 D CCodecConfig: c2::u32 coded.bitrate.value = 64000
02-19 13:19:34.090 1879 22414 D CCodecConfig: c2::u32 input.buffers.max-size.value = 32768
02-19 13:19:34.090 1879 22414 D CCodecConfig: c2::u32 input.delay.value = 0
02-19 13:19:34.090 1879 22414 D CCodecConfig: string input.media-type.value = "audio/vorbis"
02-19 13:19:34.090 1879 22414 D CCodecConfig: string output.media-type.value = "audio/raw"
02-19 13:19:34.090 1879 22414 D CCodecConfig: c2::u32 raw.channel-count.value = 1
02-19 13:19:34.090 1879 22414 D CCodecConfig: c2::u32 raw.sample-rate.value = 48000
02-19 13:19:34.090 1879 22414 D CCodecConfig: }
02-19 13:19:34.091 1879 22414 D MediaCodec: flushMediametrics
02-19 13:19:34.091 1879 22414 D CCodec : [c2.android.vorbis.decoder] buffers are bound to CCodec for this session
02-19 13:19:34.091 1879 22414 I CCodec : appPid(3256) width(0) height(0)
02-19 13:19:34.091 1879 22414 D CCodecConfig: no c2 equivalents for durationUs
02-19 13:19:34.091 1879 22414 D CCodecConfig: no c2 equivalents for csd-1
02-19 13:19:34.091 1879 22414 D CCodecConfig: no c2 equivalents for haptic-channel-count
02-19 13:19:34.091 1879 22414 D CCodecConfig: no c2 equivalents for app-pid
02-19 13:19:34.091 1879 22414 D CCodecConfig: no c2 equivalents for flags
02-19 13:19:34.092 1879 22414 D CCodecConfig: c2 config diff is c2::u32 coded.bitrate.value = 288000
02-19 13:19:34.092 1879 22414 D CCodecConfig: c2::u32 raw.channel-count.value = 3
02-19 13:19:34.092 1879 22414 W Codec2Client: query -- param skipped: index = 1107298332.
02-19 13:19:34.092 1879 22414 D CCodec : encoding statistics level = 0
02-19 13:19:34.092 1879 22414 D CCodec : setup formats input: AMessage(what = 0x00000000) = {
02-19 13:19:34.092 1879 22414 D CCodec : int32_t bitrate = 288000
02-19 13:19:34.092 1879 22414 D CCodec : int32_t channel-count = 3
02-19 13:19:34.092 1879 22414 D CCodec : int32_t max-input-size = 32768
02-19 13:19:34.092 1879 22414 D CCodec : string mime = "audio/vorbis"
02-19 13:19:34.092 1879 22414 D CCodec : int32_t sample-rate = 48000
02-19 13:19:34.092 1879 22414 D CCodec : }
02-19 13:19:34.092 1879 22414 D CCodec : setup formats output: AMessage(what = 0x00000000) = {
02-19 13:19:34.092 1879 22414 D CCodec : int32_t channel-count = 3
02-19 13:19:34.092 1879 22414 D CCodec : string mime = "audio/raw"
02-19 13:19:34.092 1879 22414 D CCodec : int32_t sample-rate = 48000
02-19 13:19:34.092 1879 22414 D CCodec : int32_t channel-mask = 536870915
02-19 13:19:34.092 1879 22414 D CCodec : int32_t android._config-pcm-encoding = 2
02-19 13:19:34.092 1879 22414 D CCodec : }
02-19 13:19:34.092 1879 22414 I CCodecConfig: query failed after returning 7 values (BAD_INDEX)
02-19 13:19:34.093 2334 3990 D SehCodecSolutionService: updateMediaStatisticsData: (action=1@1986621044;category=4@1986621044;label=1634956898@1986621044)
02-19 13:19:34.093 2334 3990 D CodecSolution_MediaStatisticsData: MediaStatisticsData: action=1@1986621044;category=4@1986621044;label=1634956898@1986621044
02-19 13:19:34.093 2334 3990 D CodecSolution_MediaStatisticsData: Category.valueOf: 4
02-19 13:19:34.093 2334 3990 D CodecSolution_MediaStatisticsData: Action.valueOf: 1
02-19 13:19:34.093 2334 3990 D CodecSolution_MediaStatisticsData: Label.valueOf: 0x61737662
02-19 13:19:34.093 2334 3990 D CodecSolution_MediaStatisticsData: category: ADEC
02-19 13:19:34.093 2334 3990 D CodecSolution_MediaStatisticsData: action: INSTANTIATE
02-19 13:19:34.093 2334 3990 D CodecSolution_MediaStatisticsData: label: ANDROID_SW_VORBIS
02-19 13:19:34.093 2334 2334 D SehCodecSolutionService: handleMessage : 900
02-19 13:19:34.093 1879 22414 I MediaCodec: MediaCodec will operate in async mode
02-19 13:19:34.093 1879 22413 D MediaCodec: keep callback message for reclaim
02-19 13:19:34.093 1879 22414 I CCodec : [c2.android.vorbis.decoder] state->set(STARTING)
02-19 13:19:34.093 2334 2334 D SehCodecSolutionService: event : ADEC
02-19 13:19:34.093 2334 2334 D CodecSolution_Logging: dma : true, feature: ADEC, extra: ANDROID_SW_VORBIS, value: -1
02-19 13:19:34.093 2334 2334 D CodecSolution_Logging: insert diagmon log
02-19 13:19:34.093 2334 2334 D CodecSolution_Logging: permission granted
02-19 13:19:34.094 1879 22414 W Codec2Client: query -- param skipped: index = 1342179345.
02-19 13:19:34.094 1879 22414 W Codec2Client: query -- param skipped: index = 2415921170.
02-19 13:19:34.094 2334 2334 W ContextImpl: Calling a method in the system process without a qualified user: android.app.ContextImpl.sendBroadcast:1281 vendor.samsung.frameworks.codecsolution.Logging.insertDiagmonLog:13 vendor.samsung.frameworks.codecsolution.Logging.insertLog:6 vendor.samsung.frameworks.codecsolution.Logging.insertLog:1 vendor.samsung.frameworks.codecsolution.SehCodecSolutionService$1.handleMessage:24
02-19 13:19:34.094 1879 22414 D BufferPoolAccessor2.0: bufferpool2 0xe3d81e88 : 4(131072 size) total buffers - 4(131072 size) used buffers - 14/22 (recycle/alloc) - 8/34 (fetch/transfer)
02-19 13:19:34.094 1879 22414 D CCodecBufferChannel: [c2.android.vorbis.decoder#634] Created input block pool with allocatorID 16 => poolID 610 - OK (0)
02-19 13:19:34.095 1941 12994 D BufferPoolAccessor2.0: bufferpool2 0xb4000073ac414e48 : 0(0 size) total buffers - 0(0 size) used buffers - 119/123 (recycle/alloc) - 4/122 (fetch/transfer)
02-19 13:19:34.095 1941 12994 D BufferPoolAccessor2.0: Destruction - bufferpool2 0xb4000073ac414e48 cached: 0/0M, 0/0% in use; allocs: 123, 97% recycled; transfers: 122, 97% unfetched
02-19 13:19:34.095 1879 22414 I CCodecBufferChannel: [c2.android.vorbis.decoder#634] Created output block pool with allocatorID 16 => poolID 1604 - OK
02-19 13:19:34.095 1879 22414 D CCodecBufferChannel: [c2.android.vorbis.decoder#634] Configured output block pool ids 1604 => OK
02-19 13:19:34.096 1941 12994 E Codec2-ComponentInterface: We have a failed config
02-19 13:19:34.096 1879 22414 I CCodec : [c2.android.vorbis.decoder] state->set(RUNNING)
02-19 13:19:34.096 1535 406 I QC2CompStore: Setting heap usage to system
02-19 13:19:34.096 1879 22414 I CCodecBufferChannel: [c2.android.vorbis.decoder#634] 4 initial input buffers available
02-19 13:19:34.097 1879 22413 I NuPlayerRenderer: flush audio, notifyComplete 1, shutdown Yes
02-19 13:19:34.097 1879 22412 I NuPlayerRenderer: flushing audio
02-19 13:19:34.097 1879 22412 I NuPlayerRenderer: onFlush mAudioDrainGeneration : 2
02-19 13:19:34.097 1879 22412 V AudioSink: flush
02-19 13:19:34.097 1879 22412 V AudioSink: stop
02-19 13:19:34.097 1941 22415 D SimpleC2Component: Using output block pool with poolID 1604 => got 1604 - 0
02-19 13:19:34.097 1879 22413 D NuPlayerRenderer: signalTimeDiscontinuity() mHasAudio = 0 , mHasVideo = 0
02-19 13:19:34.097 1879 22394 V NuPlayer: renderer audio flush completed.
02-19 13:19:34.098 1879 22414 I CCodec : [c2.android.vorbis.decoder] state->set(FLUSHING)
02-19 13:19:34.098 1879 22414 D CCodecBufferChannel: [c2.android.vorbis.decoder#634] Discard frames from previous generation.
02-19 13:19:34.099 1879 22414 I CCodec : [c2.android.vorbis.decoder] state->set(FLUSHED)
02-19 13:19:34.099 1879 22394 V NuPlayer: decoder audio flush completed
02-19 13:19:34.099 1879 22394 V NuPlayer: initiating audio decoder shutdown
02-19 13:19:34.099 1879 22414 I CCodec : [c2.android.vorbis.decoder] state->set(RELEASING)
02-19 13:19:34.099 1879 22416 W CCodec : release order: surface --> comp
02-19 13:19:34.099 1879 22394 V NuPlayer: audio shutdown completed
02-19 13:19:34.099 1879 22394 V NuPlayer: both audio and video are flushed now.
02-19 13:19:34.099 1879 22394 V NuPlayer: performReset
02-19 13:19:34.099 1879 22394 V NuPlayer: updatePlaybackTimer(stop) time 0 (performReset)
02-19 13:19:34.099 1879 22394 V NuPlayer: updateRebufferingTimer(stop) time 0 (exiting 1)
02-19 13:19:34.099 1879 22394 D NuPlayerDriver: notifyResetComplete(0xec506d70)
02-19 13:19:34.099 1879 11729 V NuPlayerDriver: ~NuPlayerDriver(0xec506d70)
02-19 13:19:34.100 1879 11729 V NuPlayerDriver: updateMetrics(0xec506d70) from destructor at state 0
02-19 13:19:34.100 1879 11729 V NuPlayer: updateInternalTimers()
02-19 13:19:34.100 1879 11729 V NuPlayer: updatePlaybackTimer(snap) time 0 (updateInternalTimers)
02-19 13:19:34.100 1879 11729 V NuPlayer: updateRebufferingTimer(snap) time 0 (exiting 0)
02-19 13:19:34.100 1879 11729 V NuPlayerDriver: logMetrics(0xec506d70) from destructor at state 0
02-19 13:19:34.100 1879 11729 V NuPlayerDriver: nothing to record (only 3 fields)
02-19 13:19:34.100 1879 22416 I CCodec : [c2.android.vorbis.decoder] state->set(RELEASED)
02-19 13:19:34.100 3256 22388 V MediaPlayerNative: destructor
02-19 13:19:34.100 1879 22414 I hw-BpHwBinder: onLastStrongRef automatically unlinking death recipients
02-19 13:19:34.100 1941 28241 I hw-BpHwBinder: onLastStrongRef automatically unlinking death recipients
02-19 13:19:34.100 1879 22414 I MediaCodec: Codec shutdown complete
02-19 13:19:34.100 3256 22388 V MediaPlayerNative: disconnect
02-19 13:19:34.101 1879 22414 I ResourceManagerService: skipResource - MediaInfo is empty
02-19 13:19:34.101 1879 22414 D MediaCodec: flushMediametrics
02-19 13:19:34.101 1879 22413 I NuPlayerDecoder: kWhatAsyncReleaseComplete
02-19 13:19:34.101 1879 22413 D MediaCodec: flushMediametrics
02-19 13:19:34.101 1879 22413 W MediaCodec: no metrics handle found
02-19 13:19:34.101 1941 27865 D BufferPoolAccessor2.0: Destruction - bufferpool2 0xb4000073ac414e48 cached: 0/0M, 0/0% in use; allocs: 0, 0% recycled; transfers: 0, 0% unfetched
02-19 13:19:34.101 1879 12731 V MediaPlayerService: Client(800) destructor AttributionSource = AttributionSourceState{pid: 3256, uid: 10039, packageName: com.android.systemui, attributionTag: (null), token: binder:0xec78f5b0, renouncedPermissions: [], next: []}
02-19 13:19:34.101 1879 12731 V MediaPlayerService: disconnect(800) from AttributionSource AttributionSourceState{pid: 3256, uid: 10039, packageName: com.android.systemui, attributionTag: (null), token: binder:0xec78f5b0, renouncedPermissions: [], next: []}
02-19 13:19:34.101 1879 22413 V AudioSink: +++ close
02-19 13:19:34.101 1879 22413 V AudioSink: --- close
02-19 13:19:34.102 1879 22413 W AMessage: failed to post message as target looper for handler 0 is gone.
02-19 13:19:34.102 1941 28241 D BufferPoolAccessor2.0: Destruction - bufferpool2 0xb4000073ac414758 cached: 0/0M, 0/0% in use; allocs: 0, 0% recycled; transfers: 0, 0% unfetched
02-19 13:19:34.102 2334 3990 I MediaFocusControl: abandonAudioFocus() from uid/pid 10039/3256 clientId=android.media.AudioManager@b06c02c
02-19 13:19:34.102 2334 3990 D AS.AudioService: [Android Auto] isConnectedAndroidAuto = false
02-19 13:19:34.102 2334 3990 D MediaFocusControl: abandonAudioFocus, clientId = android.media.AudioManager@b06c02c
02-19 13:19:34.102 2334 3990 D MediaFocusControl: selectFocusStack, uid = 10039, appDevice = 0, device = 2
02-19 13:19:34.103 6033 6033 W ContextImpl: Calling a method in the system process without a qualified user: android.app.ContextImpl.startService:1960 android.content.ContextWrapper.startService:842 android.content.ContextWrapper.startService:842 com.sec.android.diagmonagent.sa.receiver.CFLogReceiver.onReceive:56 android.app.ActivityThread.handleReceiver:4981
02-19 13:19:34.132 2334 2334 I Telecom : SamsungTelecomServiceImpl : isInManagedCall - callingPackage : android / callingUser : UserHandle{0} / hasCrossUserAccess : true
02-19 13:19:34.136 2334 2334 D EdgeLightingManager: isCallingUserSupported : callingUserId=0, mUserId=0, isDualAppId=false, isKnoxId=false
02-19 13:19:34.137 2334 2334 D EdgeLightingManager: showForNotification : isInteractive=true, isHeadUp=true, color=0, canBypassDnd=false, sbn = StatusBarNotification(pkg=org.me.mobiexpensifyg user=UserHandle{0} id=1020 tag=null key=0|org.me.mobiexpensifyg|1020|null|11571: Notification(channel=CHANNEL_MESSAGES shortcut=null contentView=null vibrate=null sound=null defaults=0x0 flags=0x10 color=0x00000000 category=msg vis=PRIVATE semFlags=0x0 semPriority=0 semMissedCount=0))
02-19 13:19:34.137 2334 2334 D EdgeLightingClientManager: isAvailableEdgeLighting: condition=1 mCondition=1 mIsConnected=false1
02-19 13:19:34.137 2334 2334 D EdgeLightingPolicyManager: isAcceptableApplication: pkg=org.me.mobiexpensifyg , range=256 , includeAllApp=false , userId=0 , infoRange=0 , infoCategory=0
02-19 13:19:34.137 2334 2334 D EdgeLightingPolicyManager: putNotification tickerText:false,titleText:true,text:true,sub:falsecn= + null
02-19 13:19:34.138 2334 2334 D EdgeLightingPolicyManager.NotificationGroup: group notification count : 2
02-19 13:19:34.138 2334 2334 D EdgeLightingPolicyManager: isAcceptableApplication: pkg=org.me.mobiexpensifyg , range=1 , includeAllApp=false , userId=0 , infoRange=0 , infoCategory=0
02-19 13:19:34.139 2334 2334 D EdgeLightingPolicyManager: isAcceptableApplication - accept rechecked by isEdgeLightingAllowed = true uid = 11571
02-19 13:19:34.139 2334 2334 D EdgeLightingPolicyManager: isAcceptableApplication: getRejectablePolicy true
02-19 13:19:34.139 2334 2334 D EdgeLightingManager: showEdgeLightingInternal : packageName = org.me.mobiexpensifyg, reason=1
02-19 13:19:34.139 2334 2334 D EdgeLightingClientManager: onStartEdgeLighting pkg = org.me.mobiexpensifyg, info = SemEdgeLighitngInfo{type = 2001, colors= [0, 0], repeat= 0, userId = 0}, reason = 1
02-19 13:19:34.140 2334 2334 D NotificationService: Changed notification by edgelighting.
02-19 13:19:34.140 2334 2334 E NotificationService: Muting recently noisy 0|org.me.mobiexpensifyg|1020|null|11571
02-19 13:19:34.151 2334 2334 D NotificationService: can't find sender properly so ,, return empty
02-19 13:19:34.151 2334 2334 D NotificationService: 0|org.me.mobiexpensifyg|1020|null|11571 : 1739942374145 is duplicated infomation in Group conversation. will not be saved!
02-19 13:19:34.151 2334 2334 D NotificationReminder: addNotificationRecord record org.me.mobiexpensifyg
02-19 13:19:34.157 3685 7853 I HoneySpace.NotificationListener: onNotificationPosted org.me.mobiexpensifyg: 0|org.me.mobiexpensifyg|1020|null|11571: 0
02-19 13:19:34.157 3685 7853 I HoneySpace.BadgeDataSourceImpl: Get notification count. PK(p='org.me.mobiexpensifyg', u=UserHandle{0}) - forceBadgeCount: false, notification listener: 1, badge provider: 0
02-19 13:19:34.158 3685 21635 I HoneySpace.PackageEventOperator: [ApplistViewModel] badge count is updated. org.me.mobiexpensifyg/.ExpensifyActivityBase#UserHandle{0}|2370 : 1
02-19 13:19:34.159 3685 21635 I HoneySpace.PackageEventOperator: [WorkspaceViewModel] badge count is updated. org.me.mobiexpensifyg/.ExpensifyActivityBase#UserHandle{0}|2371 : 1
02-19 13:19:34.159 3685 21635 I HoneySpace.PackageEventOperator: [WorkspaceViewModel] badge count is updated. org.me.mobiexpensifyg/.ExpensifyActivityBase#UserHandle{0}|2372 : 1
02-19 13:19:34.161 18257 18257 I EdgeLightingSettingUtils: loadAppCustomColor : org.me.mobiexpensifyg color : ff001e3a
02-19 13:19:34.161 18257 18257 D EdgeLightingScheduler: startEdgeLighting: 1 org.me.mobiexpensifyg onGo=false
02-19 13:19:34.161 1603 1760 D RenderEngine: [SEC_GC_CMN_SF_EFFECTS] drawLayersInternal,1279, Rendering layer at index 0
02-19 13:19:34.162 1603 1760 D RenderEngine: [SEC_GC_CMN_SF_EFFECTS] drawLayersInternal,1279, Rendering layer org.me.mobiexpensifyg/org.me.mobiexpensifyg.ExpensifyActivityBase$_21462#272730 at index 1
02-19 13:19:34.164 18257 18257 D LightingScheduleInfo: setDuration : duration=4000
02-19 13:19:34.166 18257 18257 D LightingScheduleInfo: setDuration : duration=4000
02-19 13:19:34.166 18257 18257 D LightingScheduleInfo: updateTimeToTakeAction time=4000
02-19 13:19:34.166 18257 18257 D NotificationLightingScheduler: putLighting: org.me.mobiexpensifyg reason=1 cur=org.me.mobiexpensifyg, isNeedKeepPackage=true, isNeedKeepNoti=true
02-19 13:19:34.167 18257 18257 I LightingScheduleInfo: mergeTextChainItem :titleText: prev : -12489022 = isDirty : true
02-19 13:19:34.167 18257 18257 I LightingScheduleInfo: mergeTextChainItem :titleText this : -12489022 = isDirty : true
02-19 13:19:34.167 18257 18257 I LightingScheduleInfo: mergeTextChainItem :text: prev : -746272253 = isDirty : true
02-19 13:19:34.167 18257 18257 I LightingScheduleInfo: mergeTextChainItem :text this : 1501868658 = isDirty : true
02-19 13:19:34.167 3256 3256 D BubblesManager: onEntryAdded : bubbleEntryAdded=false
02-19 13:19:34.168 3256 3256 D InterruptionStateProvider: No Heads up : DISABLE_HEADS_UP 0|org.me.mobiexpensifyg|1020|null|11571
02-19 13:19:34.168 18257 18257 D LightingScheduleInfo: getChainText: from titleText
02-19 13:19:34.168 18257 18257 D LightingScheduleInfo: getChainText: from titleText
02-19 13:19:34.169 18257 18257 D ORC/MalVerificationCodeParser: getVerificationCode
02-19 13:19:34.170 3256 3256 D InterruptionStateProvider: No Heads up : DISABLE_HEADS_UP 0|org.me.mobiexpensifyg|1020|null|11571
02-19 13:19:34.172 18257 18257 D ORC/VerificationCodeParserBase: getVerificationCode - not OTP message
02-19 13:19:34.173 18257 18257 I NotificationEffect: setEdgeEffectInfo: dur=4000 hasActionButton=false isGrayScaled= true color=ff001e3a notificationKey=0|org.me.mobiexpensifyg|1020|null|11571 actionEnable= true
02-19 13:19:34.174 18257 18257 I EdgeLightNotiEffectView: Basic lighting is not supported.
02-19 13:19:34.174 18257 18257 D EdgeLightingScheduler: updateNotiText: isDirty = true dur=4000
02-19 13:19:34.178 3256 3256 I AODNotificationManager: updateNotification()
02-19 13:19:34.188 3256 3377 D LocalImageResolver: Couldn't use ImageDecoder for drawable, falling back to non-resized load.
02-19 13:19:34.194 3256 3256 D LocalImageResolver: Couldn't use ImageDecoder for drawable, falling back to non-resized load.
02-19 13:19:34.206 3256 3256 D PluginActionManager: startListening
02-19 13:19:34.206 3256 3491 D PluginActionManager: queryAll com.android.systemui.action.PLUGIN_NOTIFICATION_MENU_ROW
02-19 13:19:34.207 3256 3491 D PluginActionManager: Found 0 plugins
02-19 13:19:34.210 3256 3256 I AODNotificationManager: updateNotification()
02-19 13:19:34.214 21462 21860 W Kumiho-Kumiho: isSupportedFormat: Format is not supported
02-19 13:19:34.214 21462 21860 D OpenGLRenderer: --- Failed to create image decoder with message 'unimplemented'
02-19 13:19:34.214 21462 21860 W Kumiho-Kumiho: isSupportedFormat: Format is not supported
02-19 13:19:34.214 21462 21860 D OpenGLRenderer: --- Failed to create image decoder with message 'unimplemented'
02-19 13:19:34.215 21462 21860 W Kumiho-Kumiho: isSupportedFormat: Format is not supported
02-19 13:19:34.215 21462 21860 D OpenGLRenderer: --- Failed to create image decoder with message 'unimplemented'
02-19 13:19:34.215 21462 21860 W Kumiho-Kumiho: isSupportedFormat: Format is not supported
02-19 13:19:34.215 21462 21860 D OpenGLRenderer: --- Failed to create image decoder with message 'unimplemented'
02-19 13:19:34.215 21462 21860 W Kumiho-Kumiho: isSupportedFormat: Format is not supported
02-19 13:19:34.215 21462 21860 D OpenGLRenderer: --- Failed to create image decoder with message 'unimplemented'
02-19 13:19:34.215 21462 21860 W Kumiho-Kumiho: isSupportedFormat: Format is not supported
02-19 13:19:34.215 21462 21860 D OpenGLRenderer: --- Failed to create image decoder with message 'unimplemented'
02-19 13:19:34.215 2334 2918 D InputReader: Btn_touch(9): value=1 when=263074.959743
02-19 13:19:34.215 2334 2918 I InputReader: Touch event's action is 0x0 (id=6, t=0) [pCnt=1, s=0.1941 ] when=263074.959743
02-19 13:19:34.216 2334 2917 I InputDispatcher: Delivering touch to (3256): action: 0x4, f=0x0, d=0, '3c5e648', t=1
02-19 13:19:34.216 2334 2917 I InputDispatcher: Delivering touch to (21462): action: 0x0, f=0x0, d=0, '9a77eef', t=1
02-19 13:19:34.217 3685 3685 I HoneySpace.GestureInputHandler: inputConsumers = [com.honeyspace.gesture.inputconsumer.InputConsumer$Companion$NO_OP$1@58c8177]
02-19 13:19:34.217 2334 2917 D PowerManagerService: [api] userActivityFromNative : touch displayId=0 eventTime=263074959
02-19 13:19:34.217 3685 3685 I HoneySpace.InputSession: inputConsumers = NO_OP
02-19 13:19:34.217 3685 3685 I HoneySpace.InputSession: open
02-19 13:19:34.217 2334 2444 I GestureDetector: obtain mCurrentDownEvent. id: 720268130 caller: com.android.server.wm.SystemGesturesPointerEventListener.onPointerEvent:204 com.android.server.wm.PointerEventDispatcher.onInputEvent:53 android.view.InputEventReceiver.dispatchInputEvent:337
02-19 13:19:34.217 2334 2444 I GestureDetector: obtain mCurrentDownEvent. id: 720268130 caller: com.android.server.wm.SystemPerformancePointerEventListener.onPointerEvent:89 com.android.server.wm.PointerEventDispatcher.onInputEvent:53 android.view.InputEventReceiver.dispatchInputEvent:337
02-19 13:19:34.218 6194 6194 I SemDvfsHyPerManager: acquire hyper - TABoost/6194@27, type = 1090523139
02-19 13:19:34.218 1492 1518 I HYPER-HAL: [RequestManager.cpp]releaseLocked(): Released ID : 19353558
02-19 13:19:34.219 1492 1518 I HYPER-HAL: [RequestManager.cpp]acquire(): Acquired ID : 19353558 [6194 / 27] HINT : list : [TABoost / 1] [TIMEOUT / 1500]
02-19 13:19:34.220 21462 21462 I ViewRootImpl@ccd3137[ExpensifyActivityBase]: ViewPostIme pointer 0
02-19 13:19:34.224 2334 2444 I GestureDetector: obtain mCurrentMotionEventRaw. action: 2 id: 271542147
02-19 13:19:34.224 2334 2444 I GestureDetector: obtain mCurrentMotionEventRaw. action: 2 id: 271542147
02-19 13:19:34.251 1484 20135 I sensors-hal: handle_sns_client_event:205, auto_rotation_debug_2 mode,255,last,0, type,3,0 main,-0.301,5.568,8.983 sub,0.507,5.602,-9.076, ar,0, h_ic,1, s,3, ver,12, pedo,1,e,0,i,2
02-19 13:19:34.255 2334 2918 D InputReader: Btn_touch(9): value=0 when=263074.999356
02-19 13:19:34.255 2334 2918 I InputReader: Touch event's action is 0x1 (id=6, t=0) [pCnt=1, s=] when=263074.999356
02-19 13:19:34.256 2334 2917 I InputDispatcher: Delivering touch to (21462): action: 0x1, f=0x0, d=0, '9a77eef', t=1
02-19 13:19:34.256 3685 3685 I HoneySpace.GestureInputHandler: reset
02-19 13:19:34.257 21462 21462 I ViewRootImpl@ccd3137[ExpensifyActivityBase]: ViewPostIme pointer 1
02-19 13:19:34.257 3685 3685 I HoneySpace.InputSession: close
02-19 13:19:34.268 1603 1760 D RenderEngine: [SEC_GC_CMN_SF_EFFECTS] drawLayersInternal,1279, Rendering layer at index 0
02-19 13:19:34.268 1603 1760 D RenderEngine: [SEC_GC_CMN_SF_EFFECTS] drawLayersInternal,1279, Rendering layer org.me.mobiexpensifyg/org.me.mobiexpensifyg.ExpensifyActivityBase$_21462#272730 at index 1
02-19 13:19:34.274 2334 3990 D CompatibilityChangeReporter: Compat change id reported: 161145287; UID 11571; state: ENABLED
02-19 13:19:34.294 2334 3990 D SGM:GameManager: identifyForegroundApp. org.me.mobiexpensifyg, mCurrentUserId: 0, callerUserId: 0
02-19 13:19:34.294 2334 3990 D SGM:PkgDataHelper: getGamePkgData(). org.me.mobiexpensifyg
02-19 13:19:34.294 20060 20201 I PolicyManager: [#CMH#] Is foreground game app: false
02-19 13:19:34.328 21462 21462 D ScrollView: initGoToTop
02-19 13:19:34.339 21462 21462 D ScrollView: initGoToTop
02-19 13:19:34.369 1603 1760 D RenderEngine: [SEC_GC_CMN_SF_EFFECTS] drawLayersInternal,1279, Rendering layer at index 0
02-19 13:19:34.369 1603 1760 D RenderEngine: [SEC_GC_CMN_SF_EFFECTS] drawLayersInternal,1279, Rendering layer org.me.mobiexpensifyg/org.me.mobiexpensifyg.ExpensifyActivityBase$_21462#272730 at index 1
02-19 13:19:34.373 21462 21462 I InputMethodManager: invalidateInput
02-19 13:19:34.373 21462 21462 I InputMethodManager: invalidateInput
02-19 13:19:34.374 21462 21462 I InputMethodManager: invalidateInput
02-19 13:19:34.374 21462 21462 I InputMethodManager: invalidateInput
02-19 13:19:34.374 21462 21462 I InputMethodManager: invalidateInput
02-19 13:19:34.374 21462 21462 I InputMethodManager: invalidateInput
02-19 13:19:34.377 21462 21462 W [RNScreens]: backTitleVisible prop is not available on Android
02-19 13:19:34.377 21462 21462 W [RNScreens]: largeTitleHideShadow prop is not available on Android
02-19 13:19:34.377 21462 21462 W [RNScreens]: disableBackButtonMenu prop is not available on Android
02-19 13:19:34.435 1484 1484 I sensors-hal: set_config:61, sample_period_ns is adjusted to 8000000 based on min/max delay_ns
02-19 13:19:34.435 1484 1484 I sensors-hal: batch:503, android.sensor.gyroscope/41, period=8000000, max_latency=0 request completed
02-19 13:19:34.435 1484 1484 I sensors-hal: activate:419, android.sensor.gyroscope/41 en=1
02-19 13:19:34.436 1484 1484 I sensors-hal: get_qmi_debug_flag:239, support_qmi_debug : false
02-19 13:19:34.437 1459 1660 E minksocket: MinkIPC_QRTR_Service: client with node 1 port 6fa2 went down
02-19 13:19:34.437 1459 1660 E minksocket: MinkIPC_QRTR_Service: client with node 1 port 6fa3 went down
02-19 13:19:34.437 1459 1660 E minksocket: MinkIPC_QRTR_Service: client with node 1 port 6fa4 went down
02-19 13:19:34.438 1459 1660 E minksocket: MinkIPC_QRTR_Service: client with node 1 port 6fa5 went down
02-19 13:19:34.438 1484 1484 I sensors-hal: set_config:61, sample_period_ns is adjusted to 1000000000 based on min/max delay_ns
02-19 13:19:34.438 1484 1484 I sensors-hal: get_qmi_debug_flag:239, support_qmi_debug : false
02-19 13:19:34.439 1459 1660 E minksocket: MinkIPC_QRTR_Service: client with node 1 port 6fa7 went down
02-19 13:19:34.439 1459 1660 E minksocket: MinkIPC_QRTR_Service: client with node 1 port 6fa8 went down
02-19 13:19:34.441 1484 22424 I sensors-hal: handle_indication_realtime:467, SCHED_FIFO(10) for qmi_cbk
02-19 13:19:34.441 1459 1660 E minksocket: MinkIPC_QRTR_Service: client with node 1 port 6fa9 went down
02-19 13:19:34.441 1459 1660 E minksocket: MinkIPC_QRTR_Service: client with node 1 port 6faa went down
02-19 13:19:34.441 1484 1484 I sensors-hal: send_sync_sensor_request:448, send sync request
02-19 13:19:34.441 1484 1484 I sensors-hal: send_sync_sensor_request:474, wait for notification of response
02-19 13:19:34.446 1484 22427 I sensors-hal: ssc_conn_resp_cb:840, resp_value = 0
02-19 13:19:34.446 1484 22427 I sensors-hal: handle_indication_realtime:467, SCHED_FIFO(10) for qmi_cbk
02-19 13:19:34.446 1484 1484 I sensors-hal: send_sync_sensor_request:480, takes 4 ms to receive the response with 0
02-19 13:19:34.447 1484 1484 I sensors-hal: get_qmi_debug_flag:239, support_qmi_debug : false
02-19 13:19:34.448 1459 1660 E minksocket: MinkIPC_QRTR_Service: client with node 1 port 6fac went down
02-19 13:19:34.448 1459 1660 E minksocket: MinkIPC_QRTR_Service: client with node 1 port 6fad went down
02-19 13:19:34.449 1459 1660 E minksocket: MinkIPC_QRTR_Service: client with node 1 port 6fae went down
02-19 13:19:34.449 1459 1660 E minksocket: MinkIPC_QRTR_Service: client with node 1 port 6faf went down
02-19 13:19:34.449 1484 1484 I sensors-hal: send_sensor_config_request:508, resampler is used, set resampler config
02-19 13:19:34.449 1484 1484 I sensors-hal: send_sync_sensor_request:448, send sync request
02-19 13:19:34.449 1484 1484 I sensors-hal: send_sync_sensor_request:474, wait for notification of response
02-19 13:19:34.452 1484 22430 I sensors-hal: ssc_conn_resp_cb:840, resp_value = 0
02-19 13:19:34.452 1484 1484 I sensors-hal: send_sync_sensor_request:480, takes 3 ms to receive the response with 0
02-19 13:19:34.452 1484 1484 I sensors-hal: activate:437, android.sensor.gyroscope/41 en=1 completed
02-19 13:19:34.454 1484 22430 I sensors-hal: handle_indication_realtime:467, SCHED_FIFO(10) for qmi_cbk
02-19 13:19:34.454 21462 21555 D SensorManager: registerListener :: 41, lsm6dso LSM6DSO Gyroscope Non-wakeup, 8000, 0,
02-19 13:19:34.456 1484 22430 I sensors-hal: handle_sns_client_event:628, [0][0] gyro_sample_cal(3) [-0.129,-0.052, 0.076] 1383752468153263
02-19 13:19:34.469 1603 1760 D RenderEngine: [SEC_GC_CMN_SF_EFFECTS] drawLayersInternal,1279, Rendering layer at index 0
02-19 13:19:34.469 1603 1760 D RenderEngine: [SEC_GC_CMN_SF_EFFECTS] drawLayersInternal,1279, Rendering layer org.me.mobiexpensifyg/org.me.mobiexpensifyg.ExpensifyActivityBase$_21462#272730 at index 1
02-19 13:19:34.479 21462 21556 D RNFBCrashlyticsInit: isCrashlyticsCollectionEnabled via RNFBMeta: true
02-19 13:19:34.479 21462 21556 D RNFBCrashlyticsInit: isCrashlyticsCollectionEnabled final value: true
02-19 13:19:34.517 2334 2444 I GestureDetector: handleMessage TAP
02-19 13:19:34.517 2334 2334 I GestureDetector: handleMessage TAP
02-19 13:19:34.569 1603 1760 D RenderEngine: [SEC_GC_CMN_SF_EFFECTS] drawLayersInternal,1279, Rendering layer at index 0
02-19 13:19:34.569 1603 1760 D RenderEngine: [SEC_GC_CMN_SF_EFFECTS] drawLayersInternal,1279, Rendering layer org.me.mobiexpensifyg/org.me.mobiexpensifyg.ExpensifyActivityBase$_21462#272730 at index 1
02-19 13:19:34.581 18257 18257 D AnimatorSet: mReversing is false. Don't call initChildren.
02-19 13:19:34.582 18257 18257 D AnimatorSet: mReversing is false. Don't call initChildren.
02-19 13:19:34.582 18257 18257 I NotificationEffect: EdgeLightingTouchableRect=86,66,818,203
02-19 13:19:34.618 21462 21462 I InputMethodManager: invalidateInput
02-19 13:19:34.623 21462 21859 W Kumiho-Kumiho: isSupportedFormat: Format is not supported
02-19 13:19:34.623 21462 21859 D OpenGLRenderer: --- Failed to create image decoder with message 'unimplemented'
02-19 13:19:34.623 21462 21859 W Kumiho-Kumiho: isSupportedFormat: Format is not supported
02-19 13:19:34.623 21462 21859 D OpenGLRenderer: --- Failed to create image decoder with message 'unimplemented'
02-19 13:19:34.623 21462 21859 W Kumiho-Kumiho: isSupportedFormat: Format is not supported
02-19 13:19:34.623 21462 21859 D OpenGLRenderer: --- Failed to create image decoder with message 'unimplemented'
02-19 13:19:34.623 21462 21859 W Kumiho-Kumiho: isSupportedFormat: Format is not supported
02-19 13:19:34.623 21462 21859 D OpenGLRenderer: --- Failed to create image decoder with message 'unimplemented'
02-19 13:19:34.623 21462 21859 W Kumiho-Kumiho: isSupportedFormat: Format is not supported
02-19 13:19:34.623 21462 21859 D OpenGLRenderer: --- Failed to create image decoder with message 'unimplemented'
02-19 13:19:34.623 21462 21859 W Kumiho-Kumiho: isSupportedFormat: Format is not supported
02-19 13:19:34.623 21462 21859 D OpenGLRenderer: --- Failed to create image decoder with message 'unimplemented'
02-19 13:19:34.624 21462 21857 W Kumiho-Kumiho: isSupportedFormat: Format is not supported
02-19 13:19:34.624 21462 21857 D OpenGLRenderer: --- Failed to create image decoder with message 'unimplemented'
02-19 13:19:34.624 21462 21859 W Kumiho-Kumiho: isSupportedFormat: Format is not supported
02-19 13:19:34.624 21462 21859 D OpenGLRenderer: --- Failed to create image decoder with message 'unimplemented'
02-19 13:19:34.624 21462 21857 W Kumiho-Kumiho: isSupportedFormat: Format is not supported
02-19 13:19:34.624 21462 21857 D OpenGLRenderer: --- Failed to create image decoder with message 'unimplemented'
02-19 13:19:34.624 21462 21859 W Kumiho-Kumiho: isSupportedFormat: Format is not supported
02-19 13:19:34.624 21462 21857 W Kumiho-Kumiho: isSupportedFormat: Format is not supported
02-19 13:19:34.624 21462 21857 D OpenGLRenderer: --- Failed to create image decoder with message 'unimplemented'
02-19 13:19:34.624 21462 21857 W Kumiho-Kumiho: isSupportedFormat: Format is not supported
02-19 13:19:34.624 21462 21857 D OpenGLRenderer: --- Failed to create image decoder with message 'unimplemented'
02-19 13:19:34.624 21462 21858 W Kumiho-Kumiho: isSupportedFormat: Format is not supported
02-19 13:19:34.624 21462 21857 W Kumiho-Kumiho: isSupportedFormat: Format is not supported
02-19 13:19:34.624 21462 21858 D OpenGLRenderer: --- Failed to create image decoder with message 'unimplemented'
02-19 13:19:34.624 21462 21858 W Kumiho-Kumiho: isSupportedFormat: Format is not supported
02-19 13:19:34.625 21462 21858 D OpenGLRenderer: --- Failed to create image decoder with message 'unimplemented'
02-19 13:19:34.625 21462 21859 D OpenGLRenderer: --- Failed to create image decoder with message 'unimplemented'
02-19 13:19:34.625 21462 21860 W Kumiho-Kumiho: isSupportedFormat: Format is not supported
02-19 13:19:34.625 21462 21859 W Kumiho-Kumiho: isSupportedFormat: Format is not supported
02-19 13:19:34.625 21462 21860 D OpenGLRenderer: --- Failed to create image decoder with message 'unimplemented'
02-19 13:19:34.625 21462 21859 D OpenGLRenderer: --- Failed to create image decoder with message 'unimplemented'
02-19 13:19:34.625 21462 21860 W Kumiho-Kumiho: isSupportedFormat: Format is not supported
02-19 13:19:34.625 21462 21859 W Kumiho-Kumiho: isSupportedFormat: Format is not supported
02-19 13:19:34.625 21462 21860 D OpenGLRenderer: --- Failed to create image decoder with message 'unimplemented'
02-19 13:19:34.625 21462 21858 W Kumiho-Kumiho: isSupportedFormat: Format is not supported
02-19 13:19:34.625 21462 21858 D OpenGLRenderer: --- Failed to create image decoder with message 'unimplemented'
02-19 13:19:34.625 21462 21857 D OpenGLRenderer: --- Failed to create image decoder with message 'unimplemented'
02-19 13:19:34.625 21462 21858 W Kumiho-Kumiho: isSupportedFormat: Format is not supported
02-19 13:19:34.625 21462 21860 W Kumiho-Kumiho: isSupportedFormat: Format is not supported
02-19 13:19:34.625 21462 21859 D OpenGLRenderer: --- Failed to create image decoder with message 'unimplemented'
02-19 13:19:34.625 21462 21858 D OpenGLRenderer: --- Failed to create image decoder with message 'unimplemented'
02-19 13:19:34.625 21462 21860 D OpenGLRenderer: --- Failed to create image decoder with message 'unimplemented'
02-19 13:19:34.625 21462 21858 W Kumiho-Kumiho: isSupportedFormat: Format is not supported
02-19 13:19:34.625 21462 21860 W Kumiho-Kumiho: isSupportedFormat: Format is not supported
02-19 13:19:34.625 21462 21858 D OpenGLRenderer: --- Failed to create image decoder with message 'unimplemented'
02-19 13:19:34.625 21462 21860 D OpenGLRenderer: --- Failed to create image decoder with message 'unimplemented'
02-19 13:19:34.625 21462 21859 W Kumiho-Kumiho: isSupportedFormat: Format is not supported
02-19 13:19:34.625 21462 21858 W Kumiho-Kumiho: isSupportedFormat: Format is not supported
02-19 13:19:34.625 21462 21860 W Kumiho-Kumiho: isSupportedFormat: Format is not supported
02-19 13:19:34.625 21462 21858 D OpenGLRenderer: --- Failed to create image decoder with message 'unimplemented'
02-19 13:19:34.625 21462 21860 D OpenGLRenderer: --- Failed to create image decoder with message 'unimplemented'
02-19 13:19:34.625 21462 21859 D OpenGLRenderer: --- Failed to create image decoder with message 'unimplemented'
02-19 13:19:34.625 21462 21860 W Kumiho-Kumiho: isSupportedFormat: Format is not supported
02-19 13:19:34.625 21462 21860 D OpenGLRenderer: --- Failed to create image decoder with message 'unimplemented'
02-19 13:19:34.626 21462 21859 W Kumiho-Kumiho: isSupportedFormat: Format is not supported
02-19 13:19:34.626 21462 21859 D OpenGLRenderer: --- Failed to create image decoder with message 'unimplemented'
02-19 13:19:34.626 21462 21857 W Kumiho-Kumiho: isSupportedFormat: Format is not supported
02-19 13:19:34.626 21462 21860 W Kumiho-Kumiho: isSupportedFormat: Format is not supported
02-19 13:19:34.626 21462 21857 D OpenGLRenderer: --- Failed to create image decoder with message 'unimplemented'
02-19 13:19:34.626 21462 21860 D OpenGLRenderer: --- Failed to create image decoder with message 'unimplemented'
02-19 13:19:34.626 21462 21860 W Kumiho-Kumiho: isSupportedFormat: Format is not supported
02-19 13:19:34.626 21462 21860 D OpenGLRenderer: --- Failed to create image decoder with message 'unimplemented'
02-19 13:19:34.626 21462 21860 W Kumiho-Kumiho: isSupportedFormat: Format is not supported
02-19 13:19:34.626 21462 21860 D OpenGLRenderer: --- Failed to create image decoder with message 'unimplemented'
02-19 13:19:34.626 21462 21858 W Kumiho-Kumiho: isSupportedFormat: Format is not supported
02-19 13:19:34.626 21462 21858 D OpenGLRenderer: --- Failed to create image decoder with message 'unimplemented'
02-19 13:19:34.626 21462 21858 W Kumiho-Kumiho: isSupportedFormat: Format is not supported
02-19 13:19:34.626 21462 21860 W Kumiho-Kumiho: isSupportedFormat: Format is not supported
02-19 13:19:34.626 21462 21858 D OpenGLRenderer: --- Failed to create image decoder with message 'unimplemented'
02-19 13:19:34.626 21462 21860 D OpenGLRenderer: --- Failed to create image decoder with message 'unimplemented'
02-19 13:19:34.626 21462 21858 W Kumiho-Kumiho: isSupportedFormat: Format is not supported
02-19 13:19:34.627 21462 21860 W Kumiho-Kumiho: isSupportedFormat: Format is not supported
02-19 13:19:34.627 21462 21858 D OpenGLRenderer: --- Failed to create image decoder with message 'unimplemented'
02-19 13:19:34.627 21462 21860 D OpenGLRenderer: --- Failed to create image decoder with message 'unimplemented'
02-19 13:19:34.627 21462 21858 W Kumiho-Kumiho: isSupportedFormat: Format is not supported
02-19 13:19:34.627 21462 21860 W Kumiho-Kumiho: isSupportedFormat: Format is not supported
02-19 13:19:34.627 21462 21858 D OpenGLRenderer: --- Failed to create image decoder with message 'unimplemented'
02-19 13:19:34.627 21462 21860 D OpenGLRenderer: --- Failed to create image decoder with message 'unimplemented'
02-19 13:19:34.627 21462 21858 W Kumiho-Kumiho: isSupportedFormat: Format is not supported
02-19 13:19:34.627 21462 21858 D OpenGLRenderer: --- Failed to create image decoder with message 'unimplemented'
02-19 13:19:34.627 21462 21858 W Kumiho-Kumiho: isSupportedFormat: Format is not supported
02-19 13:19:34.627 21462 21858 D OpenGLRenderer: --- Failed to create image decoder with message 'unimplemented'
02-19 13:19:34.666 21462 21462 I InputMethodManager: invalidateInput
02-19 13:19:34.668 21462 22434 D nativeloader: Load /data/app/~~JoPLlF1dTB1yzx-5uNkW1g==/org.me.mobiexpensifyg-KkG_qYJHRYxgQ-C9DC_W1Q==/lib/arm64/libimagepipeline.so using ns clns-7 from class loader (caller=/data/app/~~JoPLlF1dTB1yzx-5uNkW1g==/org.me.mobiexpensifyg-KkG_qYJHRYxgQ-C9DC_W1Q==/base.apk): ok
02-19 13:19:34.670 1603 1760 D RenderEngine: [SEC_GC_CMN_SF_EFFECTS] drawLayersInternal,1279, Rendering layer at index 0
02-19 13:19:34.670 1603 1760 D RenderEngine: [SEC_GC_CMN_SF_EFFECTS] drawLayersInternal,1279, Rendering layer org.me.mobiexpensifyg/org.me.mobiexpensifyg.ExpensifyActivityBase$_21462#272730 at index 1
02-19 13:19:34.777 1603 1760 D RenderEngine: [SEC_GC_CMN_SF_EFFECTS] drawLayersInternal,1279, Rendering layer at index 0
02-19 13:19:34.777 1603 1760 D RenderEngine: [SEC_GC_CMN_SF_EFFECTS] drawLayersInternal,1279, Rendering layer org.me.mobiexpensifyg/org.me.mobiexpensifyg.ExpensifyActivityBase$_21462#272730 at index 1
02-19 13:19:34.806 21462 21462 I InputMethodManager_LC: showSoftInput(View,I)
02-19 13:19:34.807 21462 21462 I ImeTracker: org.me.mobiexpensifyg:88aa60fd: onRequestShow at ORIGIN_CLIENT_SHOW_SOFT_INPUT reason SHOW_SOFT_INPUT
02-19 13:19:34.807 21462 21462 I InputMethodManager_LC: ssi(): flags=0 view=org.me.mobiexpensifyg reason = SHOW_SOFT_INPUT
02-19 13:19:34.807 21462 21462 D InputMethodManagerUtils: startInputInner - Id : 0
02-19 13:19:34.808 21462 21462 I InputMethodManager: startInputInner - IInputMethodManagerGlobalInvoker.startInputOrWindowGainedFocus
02-19 13:19:34.809 2334 3990 V InputMethodManagerService: startInputOrWindowGainedFocusInternalLocked: reason=CHECK_FOCUS clientState=772e1c1 editorInfo=android.view.inputmethod.EditorInfo@17ca63d startInputFlags=VIEW_HAS_FOCUS|IS_TEXT_EDITOR|INITIAL_CONNECTION softInputMode=STATE_UNSPECIFIED|ADJUST_RESIZE windowFlags=#81810100 sameWindowFocused=true
02-19 13:19:34.809 2334 3990 D InputMethodManagerService: setWindowStateInner, windowToken=android.os.BinderProxy@9c91fce, state=ImeTargetWindowState{ imeToken null imeFocusChanged false hasEditorFocused true requestedImeVisible false imeDisplayId 0 softInputModeState STATE_UNSPECIFIED|ADJUST_RESIZE isStartInputByGainFocus false}
02-19 13:19:34.809 2334 3990 D InputMethodManagerService: DESKTOP MODE! : 2
02-19 13:19:34.809 2334 3990 D InputMethodManagerService: NOT IN KNOX DESKTOP MODE!
02-19 13:19:34.809 2334 3990 V InputMethodManagerService: getDisplayIdOfInputMethodWindowToBeAdded: displayId=0
02-19 13:19:34.809 2334 3990 D InputMethodManagerService: isImeSwitcherDisabledPackage : false
02-19 13:19:34.810 2334 3990 D InputMethodManagerService: checkDisplayOfStartInputAndUpdateKeyboard: displayId=0, mFocusedDisplayId=0
02-19 13:19:34.810 2334 3990 D InputTransport: Input channel constructed: 'ClientS', fd=920
02-19 13:19:34.810 2334 3990 D InputTransport: Input channel destroyed: 'ClientS', fd=920
02-19 13:19:34.810 21462 21462 D InputMethodManager: showSoftInput() view=com.facebook.react.views.textinput.ReactEditText{8e97f3c VFED..CL. .F....ID 104,42-571,84 #1346 aid=1073741826} flags=0 reason=SHOW_SOFT_INPUT
02-19 13:19:34.810 2334 7371 V InputMethodManagerService: Client requesting input be shown, flags : 0
02-19 13:19:34.810 2334 7371 D InputMethodManagerService: ACCESS_CONTROL_ENABLED = false, ACCESS_CONTROL_KEYBOARD_BLOCK = true
02-19 13:19:34.810 2334 7371 D InputMethodManagerService: setWindowStateInner, windowToken=android.os.BinderProxy@9c91fce, state=ImeTargetWindowState{ imeToken android.os.Binder@896f783 imeFocusChanged false hasEditorFocused true requestedImeVisible true imeDisplayId 0 softInputModeState STATE_UNSPECIFIED|ADJUST_RESIZE isStartInputByGainFocus false}
02-19 13:19:34.810 2334 7371 D InputMethodBindingController: bindCurrentInputMethodService: caller=com.android.server.inputmethod.InputMethodBindingController.setCurrentMethodVisible:541 com.android.server.inputmethod.InputMethodManagerService.showCurrentInputLocked:4100 com.android.server.inputmethod.InputMethodManagerService.showSoftInput:3890 com.android.internal.view.IInputMethodManager$Stub.onTransact:528 com.android.server.inputmethod.InputMethodManagerService.onTransact:2204 android.os.Binder.execTransactInternal:1375 android.os.Binder.execTransact:1311
02-19 13:19:34.811 6890 6890 I HBD : HoneyBoardService onFinishInput
02-19 13:19:34.811 6890 6890 I HBD : a IC have been unbinding, RemoteInputConnection{idHash=#9272663}
02-19 13:19:34.811 6890 6890 I HBD : HoneyBoardService [PF_CL][onFinishInput] 0 ms
02-19 13:19:34.811 2334 7371 I ActivityManager: Changes in 10189 7 to 5, 0 to 63
02-19 13:19:34.811 6890 6890 I HBD : HoneyBoardService [IMI] onStartInput - caller pid : 21462 , caller uid : 11571
02-19 13:19:34.811 6890 6890 I HBD : m updateConfigs
02-19 13:19:34.812 2334 7371 I ActivityManager: Changes in 10109 7 to 5, 0 to 56
02-19 13:19:34.812 6890 6890 I HBD : m isEnabledNightMode : true
02-19 13:19:34.813 2334 7371 V InputMethodManagerService: Calling com.android.server.inputmethod.IInputMethodInvoker@3fc10de.showSoftInput(android.os.BinderProxy@9c91fce, 1, null) for reason: SHOW_SOFT_INPUT
02-19 13:19:34.814 6890 6890 I HBD : a IC have been binding, RemoteInputConnection{idHash=#5ab24a8}
02-19 13:19:34.814 6890 6890 W HBD : b [EditorInputType] undefined Enter action code : 0x40000006
02-19 13:19:34.814 6890 6890 I HBD : g [EditorInputType]setPrivateImeOptionsToTable privateImeOptions ( null )
02-19 13:19:34.814 6890 6890 I HBD : b incognitoMode : false
02-19 13:19:34.814 6890 6890 W HBD : b [EditorInputType] undefined Enter action code : 0x40000006
02-19 13:19:34.814 6890 6890 I HBD : g getDefaultInputRange : UNKNOWN
02-19 13:19:34.814 6890 6890 I HBD : g getDefaultInputRange : UNKNOWN
02-19 13:19:34.814 6890 6890 I HBD : g getDefaultInputRange : UNKNOWN
02-19 13:19:34.817 6890 6890 I HBD : a update cached prediction status : true
02-19 13:19:34.817 6890 6890 I HBD : g getDefaultInputRange : UNKNOWN
02-19 13:19:34.817 6890 6890 I HBD : a currentState : 4
02-19 13:19:34.817 6890 6890 I HBD : a load BaseLanguageRepo
02-19 13:19:34.818 1843 3557 I CameraService: onUidStateChanged: uid=10189, procState is changed. (7 -> 5)
02-19 13:19:34.836 1090 1090 D io_stats: !@ 8,0 r 16676458 409282539 w 28553721 386635164 d 6449077 549217880 f 0 3019261 iot 17352000 0 th 0 0 0 pt 0 inp 0 0 263075.580
02-19 13:19:34.860 6890 6890 I HBD : h isCoverDisplay : true, cached selected json info : SelectedLanguageInfo(languageVersion=4.1, currentLanguageOrder=0, selectedLanguageList=[SelectedLanguage(id=65538, isUsed=true, engName=English, inputType=qwerty, activeOptionList=[auto_replace, writing_assistant]), SelectedLanguage(id=4653073, isUsed=true, engName=Simplified Chinese, inputType=phonepad, activeOptionList=[])])
02-19 13:19:34.860 6890 6890 I HBD : b [UpdatePolicy] [post] a: 0 cl: 65538 kit: [0/0] vt: 0 ir: 1
02-19 13:19:34.866 6890 6890 I HBD : a [NRIC] resetNoResponseState
02-19 13:19:34.866 6890 6890 I HBD : a update cached prediction status : true
02-19 13:19:34.866 6890 6890 I HBD : b [AiWriter] setContact : org.me.mobiexpensifyg
02-19 13:19:34.866 6890 6890 I HBD : HoneyBoardService [PF_OP][onStartInput] 55 ms
02-19 13:19:34.866 6890 6890 I HBD : d showInputView requested current = true, applyNow = true
02-19 13:19:34.866 6890 6890 I InputMethod: showSoftInput(): flags=1
02-19 13:19:34.866 2334 7371 I InputMethodManagerService: isAccessoryKeyboard 0
02-19 13:19:34.866 6890 6890 I HBD : HoneyBoardService onEvaluateInputViewShown: true
02-19 13:19:34.867 2334 7371 I InputMethodManagerService: isAccessoryKeyboard 0
02-19 13:19:34.867 6890 6890 I HBD : HoneyBoardService onEvaluateInputViewShown: true
02-19 13:19:34.867 6890 6890 I HBD : HoneyBoardService onStartInputView : restarting=false, client=org.me.mobiexpensifyg, pid=21462
02-19 13:19:34.867 6890 6890 W HBD : b [EditorInputType] undefined Enter action code : 0x40000006
