02-19 13:19:43.626 2334 6167 I InputMethodManagerService: setImeWindowStatus: vis=0, backDisposition=0
02-19 13:19:43.626 6890 6890 I HBD : HoneyBoardService onFinishInputView finishingInput= false
02-19 13:19:43.626 2334 6167 V InputMethodManagerService: applyImeVisibility state=0
02-19 13:19:43.626 1843 6980 I CameraService: onUidStateChanged: uid=10189, procState is changed. (5 -> 7)
02-19 13:19:43.626 3256 3256 D NavigationBar: setImeWindowStatus displayId=0 vis=0 backDisposition=0 showImeSwitcher=false imeShown=false
02-19 13:19:43.626 3256 3256 D Navbar.Store: --------------------handleEvent(0) OnNavBarIconHintChanged(iconHint=0) [Module] NavigationBar
02-19 13:19:43.627 3256 3256 D Navbar.Store: ----------------------[Band]SETUPWIZARD_PACK_SET_NAVBAR_ICON_HINT
02-19 13:19:43.627 3256 3256 D Navbar.Store: ----------------------[Band]VIS_PACK_REEVAULATE_NAVBAR
02-19 13:19:43.628 6890 6890 I HBD : b [UpdatePolicy] [post] a: 3 cl: 65538 kit: [0/0] vt: 0 ir: 1
02-19 13:19:43.628 6890 6890 I HBD : d processFinishInputView
02-19 13:19:43.628 3256 3256 D Navbar.Store: ------------------------apply(0) NavBarStoreAction$ReevaluateNavBar
02-19 13:19:43.628 6890 13756 I HBD : w [SKE_LM] learnInDynamicModel, false
02-19 13:19:43.628 6890 13756 I HBD : w [SKE_LM] learnInDynamicModel, true
02-19 13:19:43.629 3256 3256 D Navbar.Store: ------------------------handleEvent(0) OnUpdateRemoteViewContainer(leftContainer=android.widget.LinearLayout{cbd1822 V.E...... ........ 69,0-195,126 #7f0a05af app:id/left_remoteview}, rightContainer=android.widget.LinearLayout{629d2b3 I.E...... ......I. 709,0-835,126 #7f0a08d6 app:id/right_remoteview}, contextualButtonVisible=false, darkIntensity=0.0, displayId=0) [Module] SamsungNavigationBarView
02-19 13:19:43.629 3256 3256 D Navbar.Store: --------------------------[Band]REMOTE_VIEW_PACK_SET_REMOTEVIEW_CONTAINER
02-19 13:19:43.629 3256 3256 D Navbar.Store: ----------------------------apply(0) NavBarStoreAction$UpdateRemoteViewContainer
02-19 13:19:43.630 3256 3256 D Navbar.Store: ----------------------------apply(0) NavBarStoreAction$UpdateRemoteViewDarkIntensity
02-19 13:19:43.630 6890 6890 I HBD : c1 stopRunningTimers
02-19 13:19:43.630 6890 6890 I HBD : c [PF_EN] saveUserData() 0
02-19 13:19:43.630 6890 6890 I HBD : h0 EBD reset pbc:0 pdc:0
02-19 13:19:43.630 6890 6890 I HBD : w [WPM] sessionTime:2121 wordCount:2 pausedTime:0 wpm:56
02-19 13:19:43.630 6890 6890 I HBD : p historic wpmWordCount:321 wpmSessionTime:2450625 wpmPauseTime:377350 wpm:9
02-19 13:19:43.630 6890 6890 I HBD : p historic(rounded) wpmWordCount:321 wpmSessionTime:2450625 wpmPauseTime:377350 wpm:9
02-19 13:19:43.630 6890 6890 I HBD : j [AiWriter] unLoadOndeviceModel
02-19 13:19:43.630 6890 6890 I ScsApi@ToneConverter: release: false
02-19 13:19:43.630 6890 6890 I ScsApi@Corrector: release: false
02-19 13:19:43.631 6890 6890 I ScsApi@EmojiAugmentor: release: false
02-19 13:19:43.631 6890 6890 I ScsApi@NeuralTranslator: NeuralTranslator -- close() executed
02-19 13:19:43.631 6890 6890 I ScsApi@Translator: release: false
02-19 13:19:43.631 6890 6890 I ScsApi@WritingComposer: release: false
02-19 13:19:43.631 6890 6890 I ScsApi@Configuration: release: false
02-19 13:19:43.631 6890 6890 I HBD : d unbindCurrentHoneyBoard : text_board
02-19 13:19:43.631 6890 6890 I HBD : b onUnbind
02-19 13:19:43.631 6890 6890 I HBD : d expression state[false], searchState[0]
02-19 13:19:43.631 6890 6890 I HBD : a clear BaseLanguageRepo
02-19 13:19:43.632 6890 18517 I HBD : w [SKE_LM] saveDynamicModel, false , true
02-19 13:19:43.632 2334 3009 D ConnectivityService: Removing from current network [186 WIFI], leaving 189 requests.
02-19 13:19:43.635 3256 3256 D Navbar.Store: --------------------handleEvent(0) OnSetGestureHintVisibility(recentVisible=true, homeVisible=true, backVisible=true) [Module] SamsungNavigationBarView
02-19 13:19:43.635 3256 3256 D Navbar.Store: ----------------------[Band]GESTURE_PACK_SET_HINT_VISIBILITY
02-19 13:19:43.635 3256 3256 D Navbar.Store: ----------------------[Band] (afterAction) GESTURE_PACK_SET_HINT_VISIBILITY
02-19 13:19:43.635 3256 3256 D Navbar.Store: ------------------------apply(0) NavBarStoreAction$UpdateGestureHintVisibility
02-19 13:19:43.635 3256 3256 D Navbar.Store: ------------------------NavBarStates(0) canShowGestureHint: true
02-19 13:19:43.635 3256 3256 D Navbar.Store: --------------------handleEvent(0) OnUpdateSysUiStateFlag(noArguments=true) [Module] SamsungNavigationBarView
02-19 13:19:43.635 3256 3256 D Navbar.Store: ----------------------[Band]GESTURE_PACK_UPDATE_SYSTEMUI_STATE_FLAG
02-19 13:19:43.635 3256 3256 D Navbar.Store: ----------------------[Band] (afterAction) GESTURE_PACK_UPDATE_SYSTEMUI_STATE_FLAG
02-19 13:19:43.635 3256 3256 D Navbar.Store: ----------------------NavBarStates(0) isGameMode: false
02-19 13:19:43.635 3256 3256 D Navbar.Store: ------------------------apply(0) NavBarStoreAction$UpdateSysUiFlags
02-19 13:19:43.635 3256 3256 D Navbar.Store: ------------------------set 68719476736 : false
02-19 13:19:43.635 3256 3256 D Navbar.Store: ------------------------set 4294967296 : false
02-19 13:19:43.636 3256 3256 D SysUiState: SysUiState changed: old=0x10060000 new=0x10020000
02-19 13:19:43.636 6890 6890 I HBD : d Grammarly stop session 5 ms
02-19 13:19:43.636 6890 6890 I HBD : e onFinishInputView
02-19 13:19:43.636 6890 6890 I HBD : a [StopHoneyVoiceListeningWithReleaseDecorator] stopListeningWithRelease()
02-19 13:19:43.636 6890 6890 I IceCone : e HoneyVoice stopListening by stopListeningWithRelease()
02-19 13:19:43.636 3685 21648 I HoneySpace.SystemUiRepository: systemUiFlags: allow_gesture|awake
02-19 13:19:43.636 3685 3813 I HoneySpace.TaskbarEventTracker: invokeEvent() called with: event = SystemUiStateChanged(stateFlags=268566528)
02-19 13:19:43.637 3685 6677 I HoneySpace.TaskbarVisibilityController: updateTaskbarEvent needToHide:false stateFlags:268566528,keyguardShowing:false
02-19 13:19:43.637 6890 6890 I HBD : HoneyBoardService [PF_CL][onFinishInputView] 11 ms
02-19 13:19:43.637 6890 6890 I HBD : d showInputView requested current = true, applyNow = false
02-19 13:19:43.637 6890 6890 I HBD : HoneyBoardService onWindowHidden
02-19 13:19:43.637 6890 6890 I HBD : HoneyBoardService [PF_CL][onWindowHidden] 0 ms
02-19 13:19:43.638 3685 6677 I HoneySpace.TaskbarVisibilityController: updateVisibility(0) isDock:false occlude:true needToHide:false hideFlag:false launcher:false recent:false minus:false homePackage:false AppPicker:false :: state 0 -> 1
02-19 13:19:43.638 3256 3256 D Navbar.Store: ------------------------NavBarStates(0) canUseNavBarBackgroundFrame: true
02-19 13:19:43.639 3256 3256 D NavigationBarController: setNavigationBarShortcut requestClass : com.samsung.android.honeyboard, remoteViews : null, position : 0, priority : 12
02-19 13:19:43.639 21462 21462 I InsetsController: setRequestedVisibleTypes: visible=false, mask=ime, host=org.me.mobiexpensifyg/org.me.mobiexpensifyg.ExpensifyActivityBase, from=android.view.InsetsController.controlAnimationUnchecked:1476 android.view.InsetsController.applyAnimation:2040 android.view.InsetsController.applyAnimation:2003 android.view.InsetsController.hide:1434 android.view.ViewRootImpl$ViewRootHandler.handleMessageImpl:7310 android.view.ViewRootImpl$ViewRootHandler.handleMessage:7236 android.os.Handler.dispatchMessage:106 android.os.Looper.loopOnce:230 android.os.Looper.loop:319 android.app.ActivityThread.main:9063
02-19 13:19:43.639 3256 3256 D Navbar.Store: --------------------handleEvent(0) OnSetRemoteView(requestClass=com.samsung.android.honeyboard, remoteViews=null, position=0, priority=12) [Module] NavigationBarController
02-19 13:19:43.639 21462 21462 I InsetsController: controlAnimationUncheckedInner: Added types=ime, animType=1, host=org.me.mobiexpensifyg/org.me.mobiexpensifyg.ExpensifyActivityBase, from=android.view.InsetsController.controlAnimationUnchecked:1480 android.view.InsetsController.applyAnimation:2040 android.view.InsetsController.applyAnimation:2003
02-19 13:19:43.639 2334 4248 D InsetsSourceProvider: updateVisibility: serverVisible=true, clientVisible=false, source=InsetsSource: {3 mType=ime mFrame=[0,1366][904,2316] mVisible=false mFlags=[]}, controlTarget=Window{9a77eef u0 org.me.mobiexpensifyg/org.me.mobiexpensifyg.ExpensifyActivityBase}, from=com.android.server.wm.ImeInsetsSourceProvider.updateVisibility:154 com.android.server.wm.InsetsSourceProvider.setClientVisible:642 com.android.server.wm.ImeInsetsSourceProvider.setClientVisible:101 com.android.server.wm.InsetsSourceProvider.updateClientVisibility:629 com.android.server.wm.ImeInsetsSourceProvider.updateClientVisibility:173 com.android.server.wm.InsetsStateController.onInsetsModified:280 com.android.server.wm.InsetsPolicy.onInsetsModified:539 com.android.server.wm.Session.updateRequestedVisibleTypes:797 android.view.IWindowSession$Stub.onTransact:1145 com.android.server.wm.Session.onTransact:204
02-19 13:19:43.640 2334 4248 I WindowManager: Reparenting to leash, surface=Surface(name=3c5e648 NavigationBar0)/@0xe853047, leashParent=Surface(name=WindowToken{df798eb type=2019 android.os.BinderProxy@636ff65})/@0x1556074
02-19 13:19:43.640 1603 2205 I SurfaceFlinger: id=272774 createSurf, flag=24000, Surface(name=3c5e648 NavigationBar0)/@0xe853047 - animation-leash of insets_animation#272774
02-19 13:19:43.640 3256 3256 D Navbar.Store: ----------------------[Band]REMOTE_VIEW_PACK_SET_NAVBAR_SHORTCUT_TO_MANAGER
02-19 13:19:43.640 3256 3256 D Navbar.Store: ------------------------apply(0) NavBarStoreAction$UpdateRemoteViewShortcut
02-19 13:19:43.640 3256 3256 D Navbar.Store: ----------------------[Band]GESTURE_PACK_UPDATE_GAMETOOLS_VISIBILITY
02-19 13:19:43.640 3256 3256 D Navbar.Store: ----------------------NavBarStates(0) isGameMode: false
02-19 13:19:43.640 3256 3256 D Navbar.Store: ------------------------apply(0) NavBarStoreAction$UpdateSysUiFlags
02-19 13:19:43.640 3256 3256 D Navbar.Store: ------------------------set 4294967296 : false
02-19 13:19:43.640 3256 3256 D Navbar.Store: ----------------------[Band]TASKBAR_PACK_SET_REMOTEVIEW
02-19 13:19:43.640 3256 3256 D Navbar.Store: ------------------------apply(0) NavBarStoreAction$UpdateTaskBarNavBarEvents
02-19 13:19:43.640 3256 3256 D TaskbarDelegate: handleNavigationBarEvent() TaskbarDelegate is not initialized.
02-19 13:19:43.640 3256 3256 D Navbar.Store: ----------------------[Band]REMOTE_VIEW_PACK_SET_NAVBAR_SHORTCUT_TO_MANAGER
02-19 13:19:43.640 3256 3256 D Navbar.Store: ------------------------apply(0) NavBarStoreAction$InvalidateRemoteView
02-19 13:19:43.640 2334 4248 D WindowManager: makeSurface duration=1 leash=Surface(name=Surface(name=3c5e648 NavigationBar0)/@0xe853047 - animation-leash of insets_animation)/@0x7582910
02-19 13:19:43.640 3256 3256 D Navbar.Store: ------------------------handleEvent(0) OnUpdateRemoteViewContainer(leftContainer=android.widget.LinearLayout{cbd1822 V.E...... .......D 69,0-195,126 #7f0a05af app:id/left_remoteview}, rightContainer=android.widget.LinearLayout{629d2b3 I.E...... ......I. 709,0-835,126 #7f0a08d6 app:id/right_remoteview}, contextualButtonVisible=false, darkIntensity=0.0, displayId=0) [Module] SamsungNavigationBarView
02-19 13:19:43.640 3256 3256 D Navbar.Store: --------------------------[Band]REMOTE_VIEW_PACK_SET_REMOTEVIEW_CONTAINER
02-19 13:19:43.640 3256 3256 D Navbar.Store: ----------------------------apply(0) NavBarStoreAction$UpdateRemoteViewContainer
02-19 13:19:43.641 2334 4248 D InsetsSourceProvider: updateControlForTarget: control=InsetsSourceControl: {80a80001 mType=navigationBars initiallyVisible mSurfacePosition=Point(0, 2190) mInsetsHint=Insets{left=0, top=0, right=0, bottom=39}}, target=Window{9a77eef u0 org.me.mobiexpensifyg/org.me.mobiexpensifyg.ExpensifyActivityBase}, from=com.android.server.wm.InsetsStateController.onControlTargetChanged:363 com.android.server.wm.InsetsStateController.onBarControlTargetChanged:332 com.android.server.wm.InsetsPolicy.updateBarControlTarget:173 com.android.server.wm.InsetsPolicy.updateSystemBars:843 com.android.server.wm.DisplayPolicy.updateSystemBarsLw:3484
02-19 13:19:43.641 3256 3256 D Navbar.Store: ----------------------------apply(0) NavBarStoreAction$UpdateRemoteViewDarkIntensity
02-19 13:19:43.641 3256 3256 D FlexPanelInteractor: not support state, mMwEnabled=true, mIsTableMode=false, mDesktopMode=false, mIsImeShowing=false, mIsQuickPanelShowing=false, mIsTaskBarAppsEnabled=false, mIsGlobalActionVisible=false, mOnRecentsAnimation=false, isSupportRotation=false, isKeyguardShowing=false, isEmergencyMode=false
02-19 13:19:43.641 3256 3256 D FlexPanelInteractor: startFloatingIcon: extra=display_floating_icon_clear
02-19 13:19:43.641 2334 4248 D WindowManager: updateSystemBarAttributes: displayId=0, win=Window{9a77eef u0 org.me.mobiexpensifyg/org.me.mobiexpensifyg.ExpensifyActivityBase}, navColorWin=Window{9a77eef u0 org.me.mobiexpensifyg/org.me.mobiexpensifyg.ExpensifyActivityBase}, focusedCanBeNavColorWin=false, behavior=1, appearance=0, statusBarAppearanceRegions=[AppearanceRegion{ bounds=[0,0][904,2316]}], requestedVisibilities=-9, from=com.android.server.wm.InsetsStateController.onInsetsModified:286 com.android.server.wm.InsetsPolicy.onInsetsModified:539 com.android.server.wm.Session.updateRequestedVisibleTypes:797
02-19 13:19:43.642 1603 1760 D RenderEngine: [SEC_GC_CMN_SF_EFFECTS] drawLayersInternal,1279, Rendering layer at index 0
02-19 13:19:43.642 6890 6890 I HBD : [DirectWriting] DirectWriting hideWindow()
02-19 13:19:43.642 1603 1760 D RenderEngine: [SEC_GC_CMN_SF_EFFECTS] drawLayersInternal,1279, Rendering layer org.me.mobiexpensifyg/org.me.mobiexpensifyg.ExpensifyActivityBase$_21462#272730 at index 1
02-19 13:19:43.642 6890 6890 I HBD : [DirectWriting] DirectWriting no request Destroy. current state is jl.h@d47fb74
02-19 13:19:43.642 1603 1760 D RenderEngine: [SEC_GC_CMN_SF_EFFECTS] drawLayersInternal,1279, Rendering layer InputMethod$_6890#272773 at index 2
02-19 13:19:43.644 21462 21855 I ViewRootImpl@ccd3137[ExpensifyActivityBase]: Resizing android.view.ViewRootImpl@ff429dd: frame = [0,0][904,2316] reportDraw = false forceLayout = false syncSeqId = -1
02-19 13:19:43.645 3256 5705 I ViewRootImpl@fa0aba5[StatusBar]: Resizing android.view.ViewRootImpl@87766a0: frame = [0,0][904,87] reportDraw = false forceLayout = false syncSeqId = -1
02-19 13:19:43.646 1603 1603 I Layer : Layer::reparent [3c5e648 NavigationBar0#261402] newParent : Surface(name=3c5e648 NavigationBar0)/@0xe853047 - animation-leash of insets_animation#272774 , isRemovedFromCurrentState : 0 -------------------------
02-19 13:19:43.646 1603 1603 I Layer : Layer::reparent [3c5e648 NavigationBar0#261402] End -------------------------
02-19 13:19:43.646 3256 3975 I ViewRootImpl@80857f2[NavigationBar0]: Resizing android.view.ViewRootImpl@47aa4f7: frame = [0,2190][904,2316] reportDraw = false forceLayout = false syncSeqId = -1
02-19 13:19:43.647 3256 3256 D Navbar.Store: ----------------------------NavBarStates(0) canUseNavBarBackgroundFrame: true
02-19 13:19:43.649 3256 3256 I ControlPanelService: startId : 17163
02-19 13:19:43.649 6194 22624 I SemDvfsHyPerManager: acquire hyper - SIOP_OVER_LIMIT/6194@10, type = 1610616833
02-19 13:19:43.650 3256 3256 D NavigationBarController: setNavigationBarShortcut requestClass : com.android.wm.shell.controlpanel.activity.FlexPanelActivity, remoteViews : null, position : 0, priority : 11
02-19 13:19:43.650 3256 3256 D Navbar.Store: --------------------handleEvent(0) OnSetRemoteView(requestClass=com.android.wm.shell.controlpanel.activity.FlexPanelActivity, remoteViews=null, position=0, priority=11) [Module] NavigationBarController
02-19 13:19:43.650 3256 3256 D Navbar.Store: ----------------------[Band]REMOTE_VIEW_PACK_SET_NAVBAR_SHORTCUT_TO_MANAGER
02-19 13:19:43.650 3256 3256 D Navbar.Store: ------------------------apply(0) NavBarStoreAction$UpdateRemoteViewShortcut
02-19 13:19:43.650 3256 3256 D Navbar.Store: ----------------------[Band]GESTURE_PACK_UPDATE_GAMETOOLS_VISIBILITY
02-19 13:19:43.650 3256 3256 D Navbar.Store: ----------------------NavBarStates(0) isGameMode: false
02-19 13:19:43.650 3256 3256 D Navbar.Store: ------------------------apply(0) NavBarStoreAction$UpdateSysUiFlags
02-19 13:19:43.650 3256 3256 D Navbar.Store: ------------------------set 4294967296 : false
02-19 13:19:43.650 3256 3256 D Navbar.Store: ----------------------[Band]TASKBAR_PACK_SET_REMOTEVIEW
02-19 13:19:43.650 3256 3256 D Navbar.Store: ------------------------apply(0) NavBarStoreAction$UpdateTaskBarNavBarEvents
02-19 13:19:43.650 3256 3256 D TaskbarDelegate: handleNavigationBarEvent() TaskbarDelegate is not initialized.
02-19 13:19:43.650 3256 3256 D Navbar.Store: ----------------------[Band]REMOTE_VIEW_PACK_SET_NAVBAR_SHORTCUT_TO_MANAGER
02-19 13:19:43.650 3256 3256 D Navbar.Store: ------------------------apply(0) NavBarStoreAction$InvalidateRemoteView
02-19 13:19:43.650 3256 3256 D Navbar.Store: ------------------------handleEvent(0) OnUpdateRemoteViewContainer(leftContainer=android.widget.LinearLayout{cbd1822 I.E...... ......ID 69,0-195,126 #7f0a05af app:id/left_remoteview}, rightContainer=android.widget.LinearLayout{629d2b3 I.E...... ......I. 709,0-835,126 #7f0a08d6 app:id/right_remoteview}, contextualButtonVisible=false, darkIntensity=0.0, displayId=0) [Module] SamsungNavigationBarView
02-19 13:19:43.650 3256 3256 D Navbar.Store: --------------------------[Band]REMOTE_VIEW_PACK_SET_REMOTEVIEW_CONTAINER
02-19 13:19:43.650 3256 3256 D Navbar.Store: ----------------------------apply(0) NavBarStoreAction$UpdateRemoteViewContainer
02-19 13:19:43.650 3256 3256 D Navbar.Store: ----------------------------apply(0) NavBarStoreAction$UpdateRemoteViewDarkIntensity
02-19 13:19:43.650 3256 3256 I ViewRootImpl@fa0aba5[StatusBar]: handleResized, msg = 4 frames=ClientWindowFrames{frame=[0,0][904,87] display=[0,0][904,2316] parentFrame=[0,0][0,0]} forceNextWindowRelayout=false displayId=0 dragResizing=false compatScale=1.0 frameChanged=false attachedFrameChanged=false configChanged=false displayChanged=false compatScaleChanged=false
02-19 13:19:43.650 3256 3256 I ViewRootImpl@80857f2[NavigationBar0]: handleResized, msg = 4 frames=ClientWindowFrames{frame=[0,2190][904,2316] display=[0,0][904,2316] parentFrame=[0,0][0,0]} forceNextWindowRelayout=false displayId=0 dragResizing=false compatScale=1.0 frameChanged=false attachedFrameChanged=false configChanged=false displayChanged=false compatScaleChanged=false
02-19 13:19:43.650 21462 21462 W WindowOnBackDispatcher: sendCancelIfRunning: isInProgress=falsecallback=ImeCallback=ImeOnBackInvokedCallback@96634296 Callback=android.window.IOnBackInvokedCallback$Stub$Proxy@c2cf52c
02-19 13:19:43.651 2334 4147 D CoreBackPreview: Window{9a77eef u0 org.me.mobiexpensifyg/org.me.mobiexpensifyg.ExpensifyActivityBase}: Setting back callback OnBackInvokedCallbackInfo{mCallback=android.window.IOnBackInvokedCallback$Stub$Proxy@bd88e0e, mPriority=0, mIsAnimationCallback=false}
02-19 13:19:43.651 21462 21462 I InsetsController: onStateChanged: host=org.me.mobiexpensifyg/org.me.mobiexpensifyg.ExpensifyActivityBase, from=android.view.ViewRootImpl$ViewRootHandler.handleMessageImpl:7279, state=InsetsState: {mDisplayFrame=Rect(0, 0 - 904, 2316), mDisplayCutout=DisplayCutout{insets=Rect(0, 87 - 0, 0) waterfall=Insets{left=0, top=0, right=0, bottom=0} boundingRect={Bounds=[Rect(0, 0 - 0, 0), Rect(418, 0 - 486, 87), Rect(0, 0 - 0, 0), Rect(0, 0 - 0, 0)]} cutoutPathParserInfo={CutoutPathParserInfo{displayWidth=904 displayHeight=2316 physicalDisplayWidth=904 physicalDisplayHeight=2316 density={2.625} cutoutSpec={M 0,0 H -12.95238095238095 V 33.14285714285714 H 12.95238095238095 V 0 H 0 Z @dp} rotation={0} scale={1.0} physicalPixelDisplaySizeRatio={1.0}}}}, mRoundedCorners=RoundedCorners{[RoundedCorner{position=TopLeft, radius=53, center=Point(53, 53)}, RoundedCorner{position=TopRight, radius=53, center=Point(851, 53)}, RoundedCorner{position=BottomRight, radius=53, center=Point(851, 2263)}, RoundedCorner{position=BottomLeft, radius=53, center=Point(53, 2263)}]} mRoundedCornerFrame=Rect(0, 0 - 904, 2316), mPrivacyIndicatorBounds=PrivacyIndicatorBounds {static bounds=Rect(788, 0 - 904, 87) rotation=0}, mDisplayShape=DisplayShape{ spec=-311912193 displayWidth=904 displayHeight=2316 physicalPixelDisplaySizeRatio=1.0 rotation=0 offsetX=0 offsetY=0 scale=1.0}, mSources= { InsetsSource: {80a80001 mType=navigationBars mFrame=[0,2277][904,2316] mVisible=true mFlags=[SUPPRESS_SCRIM]}, InsetsSource: {80a80004 mType=systemGestures mFrame=[0,0][78,2316] mVisible=true mFlags=[]}, InsetsSource: {80a80005 mType=mandatorySystemGestures mFrame=[0,2232][904,2316] mVisible=true mFlags=[]}, InsetsSource: {80a80006 mType=tappableElement mFrame=[0,0][0,0] mVisible=true mFlags=[]}, InsetsSource: {80a80024 mType=systemGestures mFrame=[826,0][904,2316] mVisible=true mFlags=[]}, InsetsSource: {d59c0000 mType=statusBars mFrame=[0,0][904,87] mVisible=true mFlags=[]}, InsetsSource: {d59c0005 mType=mandatorySystemGestures mFrame=[0,0][904,119] mVisible=true mFlags=[]}, InsetsSource: {d59c0006 mType=tappableElement mFrame=[0,0][904,87] mVisible=true mFlags=[]}, InsetsSource: {3 mType=ime mFrame=[0,1366][904,2316] mVisible=false mFlags=[]}, InsetsSource: {27 mType=displayCutout mFrame=[0,0][904,87] mVisible=true mFlags=[]} }
02-19 13:19:43.651 6194 6194 I SemDvfsHyPerManager: acquire hyper - BaseTABoost/6194@26, type = 1090523139
02-19 13:19:43.651 21462 21462 I InsetsSourceConsumer: applyRequestedVisibilityToControl: visible=true, type=navigationBars, host=org.me.mobiexpensifyg/org.me.mobiexpensifyg.ExpensifyActivityBase
02-19 13:19:43.651 1492 1518 I HYPER-HAL: [RequestManager.cpp]acquire(): Acquired ID : 19247920 [6194 / 10] HINT : list : [OverLimit / 2476800]
02-19 13:19:43.651 21462 21462 I ViewRootImpl@ccd3137[ExpensifyActivityBase]: handleResized, msg = 4 frames=ClientWindowFrames{frame=[0,0][904,2316] display=[0,0][904,2316] parentFrame=[0,0][0,0]} forceNextWindowRelayout=false displayId=0 dragResizing=false compatScale=1.0 frameChanged=false attachedFrameChanged=false configChanged=false displayChanged=false compatScaleChanged=false
02-19 13:19:43.653 1492 1518 I HYPER-HAL: [RequestManager.cpp]acquire(): Acquired ID : 19347336 [6194 / 26] HINT : list : [TABoost / 1]
02-19 13:19:43.653 6890 22623 I HBD : c1 requestCursorUpdates(0), 17
02-19 13:19:43.655 21462 21787 I ViewRootImpl@ccd3137[ExpensifyActivityBase]: mWNT: t=0xb400007c23cfc010 mBlastBufferQueue=0xb400007d13b6b4f0 fn= 848 mRenderHdrSdrRatio=1.0 caller= android.view.SyncRtSurfaceTransactionApplier.applyTransaction:96 android.view.SyncRtSurfaceTransactionApplier.lambda$scheduleApply$0:69 android.view.SyncRtSurfaceTransactionApplier.$r8$lambda$SgowXC58rj3PR958kHUfRgLZmvE:0
02-19 13:19:43.657 6890 6890 I HBD : d CACHEDIC Text might be changed by view
02-19 13:19:43.657 21462 21786 I ViewRootImpl@ccd3137[ExpensifyActivityBase]: mWNT: t=0xb400007c23cee6d0 mBlastBufferQueue=0xb400007d13b6b4f0 fn= 849 mRenderHdrSdrRatio=1.0 caller= android.view.SyncRtSurfaceTransactionApplier.applyTransaction:96 android.view.SyncRtSurfaceTransactionApplier.lambda$scheduleApply$0:69 android.view.SyncRtSurfaceTransactionApplier.$r8$lambda$SgowXC58rj3PR958kHUfRgLZmvE:0
02-19 13:19:43.660 21462 21787 I ViewRootImpl@ccd3137[ExpensifyActivityBase]: mWNT: t=0xb400007c23ced910 mBlastBufferQueue=0xb400007d13b6b4f0 fn= 850 mRenderHdrSdrRatio=1.0 caller= android.view.SyncRtSurfaceTransactionApplier.applyTransaction:96 android.view.SyncRtSurfaceTransactionApplier.lambda$scheduleApply$0:69 android.view.SyncRtSurfaceTransactionApplier.$r8$lambda$SgowXC58rj3PR958kHUfRgLZmvE:0
02-19 13:19:43.660 6890 6890 I HBD : c IIFO[r:61050f19e5][type:finish]
02-19 13:19:43.661 6890 6890 I BLASTBufferQueue_Java: update, w= 904 h= 2229 mName = ViewRootImpl@1cdd9d5[InputMethod] mNativeObject= 0xb400007d13bae7f0 sc.mNativeObject= 0xb400007bd3bc4c50 format= -2 caller= android.view.ViewRootImpl.updateBlastSurfaceIfNeeded:3074 android.view.ViewRootImpl.relayoutWindow:10224 android.view.ViewRootImpl.performTraversals:4167 android.view.ViewRootImpl.doTraversal:3345 android.view.ViewRootImpl$TraversalRunnable.run:11437 android.view.Choreographer$CallbackRecord.run:1690
02-19 13:19:43.661 2334 4147 V WindowManager: Relayout Window{1b8f22f u0 InputMethod}: viewVisibility=0 req=904x2229 ty=2011 d0
02-19 13:19:43.661 6890 6890 I ViewRootImpl@1cdd9d5[InputMethod]: Relayout returned: old=(0,87,904,2316) new=(0,87,904,2316) relayoutAsync=true req=(904,2229)0 dur=0 res=0x0 s={true 0xb400007b33d1e960} ch=false seqId=171
02-19 13:19:43.662 6890 6890 I ViewRootImpl@1cdd9d5[InputMethod]: registerCallbackForPendingTransactions
02-19 13:19:43.662 6890 6890 I HBD : HoneyBoardService onTrimMemory 20
02-19 13:19:43.663 6890 6890 I HBD : d Init expand button state by global layout listener
02-19 13:19:43.663 2334 4147 V WindowManager: Relayout hash=1b8f22f, pid=0, syncId=-1: mAttrs={(0,0)(fillxfill) gr=BOTTOM CENTER_VERTICAL sim={adjust=resize} ty=INPUT_METHOD fmt=TRANSPARENT wanim=0x7f1401b1 preferredMinDisplayRefreshRate=60.0 receive insets ignoring z-order
02-19 13:19:43.663 2334 4147 V WindowManager: fl=81800108
02-19 13:19:43.663 2334 4147 V WindowManager: pfl=12000000
02-19 13:19:43.663 2334 4147 V WindowManager: bhv=DEFAULT
02-19 13:19:43.663 2334 4147 V WindowManager: fitTypes=STATUS_BARS NAVIGATION_BARS
02-19 13:19:43.663 2334 4147 V WindowManager: fitSides=LEFT TOP RIGHT
02-19 13:19:43.663 2334 4147 V WindowManager: fitIgnoreVis
02-19 13:19:43.663 2334 4147 V WindowManager: dimAmount=4.6816468E-4 dimDuration=150 naviIconColor=0}
02-19 13:19:43.663 6890 6890 I HBD : h container vis= false
02-19 13:19:43.663 6890 14171 I ViewRootImpl@1cdd9d5[InputMethod]: mWNT: t=0xb400007c23ca21d0 mBlastBufferQueue=0xb400007d13bae7f0 fn= 89 mRenderHdrSdrRatio=1.0 caller= android.view.ViewRootImpl$6.onFrameDraw:5705 android.view.ViewRootImpl$2.onFrameDraw:2190 android.view.ThreadedRenderer$1.onFrameDraw:792
02-19 13:19:43.664 6890 6890 I BLASTBufferQueue_Java: update, w= 904 h= 2229 mName = ViewRootImpl@1cdd9d5[InputMethod] mNativeObject= 0xb400007d13bae7f0 sc.mNativeObject= 0xb400007bd3bc4c50 format= -2 caller= android.view.ViewRootImpl.updateBlastSurfaceIfNeeded:3074 android.view.ViewRootImpl.relayoutWindow:10224 android.view.ViewRootImpl.performTraversals:4167 android.view.ViewRootImpl.doTraversal:3345 android.view.ViewRootImpl$TraversalRunnable.run:11437 android.view.Choreographer$CallbackRecord.run:1690
02-19 13:19:43.664 6890 6890 I ViewRootImpl@1cdd9d5[InputMethod]: Relayout returned: old=(0,87,904,2316) new=(0,87,904,2316) relayoutAsync=true req=(904,2229)0 dur=0 res=0x0 s={true 0xb400007b33d1e960} ch=false seqId=171
02-19 13:19:43.665 6890 6890 I HBD : d Init expand button state by global layout listener
02-19 13:19:43.665 6890 6890 I ViewRootImpl@1cdd9d5[InputMethod]: registerCallbackForPendingTransactions
02-19 13:19:43.666 2334 4147 V WindowManager: Relayout Window{1b8f22f u0 InputMethod}: viewVisibility=0 req=904x2229 ty=2011 d0
02-19 13:19:43.666 6890 14170 I ViewRootImpl@1cdd9d5[InputMethod]: mWNT: t=0xb400007c23c261b0 mBlastBufferQueue=0xb400007d13bae7f0 fn= 90 mRenderHdrSdrRatio=1.0 caller= android.view.ViewRootImpl$6.onFrameDraw:5705 android.view.ViewRootImpl$2.onFrameDraw:2190 android.view.ThreadedRenderer$1.onFrameDraw:792
02-19 13:19:43.667 2334 4147 V WindowManager: Relayout hash=1b8f22f, pid=0, syncId=-1: mAttrs={(0,0)(fillxfill) gr=BOTTOM CENTER_VERTICAL sim={adjust=pan} ty=INPUT_METHOD fmt=TRANSPARENT wanim=0x7f1401b1 preferredMinDisplayRefreshRate=60.0 receive insets ignoring z-order
02-19 13:19:43.667 2334 4147 V WindowManager: fl=81800108
02-19 13:19:43.667 2334 4147 V WindowManager: pfl=12000000
02-19 13:19:43.667 2334 4147 V WindowManager: bhv=DEFAULT
02-19 13:19:43.667 2334 4147 V WindowManager: fitTypes=STATUS_BARS NAVIGATION_BARS
02-19 13:19:43.667 2334 4147 V WindowManager: fitSides=LEFT TOP RIGHT
02-19 13:19:43.667 2334 4147 V WindowManager: fitIgnoreVis
02-19 13:19:43.667 2334 4147 V WindowManager: dimAmount=4.6816468E-4 dimDuration=150 naviIconColor=0}
02-19 13:19:43.669 21462 21786 I ViewRootImpl@ccd3137[ExpensifyActivityBase]: mWNT: t=0xb400007c23c16770 mBlastBufferQueue=0xb400007d13b6b4f0 fn= 851 mRenderHdrSdrRatio=1.0 caller= android.view.SyncRtSurfaceTransactionApplier.applyTransaction:96 android.view.SyncRtSurfaceTransactionApplier.lambda$scheduleApply$0:69 android.view.SyncRtSurfaceTransactionApplier.$r8$lambda$SgowXC58rj3PR958kHUfRgLZmvE:0
02-19 13:19:43.671 1484 20135 I sensors-hal: handle_sns_client_event:205, auto_rotation_debug_2 mode,255,last,0, type,3,0 main,1.010,5.250,7.841 sub,-1.036,5.446,-7.990, ar,0, h_ic,1, s,3, ver,12, pedo,1,e,0,i,2
02-19 13:19:43.681 21462 21787 I ViewRootImpl@ccd3137[ExpensifyActivityBase]: mWNT: t=0xb400007c23cf9830 mBlastBufferQueue=0xb400007d13b6b4f0 fn= 852 mRenderHdrSdrRatio=1.0 caller= android.view.SyncRtSurfaceTransactionApplier.applyTransaction:96 android.view.SyncRtSurfaceTransactionApplier.lambda$scheduleApply$0:69 android.view.SyncRtSurfaceTransactionApplier.$r8$lambda$SgowXC58rj3PR958kHUfRgLZmvE:0
02-19 13:19:43.684 21462 21786 I ViewRootImpl@ccd3137[ExpensifyActivityBase]: mWNT: t=0xb400007c23c9b950 mBlastBufferQueue=0xb400007d13b6b4f0 fn= 853 mRenderHdrSdrRatio=1.0 caller= android.view.SyncRtSurfaceTransactionApplier.applyTransaction:96 android.view.SyncRtSurfaceTransactionApplier.lambda$scheduleApply$0:69 android.view.SyncRtSurfaceTransactionApplier.$r8$lambda$SgowXC58rj3PR958kHUfRgLZmvE:0
02-19 13:19:43.692 21462 21787 I ViewRootImpl@ccd3137[ExpensifyActivityBase]: mWNT: t=0xb400007c23c9de70 mBlastBufferQueue=0xb400007d13b6b4f0 fn= 854 mRenderHdrSdrRatio=1.0 caller= android.view.SyncRtSurfaceTransactionApplier.applyTransaction:96 android.view.SyncRtSurfaceTransactionApplier.lambda$scheduleApply$0:69 android.view.SyncRtSurfaceTransactionApplier.$r8$lambda$SgowXC58rj3PR958kHUfRgLZmvE:0
02-19 13:19:43.699 21462 21786 I ViewRootImpl@ccd3137[ExpensifyActivityBase]: mWNT: t=0xb400007c23c9acf0 mBlastBufferQueue=0xb400007d13b6b4f0 fn= 855 mRenderHdrSdrRatio=1.0 caller= android.view.SyncRtSurfaceTransactionApplier.applyTransaction:96 android.view.SyncRtSurfaceTransactionApplier.lambda$scheduleApply$0:69 android.view.SyncRtSurfaceTransactionApplier.$r8$lambda$SgowXC58rj3PR958kHUfRgLZmvE:0
02-19 13:19:43.710 21462 21787 I ViewRootImpl@ccd3137[ExpensifyActivityBase]: mWNT: t=0xb400007c23c9c9d0 mBlastBufferQueue=0xb400007d13b6b4f0 fn= 856 mRenderHdrSdrRatio=1.0 caller= android.view.SyncRtSurfaceTransactionApplier.applyTransaction:96 android.view.SyncRtSurfaceTransactionApplier.lambda$scheduleApply$0:69 android.view.SyncRtSurfaceTransactionApplier.$r8$lambda$SgowXC58rj3PR958kHUfRgLZmvE:0
02-19 13:19:43.720 21462 21786 I ViewRootImpl@ccd3137[ExpensifyActivityBase]: mWNT: t=0xb400007c23c9c030 mBlastBufferQueue=0xb400007d13b6b4f0 fn= 857 mRenderHdrSdrRatio=1.0 caller= android.view.SyncRtSurfaceTransactionApplier.applyTransaction:96 android.view.SyncRtSurfaceTransactionApplier.lambda$scheduleApply$0:69 android.view.SyncRtSurfaceTransactionApplier.$r8$lambda$SgowXC58rj3PR958kHUfRgLZmvE:0
02-19 13:19:43.724 21462 21787 I ViewRootImpl@ccd3137[ExpensifyActivityBase]: mWNT: t=0xb400007c23c9d370 mBlastBufferQueue=0xb400007d13b6b4f0 fn= 858 mRenderHdrSdrRatio=1.0 caller= android.view.SyncRtSurfaceTransactionApplier.applyTransaction:96 android.view.SyncRtSurfaceTransactionApplier.lambda$scheduleApply$0:69 android.view.SyncRtSurfaceTransactionApplier.$r8$lambda$SgowXC58rj3PR958kHUfRgLZmvE:0
02-19 13:19:43.735 21462 21786 I ViewRootImpl@ccd3137[ExpensifyActivityBase]: mWNT: t=0xb400007c23c9dfd0 mBlastBufferQueue=0xb400007d13b6b4f0 fn= 859 mRenderHdrSdrRatio=1.0 caller= android.view.SyncRtSurfaceTransactionApplier.applyTransaction:96 android.view.SyncRtSurfaceTransactionApplier.lambda$scheduleApply$0:69 android.view.SyncRtSurfaceTransactionApplier.$r8$lambda$SgowXC58rj3PR958kHUfRgLZmvE:0
02-19 13:19:43.747 21462 21787 I ViewRootImpl@ccd3137[ExpensifyActivityBase]: mWNT: t=0xb400007c23c9a4b0 mBlastBufferQueue=0xb400007d13b6b4f0 fn= 860 mRenderHdrSdrRatio=1.0 caller= android.view.SyncRtSurfaceTransactionApplier.applyTransaction:96 android.view.SyncRtSurfaceTransactionApplier.lambda$scheduleApply$0:69 android.view.SyncRtSurfaceTransactionApplier.$r8$lambda$SgowXC58rj3PR958kHUfRgLZmvE:0
02-19 13:19:43.750 21462 21786 I ViewRootImpl@ccd3137[ExpensifyActivityBase]: mWNT: t=0xb400007c23c99430 mBlastBufferQueue=0xb400007d13b6b4f0 fn= 861 mRenderHdrSdrRatio=1.0 caller= android.view.SyncRtSurfaceTransactionApplier.applyTransaction:96 android.view.SyncRtSurfaceTransactionApplier.lambda$scheduleApply$0:69 android.view.SyncRtSurfaceTransactionApplier.$r8$lambda$SgowXC58rj3PR958kHUfRgLZmvE:0
02-19 13:19:43.760 21462 21787 I ViewRootImpl@ccd3137[ExpensifyActivityBase]: mWNT: t=0xb400007c23c992d0 mBlastBufferQueue=0xb400007d13b6b4f0 fn= 862 mRenderHdrSdrRatio=1.0 caller= android.view.SyncRtSurfaceTransactionApplier.applyTransaction:96 android.view.SyncRtSurfaceTransactionApplier.lambda$scheduleApply$0:69 android.view.SyncRtSurfaceTransactionApplier.$r8$lambda$SgowXC58rj3PR958kHUfRgLZmvE:0
02-19 13:19:43.760 1603 1760 D RenderEngine: [SEC_GC_CMN_SF_EFFECTS] drawLayersInternal,1279, Rendering layer at index 0
02-19 13:19:43.760 1603 1760 D RenderEngine: [SEC_GC_CMN_SF_EFFECTS] drawLayersInternal,1279, Rendering layer org.me.mobiexpensifyg/org.me.mobiexpensifyg.ExpensifyActivityBase$_21462#272730 at index 1
02-19 13:19:43.760 1603 1760 D RenderEngine: [SEC_GC_CMN_SF_EFFECTS] drawLayersInternal,1279, Rendering layer InputMethod$_6890#272773 at index 2
02-19 13:19:43.766 6890 18517 I HBD : w [SKE_LM] writeDynamicModel
02-19 13:19:43.770 21462 21786 I ViewRootImpl@ccd3137[ExpensifyActivityBase]: mWNT: t=0xb400007c23c97b70 mBlastBufferQueue=0xb400007d13b6b4f0 fn= 863 mRenderHdrSdrRatio=1.0 caller= android.view.SyncRtSurfaceTransactionApplier.applyTransaction:96 android.view.SyncRtSurfaceTransactionApplier.lambda$scheduleApply$0:69 android.view.SyncRtSurfaceTransactionApplier.$r8$lambda$SgowXC58rj3PR958kHUfRgLZmvE:0
02-19 13:19:43.774 21462 21787 I ViewRootImpl@ccd3137[ExpensifyActivityBase]: mWNT: t=0xb400007c23c98930 mBlastBufferQueue=0xb400007d13b6b4f0 fn= 864 mRenderHdrSdrRatio=1.0 caller= android.view.SyncRtSurfaceTransactionApplier.applyTransaction:96 android.view.SyncRtSurfaceTransactionApplier.lambda$scheduleApply$0:69 android.view.SyncRtSurfaceTransactionApplier.$r8$lambda$SgowXC58rj3PR958kHUfRgLZmvE:0
02-19 13:19:43.783 21462 21786 I ViewRootImpl@ccd3137[ExpensifyActivityBase]: mWNT: t=0xb400007c23c95390 mBlastBufferQueue=0xb400007d13b6b4f0 fn= 865 mRenderHdrSdrRatio=1.0 caller= android.view.SyncRtSurfaceTransactionApplier.applyTransaction:96 android.view.SyncRtSurfaceTransactionApplier.lambda$scheduleApply$0:69 android.view.SyncRtSurfaceTransactionApplier.$r8$lambda$SgowXC58rj3PR958kHUfRgLZmvE:0
02-19 13:19:43.792 21462 21787 I ViewRootImpl@ccd3137[ExpensifyActivityBase]: mWNT: t=0xb400007c23cde5b0 mBlastBufferQueue=0xb400007d13b6b4f0 fn= 866 mRenderHdrSdrRatio=1.0 caller= android.view.SyncRtSurfaceTransactionApplier.applyTransaction:96 android.view.SyncRtSurfaceTransactionApplier.lambda$scheduleApply$0:69 android.view.SyncRtSurfaceTransactionApplier.$r8$lambda$SgowXC58rj3PR958kHUfRgLZmvE:0
02-19 13:19:43.799 21462 21786 I ViewRootImpl@ccd3137[ExpensifyActivityBase]: mWNT: t=0xb400007c23d0b4d0 mBlastBufferQueue=0xb400007d13b6b4f0 fn= 867 mRenderHdrSdrRatio=1.0 caller= android.view.SyncRtSurfaceTransactionApplier.applyTransaction:96 android.view.SyncRtSurfaceTransactionApplier.lambda$scheduleApply$0:69 android.view.SyncRtSurfaceTransactionApplier.$r8$lambda$SgowXC58rj3PR958kHUfRgLZmvE:0
02-19 13:19:43.809 21462 21787 I ViewRootImpl@ccd3137[ExpensifyActivityBase]: mWNT: t=0xb400007c23c95a70 mBlastBufferQueue=0xb400007d13b6b4f0 fn= 868 mRenderHdrSdrRatio=1.0 caller= android.view.SyncRtSurfaceTransactionApplier.applyTransaction:96 android.view.SyncRtSurfaceTransactionApplier.lambda$scheduleApply$0:69 android.view.SyncRtSurfaceTransactionApplier.$r8$lambda$SgowXC58rj3PR958kHUfRgLZmvE:0
02-19 13:19:43.822 21462 21786 I ViewRootImpl@ccd3137[ExpensifyActivityBase]: mWNT: t=0xb400007c23c93290 mBlastBufferQueue=0xb400007d13b6b4f0 fn= 869 mRenderHdrSdrRatio=1.0 caller= android.view.SyncRtSurfaceTransactionApplier.applyTransaction:96 android.view.SyncRtSurfaceTransactionApplier.lambda$scheduleApply$0:69 android.view.SyncRtSurfaceTransactionApplier.$r8$lambda$SgowXC58rj3PR958kHUfRgLZmvE:0
02-19 13:19:43.825 21462 21787 I ViewRootImpl@ccd3137[ExpensifyActivityBase]: mWNT: t=0xb400007c23c91c90 mBlastBufferQueue=0xb400007d13b6b4f0 fn= 870 mRenderHdrSdrRatio=1.0 caller= android.view.SyncRtSurfaceTransactionApplier.applyTransaction:96 android.view.SyncRtSurfaceTransactionApplier.lambda$scheduleApply$0:69 android.view.SyncRtSurfaceTransactionApplier.$r8$lambda$SgowXC58rj3PR958kHUfRgLZmvE:0
02-19 13:19:43.834 21462 21786 I ViewRootImpl@ccd3137[ExpensifyActivityBase]: mWNT: t=0xb400007c23c93810 mBlastBufferQueue=0xb400007d13b6b4f0 fn= 871 mRenderHdrSdrRatio=1.0 caller= android.view.SyncRtSurfaceTransactionApplier.applyTransaction:96 android.view.SyncRtSurfaceTransactionApplier.lambda$scheduleApply$0:69 android.view.SyncRtSurfaceTransactionApplier.$r8$lambda$SgowXC58rj3PR958kHUfRgLZmvE:0
02-19 13:19:43.845 21462 21787 I ViewRootImpl@ccd3137[ExpensifyActivityBase]: mWNT: t=0xb400007c23c96410 mBlastBufferQueue=0xb400007d13b6b4f0 fn= 872 mRenderHdrSdrRatio=1.0 caller= android.view.SyncRtSurfaceTransactionApplier.applyTransaction:96 android.view.SyncRtSurfaceTransactionApplier.lambda$scheduleApply$0:69 android.view.SyncRtSurfaceTransactionApplier.$r8$lambda$SgowXC58rj3PR958kHUfRgLZmvE:0
02-19 13:19:43.849 21462 21786 I ViewRootImpl@ccd3137[ExpensifyActivityBase]: mWNT: t=0xb400007c23c96990 mBlastBufferQueue=0xb400007d13b6b4f0 fn= 873 mRenderHdrSdrRatio=1.0 caller= android.view.SyncRtSurfaceTransactionApplier.applyTransaction:96 android.view.SyncRtSurfaceTransactionApplier.lambda$scheduleApply$0:69 android.view.SyncRtSurfaceTransactionApplier.$r8$lambda$SgowXC58rj3PR958kHUfRgLZmvE:0
02-19 13:19:43.856 2334 4248 D InputMethodManagerService: isImeSwitcherDisabledPackage : false
02-19 13:19:43.857 3256 3256 D NavigationBar: setImeWindowStatus displayId=0 vis=0 backDisposition=0 showImeSwitcher=false imeShown=false
02-19 13:19:43.859 21462 21787 I ViewRootImpl@ccd3137[ExpensifyActivityBase]: mWNT: t=0xb400007c23cd5810 mBlastBufferQueue=0xb400007d13b6b4f0 fn= 874 mRenderHdrSdrRatio=1.0 caller= android.view.SyncRtSurfaceTransactionApplier.applyTransaction:96 android.view.SyncRtSurfaceTransactionApplier.lambda$scheduleApply$0:69 android.view.SyncRtSurfaceTransactionApplier.$r8$lambda$SgowXC58rj3PR958kHUfRgLZmvE:0
02-19 13:19:43.860 1603 1760 D RenderEngine: [SEC_GC_CMN_SF_EFFECTS] drawLayersInternal,1279, Rendering layer at index 0
02-19 13:19:43.860 1603 1760 D RenderEngine: [SEC_GC_CMN_SF_EFFECTS] drawLayersInternal,1279, Rendering layer org.me.mobiexpensifyg/org.me.mobiexpensifyg.ExpensifyActivityBase$_21462#272730 at index 1
02-19 13:19:43.860 1603 1760 D RenderEngine: [SEC_GC_CMN_SF_EFFECTS] drawLayersInternal,1279, Rendering layer InputMethod$_6890#272773 at index 2
02-19 13:19:43.868 21462 21786 I ViewRootImpl@ccd3137[ExpensifyActivityBase]: mWNT: t=0xb400007c23c980f0 mBlastBufferQueue=0xb400007d13b6b4f0 fn= 875 mRenderHdrSdrRatio=1.0 caller= android.view.SyncRtSurfaceTransactionApplier.applyTransaction:96 android.view.SyncRtSurfaceTransactionApplier.lambda$scheduleApply$0:69 android.view.SyncRtSurfaceTransactionApplier.$r8$lambda$SgowXC58rj3PR958kHUfRgLZmvE:0
02-19 13:19:43.873 21462 21787 I ViewRootImpl@ccd3137[ExpensifyActivityBase]: mWNT: t=0xb400007c23c4c850 mBlastBufferQueue=0xb400007d13b6b4f0 fn= 876 mRenderHdrSdrRatio=1.0 caller= android.view.SyncRtSurfaceTransactionApplier.applyTransaction:96 android.view.SyncRtSurfaceTransactionApplier.lambda$scheduleApply$0:69 android.view.SyncRtSurfaceTransactionApplier.$r8$lambda$SgowXC58rj3PR958kHUfRgLZmvE:0
02-19 13:19:43.877 2334 2444 I GestureDetector: handleMessage TAP
02-19 13:19:43.878 2334 2334 I GestureDetector: handleMessage TAP
02-19 13:19:43.885 21462 21786 I ViewRootImpl@ccd3137[ExpensifyActivityBase]: mWNT: t=0xb400007c23c4eab0 mBlastBufferQueue=0xb400007d13b6b4f0 fn= 877 mRenderHdrSdrRatio=1.0 caller= android.view.SyncRtSurfaceTransactionApplier.applyTransaction:96 android.view.SyncRtSurfaceTransactionApplier.lambda$scheduleApply$0:69 android.view.SyncRtSurfaceTransactionApplier.$r8$lambda$SgowXC58rj3PR958kHUfRgLZmvE:0
02-19 13:19:43.898 21462 21787 I ViewRootImpl@ccd3137[ExpensifyActivityBase]: mWNT: t=0xb400007c23c4e270 mBlastBufferQueue=0xb400007d13b6b4f0 fn= 878 mRenderHdrSdrRatio=1.0 caller= android.view.SyncRtSurfaceTransactionApplier.applyTransaction:96 android.view.SyncRtSurfaceTransactionApplier.lambda$scheduleApply$0:69 android.view.SyncRtSurfaceTransactionApplier.$r8$lambda$SgowXC58rj3PR958kHUfRgLZmvE:0
02-19 13:19:43.904 21462 21786 I ViewRootImpl@ccd3137[ExpensifyActivityBase]: mWNT: t=0xb400007c23c16770 mBlastBufferQueue=0xb400007d13b6b4f0 fn= 879 mRenderHdrSdrRatio=1.0 caller= android.view.SyncRtSurfaceTransactionApplier.applyTransaction:96 android.view.SyncRtSurfaceTransactionApplier.lambda$scheduleApply$0:69 android.view.SyncRtSurfaceTransactionApplier.$r8$lambda$SgowXC58rj3PR958kHUfRgLZmvE:0
02-19 13:19:43.913 21462 21787 I ViewRootImpl@ccd3137[ExpensifyActivityBase]: mWNT: t=0xb400007c23ced910 mBlastBufferQueue=0xb400007d13b6b4f0 fn= 880 mRenderHdrSdrRatio=1.0 caller= android.view.SyncRtSurfaceTransactionApplier.applyTransaction:96 android.view.SyncRtSurfaceTransactionApplier.lambda$scheduleApply$0:69 android.view.SyncRtSurfaceTransactionApplier.$r8$lambda$SgowXC58rj3PR958kHUfRgLZmvE:0
02-19 13:19:43.916 21462 21786 I ViewRootImpl@ccd3137[ExpensifyActivityBase]: mWNT: t=0xb400007c23cee6d0 mBlastBufferQueue=0xb400007d13b6b4f0 fn= 881 mRenderHdrSdrRatio=1.0 caller= android.view.SyncRtSurfaceTransactionApplier.applyTransaction:96 android.view.SyncRtSurfaceTransactionApplier.lambda$scheduleApply$0:69 android.view.SyncRtSurfaceTransactionApplier.$r8$lambda$SgowXC58rj3PR958kHUfRgLZmvE:0
02-19 13:19:43.925 21462 21787 I ViewRootImpl@ccd3137[ExpensifyActivityBase]: mWNT: t=0xb400007c23cfc010 mBlastBufferQueue=0xb400007d13b6b4f0 fn= 882 mRenderHdrSdrRatio=1.0 caller= android.view.SyncRtSurfaceTransactionApplier.applyTransaction:96 android.view.SyncRtSurfaceTransactionApplier.lambda$scheduleApply$0:69 android.view.SyncRtSurfaceTransactionApplier.$r8$lambda$SgowXC58rj3PR958kHUfRgLZmvE:0
02-19 13:19:43.937 21462 21786 I ViewRootImpl@ccd3137[ExpensifyActivityBase]: mWNT: t=0xb400007c23cf7f70 mBlastBufferQueue=0xb400007d13b6b4f0 fn= 883 mRenderHdrSdrRatio=1.0 caller= android.view.SyncRtSurfaceTransactionApplier.applyTransaction:96 android.view.SyncRtSurfaceTransactionApplier.lambda$scheduleApply$0:69 android.view.SyncRtSurfaceTransactionApplier.$r8$lambda$SgowXC58rj3PR958kHUfRgLZmvE:0
02-19 13:19:43.940 21462 21787 I ViewRootImpl@ccd3137[ExpensifyActivityBase]: mWNT: t=0xb400007c23c93c30 mBlastBufferQueue=0xb400007d13b6b4f0 fn= 884 mRenderHdrSdrRatio=1.0 caller= android.view.SyncRtSurfaceTransactionApplier.applyTransaction:96 android.view.SyncRtSurfaceTransactionApplier.lambda$scheduleApply$0:69 android.view.SyncRtSurfaceTransactionApplier.$r8$lambda$SgowXC58rj3PR958kHUfRgLZmvE:0
02-19 13:19:43.946 21462 21462 I InsetsController: cancelAnimation: types=ime, animType=1, host=org.me.mobiexpensifyg/org.me.mobiexpensifyg.ExpensifyActivityBase, from=android.view.InsetsController.notifyFinished:1783 android.view.InsetsAnimationControlImpl.applyChangeInsets:312 android.view.InsetsController.lambda$new$3:926
02-19 13:19:43.947 21462 21462 I ImeTracker: org.me.mobiexpensifyg:dfcd37a: onRequestHide at ORIGIN_CLIENT_HIDE_SOFT_INPUT reason HIDE_SOFT_INPUT_BY_INSETS_API
02-19 13:19:43.947 21462 21462 I InputMethodManager_LC: notifyImeHidden: IInputMethodManagerGlobalInvoker.hideSoftInput
02-19 13:19:43.947 2334 4248 D InputMethodManagerService: hideSoftInput
02-19 13:19:43.947 2334 4248 V InputMethodManagerService: Client requesting input be hidden
02-19 13:19:43.947 2334 4248 D InputMethodManagerService: setWindowStateInner, windowToken=android.os.BinderProxy@9c91fce, state=ImeTargetWindowState{ imeToken android.os.Binder@6937d1a imeFocusChanged false hasEditorFocused true requestedImeVisible false imeDisplayId 0 softInputModeState STATE_UNSPECIFIED|ADJUST_RESIZE isStartInputByGainFocus false}
02-19 13:19:43.947 2334 4248 I ImeTracker: org.me.mobiexpensifyg:dfcd37a: onCancelled at PHASE_SERVER_SHOULD_HIDE
02-19 13:19:43.947 2334 4248 V InputMethodManagerService: hideCurrentInputLocked : canceled, shouldHideSoftInput=false, mInputShown=false, mImeWindowVis=0
02-19 13:19:43.947 21462 21462 I ImeTracker: org.me.mobiexpensifyg:cf064107: onHidden
02-19 13:19:43.949 6890 6890 I InputMethodService: scheduleImeSurfaceRemoval: removeImeSurface is posted.
02-19 13:19:43.953 21462 21786 I ViewRootImpl@ccd3137[ExpensifyActivityBase]: mWNT: t=0xb400007c23ce95b0 mBlastBufferQueue=0xb400007d13b6b4f0 fn= 885 mRenderHdrSdrRatio=1.0 caller= android.view.SyncRtSurfaceTransactionApplier.applyTransaction:96 android.view.SyncRtSurfaceTransactionApplier.lambda$scheduleApply$0:69 android.view.SyncRtSurfaceTransactionApplier.$r8$lambda$SgowXC58rj3PR958kHUfRgLZmvE:0
02-19 13:19:43.962 1603 1603 I Layer : Layer [Surface(name=1b8f22f InputMethod)/@0xe50c51f - animation-leash of insets_animation#272769] hidden!! flag(1)
02-19 13:19:43.967 1603 1603 D SurfaceFlinger: Display 4630946213010294403 HWC layers:
02-19 13:19:43.967 1603 1603 D SurfaceFlinger: DEVICE | 0xb400007cd8d17400 | 0100 | RGBA_8888 | 0.0 0.0 904.0 2316.0 | 0 0 904 2316 | org.me.mobiexpensifyg/org.me.mobiexp[...].ExpensifyActivityBase$_21462#272730
02-19 13:19:43.967 1603 1603 D SurfaceFlinger: DEVICE | 0xb400007cd8d30630 | 0100 | RGBA_8888 | 0.0 0.0 904.0 87.0 | 0 0 904 87 | StatusBar$_3256#121
02-19 13:19:43.967 1603 1603 D SurfaceFlinger: DEVICE | 0xb400007cd8cfd2a0 | 0100 | RGBA_8888 | 0.0 0.0 904.0 126.0 | 0 2190 904 2316 | NavigationBar0$_3256#261410
02-19 13:19:43.967 1603 1603 D SurfaceFlinger:
02-19 13:19:43.975 1603 1760 D RenderEngine: [SEC_GC_CMN_SF_EFFECTS] drawLayersInternal,1279, Rendering layer at index 0
02-19 13:19:43.975 1603 1760 D RenderEngine: [SEC_GC_CMN_SF_EFFECTS] drawLayersInternal,1279, Rendering layer org.me.mobiexpensifyg/org.me.mobiexpensifyg.ExpensifyActivityBase$_21462#272730 at index 1
02-19 13:19:43.984 1484 22430 I sensors-hal: handle_sns_client_event:628, [0][1967] gyro_sample_cal(3) [ 0.028, 0.031,-0.025] 1383762004025138
02-19 13:19:43.996 6890 6890 I ViewRootImpl@1cdd9d5[InputMethod]: destroyHardwareResources: Callers=android.view.ViewRootImpl.performTraversals:3989 android.view.ViewRootImpl.doTraversal:3345 android.view.ViewRootImpl$TraversalRunnable.run:11437 android.view.Choreographer$CallbackRecord.run:1690 android.view.Choreographer$CallbackRecord.run:1699 android.view.Choreographer.doCallbacks:1154 android.view.Choreographer.doFrame:1080 android.view.Choreographer$FrameDisplayEventReceiver.run:1647 android.os.Handler.handleCallback:958 android.os.Handler.dispatchMessage:99
02-19 13:19:43.999 2334 2949 V WindowManager: Relayout Window{1b8f22f u0 InputMethod}: viewVisibility=8 req=904x2229 ty=2011 d0
02-19 13:19:43.999 2334 2949 E WindowManager: win=Window{1b8f22f u0 InputMethod} destroySurfaces: appStopped=true cleanupOnResume=false win.mWindowRemovalAllowed=false win.mRemoveOnExit=false win.mViewVisibility=8 caller=com.android.server.wm.WindowManagerService.tryStartExitingAnimation:3002 com.android.server.wm.WindowManagerService.relayoutWindow:2695 com.android.server.wm.Session.relayout:282 android.view.IWindowSession$Stub.onTransact:782 com.android.server.wm.Session.onTransact:204 android.os.Binder.execTransactInternal:1375 android.os.Binder.execTransact:1311
02-19 13:19:44.000 2334 2949 I WindowManager: Destroying surface Surface(name=InputMethod$_6890)/@0x906604b called by com.android.server.wm.WindowStateAnimator.destroySurface:811 com.android.server.wm.WindowStateAnimator.destroySurfaceLocked:478 com.android.server.wm.WindowState.destroySurfaceUnchecked:4219 com.android.server.wm.WindowState.destroySurface:4193 com.android.server.wm.WindowManagerService.tryStartExitingAnimation:3002 com.android.server.wm.WindowManagerService.relayoutWindow:2695 com.android.server.wm.Session.relayout:282 android.view.IWindowSession$Stub.onTransact:782
02-19 13:19:44.003 2334 2949 D SurfaceControl: restrictHighRefreshRate, enabled=false
02-19 13:19:44.003 1603 1748 I SurfaceFlinger: HRR : 0
02-19 13:19:44.004 1603 1603 I Layer : Layer::reparent [InputMethod$_6890#272773] newParentHandle : null -------------------------
02-19 13:19:44.004 1603 1603 I Layer : id=272773 removeFromCurrentState InputMethod$_6890#272773 (221)
02-19 13:19:44.004 1603 1603 I Layer : Layer::reparent [InputMethod$_6890#272773] End -------------------------
02-19 13:19:44.004 2334 2949 V WindowManager: Relayout hash=1b8f22f, pid=6890, syncId=-1: mAttrs={(0,0)(fillxfill) gr=BOTTOM CENTER_VERTICAL sim={adjust=pan} ty=INPUT_METHOD fmt=TRANSPARENT wanim=0x7f1401b1 preferredMinDisplayRefreshRate=60.0 receive insets ignoring z-order
02-19 13:19:44.004 2334 2949 V WindowManager: fl=81800108
02-19 13:19:44.004 2334 2949 V WindowManager: pfl=12000000
02-19 13:19:44.004 2334 2949 V WindowManager: bhv=DEFAULT
02-19 13:19:44.004 2334 2949 V WindowManager: fitTypes=STATUS_BARS NAVIGATION_BARS
02-19 13:19:44.004 2334 2949 V WindowManager: fitSides=LEFT TOP RIGHT
02-19 13:19:44.004 2334 2949 V WindowManager: fitIgnoreVis
02-19 13:19:44.004 2334 2949 V WindowManager: dimAmount=4.6816468E-4 dimDuration=150 naviIconColor=0}
02-19 13:19:44.005 3256 3975 I ViewRootImpl@fa0aba5[StatusBar]: Resizing android.view.ViewRootImpl@87766a0: frame = [0,0][904,87] reportDraw = false forceLayout = false syncSeqId = -1
