02-19 13:19:44.005 2334 2446 I RefreshRateModeManager: Schedule to change allowedModes=baseModeId=8 allowGroupSwitching=false primary=physical: (10.0 120.0) render: (0.0 120.0) appRequest=physical: (10.0 120.0) render: (0.0 120.0), displayToken=android.os.BinderProxy@2c4e25e mVotesByDisplay:
02-19 13:19:44.005 2334 2446 I RefreshRateModeManager: -1:
02-19 13:19:44.005 2334 2446 I RefreshRateModeManager: PRIORITY_REFRESH_RATE_MODE -> Vote: {width: -1, height: -1, refreshRateRanges: physical: (10.0 120.0) render: (0.0 Infinity), disableRefreshRateSwitching: false, appRequestBaseModeRefreshRate: 0.0}
02-19 13:19:44.005 2334 2446 I RefreshRateModeManager: PRIORITY_USER_SETTING_PEAK_RENDER_FRAME_RATE -> Vote: {width: -1, height: -1, refreshRateRanges: physical: (0.0 Infinity) render: (0.0 120.0), disableRefreshRateSwitching: false, appRequestBaseModeRefreshRate: 0.0}
02-19 13:19:44.005 2334 2446 I RefreshRateModeManager: PRIORITY_USER_SETTING_MIN_RENDER_FRAME_RATE -> Vote: {width: -1, height: -1, refreshRateRanges: physical: (0.0 Infinity) render: (0.0 Infinity), disableRefreshRateSwitching: false, appRequestBaseModeRefreshRate: 0.0}
02-19 13:19:44.005 2334 2446 I RefreshRateModeManager:
02-19 13:19:44.005 2334 2446 I RefreshRateModeManager: mModeSwitchingType: SWITCHING_TYPE_WITHIN_GROUPS mAlwaysRespectAppRequest: false
02-19 13:19:44.005 2334 2446 I RefreshRateModeManager: Current Mode mReportedRefreshRateMode(toSurfaceFlinger)=REFRESH_RATE_MODE_PASSIVE, mRefreshRateMode(fromSettings)=REFRESH_RATE_MODE_SEAMLESS
02-19 13:19:44.005 2334 2446 I RefreshRateModeManager: BrightnessState mPassive=true, PassiveModeToken=false, mBrightness=42, mAmbientLux=7.0
02-19 13:19:44.005 3256 5705 I ViewRootImpl@80857f2[NavigationBar0]: Resizing android.view.ViewRootImpl@47aa4f7: frame = [0,2190][904,2316] reportDraw = false forceLayout = false syncSeqId = -1
02-19 13:19:44.006 3256 3256 I ViewRootImpl@fa0aba5[StatusBar]: handleResized, msg = 4 frames=ClientWindowFrames{frame=[0,0][904,87] display=[0,0][904,2316] parentFrame=[0,0][0,0]} forceNextWindowRelayout=false displayId=0 dragResizing=false compatScale=1.0 frameChanged=false attachedFrameChanged=false configChanged=false displayChanged=false compatScaleChanged=false
02-19 13:19:44.006 2334 2447 W LocalDisplayAdapter: Ignoring request for invalid base mode id 8
02-19 13:19:44.006 3256 3256 I ViewRootImpl@80857f2[NavigationBar0]: handleResized, msg = 4 frames=ClientWindowFrames{frame=[0,2190][904,2316] display=[0,0][904,2316] parentFrame=[0,0][0,0]} forceNextWindowRelayout=false displayId=0 dragResizing=false compatScale=1.0 frameChanged=false attachedFrameChanged=false configChanged=false displayChanged=false compatScaleChanged=false
02-19 13:19:44.006 2334 2446 D LocalDisplayAdapter: setDesiredDisplayModeSpecsAsync(4630946213010294403) : defaultMode=0 allowGroupSwitching=false primaryRanges=physical: (10.0 120.0) render: (0.0 120.0) appRequestRanges=physical: (10.0 120.0) render: (0.0 120.0)
02-19 13:19:44.007 21462 22460 I ViewRootImpl@ccd3137[ExpensifyActivityBase]: Resizing android.view.ViewRootImpl@ff429dd: frame = [0,0][904,2316] reportDraw = false forceLayout = false syncSeqId = -1
02-19 13:19:44.008 21462 21462 I InsetsController: onStateChanged: host=org.me.mobiexpensifyg/org.me.mobiexpensifyg.ExpensifyActivityBase, from=android.view.ViewRootImpl$ViewRootHandler.handleMessageImpl:7266, state=InsetsState: {mDisplayFrame=Rect(0, 0 - 904, 2316), mDisplayCutout=DisplayCutout{insets=Rect(0, 87 - 0, 0) waterfall=Insets{left=0, top=0, right=0, bottom=0} boundingRect={Bounds=[Rect(0, 0 - 0, 0), Rect(418, 0 - 486, 87), Rect(0, 0 - 0, 0), Rect(0, 0 - 0, 0)]} cutoutPathParserInfo={CutoutPathParserInfo{displayWidth=904 displayHeight=2316 physicalDisplayWidth=904 physicalDisplayHeight=2316 density={2.625} cutoutSpec={M 0,0 H -12.95238095238095 V 33.14285714285714 H 12.95238095238095 V 0 H 0 Z @dp} rotation={0} scale={1.0} physicalPixelDisplaySizeRatio={1.0}}}}, mRoundedCorners=RoundedCorners{[RoundedCorner{position=TopLeft, radius=53, center=Point(53, 53)}, RoundedCorner{position=TopRight, radius=53, center=Point(851, 53)}, RoundedCorner{position=BottomRight, radius=53, center=Point(851, 2263)}, RoundedCorner{position=BottomLeft, radius=53, center=Point(53, 2263)}]} mRoundedCornerFrame=Rect(0, 0 - 904, 2316), mPrivacyIndicatorBounds=PrivacyIndicatorBounds {static bounds=Rect(788, 0 - 904, 87) rotation=0}, mDisplayShape=DisplayShape{ spec=-311912193 displayWidth=904 displayHeight=2316 physicalPixelDisplaySizeRatio=1.0 rotation=0 offsetX=0 offsetY=0 scale=1.0}, mSources= { InsetsSource: {80a80001 mType=navigationBars mFrame=[0,2277][904,2316] mVisible=true mFlags=[SUPPRESS_SCRIM]}, InsetsSource: {80a80004 mType=systemGestures mFrame=[0,0][78,2316] mVisible=true mFlags=[]}, InsetsSource: {80a80005 mType=mandatorySystemGestures mFrame=[0,2232][904,2316] mVisible=true mFlags=[]}, InsetsSource: {80a80006 mType=tappableElement mFrame=[0,0][0,0] mVisible=true mFlags=[]}, InsetsSource: {80a80024 mType=systemGestures mFrame=[826,0][904,2316] mVisible=true mFlags=[]}, InsetsSource: {d59c0000 mType=statusBars mFrame=[0,0][904,87] mVisible=true mFlags=[]}, InsetsSource: {d59c0005 mType=mandatorySystemGestures mFrame=[0,0][904,119] mVisible=true mFlags=[]}, InsetsSource: {d59c0006 mType=tappableElement mFrame=[0,0][904,87] mVisible=true mFlags=[]}, InsetsSource: {3 mType=ime mFrame=[0,0][0,0] mVisible=false mFlags=[]}, InsetsSource: {27 mType=displayCutout mFrame=[0,0][904,87] mVisible=true mFlags=[]} }
02-19 13:19:44.008 21462 21462 I ViewRootImpl@ccd3137[ExpensifyActivityBase]: handleResized, msg = 4 frames=ClientWindowFrames{frame=[0,0][904,2316] display=[0,0][904,2316] parentFrame=[0,0][0,0]} forceNextWindowRelayout=false displayId=0 dragResizing=false compatScale=1.0 frameChanged=false attachedFrameChanged=false configChanged=false displayChanged=false compatScaleChanged=false
02-19 13:19:44.010 1603 1603 I RefreshRateSelector: Display 4630946213010294403 policy changed
02-19 13:19:44.010 1603 1603 I RefreshRateSelector: Previous: {defaultModeId=0, allowGroupSwitching=false, primaryRanges={physical=[60.00 Hz, 120.00 Hz], render=[60.00 Hz, 120.00 Hz]}, appRequestRanges={physical=[60.00 Hz, 120.00 Hz], render=[60.00 Hz, 120.00 Hz]}}
02-19 13:19:44.010 1603 1603 I RefreshRateSelector: Current: DisplayManagerPolicy{defaultModeId=0, allowGroupSwitching=false, primaryRanges={physical=[10.00 Hz, 120.00 Hz], render=[0.00 Hz, 120.00 Hz]}, appRequestRanges={physical=[10.00 Hz, 120.00 Hz], render=[0.00 Hz, 120.00 Hz]}}
02-19 13:19:44.010 1603 1603 I RefreshRateSelector: 4 mode changes were performed under the previous policy
02-19 13:19:44.010 1603 1603 I SurfaceFlinger: [4630946213010294403] Setting desired display mode specs: {defaultModeId=0, allowGroupSwitching=false, primaryRanges={physical=[10.00 Hz, 120.00 Hz], render=[0.00 Hz, 120.00 Hz]}, appRequestRanges={physical=[10.00 Hz, 120.00 Hz], render=[0.00 Hz, 120.00 Hz]}}
02-19 13:19:44.010 6890 6890 I ViewRootImpl@1cdd9d5[InputMethod]: Relayout returned: old=(0,87,904,2316) new=(0,87,904,2316) relayoutAsync=false req=(904,2229)8 dur=8 res=0x2 s={false 0x0} ch=true seqId=171
02-19 13:19:44.013 1603 1603 I SurfaceFlinger: id=272773 Removed InputMethod$_6890#272773 (221)
02-19 13:19:44.021 1603 1603 I Layer : id=272773 Destroyed InputMethod$_6890#272773
02-19 13:19:44.039 21462 21556 D RNFBCrashlyticsInit: isCrashlyticsCollectionEnabled via RNFBMeta: true
02-19 13:19:44.039 21462 21556 D RNFBCrashlyticsInit: isCrashlyticsCollectionEnabled final value: true
02-19 13:19:44.072 21462 21462 D AnimatorSet: mReversing is false. Don't call initChildren.
02-19 13:19:44.073 21462 21462 D AnimatorSet: mReversing is false. Don't call initChildren.
02-19 13:19:44.076 1603 1760 D RenderEngine: [SEC_GC_CMN_SF_EFFECTS] drawLayersInternal,1279, Rendering layer at index 0
02-19 13:19:44.076 1603 1760 D RenderEngine: [SEC_GC_CMN_SF_EFFECTS] drawLayersInternal,1279, Rendering layer org.me.mobiexpensifyg/org.me.mobiexpensifyg.ExpensifyActivityBase$_21462#272730 at index 1
02-19 13:19:44.078 21462 21462 I Mapbox : [maps-android\Mbgl-RenderThread]: renderThreadPrepared=false and Android surface is not valid (isValid=false). Waiting for new one.
02-19 13:19:44.088 21462 21462 I Mapbox : [maps-android\Mbgl-RenderThread]: renderThreadPrepared=false and Android surface is not valid (isValid=false). Waiting for new one.
02-19 13:19:44.088 21462 21462 I Mapbox : [maps-android\Mbgl-RenderThread]: renderThreadPrepared=false and Android surface is not valid (isValid=false). Waiting for new one.
02-19 13:19:44.090 21462 21462 I Mapbox : [maps-android\Mbgl-RenderThread]: Renderer resumed, renderThreadPrepared=false, surface.isValid=false
02-19 13:19:44.090 21462 21462 I Mapbox : [maps-android\Mbgl-RenderThread]: renderThreadPrepared=false and Android surface is not valid (isValid=false). Waiting for new one.
02-19 13:19:44.090 21462 21462 I SurfaceView@650c395: onWindowVisibilityChanged(0) true android.view.SurfaceView{650c395 V.E...... ........ 0,0-862,1314} of ViewRootImpl@ccd3137[ExpensifyActivityBase]
02-19 13:19:44.090 21462 21462 D SurfaceView@650c395: 105956245 updateSurface: has no frame
02-19 13:19:44.093 21462 21462 I SurfaceView: 105956245 Changes: creating=true format=false size=false visible=true alpha=false hint=false visible=true left=false top=false z=false attached=true lifecycleStrategy=false
02-19 13:19:44.093 1603 1748 I SurfaceFlinger: id=272775 createSurf, flag=84004, SurfaceView[org.me.mobiexpensifyg/org.me.mobiexpensifyg.ExpensifyActivityBase]@0#272775
02-19 13:19:44.093 1603 1748 I SurfaceFlinger: id=272776 createSurf, flag=44400, SurfaceView[org.me.mobiexpensifyg/org.me.mobiexpensifyg.ExpensifyActivityBase]@0(BLAST)#272776
02-19 13:19:44.093 1603 1748 I SurfaceFlinger: id=272777 createSurf, flag=20404, Background for SurfaceView[org.me.mobiexpensifyg/org.me.mobiexpensifyg.ExpensifyActivityBase]@0#272777
02-19 13:19:44.093 21462 21462 I BufferQueueProducer: [](id:53d600000006,api:0,p:0,c:21462) setDequeueTimeout:2077252342
02-19 13:19:44.093 21462 21462 I BLASTBufferQueue_Java: update, w= 862 h= 1314 mName = null mNativeObject= 0xb400007d13cf4470 sc.mNativeObject= 0xb400007bd3b4c110 format= 4 caller= android.view.SurfaceView.createBlastSurfaceControls:1518 android.view.SurfaceView.updateSurface:1194 android.view.SurfaceView.lambda$new$0:258 android.view.SurfaceView.$r8$lambda$cm3nmzErr-srXoT_KjIYQgdhFN0:0 android.view.SurfaceView$$ExternalSyntheticLambda2.onPreDraw:2 android.view.ViewTreeObserver.dispatchOnPreDraw:1204
02-19 13:19:44.094 21462 21462 I SurfaceView@650c395: 105956245 Cur surface: Surface(name=null)/@0xe97409c
02-19 13:19:44.094 21462 21462 I SurfaceView@650c395: pST: sr = Rect(21, 732 - 883, 2046) sw = 862 sh = 1314
02-19 13:19:44.094 21462 21462 D SurfaceView@650c395: 105956245 performSurfaceTransaction RenderWorker position = [21, 732, 883, 2046] surfaceSize = 862x1314
02-19 13:19:44.094 21462 21462 I SurfaceView@650c395: updateSurface: mVisible = true mSurface.isValid() = true
02-19 13:19:44.094 21462 21462 I SurfaceView@650c395: updateSurface: mSurfaceCreated = false surfaceChanged = true visibleChanged = true
02-19 13:19:44.094 21462 21462 I SurfaceView: 105956245 visibleChanged -- surfaceCreated
02-19 13:19:44.094 21462 21462 I SurfaceView@650c395: surfaceCreated 1 #8 android.view.SurfaceView{650c395 V.E...... ........ 0,0-862,1314}
02-19 13:19:44.094 21462 21462 I SurfaceView: 105956245 surfaceChanged -- format=4 w=862 h=1314
02-19 13:19:44.094 21462 21462 I SurfaceView@650c395: surfaceChanged (862,1314) 1 #8 android.view.SurfaceView{650c395 V.E...... ........ 0,0-862,1314}
02-19 13:19:44.094 21462 21462 I Mapbox : [maps-android\Mbgl-RenderThread]: onSurfaceCreated
02-19 13:19:44.094 21462 21462 I Mapbox : [maps-android\Mbgl-RenderThread]: onSurfaceCreated: waiting Android surface to be processed...
02-19 13:19:44.094 21462 22483 I Mapbox : [maps-android\Mbgl-RenderThread]: Setting up render thread, flags: creatingSurface=true, nativeRenderCreated=true, eglContextMadeCurrent=false, eglContextCreated=true, paused=false
02-19 13:19:44.094 21462 21462 I Mapbox : [maps-android\Mbgl-RenderThread]: onSurfaceCreated: Android surface was processed.
02-19 13:19:44.094 21462 21462 I SurfaceView: 105956245 surfaceRedrawNeeded
02-19 13:19:44.095 21462 21462 I SurfaceView: 105956245 finishedDrawing
02-19 13:19:44.095 21462 21462 V SurfaceView@650c395: Layout: x=21 y=732 w=862 h=1314, frame=Rect(0, 0 - 862, 1314)
02-19 13:19:44.095 21462 21462 I ViewRootImpl@ccd3137[ExpensifyActivityBase]: registerCallbackForPendingTransactions
02-19 13:19:44.097 21462 21729 D SurfaceView: 105956245 updateSurfacePosition RenderWorker, frameNr = 889, position = [-250, 732, 612, 2046] surfaceSize = 862x1314
02-19 13:19:44.097 21462 21729 I SurfaceView@650c395: uSP: rtp = Rect(-250, 732 - 612, 2046) rtsw = 862 rtsh = 1314
02-19 13:19:44.097 21462 21729 I SurfaceView@650c395: onSSPAndSRT: pl = -250 pt = 732 sx = 1.0 sy = 1.0
02-19 13:19:44.097 21462 21729 I SurfaceView@650c395: aOrMT: ViewRootImpl@ccd3137[ExpensifyActivityBase] t = android.view.SurfaceControl$Transaction@a5b97e8 fN = 889 android.view.SurfaceView.-$$Nest$mapplyOrMergeTransaction:0 android.view.SurfaceView$SurfaceViewPositionUpdateListener.positionChanged:1667 android.graphics.RenderNode$CompositePositionUpdateListener.positionChanged:369
02-19 13:19:44.097 21462 21729 I ViewRootImpl@ccd3137[ExpensifyActivityBase]: mWNT: t=0xb400007c23c79770 mBlastBufferQueue=0xb400007d13b6b4f0 fn= 889 mRenderHdrSdrRatio=1.0 caller= android.view.SurfaceView.applyOrMergeTransaction:1599 android.view.SurfaceView.-$$Nest$mapplyOrMergeTransaction:0 android.view.SurfaceView$SurfaceViewPositionUpdateListener.positionChanged:1667
02-19 13:19:44.097 21462 21787 I ViewRootImpl@ccd3137[ExpensifyActivityBase]: mWNT: t=0xb400007c23c9c5b0 mBlastBufferQueue=0xb400007d13b6b4f0 fn= 889 mRenderHdrSdrRatio=1.0 caller= android.view.ViewRootImpl$6.onFrameDraw:5705 android.view.ViewRootImpl$2.onFrameDraw:2190 android.view.ThreadedRenderer$1.onFrameDraw:792
02-19 13:19:44.101 21462 22483 I BLASTBufferQueue: [SurfaceView[org.me.mobiexpensifyg/org.me.mobiexpensifyg.ExpensifyActivityBase]@0#6](f:0,a:0,s:0) onFrameAvailable the first frame is available
02-19 13:19:44.104 1603 1603 I Layer : Layer [SurfaceView[org.me.mobiexpensifyg/org.me.mobiexpensifyg.ExpensifyActivityBase]@0#272775] hidden!! flag(0)
02-19 13:19:44.104 1603 1603 I Layer : Layer [Background for SurfaceView[org.me.mobiexpensifyg/org.me.mobiexpensifyg.ExpensifyActivityBase]@0#272777] hidden!! flag(0)
02-19 13:19:44.105 21462 21729 D SurfaceView: 105956245 updateSurfacePosition RenderWorker, frameNr = 891, position = [-249, 732, 613, 2046] surfaceSize = 862x1314
02-19 13:19:44.105 21462 21729 I SurfaceView@650c395: uSP: rtp = Rect(-249, 732 - 613, 2046) rtsw = 862 rtsh = 1314
02-19 13:19:44.105 21462 21729 I SurfaceView@650c395: onSSPAndSRT: pl = -249 pt = 732 sx = 1.0 sy = 1.0
02-19 13:19:44.105 21462 21729 I SurfaceView@650c395: aOrMT: ViewRootImpl@ccd3137[ExpensifyActivityBase] t = android.view.SurfaceControl$Transaction@a5b97e8 fN = 891 android.view.SurfaceView.-$$Nest$mapplyOrMergeTransaction:0 android.view.SurfaceView$SurfaceViewPositionUpdateListener.positionChanged:1667 android.graphics.RenderNode$CompositePositionUpdateListener.positionChanged:369
02-19 13:19:44.105 21462 21729 I ViewRootImpl@ccd3137[ExpensifyActivityBase]: mWNT: t=0xb400007c23c79770 mBlastBufferQueue=0xb400007d13b6b4f0 fn= 891 mRenderHdrSdrRatio=1.0 caller= android.view.SurfaceView.applyOrMergeTransaction:1599 android.view.SurfaceView.-$$Nest$mapplyOrMergeTransaction:0 android.view.SurfaceView$SurfaceViewPositionUpdateListener.positionChanged:1667
02-19 13:19:44.110 1603 1603 D SurfaceFlinger: Display 4630946213010294403 HWC layers:
02-19 13:19:44.110 1603 1603 D SurfaceFlinger: DEVICE | 0xb400007cd8cf9c10 | 0502 | RGBx_8888 | 250.0 0.0 862.0 1314.0 | 0 732 612 2046 | SurfaceView[org.me.mobiexpensifyg/or[...]pensifyActivityBase]@0(BLAST)#272776
02-19 13:19:44.110 1603 1603 D SurfaceFlinger: DEVICE | 0xb400007cd8ce07a0 | 0100 | RGBA_8888 | 0.0 0.0 904.0 2316.0 | 0 0 904 2316 | org.me.mobiexpensifyg/org.me.mobiexp[...].ExpensifyActivityBase$_21462#272730
02-19 13:19:44.110 1603 1603 D SurfaceFlinger: DEVICE | 0xb400007cd8d30630 | 0100 | RGBA_8888 | 0.0 0.0 904.0 87.0 | 0 0 904 87 | StatusBar$_3256#121
02-19 13:19:44.110 1603 1603 D SurfaceFlinger: DEVICE | 0xb400007cd8cfd2a0 | 0100 | RGBA_8888 | 0.0 0.0 904.0 126.0 | 0 2190 904 2316 | NavigationBar0$_3256#261410
02-19 13:19:44.110 1603 1603 D SurfaceFlinger:
02-19 13:19:44.114 21462 21729 D SurfaceView: 105956245 updateSurfacePosition RenderWorker, frameNr = 892, position = [-245, 732, 617, 2046] surfaceSize = 862x1314
02-19 13:19:44.114 21462 21729 I SurfaceView@650c395: uSP: rtp = Rect(-245, 732 - 617, 2046) rtsw = 862 rtsh = 1314
02-19 13:19:44.115 21462 21729 I SurfaceView@650c395: onSSPAndSRT: pl = -245 pt = 732 sx = 1.0 sy = 1.0
02-19 13:19:44.115 21462 21729 I SurfaceView@650c395: aOrMT: ViewRootImpl@ccd3137[ExpensifyActivityBase] t = android.view.SurfaceControl$Transaction@a5b97e8 fN = 892 android.view.SurfaceView.-$$Nest$mapplyOrMergeTransaction:0 android.view.SurfaceView$SurfaceViewPositionUpdateListener.positionChanged:1667 android.graphics.RenderNode$CompositePositionUpdateListener.positionChanged:369
02-19 13:19:44.115 21462 21729 I ViewRootImpl@ccd3137[ExpensifyActivityBase]: mWNT: t=0xb400007c23c79770 mBlastBufferQueue=0xb400007d13b6b4f0 fn= 892 mRenderHdrSdrRatio=1.0 caller= android.view.SurfaceView.applyOrMergeTransaction:1599 android.view.SurfaceView.-$$Nest$mapplyOrMergeTransaction:0 android.view.SurfaceView$SurfaceViewPositionUpdateListener.positionChanged:1667
02-19 13:19:44.123 21462 21729 D SurfaceView: 105956245 updateSurfacePosition RenderWorker, frameNr = 893, position = [-240, 732, 622, 2046] surfaceSize = 862x1314
02-19 13:19:44.123 21462 21729 I SurfaceView@650c395: uSP: rtp = Rect(-240, 732 - 622, 2046) rtsw = 862 rtsh = 1314
02-19 13:19:44.123 21462 21729 I SurfaceView@650c395: onSSPAndSRT: pl = -240 pt = 732 sx = 1.0 sy = 1.0
02-19 13:19:44.123 21462 21729 I SurfaceView@650c395: aOrMT: ViewRootImpl@ccd3137[ExpensifyActivityBase] t = android.view.SurfaceControl$Transaction@a5b97e8 fN = 893 android.view.SurfaceView.-$$Nest$mapplyOrMergeTransaction:0 android.view.SurfaceView$SurfaceViewPositionUpdateListener.positionChanged:1667 android.graphics.RenderNode$CompositePositionUpdateListener.positionChanged:369
02-19 13:19:44.123 21462 21729 I ViewRootImpl@ccd3137[ExpensifyActivityBase]: mWNT: t=0xb400007c23c79770 mBlastBufferQueue=0xb400007d13b6b4f0 fn= 893 mRenderHdrSdrRatio=1.0 caller= android.view.SurfaceView.applyOrMergeTransaction:1599 android.view.SurfaceView.-$$Nest$mapplyOrMergeTransaction:0 android.view.SurfaceView$SurfaceViewPositionUpdateListener.positionChanged:1667
02-19 13:19:44.127 2334 22625 D SemInputMotionVolumeForce: setMotionControl: type: ALL control: 12
02-19 13:19:44.127 2334 22625 I SemInputMotionHelper: setMotionControl: ALL: 12, client=com.samsung.android.hardware.secinputdev.SemInputDeviceManager, ret=0
02-19 13:19:44.127 2334 22625 D SemInputDeviceManager: setProperty: (100) CMD,SIP,0
02-19 13:19:44.127 2334 22627 D SemInputDeviceManager: setProperty: (0) CMD,GRIP_DATA,1,13,3,3,0,3,2316
02-19 13:19:44.128 2334 22627 D TspStateManager: wrote command: cmd=1,13,3,3,0,3,2316, type=1
02-19 13:19:44.128 2334 22625 I SemInputCommandService: setPropertyAllTouch: SIP,0 retDefault=1 retExtra=1
02-19 13:19:44.128 2334 22625 D TspStateManager: wrote command: cmd=0, type=5
02-19 13:19:44.128 2334 2928 D SemInputDevice:TSP_SUB: SetPropertyTask: CMD,set_sip_mode,0 [02-19 13:19:44.128]
02-19 13:19:44.130 1558 1558 I sysinput:Touch: writeInformation:249, OK
02-19 13:19:44.131 2334 2928 D SysinputHAL_V1_3(V1_2): runTspCmdNoRead(TSP_SUB(2)): set_sip_mode,0 ret=0
02-19 13:19:44.131 2334 2928 D SemInputDevice:TSP_SUB: SetPropertyTask: CMD,set_grip_data,1,13,3,3,0,3,2316 [02-19 13:19:44.128]
02-19 13:19:44.132 21462 21729 D SurfaceView: 105956245 updateSurfacePosition RenderWorker, frameNr = 894, position = [-231, 732, 631, 2046] surfaceSize = 862x1314
02-19 13:19:44.132 21462 21729 I SurfaceView@650c395: uSP: rtp = Rect(-231, 732 - 631, 2046) rtsw = 862 rtsh = 1314
02-19 13:19:44.132 21462 21729 I SurfaceView@650c395: onSSPAndSRT: pl = -231 pt = 732 sx = 1.0 sy = 1.0
02-19 13:19:44.132 21462 21729 I SurfaceView@650c395: aOrMT: ViewRootImpl@ccd3137[ExpensifyActivityBase] t = android.view.SurfaceControl$Transaction@a5b97e8 fN = 894 android.view.SurfaceView.-$$Nest$mapplyOrMergeTransaction:0 android.view.SurfaceView$SurfaceViewPositionUpdateListener.positionChanged:1667 android.graphics.RenderNode$CompositePositionUpdateListener.positionChanged:369
02-19 13:19:44.132 21462 21729 I ViewRootImpl@ccd3137[ExpensifyActivityBase]: mWNT: t=0xb400007c23c79770 mBlastBufferQueue=0xb400007d13b6b4f0 fn= 894 mRenderHdrSdrRatio=1.0 caller= android.view.SurfaceView.applyOrMergeTransaction:1599 android.view.SurfaceView.-$$Nest$mapplyOrMergeTransaction:0 android.view.SurfaceView$SurfaceViewPositionUpdateListener.positionChanged:1667
02-19 13:19:44.132 1558 1558 I sysinput:Touch: writeInformation:249, OK
02-19 13:19:44.132 2334 2928 D SysinputHAL_V1_3(V1_2): runTspCmdNoRead(TSP_SUB(2)): set_grip_data,1,13,3,3,0,3,2316 ret=0
02-19 13:19:44.132 2334 2928 D SemInputDevice:TSP: SetPropertyTask: CMD,set_sip_mode,0 [02-19 13:19:44.128]
02-19 13:19:44.134 1558 1558 I sysinput:Touch: writeInformation:249, OK
02-19 13:19:44.134 2334 2928 D SysinputHAL_V1_3(V1_2): runTspCmdNoRead(TSP(1)): set_sip_mode,0 ret=0
02-19 13:19:44.139 21462 21729 D SurfaceView: 105956245 updateSurfacePosition RenderWorker, frameNr = 895, position = [-222, 732, 640, 2046] surfaceSize = 862x1314
02-19 13:19:44.139 21462 21729 I SurfaceView@650c395: uSP: rtp = Rect(-222, 732 - 640, 2046) rtsw = 862 rtsh = 1314
02-19 13:19:44.139 21462 21729 I SurfaceView@650c395: onSSPAndSRT: pl = -222 pt = 732 sx = 1.0 sy = 1.0
02-19 13:19:44.139 21462 21729 I SurfaceView@650c395: aOrMT: ViewRootImpl@ccd3137[ExpensifyActivityBase] t = android.view.SurfaceControl$Transaction@a5b97e8 fN = 895 android.view.SurfaceView.-$$Nest$mapplyOrMergeTransaction:0 android.view.SurfaceView$SurfaceViewPositionUpdateListener.positionChanged:1667 android.graphics.RenderNode$CompositePositionUpdateListener.positionChanged:369
02-19 13:19:44.139 21462 21729 I ViewRootImpl@ccd3137[ExpensifyActivityBase]: mWNT: t=0xb400007c23c79770 mBlastBufferQueue=0xb400007d13b6b4f0 fn= 895 mRenderHdrSdrRatio=1.0 caller= android.view.SurfaceView.applyOrMergeTransaction:1599 android.view.SurfaceView.-$$Nest$mapplyOrMergeTransaction:0 android.view.SurfaceView$SurfaceViewPositionUpdateListener.positionChanged:1667
02-19 13:19:44.149 21462 21729 D SurfaceView: 105956245 updateSurfacePosition RenderWorker, frameNr = 896, position = [-211, 732, 652, 2046] surfaceSize = 862x1314
02-19 13:19:44.149 21462 21729 I SurfaceView@650c395: uSP: rtp = Rect(-211, 732 - 652, 2046) rtsw = 862 rtsh = 1314
02-19 13:19:44.149 21462 21729 I SurfaceView@650c395: onSSPAndSRT: pl = -211 pt = 732 sx = 1.0011601 sy = 1.0
02-19 13:19:44.149 21462 21729 I SurfaceView@650c395: aOrMT: ViewRootImpl@ccd3137[ExpensifyActivityBase] t = android.view.SurfaceControl$Transaction@a5b97e8 fN = 896 android.view.SurfaceView.-$$Nest$mapplyOrMergeTransaction:0 android.view.SurfaceView$SurfaceViewPositionUpdateListener.positionChanged:1667 android.graphics.RenderNode$CompositePositionUpdateListener.positionChanged:369
02-19 13:19:44.149 21462 21729 I ViewRootImpl@ccd3137[ExpensifyActivityBase]: mWNT: t=0xb400007c23c79770 mBlastBufferQueue=0xb400007d13b6b4f0 fn= 896 mRenderHdrSdrRatio=1.0 caller= android.view.SurfaceView.applyOrMergeTransaction:1599 android.view.SurfaceView.-$$Nest$mapplyOrMergeTransaction:0 android.view.SurfaceView$SurfaceViewPositionUpdateListener.positionChanged:1667
02-19 13:19:44.157 21462 21729 D SurfaceView: 105956245 updateSurfacePosition RenderWorker, frameNr = 897, position = [-196, 732, 666, 2046] surfaceSize = 862x1314
02-19 13:19:44.157 21462 21729 I SurfaceView@650c395: uSP: rtp = Rect(-196, 732 - 666, 2046) rtsw = 862 rtsh = 1314
02-19 13:19:44.157 21462 21729 I SurfaceView@650c395: onSSPAndSRT: pl = -196 pt = 732 sx = 1.0 sy = 1.0
02-19 13:19:44.157 21462 21729 I SurfaceView@650c395: aOrMT: ViewRootImpl@ccd3137[ExpensifyActivityBase] t = android.view.SurfaceControl$Transaction@a5b97e8 fN = 897 android.view.SurfaceView.-$$Nest$mapplyOrMergeTransaction:0 android.view.SurfaceView$SurfaceViewPositionUpdateListener.positionChanged:1667 android.graphics.RenderNode$CompositePositionUpdateListener.positionChanged:369
02-19 13:19:44.157 21462 21729 I ViewRootImpl@ccd3137[ExpensifyActivityBase]: mWNT: t=0xb400007c23c79770 mBlastBufferQueue=0xb400007d13b6b4f0 fn= 897 mRenderHdrSdrRatio=1.0 caller= android.view.SurfaceView.applyOrMergeTransaction:1599 android.view.SurfaceView.-$$Nest$mapplyOrMergeTransaction:0 android.view.SurfaceView$SurfaceViewPositionUpdateListener.positionChanged:1667
02-19 13:19:44.166 21462 21729 D SurfaceView: 105956245 updateSurfacePosition RenderWorker, frameNr = 898, position = [-182, 732, 680, 2046] surfaceSize = 862x1314
02-19 13:19:44.166 21462 21729 I SurfaceView@650c395: uSP: rtp = Rect(-182, 732 - 680, 2046) rtsw = 862 rtsh = 1314
02-19 13:19:44.166 21462 21729 I SurfaceView@650c395: onSSPAndSRT: pl = -182 pt = 732 sx = 1.0 sy = 1.0
02-19 13:19:44.166 21462 21729 I SurfaceView@650c395: aOrMT: ViewRootImpl@ccd3137[ExpensifyActivityBase] t = android.view.SurfaceControl$Transaction@a5b97e8 fN = 898 android.view.SurfaceView.-$$Nest$mapplyOrMergeTransaction:0 android.view.SurfaceView$SurfaceViewPositionUpdateListener.positionChanged:1667 android.graphics.RenderNode$CompositePositionUpdateListener.positionChanged:369
02-19 13:19:44.166 21462 21729 I ViewRootImpl@ccd3137[ExpensifyActivityBase]: mWNT: t=0xb400007c23c79770 mBlastBufferQueue=0xb400007d13b6b4f0 fn= 898 mRenderHdrSdrRatio=1.0 caller= android.view.SurfaceView.applyOrMergeTransaction:1599 android.view.SurfaceView.-$$Nest$mapplyOrMergeTransaction:0 android.view.SurfaceView$SurfaceViewPositionUpdateListener.positionChanged:1667
02-19 13:19:44.174 21462 21729 D SurfaceView: 105956245 updateSurfacePosition RenderWorker, frameNr = 899, position = [-167, 732, 696, 2046] surfaceSize = 862x1314
02-19 13:19:44.174 21462 21729 I SurfaceView@650c395: uSP: rtp = Rect(-167, 732 - 696, 2046) rtsw = 862 rtsh = 1314
02-19 13:19:44.174 21462 21729 I SurfaceView@650c395: onSSPAndSRT: pl = -167 pt = 732 sx = 1.0011601 sy = 1.0
02-19 13:19:44.174 21462 21729 I SurfaceView@650c395: aOrMT: ViewRootImpl@ccd3137[ExpensifyActivityBase] t = android.view.SurfaceControl$Transaction@a5b97e8 fN = 899 android.view.SurfaceView.-$$Nest$mapplyOrMergeTransaction:0 android.view.SurfaceView$SurfaceViewPositionUpdateListener.positionChanged:1667 android.graphics.RenderNode$CompositePositionUpdateListener.positionChanged:369
02-19 13:19:44.174 21462 21729 I ViewRootImpl@ccd3137[ExpensifyActivityBase]: mWNT: t=0xb400007c23c79770 mBlastBufferQueue=0xb400007d13b6b4f0 fn= 899 mRenderHdrSdrRatio=1.0 caller= android.view.SurfaceView.applyOrMergeTransaction:1599 android.view.SurfaceView.-$$Nest$mapplyOrMergeTransaction:0 android.view.SurfaceView$SurfaceViewPositionUpdateListener.positionChanged:1667
02-19 13:19:44.182 21462 21729 D SurfaceView: 105956245 updateSurfacePosition RenderWorker, frameNr = 900, position = [-148, 732, 714, 2046] surfaceSize = 862x1314
02-19 13:19:44.182 21462 21729 I SurfaceView@650c395: uSP: rtp = Rect(-148, 732 - 714, 2046) rtsw = 862 rtsh = 1314
02-19 13:19:44.182 21462 21729 I SurfaceView@650c395: onSSPAndSRT: pl = -148 pt = 732 sx = 1.0 sy = 1.0
02-19 13:19:44.182 21462 21729 I SurfaceView@650c395: aOrMT: ViewRootImpl@ccd3137[ExpensifyActivityBase] t = android.view.SurfaceControl$Transaction@a5b97e8 fN = 900 android.view.SurfaceView.-$$Nest$mapplyOrMergeTransaction:0 android.view.SurfaceView$SurfaceViewPositionUpdateListener.positionChanged:1667 android.graphics.RenderNode$CompositePositionUpdateListener.positionChanged:369
02-19 13:19:44.182 21462 21729 I ViewRootImpl@ccd3137[ExpensifyActivityBase]: mWNT: t=0xb400007c23c79770 mBlastBufferQueue=0xb400007d13b6b4f0 fn= 900 mRenderHdrSdrRatio=1.0 caller= android.view.SurfaceView.applyOrMergeTransaction:1599 android.view.SurfaceView.-$$Nest$mapplyOrMergeTransaction:0 android.view.SurfaceView$SurfaceViewPositionUpdateListener.positionChanged:1667
02-19 13:19:44.191 21462 21729 D SurfaceView: 105956245 updateSurfacePosition RenderWorker, frameNr = 901, position = [-132, 732, 730, 2046] surfaceSize = 862x1314
02-19 13:19:44.191 21462 21729 I SurfaceView@650c395: uSP: rtp = Rect(-132, 732 - 730, 2046) rtsw = 862 rtsh = 1314
02-19 13:19:44.191 21462 21729 I SurfaceView@650c395: onSSPAndSRT: pl = -132 pt = 732 sx = 1.0 sy = 1.0
02-19 13:19:44.191 21462 21729 I SurfaceView@650c395: aOrMT: ViewRootImpl@ccd3137[ExpensifyActivityBase] t = android.view.SurfaceControl$Transaction@a5b97e8 fN = 901 android.view.SurfaceView.-$$Nest$mapplyOrMergeTransaction:0 android.view.SurfaceView$SurfaceViewPositionUpdateListener.positionChanged:1667 android.graphics.RenderNode$CompositePositionUpdateListener.positionChanged:369
02-19 13:19:44.191 21462 21729 I ViewRootImpl@ccd3137[ExpensifyActivityBase]: mWNT: t=0xb400007c23c79770 mBlastBufferQueue=0xb400007d13b6b4f0 fn= 901 mRenderHdrSdrRatio=1.0 caller= android.view.SurfaceView.applyOrMergeTransaction:1599 android.view.SurfaceView.-$$Nest$mapplyOrMergeTransaction:0 android.view.SurfaceView$SurfaceViewPositionUpdateListener.positionChanged:1667
02-19 13:19:44.198 21462 21729 D SurfaceView: 105956245 updateSurfacePosition RenderWorker, frameNr = 902, position = [-115, 732, 747, 2046] surfaceSize = 862x1314
02-19 13:19:44.198 21462 21729 I SurfaceView@650c395: uSP: rtp = Rect(-115, 732 - 747, 2046) rtsw = 862 rtsh = 1314
02-19 13:19:44.198 21462 21729 I SurfaceView@650c395: onSSPAndSRT: pl = -115 pt = 732 sx = 1.0 sy = 1.0
02-19 13:19:44.198 21462 21729 I SurfaceView@650c395: aOrMT: ViewRootImpl@ccd3137[ExpensifyActivityBase] t = android.view.SurfaceControl$Transaction@a5b97e8 fN = 902 android.view.SurfaceView.-$$Nest$mapplyOrMergeTransaction:0 android.view.SurfaceView$SurfaceViewPositionUpdateListener.positionChanged:1667 android.graphics.RenderNode$CompositePositionUpdateListener.positionChanged:369
02-19 13:19:44.199 21462 21729 I ViewRootImpl@ccd3137[ExpensifyActivityBase]: mWNT: t=0xb400007c23c79770 mBlastBufferQueue=0xb400007d13b6b4f0 fn= 902 mRenderHdrSdrRatio=1.0 caller= android.view.SurfaceView.applyOrMergeTransaction:1599 android.view.SurfaceView.-$$Nest$mapplyOrMergeTransaction:0 android.view.SurfaceView$SurfaceViewPositionUpdateListener.positionChanged:1667
02-19 13:19:44.207 21462 21729 D SurfaceView: 105956245 updateSurfacePosition RenderWorker, frameNr = 903, position = [-96, 732, 767, 2046] surfaceSize = 862x1314
02-19 13:19:44.207 21462 21729 I SurfaceView@650c395: uSP: rtp = Rect(-96, 732 - 767, 2046) rtsw = 862 rtsh = 1314
02-19 13:19:44.207 21462 21729 I SurfaceView@650c395: onSSPAndSRT: pl = -96 pt = 732 sx = 1.0011601 sy = 1.0
02-19 13:19:44.207 21462 21729 I SurfaceView@650c395: aOrMT: ViewRootImpl@ccd3137[ExpensifyActivityBase] t = android.view.SurfaceControl$Transaction@a5b97e8 fN = 903 android.view.SurfaceView.-$$Nest$mapplyOrMergeTransaction:0 android.view.SurfaceView$SurfaceViewPositionUpdateListener.positionChanged:1667 android.graphics.RenderNode$CompositePositionUpdateListener.positionChanged:369
02-19 13:19:44.207 21462 21729 I ViewRootImpl@ccd3137[ExpensifyActivityBase]: mWNT: t=0xb400007c23c79770 mBlastBufferQueue=0xb400007d13b6b4f0 fn= 903 mRenderHdrSdrRatio=1.0 caller= android.view.SurfaceView.applyOrMergeTransaction:1599 android.view.SurfaceView.-$$Nest$mapplyOrMergeTransaction:0 android.view.SurfaceView$SurfaceViewPositionUpdateListener.positionChanged:1667
02-19 13:19:44.215 21462 21729 D SurfaceView: 105956245 updateSurfacePosition RenderWorker, frameNr = 904, position = [-79, 732, 783, 2046] surfaceSize = 862x1314
02-19 13:19:44.215 21462 21729 I SurfaceView@650c395: uSP: rtp = Rect(-79, 732 - 783, 2046) rtsw = 862 rtsh = 1314
02-19 13:19:44.215 21462 21729 I SurfaceView@650c395: onSSPAndSRT: pl = -79 pt = 732 sx = 1.0 sy = 1.0
02-19 13:19:44.216 21462 21729 I SurfaceView@650c395: aOrMT: ViewRootImpl@ccd3137[ExpensifyActivityBase] t = android.view.SurfaceControl$Transaction@a5b97e8 fN = 904 android.view.SurfaceView.-$$Nest$mapplyOrMergeTransaction:0 android.view.SurfaceView$SurfaceViewPositionUpdateListener.positionChanged:1667 android.graphics.RenderNode$CompositePositionUpdateListener.positionChanged:369
02-19 13:19:44.216 21462 21729 I ViewRootImpl@ccd3137[ExpensifyActivityBase]: mWNT: t=0xb400007c23c79770 mBlastBufferQueue=0xb400007d13b6b4f0 fn= 904 mRenderHdrSdrRatio=1.0 caller= android.view.SurfaceView.applyOrMergeTransaction:1599 android.view.SurfaceView.-$$Nest$mapplyOrMergeTransaction:0 android.view.SurfaceView$SurfaceViewPositionUpdateListener.positionChanged:1667
02-19 13:19:44.223 21462 21729 D SurfaceView: 105956245 updateSurfacePosition RenderWorker, frameNr = 905, position = [-63, 732, 799, 2046] surfaceSize = 862x1314
02-19 13:19:44.223 21462 21729 I SurfaceView@650c395: uSP: rtp = Rect(-63, 732 - 799, 2046) rtsw = 862 rtsh = 1314
02-19 13:19:44.223 21462 21729 I SurfaceView@650c395: onSSPAndSRT: pl = -63 pt = 732 sx = 1.0 sy = 1.0
02-19 13:19:44.223 21462 21729 I SurfaceView@650c395: aOrMT: ViewRootImpl@ccd3137[ExpensifyActivityBase] t = android.view.SurfaceControl$Transaction@a5b97e8 fN = 905 android.view.SurfaceView.-$$Nest$mapplyOrMergeTransaction:0 android.view.SurfaceView$SurfaceViewPositionUpdateListener.positionChanged:1667 android.graphics.RenderNode$CompositePositionUpdateListener.positionChanged:369
02-19 13:19:44.223 21462 21729 I ViewRootImpl@ccd3137[ExpensifyActivityBase]: mWNT: t=0xb400007c23c79770 mBlastBufferQueue=0xb400007d13b6b4f0 fn= 905 mRenderHdrSdrRatio=1.0 caller= android.view.SurfaceView.applyOrMergeTransaction:1599 android.view.SurfaceView.-$$Nest$mapplyOrMergeTransaction:0 android.view.SurfaceView$SurfaceViewPositionUpdateListener.positionChanged:1667
02-19 13:19:44.225 1603 1760 D RenderEngine: [SEC_GC_CMN_SF_EFFECTS] drawLayersInternal,1279, Rendering layer at index 0
02-19 13:19:44.225 1603 1760 D RenderEngine: [SEC_GC_CMN_SF_EFFECTS] drawLayersInternal,1279, Rendering layer org.me.mobiexpensifyg/org.me.mobiexpensifyg.ExpensifyActivityBase$_21462#272730 at index 1
02-19 13:19:44.232 21462 21729 D SurfaceView: 105956245 updateSurfacePosition RenderWorker, frameNr = 906, position = [-46, 732, 816, 2046] surfaceSize = 862x1314
02-19 13:19:44.232 21462 21729 I SurfaceView@650c395: uSP: rtp = Rect(-46, 732 - 816, 2046) rtsw = 862 rtsh = 1314
02-19 13:19:44.232 21462 21729 I SurfaceView@650c395: onSSPAndSRT: pl = -46 pt = 732 sx = 1.0 sy = 1.0
02-19 13:19:44.232 21462 21729 I SurfaceView@650c395: aOrMT: ViewRootImpl@ccd3137[ExpensifyActivityBase] t = android.view.SurfaceControl$Transaction@a5b97e8 fN = 906 android.view.SurfaceView.-$$Nest$mapplyOrMergeTransaction:0 android.view.SurfaceView$SurfaceViewPositionUpdateListener.positionChanged:1667 android.graphics.RenderNode$CompositePositionUpdateListener.positionChanged:369
02-19 13:19:44.232 21462 21729 I ViewRootImpl@ccd3137[ExpensifyActivityBase]: mWNT: t=0xb400007c23c79770 mBlastBufferQueue=0xb400007d13b6b4f0 fn= 906 mRenderHdrSdrRatio=1.0 caller= android.view.SurfaceView.applyOrMergeTransaction:1599 android.view.SurfaceView.-$$Nest$mapplyOrMergeTransaction:0 android.view.SurfaceView$SurfaceViewPositionUpdateListener.positionChanged:1667
02-19 13:19:44.240 21462 21729 D SurfaceView: 105956245 updateSurfacePosition RenderWorker, frameNr = 907, position = [-32, 732, 831, 2046] surfaceSize = 862x1314
02-19 13:19:44.240 21462 21729 I SurfaceView@650c395: uSP: rtp = Rect(-32, 732 - 831, 2046) rtsw = 862 rtsh = 1314
02-19 13:19:44.240 21462 21729 I SurfaceView@650c395: onSSPAndSRT: pl = -32 pt = 732 sx = 1.0011601 sy = 1.0
02-19 13:19:44.241 21462 21729 I SurfaceView@650c395: aOrMT: ViewRootImpl@ccd3137[ExpensifyActivityBase] t = android.view.SurfaceControl$Transaction@a5b97e8 fN = 907 android.view.SurfaceView.-$$Nest$mapplyOrMergeTransaction:0 android.view.SurfaceView$SurfaceViewPositionUpdateListener.positionChanged:1667 android.graphics.RenderNode$CompositePositionUpdateListener.positionChanged:369
02-19 13:19:44.241 21462 21729 I ViewRootImpl@ccd3137[ExpensifyActivityBase]: mWNT: t=0xb400007c23c79770 mBlastBufferQueue=0xb400007d13b6b4f0 fn= 907 mRenderHdrSdrRatio=1.0 caller= android.view.SurfaceView.applyOrMergeTransaction:1599 android.view.SurfaceView.-$$Nest$mapplyOrMergeTransaction:0 android.view.SurfaceView$SurfaceViewPositionUpdateListener.positionChanged:1667
02-19 13:19:44.248 21462 21729 D SurfaceView: 105956245 updateSurfacePosition RenderWorker, frameNr = 908, position = [-19, 732, 843, 2046] surfaceSize = 862x1314
02-19 13:19:44.248 21462 21729 I SurfaceView@650c395: uSP: rtp = Rect(-19, 732 - 843, 2046) rtsw = 862 rtsh = 1314
02-19 13:19:44.248 21462 21729 I SurfaceView@650c395: onSSPAndSRT: pl = -19 pt = 732 sx = 1.0 sy = 1.0
02-19 13:19:44.248 21462 21729 I SurfaceView@650c395: aOrMT: ViewRootImpl@ccd3137[ExpensifyActivityBase] t = android.view.SurfaceControl$Transaction@a5b97e8 fN = 908 android.view.SurfaceView.-$$Nest$mapplyOrMergeTransaction:0 android.view.SurfaceView$SurfaceViewPositionUpdateListener.positionChanged:1667 android.graphics.RenderNode$CompositePositionUpdateListener.positionChanged:369
02-19 13:19:44.249 21462 21729 I ViewRootImpl@ccd3137[ExpensifyActivityBase]: mWNT: t=0xb400007c23c79770 mBlastBufferQueue=0xb400007d13b6b4f0 fn= 908 mRenderHdrSdrRatio=1.0 caller= android.view.SurfaceView.applyOrMergeTransaction:1599 android.view.SurfaceView.-$$Nest$mapplyOrMergeTransaction:0 android.view.SurfaceView$SurfaceViewPositionUpdateListener.positionChanged:1667
02-19 13:19:44.257 21462 21729 D SurfaceView: 105956245 updateSurfacePosition RenderWorker, frameNr = 909, position = [-6, 732, 856, 2046] surfaceSize = 862x1314
02-19 13:19:44.257 21462 21729 I SurfaceView@650c395: uSP: rtp = Rect(-6, 732 - 856, 2046) rtsw = 862 rtsh = 1314
02-19 13:19:44.257 21462 21729 I SurfaceView@650c395: onSSPAndSRT: pl = -6 pt = 732 sx = 1.0 sy = 1.0
02-19 13:19:44.257 21462 21729 I SurfaceView@650c395: aOrMT: ViewRootImpl@ccd3137[ExpensifyActivityBase] t = android.view.SurfaceControl$Transaction@a5b97e8 fN = 909 android.view.SurfaceView.-$$Nest$mapplyOrMergeTransaction:0 android.view.SurfaceView$SurfaceViewPositionUpdateListener.positionChanged:1667 android.graphics.RenderNode$CompositePositionUpdateListener.positionChanged:369
02-19 13:19:44.257 21462 21729 I ViewRootImpl@ccd3137[ExpensifyActivityBase]: mWNT: t=0xb400007c23c79770 mBlastBufferQueue=0xb400007d13b6b4f0 fn= 909 mRenderHdrSdrRatio=1.0 caller= android.view.SurfaceView.applyOrMergeTransaction:1599 android.view.SurfaceView.-$$Nest$mapplyOrMergeTransaction:0 android.view.SurfaceView$SurfaceViewPositionUpdateListener.positionChanged:1667
02-19 13:19:44.265 21462 21729 D SurfaceView: 105956245 updateSurfacePosition RenderWorker, frameNr = 910, position = [3, 732, 865, 2046] surfaceSize = 862x1314
02-19 13:19:44.265 21462 21729 I SurfaceView@650c395: uSP: rtp = Rect(3, 732 - 865, 2046) rtsw = 862 rtsh = 1314
02-19 13:19:44.265 21462 21729 I SurfaceView@650c395: onSSPAndSRT: pl = 3 pt = 732 sx = 1.0 sy = 1.0
02-19 13:19:44.265 21462 21729 I SurfaceView@650c395: aOrMT: ViewRootImpl@ccd3137[ExpensifyActivityBase] t = android.view.SurfaceControl$Transaction@a5b97e8 fN = 910 android.view.SurfaceView.-$$Nest$mapplyOrMergeTransaction:0 android.view.SurfaceView$SurfaceViewPositionUpdateListener.positionChanged:1667 android.graphics.RenderNode$CompositePositionUpdateListener.positionChanged:369
02-19 13:19:44.265 21462 21729 I ViewRootImpl@ccd3137[ExpensifyActivityBase]: mWNT: t=0xb400007c23c79770 mBlastBufferQueue=0xb400007d13b6b4f0 fn= 910 mRenderHdrSdrRatio=1.0 caller= android.view.SurfaceView.applyOrMergeTransaction:1599 android.view.SurfaceView.-$$Nest$mapplyOrMergeTransaction:0 android.view.SurfaceView$SurfaceViewPositionUpdateListener.positionChanged:1667
02-19 13:19:44.273 21462 21729 D SurfaceView: 105956245 updateSurfacePosition RenderWorker, frameNr = 911, position = [11, 732, 873, 2046] surfaceSize = 862x1314
02-19 13:19:44.274 21462 21729 I SurfaceView@650c395: uSP: rtp = Rect(11, 732 - 873, 2046) rtsw = 862 rtsh = 1314
02-19 13:19:44.274 21462 21729 I SurfaceView@650c395: onSSPAndSRT: pl = 11 pt = 732 sx = 1.0 sy = 1.0
02-19 13:19:44.274 21462 21729 I SurfaceView@650c395: aOrMT: ViewRootImpl@ccd3137[ExpensifyActivityBase] t = android.view.SurfaceControl$Transaction@a5b97e8 fN = 911 android.view.SurfaceView.-$$Nest$mapplyOrMergeTransaction:0 android.view.SurfaceView$SurfaceViewPositionUpdateListener.positionChanged:1667 android.graphics.RenderNode$CompositePositionUpdateListener.positionChanged:369
02-19 13:19:44.274 21462 21729 I ViewRootImpl@ccd3137[ExpensifyActivityBase]: mWNT: t=0xb400007c23c79770 mBlastBufferQueue=0xb400007d13b6b4f0 fn= 911 mRenderHdrSdrRatio=1.0 caller= android.view.SurfaceView.applyOrMergeTransaction:1599 android.view.SurfaceView.-$$Nest$mapplyOrMergeTransaction:0 android.view.SurfaceView$SurfaceViewPositionUpdateListener.positionChanged:1667
02-19 13:19:44.282 21462 21729 D SurfaceView: 105956245 updateSurfacePosition RenderWorker, frameNr = 912, position = [17, 732, 879, 2046] surfaceSize = 862x1314
02-19 13:19:44.282 21462 21729 I SurfaceView@650c395: uSP: rtp = Rect(17, 732 - 879, 2046) rtsw = 862 rtsh = 1314
02-19 13:19:44.282 21462 21729 I SurfaceView@650c395: onSSPAndSRT: pl = 17 pt = 732 sx = 1.0 sy = 1.0
02-19 13:19:44.282 21462 21729 I SurfaceView@650c395: aOrMT: ViewRootImpl@ccd3137[ExpensifyActivityBase] t = android.view.SurfaceControl$Transaction@a5b97e8 fN = 912 android.view.SurfaceView.-$$Nest$mapplyOrMergeTransaction:0 android.view.SurfaceView$SurfaceViewPositionUpdateListener.positionChanged:1667 android.graphics.RenderNode$CompositePositionUpdateListener.positionChanged:369
02-19 13:19:44.282 21462 21729 I ViewRootImpl@ccd3137[ExpensifyActivityBase]: mWNT: t=0xb400007c23c79770 mBlastBufferQueue=0xb400007d13b6b4f0 fn= 912 mRenderHdrSdrRatio=1.0 caller= android.view.SurfaceView.applyOrMergeTransaction:1599 android.view.SurfaceView.-$$Nest$mapplyOrMergeTransaction:0 android.view.SurfaceView$SurfaceViewPositionUpdateListener.positionChanged:1667
02-19 13:19:44.291 21462 21729 D SurfaceView: 105956245 updateSurfacePosition RenderWorker, frameNr = 913, position = [20, 732, 882, 2046] surfaceSize = 862x1314
02-19 13:19:44.291 21462 21729 I SurfaceView@650c395: uSP: rtp = Rect(20, 732 - 882, 2046) rtsw = 862 rtsh = 1314
02-19 13:19:44.291 21462 21729 I SurfaceView@650c395: onSSPAndSRT: pl = 20 pt = 732 sx = 1.0 sy = 1.0
02-19 13:19:44.291 21462 21729 I SurfaceView@650c395: aOrMT: ViewRootImpl@ccd3137[ExpensifyActivityBase] t = android.view.SurfaceControl$Transaction@a5b97e8 fN = 913 android.view.SurfaceView.-$$Nest$mapplyOrMergeTransaction:0 android.view.SurfaceView$SurfaceViewPositionUpdateListener.positionChanged:1667 android.graphics.RenderNode$CompositePositionUpdateListener.positionChanged:369
02-19 13:19:44.291 21462 21729 I ViewRootImpl@ccd3137[ExpensifyActivityBase]: mWNT: t=0xb400007c23c79770 mBlastBufferQueue=0xb400007d13b6b4f0 fn= 913 mRenderHdrSdrRatio=1.0 caller= android.view.SurfaceView.applyOrMergeTransaction:1599 android.view.SurfaceView.-$$Nest$mapplyOrMergeTransaction:0 android.view.SurfaceView$SurfaceViewPositionUpdateListener.positionChanged:1667
02-19 13:19:44.300 21462 21729 D SurfaceView: 105956245 updateSurfacePosition RenderWorker, frameNr = 914, position = [21, 732, 883, 2046] surfaceSize = 862x1314
02-19 13:19:44.300 21462 21729 I SurfaceView@650c395: uSP: rtp = Rect(21, 732 - 883, 2046) rtsw = 862 rtsh = 1314
02-19 13:19:44.300 21462 21729 I SurfaceView@650c395: onSSPAndSRT: pl = 21 pt = 732 sx = 1.0 sy = 1.0
02-19 13:19:44.300 21462 21729 I SurfaceView@650c395: aOrMT: ViewRootImpl@ccd3137[ExpensifyActivityBase] t = android.view.SurfaceControl$Transaction@a5b97e8 fN = 914 android.view.SurfaceView.-$$Nest$mapplyOrMergeTransaction:0 android.view.SurfaceView$SurfaceViewPositionUpdateListener.positionChanged:1667 android.graphics.RenderNode$CompositePositionUpdateListener.positionChanged:369
02-19 13:19:44.300 21462 21729 I ViewRootImpl@ccd3137[ExpensifyActivityBase]: mWNT: t=0xb400007c23c79770 mBlastBufferQueue=0xb400007d13b6b4f0 fn= 914 mRenderHdrSdrRatio=1.0 caller= android.view.SurfaceView.applyOrMergeTransaction:1599 android.view.SurfaceView.-$$Nest$mapplyOrMergeTransaction:0 android.view.SurfaceView$SurfaceViewPositionUpdateListener.positionChanged:1667
02-19 13:19:44.309 21462 21462 I ImeTracker: org.me.mobiexpensifyg:6ebbb254: onRequestHide at ORIGIN_CLIENT_HIDE_SOFT_INPUT reason HIDE_SOFT_INPUT
02-19 13:19:44.309 21462 21462 I InputMethodManager_LC: closeCurrentInput: IInputMethodManagerGlobalInvoker.hideSoftInput
02-19 13:19:44.309 2334 4147 D InputMethodManagerService: hideSoftInput
02-19 13:19:44.309 2334 4147 V InputMethodManagerService: Client requesting input be hidden
02-19 13:19:44.309 2334 4147 D InputMethodManagerService: setWindowStateInner, windowToken=android.os.BinderProxy@9c91fce, state=ImeTargetWindowState{ imeToken android.os.Binder@2dcb341 imeFocusChanged false hasEditorFocused true requestedImeVisible false imeDisplayId 0 softInputModeState STATE_UNSPECIFIED|ADJUST_RESIZE isStartInputByGainFocus false}
02-19 13:19:44.309 2334 4147 I ImeTracker: org.me.mobiexpensifyg:6ebbb254: onCancelled at PHASE_SERVER_SHOULD_HIDE
02-19 13:19:44.309 2334 4147 V InputMethodManagerService: hideCurrentInputLocked : canceled, shouldHideSoftInput=false, mInputShown=false, mImeWindowVis=0
02-19 13:19:44.325 1603 1760 D RenderEngine: [SEC_GC_CMN_SF_EFFECTS] drawLayersInternal,1279, Rendering layer at index 0
02-19 13:19:44.326 1603 1760 D RenderEngine: [SEC_GC_CMN_SF_EFFECTS] drawLayersInternal,1279, Rendering layer org.me.mobiexpensifyg/org.me.mobiexpensifyg.ExpensifyActivityBase$_21462#272730 at index 1
02-19 13:19:44.427 1603 1760 D RenderEngine: [SEC_GC_CMN_SF_EFFECTS] drawLayersInternal,1279, Rendering layer at index 0
02-19 13:19:44.427 1603 1760 D RenderEngine: [SEC_GC_CMN_SF_EFFECTS] drawLayersInternal,1279, Rendering layer org.me.mobiexpensifyg/org.me.mobiexpensifyg.ExpensifyActivityBase$_21462#272730 at index 1
02-19 13:19:44.450 6890 6890 I InputMethodService: removeImeSurface
02-19 13:19:44.450 6890 6890 I InputMethodService: cancelImeSurfaceRemoval: removeCallbacks
02-19 13:19:44.472 21462 22494 I Mapbox : [threading]: ResourceLoaderT priority is now 4
02-19 13:19:44.473 21462 22493 I Mapbox : [threading]: OnlineFileSourc priority is now 4
02-19 13:19:44.529 1603 1760 D RenderEngine: [SEC_GC_CMN_SF_EFFECTS] drawLayersInternal,1279, Rendering layer at index 0
02-19 13:19:44.530 1603 1760 D RenderEngine: [SEC_GC_CMN_SF_EFFECTS] drawLayersInternal,1279, Rendering layer org.me.mobiexpensifyg/org.me.mobiexpensifyg.ExpensifyActivityBase$_21462#272730 at index 1
02-19 13:19:44.565 2334 2918 D InputReader: Btn_touch(9): value=1 when=263085.309720
02-19 13:19:44.565 2334 2918 I InputReader: Touch event's action is 0x0 (id=6, t=0) [pCnt=1, s=0.1959 ] when=263085.309720
02-19 13:19:44.566 2334 2917 I InputDispatcher: Delivering touch to (3256): action: 0x4, f=0x0, d=0, '3c5e648', t=1
02-19 13:19:44.567 2334 2917 I InputDispatcher: Delivering touch to (21462): action: 0x0, f=0x0, d=0, '9a77eef', t=1
02-19 13:19:44.567 21462 21462 I ViewRootImpl@ccd3137[ExpensifyActivityBase]: ViewPostIme pointer 0
02-19 13:19:44.567 3685 3685 I HoneySpace.GestureInputHandler: inputConsumers = [com.honeyspace.gesture.inputconsumer.InputConsumer$Companion$NO_OP$1@58c8177]
02-19 13:19:44.568 2334 2444 I GestureDetector: obtain mCurrentDownEvent. id: 721666558 caller: com.android.server.wm.SystemGesturesPointerEventListener.onPointerEvent:204 com.android.server.wm.PointerEventDispatcher.onInputEvent:53 android.view.InputEventReceiver.dispatchInputEvent:337
02-19 13:19:44.568 2334 2444 I GestureDetector: obtain mCurrentDownEvent. id: 721666558 caller: com.android.server.wm.SystemPerformancePointerEventListener.onPointerEvent:89 com.android.server.wm.PointerEventDispatcher.onInputEvent:53 android.view.InputEventReceiver.dispatchInputEvent:337
02-19 13:19:44.569 3685 3685 I HoneySpace.InputSession: inputConsumers = NO_OP
02-19 13:19:44.569 3685 3685 I HoneySpace.InputSession: open
02-19 13:19:44.570 6194 6194 I SemDvfsHyPerManager: acquire hyper - TABoost/6194@27, type = 1090523139
02-19 13:19:44.573 1492 1518 I HYPER-HAL: [RequestManager.cpp]releaseLocked(): Released ID : 19353558
02-19 13:19:44.573 1492 1518 I HYPER-HAL: [RequestManager.cpp]acquire(): Acquired ID : 19353558 [6194 / 27] HINT : list : [TABoost / 1] [TIMEOUT / 1500]
02-19 13:19:44.590 2334 2444 I GestureDetector: obtain mCurrentMotionEventRaw. action: 2 id: 167088495
02-19 13:19:44.590 2334 2444 I GestureDetector: obtain mCurrentMotionEventRaw. action: 2 id: 167088495
02-19 13:19:44.616 21462 21858 W Kumiho-Kumiho: isSupportedFormat: Format is not supported
02-19 13:19:44.616 21462 21858 D OpenGLRenderer: --- Failed to create image decoder with message 'unimplemented'
02-19 13:19:44.616 21462 21858 W Kumiho-Kumiho: isSupportedFormat: Format is not supported
02-19 13:19:44.616 21462 21858 D OpenGLRenderer: --- Failed to create image decoder with message 'unimplemented'
02-19 13:19:44.616 21462 21858 W Kumiho-Kumiho: isSupportedFormat: Format is not supported
02-19 13:19:44.616 21462 21858 D OpenGLRenderer: --- Failed to create image decoder with message 'unimplemented'
02-19 13:19:44.617 21462 21858 W Kumiho-Kumiho: isSupportedFormat: Format is not supported
