02-19 13:19:39.582 2334 2444 I GestureDetector: obtain mCurrentDownEvent. id: 563699257 caller: com.android.server.wm.SystemPerformancePointerEventListener.onPointerEvent:89 com.android.server.wm.PointerEventDispatcher.onInputEvent:53 android.view.InputEventReceiver.dispatchInputEvent:337
02-19 13:19:39.583 2334 2444 I GestureDetector: obtain mCurrentMotionEventRaw. action: 2 id: 292438618
02-19 13:19:39.583 2334 2444 I GestureDetector: obtain mCurrentMotionEventRaw. action: 2 id: 292438618
02-19 13:19:39.601 2334 2918 D InputReader: Btn_touch(9): value=0 when=263080.345695
02-19 13:19:39.601 2334 2918 I InputReader: Touch event's action is 0x1 (id=6, t=0) [pCnt=1, s=] when=263080.345695
02-19 13:19:39.601 2334 2917 I InputDispatcher: Delivering touch to (22525): action: 0x1, f=0x0, d=0, '7c27b82', t=1 +(0,-1045)
02-19 13:19:39.602 22525 22525 I ViewRootImpl@dbca585[GrantPermissionsActivity]: ViewPostIme pointer 1
02-19 13:19:39.602 3685 3685 I HoneySpace.GestureInputHandler: reset
02-19 13:19:39.602 3685 3685 I HoneySpace.InputSession: close
02-19 13:19:39.612 22525 22525 I GrantPermissionsViewModel: Logged buttons presented and clicked permissionGroupName=android.permission-group.LOCATION uid=11571 selectedPrecision=3 package=org.me.mobiexpensifyg presentedButtons=52 clickedButton=16 isPermissionRationaleShown=false sessionId=-6494301794209367587 targetSdk=35
02-19 13:19:39.613 22525 22525 I GrantPermissionsViewModel: Permission grant result requestId=-6494301794209367587 callingUid=11571 callingPackage=org.me.mobiexpensifyg permission=android.permission.ACCESS_COARSE_LOCATION isImplicit=false result=7 isPermissionRationaleShown=falseisPackageRestrictedByEnhancedConfirmation=false
02-19 13:19:39.613 22525 22525 I GrantPermissionsViewModel: Permission grant result requestId=-6494301794209367587 callingUid=11571 callingPackage=org.me.mobiexpensifyg permission=android.permission.ACCESS_FINE_LOCATION isImplicit=false result=7 isPermissionRationaleShown=falseisPackageRestrictedByEnhancedConfirmation=false
02-19 13:19:39.614 2334 4147 D WindowManager: Transition is created, t=TransitionRecord{9d820a8 id=-1 type=CLOSE flags=0x0}, caller=com.android.server.wm.TransitionController.createTransition:339 com.android.server.wm.TransitionController.requestCloseTransitionIfNeeded:960 com.android.server.wm.ActivityRecord.finishIfPossible:4361 com.android.server.wm.ActivityClientController.finishActivity:609 android.app.IActivityClientController$Stub.onTransact:802
02-19 13:19:39.614 2334 4147 D WindowManager: SyncGroup is created, id=12397, name=Transition, caller=com.android.server.wm.BLASTSyncEngine$SyncGroup.:0 com.android.server.wm.BLASTSyncEngine.prepareSyncSet:523 com.android.server.wm.BLASTSyncEngine.startSyncSet:528 com.android.server.wm.Transition.startCollecting:704 com.android.server.wm.TransitionController.moveToCollecting:360 com.android.server.wm.TransitionController.createTransition:341 com.android.server.wm.TransitionController.requestCloseTransitionIfNeeded:960
02-19 13:19:39.614 2334 4147 W WindowManager: setSyncMethod, id=12397, method=0, caller=com.android.server.wm.Transition.startCollecting:706 com.android.server.wm.TransitionController.moveToCollecting:360 com.android.server.wm.TransitionController.createTransition:341
02-19 13:19:39.614 2334 4147 V WindowManager: Start collecting in Transition: TransitionRecord{9d820a8 id=12397 type=CLOSE flags=0x0}, caller=com.android.server.wm.TransitionController.createTransition:341 com.android.server.wm.TransitionController.requestCloseTransitionIfNeeded:960 com.android.server.wm.ActivityRecord.finishIfPossible:4361 com.android.server.wm.ActivityClientController.finishActivity:609 android.app.IActivityClientController$Stub.onTransact:802
02-19 13:19:39.614 2334 4147 V WindowManager: Requesting StartTransition: TransitionRecord{9d820a8 id=12397 type=CLOSE flags=0x0}, caller=com.android.server.wm.TransitionController.requestCloseTransitionIfNeeded:960 com.android.server.wm.ActivityRecord.finishIfPossible:4361 com.android.server.wm.ActivityClientController.finishActivity:609 android.app.IActivityClientController$Stub.onTransact:802 com.android.server.wm.ActivityClientController.onTransact:186
02-19 13:19:39.614 1603 1760 D RenderEngine: [SEC_GC_CMN_SF_EFFECTS] drawLayersInternal,1279, Rendering layer at index 0
02-19 13:19:39.614 1603 1760 D RenderEngine: [SEC_GC_CMN_SF_EFFECTS] drawLayersInternal,1279, Rendering layer org.me.mobiexpensifyg/org.me.mobiexpensifyg.ExpensifyActivityBase$_21462#272730 at index 1
02-19 13:19:39.614 2334 4147 V WindowManager: Collecting in transition 12397: ActivityRecord{69106dc u0 com.google.android.permissioncontroller/com.android.permissioncontroller.permission.ui.GrantPermissionsActivity t11810 f}}, caller=com.android.server.wm.Transition.collect:753 com.android.server.wm.Transition.collectExistenceChange:936 com.android.server.wm.TransitionController.collectExistenceChange:1025 com.android.server.wm.TransitionController.requestCloseTransitionIfNeeded:963 com.android.server.wm.ActivityRecord.finishIfPossible:4361
02-19 13:19:39.614 2334 4147 D WindowManager: prepareSync , mPrepareSyncSeqId=0, win=Window{7c27b82 u0 com.google.android.permissioncontroller/com.android.permissioncontroller.permission.ui.GrantPermissionsActivity}
02-19 13:19:39.614 2334 4147 V WindowManager: Collecting in transition 12397: ActivityRecord{69106dc u0 com.google.android.permissioncontroller/com.android.permissioncontroller.permission.ui.GrantPermissionsActivity t11810 f}}, caller=com.android.server.wm.Transition.collect:753 com.android.server.wm.TransitionController.collect:975 com.android.server.wm.ActivityRecord.setVisibility:6429 com.android.server.wm.ActivityRecord.setVisibility:6381 com.android.server.wm.ActivityRecord.finishIfPossible:4440
02-19 13:19:39.614 1603 1760 D RenderEngine: [SEC_GC_CMN_SF_EFFECTS] drawLayersInternal,1279, Rendering layer Dim Layer for - Task=11810#272762 at index 2
02-19 13:19:39.615 1603 1760 D RenderEngine: [SEC_GC_CMN_SF_EFFECTS] drawLayersInternal,1279, Rendering layer com.google.android.permissioncontroller/com.android.permissioncontroller.permission.ui.GrantPermissionsActivity$_22525#272755 at index 3
02-19 13:19:39.615 2334 4147 D WindowManager: VisibleRequested updated, r=ActivityRecord{69106dc u0 com.google.android.permissioncontroller/com.android.permissioncontroller.permission.ui.GrantPermissionsActivity t11810 f}}
02-19 13:19:39.615 2334 4147 D ActivityTaskManager: scheduleTopResumedActivityChanged, onTop=false, r=ActivityRecord{69106dc u0 com.google.android.permissioncontroller/com.android.permissioncontroller.permission.ui.GrantPermissionsActivity t11810 f}}, caller=com.android.server.wm.ActivityTaskSupervisor.updateTopResumedActivityIfNeeded:2873 com.android.server.wm.TaskFragment.setResumedActivity:580 com.android.server.wm.TaskFragment.onActivityStateChanged:889 com.android.server.wm.ActivityRecord.setState:6892 com.android.server.wm.TaskFragment.startPausing:2012 com.android.server.wm.ActivityRecord.finishIfPossible:4458
02-19 13:19:39.615 2334 4147 I WindowManager: Reparenting to leash, surface=Surface(name=Dim Layer for - Task=11810)/@0x50d71bf, leashParent=Surface(name=Task=11810)/@0xb8ab55b
02-19 13:19:39.616 1603 2203 I SurfaceFlinger: id=272764 createSurf, flag=24000, Surface(name=Dim Layer for - Task=11810)/@0x50d71bf - animation-leash of dimmer#272764
02-19 13:19:39.616 3256 3287 V WindowManagerShell: Transition requested: android.os.BinderProxy@f6b752e TransitionRequestInfo { type = CLOSE, triggerTask = null, remoteTransition = null, displayChange = null }
02-19 13:19:39.617 2334 4147 D WindowManager: makeSurface duration=1 leash=Surface(name=Surface(name=Dim Layer for - Task=11810)/@0x50d71bf - animation-leash of dimmer)/@0x4e947c1
02-19 13:19:39.619 2334 7288 I SemDvfsHyPerManager: acquire hyper - AMS_ACT_RESUME/2334@23, type = -999
02-19 13:19:39.619 2334 7288 D ActivityManagerPerformance: AMP_acquire() ACT_RESUME
02-19 13:19:39.619 4363 4451 I PackageInfoManager_FLP: onPermissionsChanged, uid = 11571
02-19 13:19:39.619 2334 7288 D InputDispatcher: Focused application(0): ActivityRecord{95903bd u0 org.me.mobiexpensifyg/.ExpensifyActivityBase t11810}
02-19 13:19:39.619 2334 7288 V WindowManager: Changing focus from Window{7c27b82 u0 com.google.android.permissioncontroller/com.android.permissioncontroller.permission.ui.GrantPermissionsActivity} to Window{9a77eef u0 org.me.mobiexpensifyg/org.me.mobiexpensifyg.ExpensifyActivityBase} displayId=0 Callers=com.android.server.wm.RootWindowContainer.updateFocusedWindowLocked:581 com.android.server.wm.WindowManagerService.updateFocusedWindowLocked:6910 com.android.server.wm.ActivityTaskManagerService.setLastResumedActivityUncheckLocked:6164 com.android.server.wm.ActivityTaskSupervisor.updateTopResumedActivityIfNeeded:2894
02-19 13:19:39.620 2334 7288 I WindowManager: Cancelling animation restarting=true, leash=Surface(name=Surface(name=f01df StatusBar)/@0xca67e00 - animation-leash of insets_animation)/@0x6a0cdce
02-19 13:19:39.620 2334 7288 I WindowManager: Reparenting to original parent: Surface(name=WindowToken{542187e type=2000 android.os.BinderProxy@6a1b200})/@0x147d639, destroy=false, surface=Surface(name=f01df StatusBar)/@0xca67e00
02-19 13:19:39.620 2334 7288 I WindowManager: Reparenting to leash, surface=Surface(name=f01df StatusBar)/@0xca67e00, leashParent=Surface(name=WindowToken{542187e type=2000 android.os.BinderProxy@6a1b200})/@0x147d639
02-19 13:19:39.620 1603 1748 I SurfaceFlinger: id=272765 createSurf, flag=24000, Surface(name=f01df StatusBar)/@0xca67e00 - animation-leash of insets_animation#272765
02-19 13:19:39.621 2334 7288 D WindowManager: makeSurface duration=1 leash=Surface(name=Surface(name=f01df StatusBar)/@0xca67e00 - animation-leash of insets_animation)/@0x6d69ea7
02-19 13:19:39.621 2334 7288 D InsetsSourceProvider: updateControlForTarget: control=InsetsSourceControl: {d59c0000 mType=statusBars initiallyVisible mSurfacePosition=Point(0, 0) mInsetsHint=Insets{left=0, top=87, right=0, bottom=0}}, target=Window{9a77eef u0 org.me.mobiexpensifyg/org.me.mobiexpensifyg.ExpensifyActivityBase}, from=com.android.server.wm.InsetsStateController.onControlTargetChanged:363 com.android.server.wm.InsetsStateController.onBarControlTargetChanged:329 com.android.server.wm.InsetsPolicy.updateBarControlTarget:173 com.android.server.wm.InsetsPolicy.updateSystemBars:843 com.android.server.wm.DisplayPolicy.updateSystemBarsLw:3484
02-19 13:19:39.621 2334 7288 I WindowManager: Cancelling animation restarting=true, leash=Surface(name=Surface(name=3c5e648 NavigationBar0)/@0xe853047 - animation-leash of insets_animation)/@0xffa6bfc
02-19 13:19:39.621 2334 7288 I WindowManager: Reparenting to original parent: Surface(name=WindowToken{df798eb type=2019 android.os.BinderProxy@636ff65})/@0x1556074, destroy=false, surface=Surface(name=3c5e648 NavigationBar0)/@0xe853047
02-19 13:19:39.621 2334 7288 I WindowManager: Reparenting to leash, surface=Surface(name=3c5e648 NavigationBar0)/@0xe853047, leashParent=Surface(name=WindowToken{df798eb type=2019 android.os.BinderProxy@636ff65})/@0x1556074
02-19 13:19:39.621 1603 1748 I SurfaceFlinger: id=272766 createSurf, flag=24000, Surface(name=3c5e648 NavigationBar0)/@0xe853047 - animation-leash of insets_animation#272766
02-19 13:19:39.622 2334 7288 D WindowManager: makeSurface duration=1 leash=Surface(name=Surface(name=3c5e648 NavigationBar0)/@0xe853047 - animation-leash of insets_animation)/@0xcff7f2
02-19 13:19:39.622 1492 1518 I HYPER-HAL: [RequestManager.cpp]acquire(): Acquired ID : 2778926 [2334 / 23] HINT : AMS_ACT_RESUME list :
02-19 13:19:39.622 2334 7288 D InsetsSourceProvider: updateControlForTarget: control=InsetsSourceControl: {80a80001 mType=navigationBars initiallyVisible mSurfacePosition=Point(0, 2190) mInsetsHint=Insets{left=0, top=0, right=0, bottom=39}}, target=Window{9a77eef u0 org.me.mobiexpensifyg/org.me.mobiexpensifyg.ExpensifyActivityBase}, from=com.android.server.wm.InsetsStateController.onControlTargetChanged:363 com.android.server.wm.InsetsStateController.onBarControlTargetChanged:332 com.android.server.wm.InsetsPolicy.updateBarControlTarget:173 com.android.server.wm.InsetsPolicy.updateSystemBars:843 com.android.server.wm.DisplayPolicy.updateSystemBarsLw:3484
02-19 13:19:39.622 2334 7288 D WindowManager: updateSystemBarAttributes: displayId=0, win=Window{9a77eef u0 org.me.mobiexpensifyg/org.me.mobiexpensifyg.ExpensifyActivityBase}, navColorWin=Window{7c27b82 u0 com.google.android.permissioncontroller/com.android.permissioncontroller.permission.ui.GrantPermissionsActivity}, focusedCanBeNavColorWin=false, behavior=1, appearance=0, statusBarAppearanceRegions=[AppearanceRegion{ bounds=[0,0][904,2316]}], requestedVisibilities=-9, from=com.android.server.wm.DisplayPolicy.focusChangedLw:2988 com.android.server.wm.DisplayContent.updateFocusedWindowLocked:4900 com.android.server.wm.RootWindowContainer.updateFocusedWindowLocked:581
02-19 13:19:39.623 2334 7288 V SystemKeyManager: updateFocusedWindow() is called, org.me.mobiexpensifyg/org.me.mobiexpensifyg.ExpensifyActivityBase
02-19 13:19:39.623 2334 7288 D ActivityTaskManager: scheduleTopResumedActivityChanged, onTop=true, r=ActivityRecord{95903bd u0 org.me.mobiexpensifyg/.ExpensifyActivityBase t11810}, caller=com.android.server.wm.ActivityTaskSupervisor.scheduleTopResumedActivityStateIfNeeded:2904 com.android.server.wm.ActivityTaskSupervisor.updateTopResumedActivityIfNeeded:2896 com.android.server.wm.TaskFragment.setResumedActivity:580 com.android.server.wm.TaskFragment.onActivityStateChanged:904 com.android.server.wm.ActivityRecord.setState:6892 com.android.server.wm.TaskFragment.resumeTopActivity:1756
02-19 13:19:39.623 2334 7288 V WindowManager: rotationForOrientation(orient=SCREEN_ORIENTATION_PORTRAIT (1), last=ROTATION_0 (0)); user=ROTATION_0 (0) USER_ROTATION_LOCKED
02-19 13:19:39.623 2334 7288 D WindowManager: rotationForOrientation, orientationSource=ActivityRecord{95903bd u0 org.me.mobiexpensifyg/.ExpensifyActivityBase t11810}
02-19 13:19:39.623 2334 7288 V WindowManager: Computed rotation=ROTATION_0 (0) for display id=0 based on lastOrientation=SCREEN_ORIENTATION_PORTRAIT (1) and oldRotation=ROTATION_0 (0), caller=com.android.server.wm.DisplayRotation.updateOrientation:525 com.android.server.wm.DisplayContent.updateOrientation:2181 com.android.server.wm.DisplayContent.updateOrientation:2097 com.android.server.wm.RootWindowContainer.ensureVisibilityAndConfig:2083 com.android.server.wm.TaskFragment.resumeTopActivity:1779 com.android.server.wm.TaskFragment.resumeTopActivity:1387
02-19 13:19:39.624 2334 2446 D SGM:FgCheckThread: notePauseComponent(), received pkgName: com.google.android.permissioncontroller, userId: 0
02-19 13:19:39.628 1603 1603 I Layer : Layer::reparent [Dim Layer for - Task=11810#272762] newParent : Surface(name=Dim Layer for - Task=11810)/@0x50d71bf - animation-leash of dimmer#272764 , isRemovedFromCurrentState : 0 -------------------------
02-19 13:19:39.628 21462 21462 D CompatibilityChangeReporter: Compat change id reported: 78294732; UID 11571; state: ENABLED
02-19 13:19:39.628 1603 1603 I Layer : Layer::reparent [Dim Layer for - Task=11810#272762] End -------------------------
02-19 13:19:39.628 1603 1603 I Layer : Layer::reparent [f01df StatusBar#106] newParent : Surface(name=f01df StatusBar)/@0xca67e00 - animation-leash of insets_animation#272765 , isRemovedFromCurrentState : 0 -------------------------
02-19 13:19:39.628 1603 1603 I Layer : Layer::reparent [f01df StatusBar#106] End -------------------------
02-19 13:19:39.628 1603 1603 I Layer : Layer::reparent [Surface(name=f01df StatusBar)/@0xca67e00 - animation-leash of insets_animation#272756] newParentHandle : null -------------------------
02-19 13:19:39.628 1603 1603 I Layer : id=272756 removeFromCurrentState Surface(name=f01df StatusBar)/@0xca67e00 - animation-leash of insets_animation#272756 (229)
02-19 13:19:39.629 1603 1603 I Layer : Layer::reparent [Surface(name=f01df StatusBar)/@0xca67e00 - animation-leash of insets_animation#272756] End -------------------------
02-19 13:19:39.629 1603 1603 I Layer : Layer::reparent [3c5e648 NavigationBar0#261402] newParent : Surface(name=3c5e648 NavigationBar0)/@0xe853047 - animation-leash of insets_animation#272766 , isRemovedFromCurrentState : 0 -------------------------
02-19 13:19:39.629 1603 1603 I Layer : Layer::reparent [3c5e648 NavigationBar0#261402] End -------------------------
02-19 13:19:39.629 1603 1603 I Layer : Layer::reparent [Surface(name=3c5e648 NavigationBar0)/@0xe853047 - animation-leash of insets_animation#272757] newParentHandle : null -------------------------
02-19 13:19:39.629 1603 1603 I Layer : id=272757 removeFromCurrentState Surface(name=3c5e648 NavigationBar0)/@0xe853047 - animation-leash of insets_animation#272757 (229)
02-19 13:19:39.629 1603 1603 I Layer : Layer::reparent [Surface(name=3c5e648 NavigationBar0)/@0xe853047 - animation-leash of insets_animation#272757] End -------------------------
02-19 13:19:39.629 4363 4451 I PackageInfoManager_FLP: updatePermission, org.me.mobiexpensifyg to 0
02-19 13:19:39.629 4363 4451 I PackageInfoManager_FLP: onPermissionsChanged, uid = 11571
02-19 13:19:39.630 4363 4451 I PackageInfoManager_FLP: updatePermission, org.me.mobiexpensifyg to 0
02-19 13:19:39.630 1603 2205 I SurfaceFlinger: id=272756 Removed Surface(name=f01df StatusBar)/@0xca67e00 - animation-leash of insets_animation#272756 (229)
02-19 13:19:39.630 1603 2203 I SurfaceFlinger: id=272757 Removed Surface(name=3c5e648 NavigationBar0)/@0xe853047 - animation-leash of insets_animation#272757 (229)
02-19 13:19:39.631 22525 22577 I PermissionEventCleanupJobService: Job already scheduled.
02-19 13:19:39.632 2334 7371 D InputDispatcher: Focus left window (0): 7c27b82 com.google.android.permissioncontroller/com.android.permissioncontroller.permission.ui.GrantPermissionsActivity
02-19 13:19:39.632 22525 22525 I ViewRootImpl@dbca585[GrantPermissionsActivity]: handleWindowFocusChanged: 0 0 call from android.view.ViewRootImpl.-$$Nest$mhandleWindowFocusChanged:0
02-19 13:19:39.632 2334 4147 D InputDispatcher: Focus entered window (0): 9a77eef org.me.mobiexpensifyg/org.me.mobiexpensifyg.ExpensifyActivityBase
02-19 13:19:39.632 22525 22525 I ImeFocusController: onPreWindowFocus: skipped, hasWindowFocus=false mHasImeFocus=true
02-19 13:19:39.632 22525 22525 I ImeFocusController: onPostWindowFocus: skipped, hasWindowFocus=false mHasImeFocus=true
02-19 13:19:39.634 2334 6167 V WindowManager: Starting Transition 12397, caller=com.android.server.wm.WindowOrganizerController.startTransition:382 com.android.server.wm.WindowOrganizerController.startTransition:313 android.window.IWindowOrganizerController$Stub.onTransact:257
02-19 13:19:39.634 2334 6167 V Transition: allReady query: used=true, override=false, defer=0, states=Display{#0 state=ON size=904x2316 ROTATION_0}:true,Display{#1 state=OFF size=1812x2176 ROTATION_0}:true
02-19 13:19:39.634 21462 22484 I Mapbox : [threading]: Worker 1 priority is now 4
02-19 13:19:39.635 21462 22485 I Mapbox : [threading]: Worker 2 priority is now 4
02-19 13:19:39.635 21462 21481 D SessionLifecycleClient: Sending lifecycle 1 to service
02-19 13:19:39.635 21462 21558 D SessionLifecycleService: Activity foregrounding at 263080379.
02-19 13:19:39.636 1603 1603 I Layer : id=272756 Destroyed Surface(name=f01df StatusBar)/@0xca67e00 - animation-leash of insets_animation#272756
02-19 13:19:39.636 1603 1603 I Layer : id=272757 Destroyed Surface(name=3c5e648 NavigationBar0)/@0xe853047 - animation-leash of insets_animation#272757
02-19 13:19:39.637 2334 3060 I CocktailBarManagerServiceContainer: handleMessage: entry what = 6
02-19 13:19:39.637 2334 3060 I CocktailBarManagerServiceImpl: notePauseComponent : no active host
02-19 13:19:39.639 21462 21462 W unknown:BridgelessReact: ReactHost{0}.onHostResume(activity)
02-19 13:19:39.639 21462 21462 W unknown:BridgelessReact: ReactContext.onHostResume()
02-19 13:19:39.639 2334 2447 V WindowManager: SyncGroup 12397: Finished!
02-19 13:19:39.639 2334 2447 D ChangeTransitionController: onTransactionReady: TransitionRecord{9d820a8 id=12397 type=CLOSE flags=0x0}
02-19 13:19:39.639 2334 2447 V WindowManager: Start calculating TransitionInfo based on participants: {ActivityRecord{69106dc u0 com.google.android.permissioncontroller/com.android.permissioncontroller.permission.ui.GrantPermissionsActivity t11810 f}}}
02-19 13:19:39.639 2334 2447 V WindowManager: Final targets: [ActivityRecord{69106dc u0 com.google.android.permissioncontroller/com.android.permissioncontroller.permission.ui.GrantPermissionsActivity t11810 f}}]
02-19 13:19:39.640 1603 2203 I SurfaceFlinger: id=272767 createSurf, flag=84004, Transition Root: ActivityRecord{69106dc u0 com.google.android.permissioncontroller/com.android.permissioncontroller.permission.ui.GrantPermissionsActivity t11810 f}}#272767
02-19 13:19:39.641 2334 2447 V WindowManager: Calling onTransitionReady: {id=12397 t=CLOSE f=0x0 trk=0 r=[0@Point(0, 0)] c=[
02-19 13:19:39.641 2334 2447 V WindowManager: {null m=CLOSE f=TRANSLUCENT|FILLS_TASK|IS_ACTIVITY|EDGE_EXTENSION_RESTRICTION leash=Surface(name=ActivityRecord{69106dc u0 com.google.android.permissioncontroller/com.android.permissioncontroller.permission.ui.GrantPermissionsActivity t11810})/@0xec032e7 sb=Rect(0, 0 - 904, 2316) eb=Rect(0, 0 - 904, 2316) d=0 inset=Rect(0, 0 - 0, 0)}
02-19 13:19:39.641 2334 2447 V WindowManager: ]}
02-19 13:19:39.642 21462 21462 I InsetsSourceConsumer: applyRequestedVisibilityToControl: visible=true, type=statusBars, host=org.me.mobiexpensifyg/org.me.mobiexpensifyg.ExpensifyActivityBase
02-19 13:19:39.642 21462 21462 I InsetsSourceConsumer: applyRequestedVisibilityToControl: visible=true, type=navigationBars, host=org.me.mobiexpensifyg/org.me.mobiexpensifyg.ExpensifyActivityBase
02-19 13:19:39.642 2334 2443 V WindowManager: Sent Transition #12397 createdAt=02-19 13:19:39.614 via request=TransitionRequestInfo { type = CLOSE, triggerTask = null, remoteTransition = null, displayChange = null }
02-19 13:19:39.642 2334 2443 V WindowManager: startWCT=WindowContainerTransaction { changes = {} hops = [] errorCallbackToken=null taskFragmentOrganizer=null }
02-19 13:19:39.642 2334 2443 V WindowManager: info={id=12397 t=CLOSE f=0x0 trk=0 r=[0@Point(0, 0)] c=[
02-19 13:19:39.642 2334 2443 V WindowManager: {null m=CLOSE f=TRANSLUCENT|FILLS_TASK|IS_ACTIVITY|EDGE_EXTENSION_RESTRICTION leash=Surface(name=ActivityRecord{69106dc u0 com.google.android.permissioncontroller/com.android.permissioncontroller.permission.ui.GrantPermissionsActivity t11810})/@0xec032e7 sb=Rect(0, 0 - 904, 2316) eb=Rect(0, 0 - 904, 2316) d=0 inset=Rect(0, 0 - 0, 0)}
02-19 13:19:39.642 2334 2443 V WindowManager: ]}
02-19 13:19:39.645 2334 2386 I system_server: Compiler allocated 4859KB to compile boolean android.view.IWindowManager$Stub.onTransact(int, android.os.Parcel, android.os.Parcel, int)
02-19 13:19:39.647 2334 2526 D AnalyticsContainerHandler: handleMessage : { when=0 what=1 target=com.android.server.knox.KnoxAnalyticsContainer$AnalyticsHandler }
02-19 13:19:39.647 3256 3287 V WindowManagerShell: onTransitionReady android.os.BinderProxy@f6b752e: {id=12397 t=CLOSE f=0x0 trk=0 r=[0@Point(0, 0)] c=[{null m=CLOSE f=TRANSLUCENT|FILLS_TASK|IS_ACTIVITY|EDGE_EXTENSION_RESTRICTION leash=Surface(name=ActivityRecord{69106dc u0 com.google.android.permissioncontroller/com.android.permissioncontroller.permission.ui.GrantPermissionsActivity t11810})/@0xe0918cf sb=Rect(0, 0 - 904, 2316) eb=Rect(0, 0 - 904, 2316) d=0 inset=Rect(0, 0 - 0, 0)}]}
02-19 13:19:39.647 3256 3287 I SurfaceControl: hide, t=FinishTransaction_SyncId<12397>, sc=Surface(name=ActivityRecord{69106dc u0 com.google.android.permissioncontroller/com.android.permissioncontroller.permission.ui.GrantPermissionsActivity t11810})/@0xe0918cf, caller=com.android.wm.shell.transition.Transitions.dispatchReady:710 com.android.wm.shell.transition.Transitions.onTransitionReady:118 com.android.wm.shell.transition.Transitions$TransitionPlayerImpl$$ExternalSyntheticLambda0.run:13 android.os.Handler.handleCallback:958 android.os.Handler.dispatchMessage:99 android.os.Looper.loopOnce:230
02-19 13:19:39.647 3256 3287 V WindowManagerShell: Playing animation for (#12397)android.os.BinderProxy@f6b752e@0
02-19 13:19:39.647 3256 3287 I SurfaceControl: show, t=StartTransaction_SyncId<12397>, sc=Surface(name=Transition Root: ActivityRecord{69106dc u0 com.google.android.permissioncontroller/com.android.permissioncontroller.permission.ui.GrantPermissionsActivity t11810 f}})/@0xe88d25c, caller=com.android.wm.shell.transition.Transitions.playTransition:80 com.android.wm.shell.transition.Transitions.processReadyQueue:195 com.android.wm.shell.transition.Transitions.dispatchReady:790 com.android.wm.shell.transition.Transitions.onTransitionReady:118 com.android.wm.shell.transition.Transitions$TransitionPlayerImpl$$ExternalSyntheticLambda0.run:13 android.os.Handler.handleCallback:958
02-19 13:19:39.647 3256 3287 V WindowManagerShell: try handler com.android.wm.shell.transition.DefaultMixedHandler@6eed36e
02-19 13:19:39.648 3256 3287 V WindowManagerShell: try handler com.android.wm.shell.keyguard.KeyguardTransitionHandler@d2fba0f
02-19 13:19:39.648 3256 3287 V WindowManagerShell: try handler com.android.wm.shell.activityembedding.ActivityEmbeddingController@e9cfa9c
02-19 13:19:39.648 3256 3287 V WindowManagerShell: try handler com.android.wm.shell.recents.RecentsTransitionHandler@dda6ca5
02-19 13:19:39.648 3256 3287 V ShellRecents: RecentsTransitionHandler.startAnimation: no controller found
02-19 13:19:39.648 3256 3287 V WindowManagerShell: try handler com.android.wm.shell.unfold.UnfoldTransitionHandler@fb8b87a
02-19 13:19:39.648 3256 3287 V WindowManagerShell: try handler com.android.wm.shell.pip.PipTransition@237e82b
02-19 13:19:39.648 3256 3287 V WindowManagerShell: try handler com.android.wm.shell.splitscreen.StageCoordinator@6cd2488
02-19 13:19:39.648 3256 3287 V WindowManagerShell: try handler com.android.wm.shell.transition.RemoteTransitionHandler@faa2e21
02-19 13:19:39.648 3256 3287 V WindowManagerShell: Transition doesn't have explicit remote, search filters for match for {id=12397 t=CLOSE f=0x0 trk=0 r=[0@Point(0, 0)] c=[{null m=CLOSE f=TRANSLUCENT|FILLS_TASK|IS_ACTIVITY|EDGE_EXTENSION_RESTRICTION leash=Surface(name=ActivityRecord{69106dc u0 com.google.android.permissioncontroller/com.android.permissioncontroller.permission.ui.GrantPermissionsActivity t11810})/@0xe0918cf sb=Rect(0, 0 - 904, 2316) eb=Rect(0, 0 - 904, 2316) d=0 inset=Rect(0, 0 - 0, 0)}]}
02-19 13:19:39.648 3256 3287 V WindowManagerShell: Checking filter Pair{{types=[] flags=0x0] notFlags=0x100 checks=[{atype=home independent=true modes=[OPEN,TO_FRONT] flags=NONE mustBeTask=false order=TOP topActivity=ComponentInfo{com.sec.android.app.launcher/com.sec.android.app.launcher.Launcher}},{atype=recents independent=true modes=[CLOSE,TO_BACK] flags=NONE mustBeTask=false order=ANY topActivity=null}]} RemoteTransition { remoteTransition = android.window.IRemoteTransition$Stub$Proxy@857b336, appThread = android.app.IApplicationThread$Stub$Proxy@7b5f237, debugName = QuickstepLaunchHomeFromRecents }}
02-19 13:19:39.648 3256 3287 V WindowManagerShell: Checking filter Pair{{types=[] flags=0x0] notFlags=0x100 checks=[{atype=home independent=true modes=[OPEN,TO_FRONT] flags=NONE mustBeTask=false order=TOP topActivity=ComponentInfo{com.sec.android.app.launcher/com.sec.android.app.launcher.Launcher}},{atype=standard independent=true modes=[CLOSE,TO_BACK] flags=NONE mustBeTask=false order=ANY topActivity=null}]} RemoteTransition { remoteTransition = android.window.IRemoteTransition$Stub$Proxy@5cf13a4, appThread = android.app.IApplicationThread$Stub$Proxy@5ff850d, debugName = QuickstepLaunchHome }}
02-19 13:19:39.648 3256 3287 V WindowManagerShell: Delegate animation for #12397 to null
02-19 13:19:39.648 3256 3287 V WindowManagerShell: try handler com.android.wm.shell.transition.DefaultTransitionHandler@409e246
02-19 13:19:39.648 3256 3287 V WindowManagerShell: start default transition animation, info = {id=12397 t=CLOSE f=0x0 trk=0 r=[0@Point(0, 0)] c=[{null m=CLOSE f=TRANSLUCENT|FILLS_TASK|IS_ACTIVITY|EDGE_EXTENSION_RESTRICTION leash=Surface(name=ActivityRecord{69106dc u0 com.google.android.permissioncontroller/com.android.permissioncontroller.permission.ui.GrantPermissionsActivity t11810})/@0xe0918cf sb=Rect(0, 0 - 904, 2316) eb=Rect(0, 0 - 904, 2316) d=0 inset=Rect(0, 0 - 0, 0)}]}
02-19 13:19:39.648 3256 3287 V WindowManagerShell: loadAnimation: anim=null animAttr=0x7 type=CLOSE isEntrance=false
02-19 13:19:39.648 3256 3287 I SurfaceControl: apply is called, name=StartTransaction_SyncId<12397>, caller=android.view.SurfaceControl$Transaction.apply:2933 com.android.wm.shell.transition.DefaultTransitionHandler.startAnimation:3081 com.android.wm.shell.transition.Transitions.dispatchTransition:80 com.android.wm.shell.transition.Transitions.playTransition:811 com.android.wm.shell.transition.Transitions.processReadyQueue:195 com.android.wm.shell.transition.Transitions.dispatchReady:790
02-19 13:19:39.648 3256 3287 V WindowManagerShell: Transition animation finished (aborted=false), notifying core (#12397)android.os.BinderProxy@f6b752e@0
02-19 13:19:39.648 3256 3287 I SurfaceControl: apply is called, name=FinishTransaction_SyncId<12397>, caller=android.view.SurfaceControl$Transaction.apply:2933 com.android.wm.shell.transition.Transitions.onFinish:302 com.android.wm.shell.transition.Transitions$$ExternalSyntheticLambda6.onTransitionFinished:15 com.android.wm.shell.transition.DefaultTransitionHandler$$ExternalSyntheticLambda5.run:125 com.android.wm.shell.transition.DefaultTransitionHandler.startAnimation:3184 com.android.wm.shell.transition.Transitions.dispatchTransition:80
02-19 13:19:39.649 2334 3169 V WindowManager: Finish Transition: TransitionRecord{9d820a8 id=12397 type=CLOSE flags=0x0}, caller=com.android.server.wm.WindowOrganizerController.finishTransition:454 android.window.IWindowOrganizerController$Stub.onTransact:286 com.android.server.wm.WindowOrganizerController.onTransact:217
02-19 13:19:39.649 2334 2443 V WindowManager: Finish Transition #12397: created at
02-19 13:19:39.614 collect-started=0.184ms request-sent=0.273ms started=20.282ms ready=20.239ms sent=27.719ms finished=35.301ms
02-19 13:19:39.650 2334 3169 I WindowManager: Reparenting to leash, surface=Surface(name=7c27b82 com.google.android.permissioncontroller/com.android.permissioncontroller.permission.ui.GrantPermissionsActivity)/@0x85f2f19, leashParent=Surface(name=ActivityRecord{69106dc u0 com.google.android.permissioncontroller/com.android.permissioncontroller.permission.ui.GrantPermissionsActivity t11810})/@0xec032e7
02-19 13:19:39.650 1603 3351 I SurfaceFlinger: id=272768 createSurf, flag=24000, Surface(name=7c27b82 com.google.android.permissioncontroller/com.android.permissioncontroller.permission.ui.GrantPermissionsActivity)/@0x85f2f19 - animation-leash of window_animation#272768
02-19 13:19:39.651 2334 3169 D WindowManager: makeSurface duration=1 leash=Surface(name=Surface(name=7c27b82 com.google.android.permissioncontroller/com.android.permissioncontroller.permission.ui.GrantPermissionsActivity)/@0x85f2f19 - animation-leash of window_animation)/@0xd198769
02-19 13:19:39.651 2334 3169 V WindowManager: Setting visibility of Window{7c27b82 u0 com.google.android.permissioncontroller/com.android.permissioncontroller.permission.ui.GrantPermissionsActivity}: false, caller=com.android.server.wm.WindowContainer.sendAppVisibilityToClients:1305 com.android.server.wm.WindowToken.setClientVisible:454 com.android.server.wm.ActivityRecord.setClientVisible:8235 com.android.server.wm.ActivityRecord.postApplyAnimation:6766 com.android.server.wm.ActivityRecord.commitVisibility:6709
02-19 13:19:39.651 1603 1603 I Layer : Layer::reparent [ActivityRecord{69106dc u0 com.google.android.permissioncontroller/com.android.permissioncontroller.permission.ui.GrantPermissionsActivity t11810}#272753] newParent : Transition Root: ActivityRecord{69106dc u0 com.google.android.permissioncontroller/com.android.permissioncontroller.permission.ui.GrantPermissionsActivity t11810 f}}#272767 , isRemovedFromCurrentState : 0 -------------------------
02-19 13:19:39.651 2334 3169 D PersonaActivityHelper: token.toString() Token{995b4c8 ActivityRecord{69106dc u0 com.google.android.permissioncontroller/com.android.permissioncontroller.permission.ui.GrantPermissionsActivity t11810 f}}}
02-19 13:19:39.651 2334 3169 D PersonaActivityHelper: mLastResumedSFActivity getPackageName com.google.android.permissioncontroller
02-19 13:19:39.651 2334 3169 D PersonaActivityHelper: mLastResumedSFActivity getShortClassName com.android.permissioncontroller.permission.ui.GrantPermissionsActivity
02-19 13:19:39.652 2334 3169 I SemPersonaManager: personaId = 150
02-19 13:19:39.652 1603 1603 I Layer : Layer::reparent [ActivityRecord{69106dc u0 com.google.android.permissioncontroller/com.android.permissioncontroller.permission.ui.GrantPermissionsActivity t11810}#272753] End -------------------------
02-19 13:19:39.652 2334 3169 I SemPersonaManager: SecureFolder personaId = 150
02-19 13:19:39.652 1603 1603 I Layer : Layer [Transition Root: ActivityRecord{69106dc u0 com.google.android.permissioncontroller/com.android.permissioncontroller.permission.ui.GrantPermissionsActivity t11810 f}}#272767] hidden!! flag(0)
02-19 13:19:39.652 1603 1603 I Layer : Layer [ActivityRecord{69106dc u0 com.google.android.permissioncontroller/com.android.permissioncontroller.permission.ui.GrantPermissionsActivity t11810}#272753] hidden!! flag(1)
02-19 13:19:39.652 1603 1603 I Layer : Layer::reparent [ActivityRecord{69106dc u0 com.google.android.permissioncontroller/com.android.permissioncontroller.permission.ui.GrantPermissionsActivity t11810}#272753] newParent : Task=11810#272596 , isRemovedFromCurrentState : 0 -------------------------
02-19 13:19:39.652 22525 22525 I ViewRootImpl@dbca585[GrantPermissionsActivity]: handleAppVisibility mAppVisible = true visible = false
02-19 13:19:39.652 1603 1603 I Layer : Layer::reparent [ActivityRecord{69106dc u0 com.google.android.permissioncontroller/com.android.permissioncontroller.permission.ui.GrantPermissionsActivity t11810}#272753] End -------------------------
02-19 13:19:39.652 1603 1603 I Layer : Layer::reparent [Transition Root: ActivityRecord{69106dc u0 com.google.android.permissioncontroller/com.android.permissioncontroller.permission.ui.GrantPermissionsActivity t11810 f}}#272767] newParentHandle : null -------------------------
02-19 13:19:39.652 2334 3169 D ChangeTransitionController: onTransitionFinished: TransitionRecord{9d820a8 id=12397 type=CLOSE flags=0x0}
02-19 13:19:39.652 1603 1603 I Layer : id=272767 removeFromCurrentState Transition Root: ActivityRecord{69106dc u0 com.google.android.permissioncontroller/com.android.permissioncontroller.permission.ui.GrantPermissionsActivity t11810 f}}#272767 (229)
02-19 13:19:39.652 1603 1603 I Layer : Layer::reparent [Transition Root: ActivityRecord{69106dc u0 com.google.android.permissioncontroller/com.android.permissioncontroller.permission.ui.GrantPermissionsActivity t11810 f}}#272767] End -------------------------
02-19 13:19:39.652 1603 1603 I Layer : Layer::reparent [Transition Root: ActivityRecord{69106dc u0 com.google.android.permissioncontroller/com.android.permissioncontroller.permission.ui.GrantPermissionsActivity t11810 f}}#272767] newParentHandle : null -------------------------
02-19 13:19:39.652 1603 1603 I Layer : id=272767 removeFromCurrentState Transition Root: ActivityRecord{69106dc u0 com.google.android.permissioncontroller/com.android.permissioncontroller.permission.ui.GrantPermissionsActivity t11810 f}}#272767 (229)
02-19 13:19:39.652 1603 1603 I Layer : Layer::reparent [Transition Root: ActivityRecord{69106dc u0 com.google.android.permissioncontroller/com.android.permissioncontroller.permission.ui.GrantPermissionsActivity t11810 f}}#272767] End -------------------------
02-19 13:19:39.652 3256 3287 V WindowManagerShell: Track 0 became idle
02-19 13:19:39.652 3256 3287 V WindowManagerShell: All active transition animations finished
02-19 13:19:39.652 3256 3287 V WindowManagerShell: animated by com.android.wm.shell.transition.DefaultTransitionHandler@409e246
02-19 13:19:39.652 3256 3287 V WindowManagerShell: Track 0 became idle
02-19 13:19:39.652 3256 3287 V WindowManagerShell: All active transition animations finished
02-19 13:19:39.653 2334 2446 D EnterpriseDeviceManagerService: isMdmAdminPresentInternal() : MDM Admin Found - com.samsung.knox.securefolder
02-19 13:19:39.653 2334 2446 D SGM:FgCheckThread: noteResumeComponent(), received pkgName: org.me.mobiexpensifyg, userId: 0
02-19 13:19:39.653 2334 2936 D SGM:FgCheckThread: onLooperPrepared(), msg: MSG_APP_RESUME, pkgName: org.me.mobiexpensifyg, userid: 0
02-19 13:19:39.653 2334 2936 D SGM:FgCheckThread: handleResume().
02-19 13:19:39.653 2334 2936 D SGM:FgCheckThread: handleResume(). same package with Prev KILL_YOURSELF. ignore
02-19 13:19:39.654 1603 2205 I SurfaceFlinger: id=272767 Removed Transition Root: ActivityRecord{69106dc u0 com.google.android.permissioncontroller/com.android.permissioncontroller.permission.ui.GrantPermissionsActivity t11810 f}}#272767 (229)
02-19 13:19:39.655 2334 2446 D SGM:GameManager: identifyGamePackage. org.me.mobiexpensifyg, mCurrentUserId: 0, callerUserId: 0, callingMethodInfo: com.samsung.android.game.SemGameManager.isGamePackage(SemGameManager.java:111)
02-19 13:19:39.655 2334 2446 D SGM:PkgDataHelper: getGamePkgData(). org.me.mobiexpensifyg
02-19 13:19:39.655 2334 2446 D SGM:SemGameManager: isGamePackage(), pkgName=org.me.mobiexpensifyg, ret=false
02-19 13:19:39.655 21462 21462 I ViewRootImpl@ccd3137[ExpensifyActivityBase]: handleWindowFocusChanged: 1 0 call from android.view.ViewRootImpl.-$$Nest$mhandleWindowFocusChanged:0
02-19 13:19:39.656 21462 21462 D ViewRootImpl@ccd3137[ExpensifyActivityBase]: mThreadedRenderer.initializeIfNeeded()#2 mSurface={isValid=true 0xb400007b33b6c4a0}
02-19 13:19:39.656 21462 21462 D InputMethodManagerUtils: startInputInner - Id : 0
02-19 13:19:39.656 2334 2446 I GameSDK@LifeCycle: noteResumeComponent(): package name : org.me.mobiexpensifyg
02-19 13:19:39.656 21462 21462 I InputMethodManager: startInputInner - IInputMethodManagerGlobalInvoker.startInputOrWindowGainedFocus
02-19 13:19:39.656 2334 3060 I CocktailBarManagerServiceContainer: handleMessage: entry what = 5
02-19 13:19:39.656 2334 3060 I CocktailBarManagerServiceImpl: noteResumeComponent : no active host
02-19 13:19:39.656 2334 3169 D InputMethodManagerService: setWindowStateInner, windowToken=android.os.BinderProxy@9c91fce, state=ImeTargetWindowState{ imeToken null imeFocusChanged true hasEditorFocused false requestedImeVisible false imeDisplayId 0 softInputModeState STATE_UNSPECIFIED|ADJUST_RESIZE isStartInputByGainFocus true}
02-19 13:19:39.656 2334 3169 V InputMethodManagerService: Unspecified window will hide input
02-19 13:19:39.656 2334 3169 V InputMethodManagerService: applyImeVisibility state=6
02-19 13:19:39.656 2334 3169 I ImeTracker: org.me.mobiexpensifyg:63ce9862: onRequestHide at ORIGIN_SERVER_HIDE_INPUT reason HIDE_UNSPECIFIED_WINDOW
02-19 13:19:39.656 2334 3169 D InputMethodManagerService: setWindowStateInner, windowToken=android.os.BinderProxy@9c91fce, state=ImeTargetWindowState{ imeToken android.os.Binder@6de62fa imeFocusChanged true hasEditorFocused false requestedImeVisible false imeDisplayId 0 softInputModeState STATE_UNSPECIFIED|ADJUST_RESIZE isStartInputByGainFocus true}
02-19 13:19:39.656 2334 3169 I ImeTracker: org.me.mobiexpensifyg:63ce9862: onCancelled at PHASE_SERVER_SHOULD_HIDE
02-19 13:19:39.656 2334 3169 V InputMethodManagerService: hideCurrentInputLocked : canceled, shouldHideSoftInput=false, mInputShown=false, mImeWindowVis=0
02-19 13:19:39.657 2334 3169 D InputMethodManagerService: DESKTOP MODE! : 2
02-19 13:19:39.657 2334 3169 D InputMethodManagerService: NOT IN KNOX DESKTOP MODE!
02-19 13:19:39.657 2334 3169 V InputMethodManagerService: getDisplayIdOfInputMethodWindowToBeAdded: displayId=0
02-19 13:19:39.657 2334 2446 D ActivityTaskManager: user 0 is skipped. It's a knox excluded user id
02-19 13:19:39.657 2334 3169 D InputMethodManagerService: isImeSwitcherDisabledPackage : false
02-19 13:19:39.657 2334 3169 D InputMethodManagerService: checkDisplayOfStartInputAndUpdateKeyboard: displayId=0, mFocusedDisplayId=0
02-19 13:19:39.658 2334 3169 D InputTransport: Input channel constructed: 'ClientS', fd=1051
02-19 13:19:39.658 2334 3169 D InputTransport: Input channel destroyed: 'ClientS', fd=1051
02-19 13:19:39.658 6890 6890 I HBD : HoneyBoardService onFinishInput
02-19 13:19:39.658 22525 22525 D InputTransport: Input channel destroyed: 'ClientS', fd=119
02-19 13:19:39.658 6890 6890 I HBD : a IC have been unbinding, RemoteInputConnection{idHash=#9ccf35f}
02-19 13:19:39.658 2334 6167 D RestrictionPolicy: isScreenCaptureEnabled : ret=true userId=0
02-19 13:19:39.658 6890 6890 I HBD : HoneyBoardService [PF_CL][onFinishInput] 0 ms
02-19 13:19:39.658 6890 6890 I HBD : HoneyBoardService [IMI] onStartInput - caller pid : 21462 , caller uid : 11571
02-19 13:19:39.658 6890 6890 I HBD : m updateConfigs
02-19 13:19:39.658 1603 1603 D SurfaceFlinger: Display 4630946213010294403 HWC layers:
02-19 13:19:39.658 1603 1603 D SurfaceFlinger: DEVICE | 0xb400007cd8d210f0 | 0502 | RGBx_8888 | 0.0 0.0 862.0 1314.0 | 21 732 883 2046 | SurfaceView[org.me.mobiexpensifyg/or[...]pensifyActivityBase]@0(BLAST)#272751
02-19 13:19:39.658 1603 1603 D SurfaceFlinger: DEVICE | 0xb400007cd8d20520 | 0100 | RGBA_8888 | 0.0 0.0 904.0 2316.0 | 0 0 904 2316 | org.me.mobiexpensifyg/org.me.mobiexp[...].ExpensifyActivityBase$_21462#272730
02-19 13:19:39.658 1603 1603 D SurfaceFlinger: DEVICE | 0xb400007cd8d30630 | 0100 | RGBA_8888 | 0.0 0.0 904.0 87.0 | 0 0 904 87 | StatusBar$_3256#121
02-19 13:19:39.658 1603 1603 D SurfaceFlinger: DEVICE | 0xb400007cd8d27630 | 0100 | RGBA_8888 | 0.0 0.0 904.0 126.0 | 0 2190 904 2316 | NavigationBar0$_3256#261410
02-19 13:19:39.658 1603 1603 D SurfaceFlinger:
02-19 13:19:39.658 6890 6890 I HBD : m isEnabledNightMode : true
02-19 13:19:39.658 6890 6890 I HBD : a IC have been binding, RemoteInputConnection{idHash=#e557929}
02-19 13:19:39.658 6890 6890 I HBD : g [EditorInputType]setPrivateImeOptionsToTable privateImeOptions ( null )
02-19 13:19:39.658 6890 6890 I HBD : b incognitoMode : false
02-19 13:19:39.658 6890 6890 I HBD : a needOff = true , isForceOff = false, isNullInputClass : true
02-19 13:19:39.658 6890 6890 I HBD : g getDefaultInputRange : UNKNOWN
02-19 13:19:39.658 6890 6890 I HBD : g getDefaultInputRange : UNKNOWN
02-19 13:19:39.658 6890 6890 I HBD : g getDefaultInputRange : UNKNOWN
02-19 13:19:39.658 2334 6167 I WindowManager: Cancelling animation restarting=true, leash=Surface(name=Surface(name=1b8f22f InputMethod)/@0xe50c51f - animation-leash of insets_animation)/@0x98130c7
02-19 13:19:39.658 2334 6167 I WindowManager: Reparenting to original parent: Surface(name=WindowToken{1242e9c type=2011 android.os.Binder@d433e0f})/@0x6ac8b8e, destroy=false, surface=Surface(name=1b8f22f InputMethod)/@0xe50c51f
02-19 13:19:39.659 2334 6167 I WindowManager: Reparenting to leash, surface=Surface(name=1b8f22f InputMethod)/@0xe50c51f, leashParent=Surface(name=WindowToken{1242e9c type=2011 android.os.Binder@d433e0f})/@0x6ac8b8e
02-19 13:19:39.659 1603 3351 I SurfaceFlinger: id=272769 createSurf, flag=24004, Surface(name=1b8f22f InputMethod)/@0xe50c51f - animation-leash of insets_animation#272769
02-19 13:19:39.659 22525 22525 I ViewRootImpl@dbca585[GrantPermissionsActivity]: destroyHardwareResources: Callers=android.view.ViewRootImpl.performTraversals:3989 android.view.ViewRootImpl.doTraversal:3345 android.view.ViewRootImpl$TraversalRunnable.run:11437 android.view.Choreographer$CallbackRecord.run:1690 android.view.Choreographer$CallbackRecord.run:1699 android.view.Choreographer.doCallbacks:1154 android.view.Choreographer.doFrame:1080 android.view.Choreographer$FrameDisplayEventReceiver.run:1647 android.os.Handler.handleCallback:958 android.os.Handler.dispatchMessage:99
02-19 13:19:39.660 2334 6167 D WindowManager: makeSurface duration=1 leash=Surface(name=Surface(name=1b8f22f InputMethod)/@0xe50c51f - animation-leash of insets_animation)/@0x701baa1
02-19 13:19:39.660 2334 6167 D InsetsSourceProvider: updateControlForTarget: control=InsetsSourceControl: {3 mType=ime mSurfacePosition=Point(0, 87) mInsetsHint=Insets{left=0, top=0, right=0, bottom=950}}, target=Window{9a77eef u0 org.me.mobiexpensifyg/org.me.mobiexpensifyg.ExpensifyActivityBase}, from=com.android.server.wm.ImeInsetsSourceProvider.updateControlForTarget:165 com.android.server.wm.InsetsStateController.onControlTargetChanged:363 com.android.server.wm.InsetsStateController.onImeControlTargetChanged:307 com.android.server.wm.DisplayContent.updateImeControlTarget:5763 com.android.server.wm.DisplayContent.updateImeInputAndControlTarget:5723
02-19 13:19:39.660 1603 1603 I Layer : Layer::reparent [7c27b82 com.google.android.permissioncontroller/com.android.permissioncontroller.permission.ui.GrantPermissionsActivity#272754] newParent : Surface(name=7c27b82 com.google.android.permissioncontroller/com.android.permissioncontroller.permission.ui.GrantPermissionsActivity)/@0x85f2f19 - animation-leash of window_animation#272768 , isRemovedFromCurrentState : 0 -------------------------
02-19 13:19:39.660 1603 1603 I Layer : Layer::reparent [7c27b82 com.google.android.permissioncontroller/com.android.permissioncontroller.permission.ui.GrantPermissionsActivity#272754] End -------------------------
02-19 13:19:39.661 1603 1603 I Layer : id=272767 Destroyed Transition Root: ActivityRecord{69106dc u0 com.google.android.permissioncontroller/com.android.permissioncontroller.permission.ui.GrantPermissionsActivity t11810 f}}#272767
02-19 13:19:39.662 22525 22545 D OpenGLRenderer: endAllActiveAnimators on 0xb400007c43b5be00 (InsetDrawable) with handle 0xb400007c33b893d0
02-19 13:19:39.662 22525 22545 D OpenGLRenderer: CacheManager::trimMemory(20)
02-19 13:19:39.662 21462 21462 I InsetsSourceConsumer: applyRequestedVisibilityToControl: visible=false, type=ime, host=org.me.mobiexpensifyg/org.me.mobiexpensifyg.ExpensifyActivityBase
02-19 13:19:39.662 6890 6890 I HBD : a needOff = true , isForceOff = false, isNullInputClass : true
02-19 13:19:39.662 6890 6890 I HBD : a update cached prediction status : false
02-19 13:19:39.663 6890 6890 I HBD : g getDefaultInputRange : UNKNOWN
02-19 13:19:39.663 6890 6890 I HBD : a currentState : 4
02-19 13:19:39.663 6890 6890 I HBD : h isCoverDisplay : true, cached selected json info : SelectedLanguageInfo(languageVersion=4.1, currentLanguageOrder=0, selectedLanguageList=[SelectedLanguage(id=65538, isUsed=true, engName=English, inputType=qwerty, activeOptionList=[auto_replace, writing_assistant]), SelectedLanguage(id=4653073, isUsed=true, engName=Simplified Chinese, inputType=phonepad, activeOptionList=[])])
02-19 13:19:39.663 6890 6890 I HBD : b [UpdatePolicy] [post] a: 0 cl: 65538 kit: [0/0] vt: 0 ir: 1
02-19 13:19:39.664 2334 2446 I ActivityManager: Changes in 10281 2 to 19, 63 to 0
02-19 13:19:39.664 1843 2263 I CameraService: onUidStateChanged: uid=10039, procState is changed. (0 -> 1)
02-19 13:19:39.665 2334 3169 V WindowManager: Relayout Window{7c27b82 u0 com.google.android.permissioncontroller/com.android.permissioncontroller.permission.ui.GrantPermissionsActivity}: viewVisibility=8 req=903x1232 ty=1 d0
02-19 13:19:39.665 2334 6167 D InputMethodManagerService: isImeSwitcherDisabledPackage : false
02-19 13:19:39.666 1843 2263 I CameraService: onUidStateChanged: uid=10039, procState is changed. (1 -> 0)
02-19 13:19:39.666 2334 3169 V WindowManager: Relayout hash=7c27b82, pid=22525, syncId=-1: mAttrs={(0,0)(wrapxwrap) gr=BOTTOM CENTER sim={state=always_hidden adjust=nothing} ty=BASE_APPLICATION fmt=TRANSPARENT wanim=0x10302f5 surfaceInsets=Rect(6, 6 - 6, 6)
02-19 13:19:39.666 2334 3169 V WindowManager: fl=1800002
02-19 13:19:39.666 2334 3169 V WindowManager: pfl=42080000
02-19 13:19:39.666 2334 3169 V WindowManager: bhv=DEFAULT
02-19 13:19:39.666 2334 3169 V WindowManager: fitTypes=STATUS_BARS NAVIGATION_BARS CAPTION_BAR
02-19 13:19:39.666 2334 3169 V WindowManager: dimAmount=0.65 naviIconColor=0}
02-19 13:19:39.667 1603 1603 I Layer : Layer::reparent [1b8f22f InputMethod#180] newParent : Surface(name=1b8f22f InputMethod)/@0xe50c51f - animation-leash of insets_animation#272769 , isRemovedFromCurrentState : 0 -------------------------
02-19 13:19:39.668 1603 1603 I Layer : Layer::reparent [1b8f22f InputMethod#180] End -------------------------
02-19 13:19:39.668 1603 1603 I Layer : Layer::reparent [Surface(name=1b8f22f InputMethod)/@0xe50c51f - animation-leash of insets_animation#272760] newParentHandle : null -------------------------
02-19 13:19:39.668 1603 1603 I Layer : id=272760 removeFromCurrentState Surface(name=1b8f22f InputMethod)/@0xe50c51f - animation-leash of insets_animation#272760 (229)
02-19 13:19:39.668 1603 1603 I Layer : Layer::reparent [Surface(name=1b8f22f InputMethod)/@0xe50c51f - animation-leash of insets_animation#272760] End -------------------------
02-19 13:19:39.668 6890 6890 I HBD : a [NRIC] resetNoResponseState
02-19 13:19:39.668 6890 6890 I HBD : a needOff = true , isForceOff = false, isNullInputClass : true
02-19 13:19:39.668 6890 6890 I HBD : a update cached prediction status : false
02-19 13:19:39.668 6890 6890 I HBD : b [AiWriter] setContact : org.me.mobiexpensifyg
02-19 13:19:39.668 6890 6890 I HBD : a [AiWriter] setContact : org.me.mobiexpensifyg
02-19 13:19:39.668 6890 6890 I HBD : h0 EBD si S 0
02-19 13:19:39.669 6890 6890 I HBD : m updateContactDBLanguage : 65538
