02-19 13:19:49.215 21462 21729 I SurfaceView@b1303b6: aOrMT: ViewRootImpl@ccd3137[ExpensifyActivityBase] t = android.view.SurfaceControl$Transaction@58bda7 fN = 1221 android.view.SurfaceView.-$$Nest$mapplyOrMergeTransaction:0 android.view.SurfaceView$SurfaceViewPositionUpdateListener.positionChanged:1667 android.graphics.RenderNode$CompositePositionUpdateListener.positionChanged:369
02-19 13:19:49.215 21462 21729 I ViewRootImpl@ccd3137[ExpensifyActivityBase]: mWNT: t=0xb400007c23c4d770 mBlastBufferQueue=0xb400007d13b6b4f0 fn= 1221 mRenderHdrSdrRatio=1.0 caller= android.view.SurfaceView.applyOrMergeTransaction:1599 android.view.SurfaceView.-$$Nest$mapplyOrMergeTransaction:0 android.view.SurfaceView$SurfaceViewPositionUpdateListener.positionChanged:1667
02-19 13:19:49.218 21462 21729 D SurfaceView: 105956245 updateSurfacePosition RenderWorker, frameNr = 1221, position = [-132, 801, 730, 2046] surfaceSize = 862x1245
02-19 13:19:49.218 21462 21729 I SurfaceView@650c395: uSP: rtp = Rect(-132, 801 - 730, 2046) rtsw = 862 rtsh = 1245
02-19 13:19:49.218 21462 21729 I SurfaceView@650c395: onSSPAndSRT: pl = -132 pt = 801 sx = 1.0 sy = 1.0
02-19 13:19:49.218 21462 21729 I SurfaceView@650c395: aOrMT: ViewRootImpl@ccd3137[ExpensifyActivityBase] t = android.view.SurfaceControl$Transaction@5a8b193 fN = 1221 android.view.SurfaceView.-$$Nest$mapplyOrMergeTransaction:0 android.view.SurfaceView$SurfaceViewPositionUpdateListener.positionChanged:1667 android.graphics.RenderNode$CompositePositionUpdateListener.positionChanged:369
02-19 13:19:49.218 21462 21729 I ViewRootImpl@ccd3137[ExpensifyActivityBase]: mWNT: t=0xb400007c23ccb1b0 mBlastBufferQueue=0xb400007d13b6b4f0 fn= 1221 mRenderHdrSdrRatio=1.0 caller= android.view.SurfaceView.applyOrMergeTransaction:1599 android.view.SurfaceView.-$$Nest$mapplyOrMergeTransaction:0 android.view.SurfaceView$SurfaceViewPositionUpdateListener.positionChanged:1667
02-19 13:19:49.218 21462 21729 D SurfaceView: 185795510 updateSurfacePosition RenderWorker, frameNr = 1221, position = [448, 492, 1247, 1017] surfaceSize = 799x525
02-19 13:19:49.218 21462 21729 I SurfaceView@b1303b6: uSP: rtp = Rect(448, 492 - 1247, 1017) rtsw = 799 rtsh = 525
02-19 13:19:49.218 21462 21729 I SurfaceView@b1303b6: onSSPAndSRT: pl = 448 pt = 492 sx = 1.0 sy = 1.0
02-19 13:19:49.218 21462 21729 I SurfaceView@b1303b6: aOrMT: ViewRootImpl@ccd3137[ExpensifyActivityBase] t = android.view.SurfaceControl$Transaction@58bda7 fN = 1221 android.view.SurfaceView.-$$Nest$mapplyOrMergeTransaction:0 android.view.SurfaceView$SurfaceViewPositionUpdateListener.positionChanged:1667 android.graphics.RenderNode$CompositePositionUpdateListener.positionChanged:369
02-19 13:19:49.218 21462 21729 I ViewRootImpl@ccd3137[ExpensifyActivityBase]: mWNT: t=0xb400007c23c4d770 mBlastBufferQueue=0xb400007d13b6b4f0 fn= 1221 mRenderHdrSdrRatio=1.0 caller= android.view.SurfaceView.applyOrMergeTransaction:1599 android.view.SurfaceView.-$$Nest$mapplyOrMergeTransaction:0 android.view.SurfaceView$SurfaceViewPositionUpdateListener.positionChanged:1667
02-19 13:19:49.226 1603 1603 D SurfaceFlinger: Display 4630946213010294403 HWC layers:
02-19 13:19:49.226 1603 1603 D SurfaceFlinger: DEVICE | 0xb400007cd8d23f10 | 0502 | RGBx_8888 | 96.0 0.0 862.0 1245.0 | 0 801 767 2046 | SurfaceView[org.me.mobiexpensifyg/or[...]pensifyActivityBase]@0(BLAST)#272787
02-19 13:19:49.226 1603 1603 D SurfaceFlinger: DEVICE | 0xb400007cd8d01a10 | 0502 | RGBx_8888 | 0.0 0.0 335.0 525.0 | 569 492 904 1017 | SurfaceView[org.me.mobiexpensifyg/or[...]pensifyActivityBase]@0(BLAST)#272790
02-19 13:19:49.226 1603 1603 D SurfaceFlinger: DEVICE | 0xb400007cd8d0a7d0 | 0100 | RGBA_8888 | 0.0 0.0 904.0 2316.0 | 0 0 904 2316 | org.me.mobiexpensifyg/org.me.mobiexp[...].ExpensifyActivityBase$_21462#272730
02-19 13:19:49.226 1603 1603 D SurfaceFlinger: DEVICE | 0xb400007cd8d30630 | 0100 | RGBA_8888 | 0.0 0.0 904.0 87.0 | 0 0 904 87 | StatusBar$_3256#121
02-19 13:19:49.226 1603 1603 D SurfaceFlinger: DEVICE | 0xb400007cd8d23b20 | 0100 | RGBA_8888 | 0.0 0.0 904.0 126.0 | 0 2190 904 2316 | NavigationBar0$_3256#261410
02-19 13:19:49.226 1603 1603 D SurfaceFlinger:
02-19 13:19:49.234 18257 18291 D OpenGLRenderer: RenderThread::destroyRenderingContext()
02-19 13:19:49.239 21462 21729 D SurfaceView: 105956245 updateSurfacePosition RenderWorker, frameNr = 1223, position = [-148, 801, 714, 2046] surfaceSize = 862x1245
02-19 13:19:49.239 21462 21729 I SurfaceView@650c395: uSP: rtp = Rect(-148, 801 - 714, 2046) rtsw = 862 rtsh = 1245
02-19 13:19:49.239 21462 21729 I SurfaceView@650c395: onSSPAndSRT: pl = -148 pt = 801 sx = 1.0 sy = 1.0
02-19 13:19:49.239 21462 21729 I SurfaceView@650c395: aOrMT: ViewRootImpl@ccd3137[ExpensifyActivityBase] t = android.view.SurfaceControl$Transaction@5a8b193 fN = 1223 android.view.SurfaceView.-$$Nest$mapplyOrMergeTransaction:0 android.view.SurfaceView$SurfaceViewPositionUpdateListener.positionChanged:1667 android.graphics.RenderNode$CompositePositionUpdateListener.positionChanged:369
02-19 13:19:49.239 21462 21729 I ViewRootImpl@ccd3137[ExpensifyActivityBase]: mWNT: t=0xb400007c23ccb1b0 mBlastBufferQueue=0xb400007d13b6b4f0 fn= 1223 mRenderHdrSdrRatio=1.0 caller= android.view.SurfaceView.applyOrMergeTransaction:1599 android.view.SurfaceView.-$$Nest$mapplyOrMergeTransaction:0 android.view.SurfaceView$SurfaceViewPositionUpdateListener.positionChanged:1667
02-19 13:19:49.240 21462 21729 D SurfaceView: 185795510 updateSurfacePosition RenderWorker, frameNr = 1223, position = [393, 492, 1192, 1017] surfaceSize = 799x525
02-19 13:19:49.240 21462 21729 I SurfaceView@b1303b6: uSP: rtp = Rect(393, 492 - 1192, 1017) rtsw = 799 rtsh = 525
02-19 13:19:49.240 21462 21729 I SurfaceView@b1303b6: onSSPAndSRT: pl = 393 pt = 492 sx = 1.0 sy = 1.0
02-19 13:19:49.240 21462 21729 I SurfaceView@b1303b6: aOrMT: ViewRootImpl@ccd3137[ExpensifyActivityBase] t = android.view.SurfaceControl$Transaction@58bda7 fN = 1223 android.view.SurfaceView.-$$Nest$mapplyOrMergeTransaction:0 android.view.SurfaceView$SurfaceViewPositionUpdateListener.positionChanged:1667 android.graphics.RenderNode$CompositePositionUpdateListener.positionChanged:369
02-19 13:19:49.240 21462 21729 I ViewRootImpl@ccd3137[ExpensifyActivityBase]: mWNT: t=0xb400007c23c4d770 mBlastBufferQueue=0xb400007d13b6b4f0 fn= 1223 mRenderHdrSdrRatio=1.0 caller= android.view.SurfaceView.applyOrMergeTransaction:1599 android.view.SurfaceView.-$$Nest$mapplyOrMergeTransaction:0 android.view.SurfaceView$SurfaceViewPositionUpdateListener.positionChanged:1667
02-19 13:19:49.248 21462 21729 D SurfaceView: 105956245 updateSurfacePosition RenderWorker, frameNr = 1224, position = [-167, 801, 696, 2046] surfaceSize = 862x1245
02-19 13:19:49.248 21462 21729 I SurfaceView@650c395: uSP: rtp = Rect(-167, 801 - 696, 2046) rtsw = 862 rtsh = 1245
02-19 13:19:49.248 21462 21729 I SurfaceView@650c395: onSSPAndSRT: pl = -167 pt = 801 sx = 1.0011601 sy = 1.0
02-19 13:19:49.248 21462 21729 I SurfaceView@650c395: aOrMT: ViewRootImpl@ccd3137[ExpensifyActivityBase] t = android.view.SurfaceControl$Transaction@5a8b193 fN = 1224 android.view.SurfaceView.-$$Nest$mapplyOrMergeTransaction:0 android.view.SurfaceView$SurfaceViewPositionUpdateListener.positionChanged:1667 android.graphics.RenderNode$CompositePositionUpdateListener.positionChanged:369
02-19 13:19:49.248 21462 21729 I ViewRootImpl@ccd3137[ExpensifyActivityBase]: mWNT: t=0xb400007c23ccb1b0 mBlastBufferQueue=0xb400007d13b6b4f0 fn= 1224 mRenderHdrSdrRatio=1.0 caller= android.view.SurfaceView.applyOrMergeTransaction:1599 android.view.SurfaceView.-$$Nest$mapplyOrMergeTransaction:0 android.view.SurfaceView$SurfaceViewPositionUpdateListener.positionChanged:1667
02-19 13:19:49.248 21462 21729 D SurfaceView: 185795510 updateSurfacePosition RenderWorker, frameNr = 1224, position = [332, 492, 1131, 1017] surfaceSize = 799x525
02-19 13:19:49.248 21462 21729 I SurfaceView@b1303b6: uSP: rtp = Rect(332, 492 - 1131, 1017) rtsw = 799 rtsh = 525
02-19 13:19:49.248 21462 21729 I SurfaceView@b1303b6: onSSPAndSRT: pl = 332 pt = 492 sx = 1.0 sy = 1.0
02-19 13:19:49.248 21462 21729 I SurfaceView@b1303b6: aOrMT: ViewRootImpl@ccd3137[ExpensifyActivityBase] t = android.view.SurfaceControl$Transaction@58bda7 fN = 1224 android.view.SurfaceView.-$$Nest$mapplyOrMergeTransaction:0 android.view.SurfaceView$SurfaceViewPositionUpdateListener.positionChanged:1667 android.graphics.RenderNode$CompositePositionUpdateListener.positionChanged:369
02-19 13:19:49.248 21462 21729 I ViewRootImpl@ccd3137[ExpensifyActivityBase]: mWNT: t=0xb400007c23c4d770 mBlastBufferQueue=0xb400007d13b6b4f0 fn= 1224 mRenderHdrSdrRatio=1.0 caller= android.view.SurfaceView.applyOrMergeTransaction:1599 android.view.SurfaceView.-$$Nest$mapplyOrMergeTransaction:0 android.view.SurfaceView$SurfaceViewPositionUpdateListener.positionChanged:1667
02-19 13:19:49.256 21462 21729 D SurfaceView: 105956245 updateSurfacePosition RenderWorker, frameNr = 1226, position = [-196, 801, 666, 2046] surfaceSize = 862x1245
02-19 13:19:49.256 21462 21729 I SurfaceView@650c395: uSP: rtp = Rect(-196, 801 - 666, 2046) rtsw = 862 rtsh = 1245
02-19 13:19:49.256 21462 21729 I SurfaceView@650c395: onSSPAndSRT: pl = -196 pt = 801 sx = 1.0 sy = 1.0
02-19 13:19:49.256 21462 21729 I SurfaceView@650c395: aOrMT: ViewRootImpl@ccd3137[ExpensifyActivityBase] t = android.view.SurfaceControl$Transaction@5a8b193 fN = 1226 android.view.SurfaceView.-$$Nest$mapplyOrMergeTransaction:0 android.view.SurfaceView$SurfaceViewPositionUpdateListener.positionChanged:1667 android.graphics.RenderNode$CompositePositionUpdateListener.positionChanged:369
02-19 13:19:49.256 21462 21729 I ViewRootImpl@ccd3137[ExpensifyActivityBase]: mWNT: t=0xb400007c23ccb1b0 mBlastBufferQueue=0xb400007d13b6b4f0 fn= 1226 mRenderHdrSdrRatio=1.0 caller= android.view.SurfaceView.applyOrMergeTransaction:1599 android.view.SurfaceView.-$$Nest$mapplyOrMergeTransaction:0 android.view.SurfaceView$SurfaceViewPositionUpdateListener.positionChanged:1667
02-19 13:19:49.256 21462 21729 D SurfaceView: 185795510 updateSurfacePosition RenderWorker, frameNr = 1226, position = [234, 492, 1033, 1017] surfaceSize = 799x525
02-19 13:19:49.256 21462 21729 I SurfaceView@b1303b6: uSP: rtp = Rect(234, 492 - 1033, 1017) rtsw = 799 rtsh = 525
02-19 13:19:49.256 21462 21729 I SurfaceView@b1303b6: onSSPAndSRT: pl = 234 pt = 492 sx = 1.0 sy = 1.0
02-19 13:19:49.256 21462 21729 I SurfaceView@b1303b6: aOrMT: ViewRootImpl@ccd3137[ExpensifyActivityBase] t = android.view.SurfaceControl$Transaction@58bda7 fN = 1226 android.view.SurfaceView.-$$Nest$mapplyOrMergeTransaction:0 android.view.SurfaceView$SurfaceViewPositionUpdateListener.positionChanged:1667 android.graphics.RenderNode$CompositePositionUpdateListener.positionChanged:369
02-19 13:19:49.256 21462 21729 I ViewRootImpl@ccd3137[ExpensifyActivityBase]: mWNT: t=0xb400007c23c4d770 mBlastBufferQueue=0xb400007d13b6b4f0 fn= 1226 mRenderHdrSdrRatio=1.0 caller= android.view.SurfaceView.applyOrMergeTransaction:1599 android.view.SurfaceView.-$$Nest$mapplyOrMergeTransaction:0 android.view.SurfaceView$SurfaceViewPositionUpdateListener.positionChanged:1667
02-19 13:19:49.259 21462 21729 D SurfaceView: 105956245 updateSurfacePosition RenderWorker, frameNr = 1226, position = [-211, 801, 652, 2046] surfaceSize = 862x1245
02-19 13:19:49.259 21462 21729 I SurfaceView@650c395: uSP: rtp = Rect(-211, 801 - 652, 2046) rtsw = 862 rtsh = 1245
02-19 13:19:49.259 21462 21729 I SurfaceView@650c395: onSSPAndSRT: pl = -211 pt = 801 sx = 1.0011601 sy = 1.0
02-19 13:19:49.260 21462 21729 I SurfaceView@650c395: aOrMT: ViewRootImpl@ccd3137[ExpensifyActivityBase] t = android.view.SurfaceControl$Transaction@5a8b193 fN = 1226 android.view.SurfaceView.-$$Nest$mapplyOrMergeTransaction:0 android.view.SurfaceView$SurfaceViewPositionUpdateListener.positionChanged:1667 android.graphics.RenderNode$CompositePositionUpdateListener.positionChanged:369
02-19 13:19:49.260 21462 21729 I ViewRootImpl@ccd3137[ExpensifyActivityBase]: mWNT: t=0xb400007c23ccb1b0 mBlastBufferQueue=0xb400007d13b6b4f0 fn= 1226 mRenderHdrSdrRatio=1.0 caller= android.view.SurfaceView.applyOrMergeTransaction:1599 android.view.SurfaceView.-$$Nest$mapplyOrMergeTransaction:0 android.view.SurfaceView$SurfaceViewPositionUpdateListener.positionChanged:1667
02-19 13:19:49.260 21462 21729 D SurfaceView: 185795510 updateSurfacePosition RenderWorker, frameNr = 1226, position = [185, 492, 984, 1017] surfaceSize = 799x525
02-19 13:19:49.260 21462 21729 I SurfaceView@b1303b6: uSP: rtp = Rect(185, 492 - 984, 1017) rtsw = 799 rtsh = 525
02-19 13:19:49.260 21462 21729 I SurfaceView@b1303b6: onSSPAndSRT: pl = 185 pt = 492 sx = 1.0 sy = 1.0
02-19 13:19:49.260 21462 21729 I SurfaceView@b1303b6: aOrMT: ViewRootImpl@ccd3137[ExpensifyActivityBase] t = android.view.SurfaceControl$Transaction@58bda7 fN = 1226 android.view.SurfaceView.-$$Nest$mapplyOrMergeTransaction:0 android.view.SurfaceView$SurfaceViewPositionUpdateListener.positionChanged:1667 android.graphics.RenderNode$CompositePositionUpdateListener.positionChanged:369
02-19 13:19:49.260 21462 21729 I ViewRootImpl@ccd3137[ExpensifyActivityBase]: mWNT: t=0xb400007c23c4d770 mBlastBufferQueue=0xb400007d13b6b4f0 fn= 1226 mRenderHdrSdrRatio=1.0 caller= android.view.SurfaceView.applyOrMergeTransaction:1599 android.view.SurfaceView.-$$Nest$mapplyOrMergeTransaction:0 android.view.SurfaceView$SurfaceViewPositionUpdateListener.positionChanged:1667
02-19 13:19:49.272 21462 21729 D SurfaceView: 105956245 updateSurfacePosition RenderWorker, frameNr = 1228, position = [-222, 801, 640, 2046] surfaceSize = 862x1245
02-19 13:19:49.272 21462 21729 I SurfaceView@650c395: uSP: rtp = Rect(-222, 801 - 640, 2046) rtsw = 862 rtsh = 1245
02-19 13:19:49.272 21462 21729 I SurfaceView@650c395: onSSPAndSRT: pl = -222 pt = 801 sx = 1.0 sy = 1.0
02-19 13:19:49.272 21462 21729 I SurfaceView@650c395: aOrMT: ViewRootImpl@ccd3137[ExpensifyActivityBase] t = android.view.SurfaceControl$Transaction@5a8b193 fN = 1228 android.view.SurfaceView.-$$Nest$mapplyOrMergeTransaction:0 android.view.SurfaceView$SurfaceViewPositionUpdateListener.positionChanged:1667 android.graphics.RenderNode$CompositePositionUpdateListener.positionChanged:369
02-19 13:19:49.272 21462 21729 I ViewRootImpl@ccd3137[ExpensifyActivityBase]: mWNT: t=0xb400007c23ccb1b0 mBlastBufferQueue=0xb400007d13b6b4f0 fn= 1228 mRenderHdrSdrRatio=1.0 caller= android.view.SurfaceView.applyOrMergeTransaction:1599 android.view.SurfaceView.-$$Nest$mapplyOrMergeTransaction:0 android.view.SurfaceView$SurfaceViewPositionUpdateListener.positionChanged:1667
02-19 13:19:49.272 21462 21729 D SurfaceView: 185795510 updateSurfacePosition RenderWorker, frameNr = 1228, position = [148, 492, 947, 1017] surfaceSize = 799x525
02-19 13:19:49.272 21462 21729 I SurfaceView@b1303b6: uSP: rtp = Rect(148, 492 - 947, 1017) rtsw = 799 rtsh = 525
02-19 13:19:49.272 21462 21729 I SurfaceView@b1303b6: onSSPAndSRT: pl = 148 pt = 492 sx = 1.0 sy = 1.0
02-19 13:19:49.272 21462 21729 I SurfaceView@b1303b6: aOrMT: ViewRootImpl@ccd3137[ExpensifyActivityBase] t = android.view.SurfaceControl$Transaction@58bda7 fN = 1228 android.view.SurfaceView.-$$Nest$mapplyOrMergeTransaction:0 android.view.SurfaceView$SurfaceViewPositionUpdateListener.positionChanged:1667 android.graphics.RenderNode$CompositePositionUpdateListener.positionChanged:369
02-19 13:19:49.272 21462 21729 I ViewRootImpl@ccd3137[ExpensifyActivityBase]: mWNT: t=0xb400007c23c4d770 mBlastBufferQueue=0xb400007d13b6b4f0 fn= 1228 mRenderHdrSdrRatio=1.0 caller= android.view.SurfaceView.applyOrMergeTransaction:1599 android.view.SurfaceView.-$$Nest$mapplyOrMergeTransaction:0 android.view.SurfaceView$SurfaceViewPositionUpdateListener.positionChanged:1667
02-19 13:19:49.280 21462 21729 D SurfaceView: 105956245 updateSurfacePosition RenderWorker, frameNr = 1229, position = [-231, 801, 631, 2046] surfaceSize = 862x1245
02-19 13:19:49.280 21462 21729 I SurfaceView@650c395: uSP: rtp = Rect(-231, 801 - 631, 2046) rtsw = 862 rtsh = 1245
02-19 13:19:49.280 21462 21729 I SurfaceView@650c395: onSSPAndSRT: pl = -231 pt = 801 sx = 1.0 sy = 1.0
02-19 13:19:49.281 21462 21729 I SurfaceView@650c395: aOrMT: ViewRootImpl@ccd3137[ExpensifyActivityBase] t = android.view.SurfaceControl$Transaction@5a8b193 fN = 1229 android.view.SurfaceView.-$$Nest$mapplyOrMergeTransaction:0 android.view.SurfaceView$SurfaceViewPositionUpdateListener.positionChanged:1667 android.graphics.RenderNode$CompositePositionUpdateListener.positionChanged:369
02-19 13:19:49.281 21462 21729 I ViewRootImpl@ccd3137[ExpensifyActivityBase]: mWNT: t=0xb400007c23ccb1b0 mBlastBufferQueue=0xb400007d13b6b4f0 fn= 1229 mRenderHdrSdrRatio=1.0 caller= android.view.SurfaceView.applyOrMergeTransaction:1599 android.view.SurfaceView.-$$Nest$mapplyOrMergeTransaction:0 android.view.SurfaceView$SurfaceViewPositionUpdateListener.positionChanged:1667
02-19 13:19:49.281 21462 21729 D SurfaceView: 185795510 updateSurfacePosition RenderWorker, frameNr = 1229, position = [116, 492, 915, 1017] surfaceSize = 799x525
02-19 13:19:49.281 21462 21729 I SurfaceView@b1303b6: uSP: rtp = Rect(116, 492 - 915, 1017) rtsw = 799 rtsh = 525
02-19 13:19:49.281 21462 21729 I SurfaceView@b1303b6: onSSPAndSRT: pl = 116 pt = 492 sx = 1.0 sy = 1.0
02-19 13:19:49.281 21462 21729 I SurfaceView@b1303b6: aOrMT: ViewRootImpl@ccd3137[ExpensifyActivityBase] t = android.view.SurfaceControl$Transaction@58bda7 fN = 1229 android.view.SurfaceView.-$$Nest$mapplyOrMergeTransaction:0 android.view.SurfaceView$SurfaceViewPositionUpdateListener.positionChanged:1667 android.graphics.RenderNode$CompositePositionUpdateListener.positionChanged:369
02-19 13:19:49.281 21462 21729 I ViewRootImpl@ccd3137[ExpensifyActivityBase]: mWNT: t=0xb400007c23c4d770 mBlastBufferQueue=0xb400007d13b6b4f0 fn= 1229 mRenderHdrSdrRatio=1.0 caller= android.view.SurfaceView.applyOrMergeTransaction:1599 android.view.SurfaceView.-$$Nest$mapplyOrMergeTransaction:0 android.view.SurfaceView$SurfaceViewPositionUpdateListener.positionChanged:1667
02-19 13:19:49.288 21462 21729 D SurfaceView: 105956245 updateSurfacePosition RenderWorker, frameNr = 1230, position = [-240, 801, 622, 2046] surfaceSize = 862x1245
02-19 13:19:49.288 21462 21729 I SurfaceView@650c395: uSP: rtp = Rect(-240, 801 - 622, 2046) rtsw = 862 rtsh = 1245
02-19 13:19:49.288 21462 21729 I SurfaceView@650c395: onSSPAndSRT: pl = -240 pt = 801 sx = 1.0 sy = 1.0
02-19 13:19:49.288 21462 21729 I SurfaceView@650c395: aOrMT: ViewRootImpl@ccd3137[ExpensifyActivityBase] t = android.view.SurfaceControl$Transaction@5a8b193 fN = 1230 android.view.SurfaceView.-$$Nest$mapplyOrMergeTransaction:0 android.view.SurfaceView$SurfaceViewPositionUpdateListener.positionChanged:1667 android.graphics.RenderNode$CompositePositionUpdateListener.positionChanged:369
02-19 13:19:49.288 21462 21729 I ViewRootImpl@ccd3137[ExpensifyActivityBase]: mWNT: t=0xb400007c23ccb1b0 mBlastBufferQueue=0xb400007d13b6b4f0 fn= 1230 mRenderHdrSdrRatio=1.0 caller= android.view.SurfaceView.applyOrMergeTransaction:1599 android.view.SurfaceView.-$$Nest$mapplyOrMergeTransaction:0 android.view.SurfaceView$SurfaceViewPositionUpdateListener.positionChanged:1667
02-19 13:19:49.289 21462 21729 D SurfaceView: 185795510 updateSurfacePosition RenderWorker, frameNr = 1230, position = [87, 492, 886, 1017] surfaceSize = 799x525
02-19 13:19:49.289 21462 21729 I SurfaceView@b1303b6: uSP: rtp = Rect(87, 492 - 886, 1017) rtsw = 799 rtsh = 525
02-19 13:19:49.289 21462 21729 I SurfaceView@b1303b6: onSSPAndSRT: pl = 87 pt = 492 sx = 1.0 sy = 1.0
02-19 13:19:49.289 21462 21729 I SurfaceView@b1303b6: aOrMT: ViewRootImpl@ccd3137[ExpensifyActivityBase] t = android.view.SurfaceControl$Transaction@58bda7 fN = 1230 android.view.SurfaceView.-$$Nest$mapplyOrMergeTransaction:0 android.view.SurfaceView$SurfaceViewPositionUpdateListener.positionChanged:1667 android.graphics.RenderNode$CompositePositionUpdateListener.positionChanged:369
02-19 13:19:49.289 21462 21729 I ViewRootImpl@ccd3137[ExpensifyActivityBase]: mWNT: t=0xb400007c23c4d770 mBlastBufferQueue=0xb400007d13b6b4f0 fn= 1230 mRenderHdrSdrRatio=1.0 caller= android.view.SurfaceView.applyOrMergeTransaction:1599 android.view.SurfaceView.-$$Nest$mapplyOrMergeTransaction:0 android.view.SurfaceView$SurfaceViewPositionUpdateListener.positionChanged:1667
02-19 13:19:49.294 21462 21729 D SurfaceView: 105956245 updateSurfacePosition RenderWorker, frameNr = 1230, position = [-245, 801, 617, 2046] surfaceSize = 862x1245
02-19 13:19:49.294 21462 21729 I SurfaceView@650c395: uSP: rtp = Rect(-245, 801 - 617, 2046) rtsw = 862 rtsh = 1245
02-19 13:19:49.294 21462 21729 I SurfaceView@650c395: onSSPAndSRT: pl = -245 pt = 801 sx = 1.0 sy = 1.0
02-19 13:19:49.294 21462 21729 I SurfaceView@650c395: aOrMT: ViewRootImpl@ccd3137[ExpensifyActivityBase] t = android.view.SurfaceControl$Transaction@5a8b193 fN = 1230 android.view.SurfaceView.-$$Nest$mapplyOrMergeTransaction:0 android.view.SurfaceView$SurfaceViewPositionUpdateListener.positionChanged:1667 android.graphics.RenderNode$CompositePositionUpdateListener.positionChanged:369
02-19 13:19:49.294 21462 21729 I ViewRootImpl@ccd3137[ExpensifyActivityBase]: mWNT: t=0xb400007c23ccb1b0 mBlastBufferQueue=0xb400007d13b6b4f0 fn= 1230 mRenderHdrSdrRatio=1.0 caller= android.view.SurfaceView.applyOrMergeTransaction:1599 android.view.SurfaceView.-$$Nest$mapplyOrMergeTransaction:0 android.view.SurfaceView$SurfaceViewPositionUpdateListener.positionChanged:1667
02-19 13:19:49.295 21462 21729 D SurfaceView: 185795510 updateSurfacePosition RenderWorker, frameNr = 1230, position = [69, 492, 868, 1017] surfaceSize = 799x525
02-19 13:19:49.295 21462 21729 I SurfaceView@b1303b6: uSP: rtp = Rect(69, 492 - 868, 1017) rtsw = 799 rtsh = 525
02-19 13:19:49.295 21462 21729 I SurfaceView@b1303b6: onSSPAndSRT: pl = 69 pt = 492 sx = 1.0 sy = 1.0
02-19 13:19:49.295 21462 21729 I SurfaceView@b1303b6: aOrMT: ViewRootImpl@ccd3137[ExpensifyActivityBase] t = android.view.SurfaceControl$Transaction@58bda7 fN = 1230 android.view.SurfaceView.-$$Nest$mapplyOrMergeTransaction:0 android.view.SurfaceView$SurfaceViewPositionUpdateListener.positionChanged:1667 android.graphics.RenderNode$CompositePositionUpdateListener.positionChanged:369
02-19 13:19:49.295 21462 21729 I ViewRootImpl@ccd3137[ExpensifyActivityBase]: mWNT: t=0xb400007c23c4d770 mBlastBufferQueue=0xb400007d13b6b4f0 fn= 1230 mRenderHdrSdrRatio=1.0 caller= android.view.SurfaceView.applyOrMergeTransaction:1599 android.view.SurfaceView.-$$Nest$mapplyOrMergeTransaction:0 android.view.SurfaceView$SurfaceViewPositionUpdateListener.positionChanged:1667
02-19 13:19:49.304 21462 21729 D SurfaceView: 105956245 updateSurfacePosition RenderWorker, frameNr = 1231, position = [-249, 801, 613, 2046] surfaceSize = 862x1245
02-19 13:19:49.304 21462 21729 I SurfaceView@650c395: uSP: rtp = Rect(-249, 801 - 613, 2046) rtsw = 862 rtsh = 1245
02-19 13:19:49.304 21462 21729 I SurfaceView@650c395: onSSPAndSRT: pl = -249 pt = 801 sx = 1.0 sy = 1.0
02-19 13:19:49.304 21462 21729 I SurfaceView@650c395: aOrMT: ViewRootImpl@ccd3137[ExpensifyActivityBase] t = android.view.SurfaceControl$Transaction@5a8b193 fN = 1231 android.view.SurfaceView.-$$Nest$mapplyOrMergeTransaction:0 android.view.SurfaceView$SurfaceViewPositionUpdateListener.positionChanged:1667 android.graphics.RenderNode$CompositePositionUpdateListener.positionChanged:369
02-19 13:19:49.304 21462 21729 I ViewRootImpl@ccd3137[ExpensifyActivityBase]: mWNT: t=0xb400007c23ccb1b0 mBlastBufferQueue=0xb400007d13b6b4f0 fn= 1231 mRenderHdrSdrRatio=1.0 caller= android.view.SurfaceView.applyOrMergeTransaction:1599 android.view.SurfaceView.-$$Nest$mapplyOrMergeTransaction:0 android.view.SurfaceView$SurfaceViewPositionUpdateListener.positionChanged:1667
02-19 13:19:49.304 21462 21729 D SurfaceView: 185795510 updateSurfacePosition RenderWorker, frameNr = 1231, position = [57, 492, 857, 1017] surfaceSize = 799x525
02-19 13:19:49.304 21462 21729 I SurfaceView@b1303b6: uSP: rtp = Rect(57, 492 - 857, 1017) rtsw = 799 rtsh = 525
02-19 13:19:49.304 21462 21729 I SurfaceView@b1303b6: onSSPAndSRT: pl = 57 pt = 492 sx = 1.0012516 sy = 1.0
02-19 13:19:49.304 21462 21729 I SurfaceView@b1303b6: aOrMT: ViewRootImpl@ccd3137[ExpensifyActivityBase] t = android.view.SurfaceControl$Transaction@58bda7 fN = 1231 android.view.SurfaceView.-$$Nest$mapplyOrMergeTransaction:0 android.view.SurfaceView$SurfaceViewPositionUpdateListener.positionChanged:1667 android.graphics.RenderNode$CompositePositionUpdateListener.positionChanged:369
02-19 13:19:49.304 21462 21729 I ViewRootImpl@ccd3137[ExpensifyActivityBase]: mWNT: t=0xb400007c23c4d770 mBlastBufferQueue=0xb400007d13b6b4f0 fn= 1231 mRenderHdrSdrRatio=1.0 caller= android.view.SurfaceView.applyOrMergeTransaction:1599 android.view.SurfaceView.-$$Nest$mapplyOrMergeTransaction:0 android.view.SurfaceView$SurfaceViewPositionUpdateListener.positionChanged:1667
02-19 13:19:49.304 1603 1760 D RenderEngine: [SEC_GC_CMN_SF_EFFECTS] drawLayersInternal,1279, Rendering layer at index 0
02-19 13:19:49.305 1603 1760 D RenderEngine: [SEC_GC_CMN_SF_EFFECTS] drawLayersInternal,1279, Rendering layer org.me.mobiexpensifyg/org.me.mobiexpensifyg.ExpensifyActivityBase$_21462#272730 at index 1
02-19 13:19:49.307 21462 21462 I SurfaceView@650c395: onWindowVisibilityChanged(8) false android.view.SurfaceView{650c395 V.E...... ........ 0,0-862,1245} of ViewRootImpl@ccd3137[ExpensifyActivityBase]
02-19 13:19:49.312 21462 21462 I SurfaceView: 105956245 Changes: creating=false format=false size=false visible=true alpha=false hint=false visible=true left=false top=false z=false attached=true lifecycleStrategy=false
02-19 13:19:49.312 21462 21462 I SurfaceView@650c395: 105956245 Cur surface: Surface(name=null)/@0xe97409c
02-19 13:19:49.312 21462 21462 I SurfaceView: 105956245 surfaceDestroyed
02-19 13:19:49.312 21462 21462 I SurfaceView@650c395: surfaceDestroyed callback.size 1 #2 android.view.SurfaceView{650c395 V.E...... ........ 0,0-862,1245}
02-19 13:19:49.312 21462 21462 I Mapbox : [maps-android\Mbgl-RenderThread]: onSurfaceDestroyed
02-19 13:19:49.312 21462 21462 I Mapbox : [maps-android\Mbgl-RenderThread]: onSurfaceDestroyed: waiting until EGL will be cleaned up...
02-19 13:19:49.312 21462 22483 E Surface : freeAllBuffers: 1 buffers were freed while being dequeued!
02-19 13:19:49.312 21462 22483 I Mapbox : [maps-android\Mbgl-EglCore]: EGL surface was destroyed.
02-19 13:19:49.312 21462 21462 I Mapbox : [maps-android\Mbgl-RenderThread]: onSurfaceDestroyed: EGL resources were cleaned up.
02-19 13:19:49.312 21462 21462 E Surface : freeAllBuffers: 1 buffers were freed while being dequeued!
02-19 13:19:49.312 21462 21462 I SurfaceView@650c395: updateSurface: mVisible = false mSurface.isValid() = true
02-19 13:19:49.312 21462 21462 I SurfaceView@650c395: releaseSurfaces: viewRoot = ViewRootImpl@ccd3137[ExpensifyActivityBase]
02-19 13:19:49.313 21462 21462 V SurfaceView@650c395: Layout: x=21 y=801 w=862 h=1245, frame=Rect(0, 0 - 862, 1245)
02-19 13:19:49.313 21462 21462 I SurfaceView: 105956245 Detaching SV
02-19 13:19:49.313 21462 21462 I SurfaceView: 105956245 Changes: creating=false format=false size=false visible=false alpha=false hint=false visible=false left=false top=false z=false attached=false lifecycleStrategy=false
02-19 13:19:49.313 21462 21462 I SurfaceView@650c395: onDetachedFromWindow: tryReleaseSurfaces()
02-19 13:19:49.313 21462 21462 I SurfaceView@650c395: releaseSurfaces: viewRoot = ViewRootImpl@ccd3137[ExpensifyActivityBase]
02-19 13:19:49.313 21462 21462 I Mapbox : [maps-android\Mbgl-RenderThread]: Renderer paused
02-19 13:19:49.313 21462 22485 I Mapbox : [events_service]: Queue is empty, nothing to flush
02-19 13:19:49.316 21462 21462 I ViewRootImpl@ccd3137[ExpensifyActivityBase]: registerCallbackForPendingTransactions
02-19 13:19:49.317 21462 21729 D SurfaceView: 185795510 updateSurfacePosition RenderWorker, frameNr = 1232, position = [53, 492, 852, 1017] surfaceSize = 799x525
02-19 13:19:49.317 21462 21729 I SurfaceView@b1303b6: uSP: rtp = Rect(53, 492 - 852, 1017) rtsw = 799 rtsh = 525
02-19 13:19:49.317 21462 21729 I SurfaceView@b1303b6: onSSPAndSRT: pl = 53 pt = 492 sx = 1.0 sy = 1.0
02-19 13:19:49.317 21462 21729 I SurfaceView@b1303b6: aOrMT: ViewRootImpl@ccd3137[ExpensifyActivityBase] t = android.view.SurfaceControl$Transaction@58bda7 fN = 1232 android.view.SurfaceView.-$$Nest$mapplyOrMergeTransaction:0 android.view.SurfaceView$SurfaceViewPositionUpdateListener.positionChanged:1667 android.graphics.RenderNode$CompositePositionUpdateListener.positionChanged:369
02-19 13:19:49.317 21462 21729 I ViewRootImpl@ccd3137[ExpensifyActivityBase]: mWNT: t=0xb400007c23c4d770 mBlastBufferQueue=0xb400007d13b6b4f0 fn= 1232 mRenderHdrSdrRatio=1.0 caller= android.view.SurfaceView.applyOrMergeTransaction:1599 android.view.SurfaceView.-$$Nest$mapplyOrMergeTransaction:0 android.view.SurfaceView$SurfaceViewPositionUpdateListener.positionChanged:1667
02-19 13:19:49.317 21462 21729 D SurfaceView: 81588495 windowPositionLost, frameNr = 1232
02-19 13:19:49.318 21462 21462 I Mapbox : [maps-android\Mbgl-RenderThread]: renderThreadPrepared=false and Android surface is not valid (isValid=false). Waiting for new one.
02-19 13:19:49.318 21462 22483 E libEGL : eglSwapBuffersWithDamageKHRImpl:1378 error 300d (EGL_BAD_SURFACE)
02-19 13:19:49.318 21462 21786 I ViewRootImpl@ccd3137[ExpensifyActivityBase]: mWNT: t=0xb400007c23cf5e70 mBlastBufferQueue=0xb400007d13b6b4f0 fn= 1232 mRenderHdrSdrRatio=1.0 caller= android.view.ViewRootImpl$6.onFrameDraw:5705 android.view.ViewRootImpl$2.onFrameDraw:2190 android.view.ThreadedRenderer$1.onFrameDraw:792
02-19 13:19:49.318 21462 22483 W Mapbox : [maps-android\Mbgl-RenderThread]: eglSwapBuffer error: 12301. Waiting for new surface
02-19 13:19:49.318 21462 22483 I Mapbox : [maps-android\Mbgl-EglCore]: EGL surface was already destroyed before.
02-19 13:19:49.321 21462 21462 I Mapbox : [maps-android\Mbgl-RenderThread]: renderThreadPrepared=false and Android surface is not valid (isValid=false). Waiting for new one.
02-19 13:19:49.325 1603 1603 I Layer : Layer::reparent [SurfaceView[org.me.mobiexpensifyg/org.me.mobiexpensifyg.ExpensifyActivityBase]@0(BLAST)#272787] newParentHandle : null -------------------------
02-19 13:19:49.325 1603 1603 I Layer : id=272787 removeFromCurrentState SurfaceView[org.me.mobiexpensifyg/org.me.mobiexpensifyg.ExpensifyActivityBase]@0(BLAST)#272787 (226)
02-19 13:19:49.325 1603 1603 I Layer : Layer::reparent [SurfaceView[org.me.mobiexpensifyg/org.me.mobiexpensifyg.ExpensifyActivityBase]@0(BLAST)#272787] End -------------------------
02-19 13:19:49.325 1603 1603 I Layer : Layer::reparent [Background for SurfaceView[org.me.mobiexpensifyg/org.me.mobiexpensifyg.ExpensifyActivityBase]@0#272788] newParentHandle : null -------------------------
02-19 13:19:49.325 1603 1603 I Layer : id=272788 removeFromCurrentState Background for SurfaceView[org.me.mobiexpensifyg/org.me.mobiexpensifyg.ExpensifyActivityBase]@0#272788 (226)
02-19 13:19:49.325 1603 1603 I Layer : Layer::reparent [Background for SurfaceView[org.me.mobiexpensifyg/org.me.mobiexpensifyg.ExpensifyActivityBase]@0#272788] End -------------------------
02-19 13:19:49.325 1603 1603 I Layer : Layer::reparent [SurfaceView[org.me.mobiexpensifyg/org.me.mobiexpensifyg.ExpensifyActivityBase]@0#272786] newParentHandle : null -------------------------
02-19 13:19:49.325 1603 1603 I Layer : id=272786 removeFromCurrentState SurfaceView[org.me.mobiexpensifyg/org.me.mobiexpensifyg.ExpensifyActivityBase]@0#272786 (226)
02-19 13:19:49.325 1603 1603 I Layer : Layer::reparent [SurfaceView[org.me.mobiexpensifyg/org.me.mobiexpensifyg.ExpensifyActivityBase]@0#272786] End -------------------------
02-19 13:19:49.326 21462 21462 I Mapbox : [maps-android\Mbgl-RenderThread]: renderThreadPrepared=false and Android surface is not valid (isValid=false). Waiting for new one.
02-19 13:19:49.327 1603 1603 D SurfaceFlinger: Display 4630946213010294403 HWC layers:
02-19 13:19:49.327 1603 1603 D SurfaceFlinger: DEVICE | 0xb400007cd8d01a10 | 0502 | RGBx_8888 | 0.0 0.0 799.0 525.0 | 53 492 852 1017 | SurfaceView[org.me.mobiexpensifyg/or[...]pensifyActivityBase]@0(BLAST)#272790
02-19 13:19:49.327 1603 1603 D SurfaceFlinger: DEVICE | 0xb400007cd8d17400 | 0100 | RGBA_8888 | 0.0 0.0 904.0 2316.0 | 0 0 904 2316 | org.me.mobiexpensifyg/org.me.mobiexp[...].ExpensifyActivityBase$_21462#272730
02-19 13:19:49.327 1603 1603 D SurfaceFlinger: DEVICE | 0xb400007cd8d30630 | 0100 | RGBA_8888 | 0.0 0.0 904.0 87.0 | 0 0 904 87 | StatusBar$_3256#121
02-19 13:19:49.327 1603 1603 D SurfaceFlinger: DEVICE | 0xb400007cd8d23b20 | 0100 | RGBA_8888 | 0.0 0.0 904.0 126.0 | 0 2190 904 2316 | NavigationBar0$_3256#261410
02-19 13:19:49.327 1603 1603 D SurfaceFlinger:
02-19 13:19:49.328 1603 1747 I SurfaceFlinger: id=272788 Removed Background for SurfaceView[org.me.mobiexpensifyg/org.me.mobiexpensifyg.ExpensifyActivityBase]@0#272788 (226)
02-19 13:19:49.328 1603 1747 I SurfaceFlinger: id=272786 Removed SurfaceView[org.me.mobiexpensifyg/org.me.mobiexpensifyg.ExpensifyActivityBase]@0#272786 (226)
02-19 13:19:49.328 1603 1747 I SurfaceFlinger: id=272787 Removed SurfaceView[org.me.mobiexpensifyg/org.me.mobiexpensifyg.ExpensifyActivityBase]@0(BLAST)#272787 (226)
02-19 13:19:49.333 1603 1603 I Layer : id=272787 Destroyed SurfaceView[org.me.mobiexpensifyg/org.me.mobiexpensifyg.ExpensifyActivityBase]@0(BLAST)#272787
02-19 13:19:49.333 1603 1603 I Layer : id=272786 Destroyed SurfaceView[org.me.mobiexpensifyg/org.me.mobiexpensifyg.ExpensifyActivityBase]@0#272786
02-19 13:19:49.333 1603 1603 I Layer : id=272788 Destroyed Background for SurfaceView[org.me.mobiexpensifyg/org.me.mobiexpensifyg.ExpensifyActivityBase]@0#272788
02-19 13:19:49.334 21462 21462 I Mapbox : [maps-android\Mbgl-RenderThread]: renderThreadPrepared=false and Android surface is not valid (isValid=false). Waiting for new one.
02-19 13:19:49.405 1603 1760 D RenderEngine: [SEC_GC_CMN_SF_EFFECTS] drawLayersInternal,1279, Rendering layer at index 0
02-19 13:19:49.405 1603 1760 D RenderEngine: [SEC_GC_CMN_SF_EFFECTS] drawLayersInternal,1279, Rendering layer org.me.mobiexpensifyg/org.me.mobiexpensifyg.ExpensifyActivityBase$_21462#272730 at index 1
02-19 13:19:49.505 1603 1760 D RenderEngine: [SEC_GC_CMN_SF_EFFECTS] drawLayersInternal,1279, Rendering layer at index 0
02-19 13:19:49.505 1603 1760 D RenderEngine: [SEC_GC_CMN_SF_EFFECTS] drawLayersInternal,1279, Rendering layer org.me.mobiexpensifyg/org.me.mobiexpensifyg.ExpensifyActivityBase$_21462#272730 at index 1
02-19 13:19:49.606 1603 1760 D RenderEngine: [SEC_GC_CMN_SF_EFFECTS] drawLayersInternal,1279, Rendering layer at index 0
02-19 13:19:49.607 1603 1760 D RenderEngine: [SEC_GC_CMN_SF_EFFECTS] drawLayersInternal,1279, Rendering layer org.me.mobiexpensifyg/org.me.mobiexpensifyg.ExpensifyActivityBase$_21462#272730 at index 1
02-19 13:19:49.660 8712 8712 D BoundBrokerSvc: onUnbind: Intent { act=com.google.android.gms.measurement.START pkg=com.google.android.gms }
02-19 13:19:49.661 2334 4248 I ActivityManager: Changes in 99767 3 to 10, 56 to 0
02-19 13:19:49.672 2334 3990 I ActivityManager: Killing 11481:com.samsung.android.dqagent/1000 (adj 999): empty #33
02-19 13:19:49.676 2334 2454 I libprocessgroup: Successfully killed process cgroup uid 1000 pid 11481 in 1ms
02-19 13:19:49.694 6890 6890 I HBD : r onChange propertyId=7
02-19 13:19:49.696 6890 6890 I ScsApi@Feature: checkFeature() : FEATURE_SPEECH_RECOGNITION, sdk : 3.2.8
02-19 13:19:49.697 6890 6890 I ScsApi@FeatureHolder: setStatus() : FEATURE_SPEECH_RECOGNITION : 0
02-19 13:19:49.697 6890 6890 I HBD : h HoneyVoice checkFeature() 0 time: 1
02-19 13:19:49.697 6890 6890 I HBD : a HoneyVoice isSCSSpeechFeatureEnabled : true 1 ms
02-19 13:19:49.698 6890 6890 I HBD : a mSubTypeCount : 1
02-19 13:19:49.698 6890 6890 I HBD : d getVoiceTrigger - null
02-19 13:19:49.706 1407 1407 I Zygote : Process 11481 exited due to signal 9 (Killed)
02-19 13:19:49.706 1603 1760 D RenderEngine: [SEC_GC_CMN_SF_EFFECTS] drawLayersInternal,1279, Rendering layer at index 0
02-19 13:19:49.706 1603 1760 D RenderEngine: [SEC_GC_CMN_SF_EFFECTS] drawLayersInternal,1279, Rendering layer org.me.mobiexpensifyg/org.me.mobiexpensifyg.ExpensifyActivityBase$_21462#272730 at index 1
02-19 13:19:49.745 6890 6890 I HBD : r onChange propertyId=7
02-19 13:19:49.745 6890 6890 I ScsApi@Feature: checkFeature() : FEATURE_SPEECH_RECOGNITION, sdk : 3.2.8
02-19 13:19:49.745 6890 6890 I ScsApi@FeatureHolder: setStatus() : FEATURE_SPEECH_RECOGNITION : 0
02-19 13:19:49.745 6890 6890 I HBD : h HoneyVoice checkFeature() 0 time: 0
02-19 13:19:49.745 6890 6890 I HBD : a HoneyVoice isSCSSpeechFeatureEnabled : true 0 ms
02-19 13:19:49.747 6890 6890 I HBD : a mSubTypeCount : 1
02-19 13:19:49.747 6890 6890 I HBD : d getVoiceTrigger - null
02-19 13:19:49.808 1603 1760 D RenderEngine: [SEC_GC_CMN_SF_EFFECTS] drawLayersInternal,1279, Rendering layer at index 0
02-19 13:19:49.808 1603 1760 D RenderEngine: [SEC_GC_CMN_SF_EFFECTS] drawLayersInternal,1279, Rendering layer org.me.mobiexpensifyg/org.me.mobiexpensifyg.ExpensifyActivityBase$_21462#272730 at index 1
02-19 13:19:49.908 1603 1760 D RenderEngine: [SEC_GC_CMN_SF_EFFECTS] drawLayersInternal,1279, Rendering layer at index 0
02-19 13:19:49.908 1603 1760 D RenderEngine: [SEC_GC_CMN_SF_EFFECTS] drawLayersInternal,1279, Rendering layer org.me.mobiexpensifyg/org.me.mobiexpensifyg.ExpensifyActivityBase$_21462#272730 at index 1
02-19 13:19:49.960 6194 6194 I SDHMS:LOAD: type: LoadsFreqs, value: 0:132:15:1828223:3187200:0:1800191:2745600:0:249:364:0
02-19 13:19:49.983 1484 22430 I sensors-hal: handle_sns_client_event:628, [0][3204] gyro_sample_cal(3) [-0.012,-0.021,-0.007] 1383768001028159
02-19 13:19:50.003 2334 2918 D InputReader: Btn_touch(9): value=1 when=263090.747428
02-19 13:19:50.003 2334 2918 I InputReader: Touch event's action is 0x0 (id=6, t=0) [pCnt=1, s=0.1968 ] when=263090.747428
02-19 13:19:50.005 2334 2917 I InputDispatcher: Delivering touch to (3256): action: 0x4, f=0x0, d=0, '3c5e648', t=1
02-19 13:19:50.006 2334 2917 I InputDispatcher: Delivering touch to (21462): action: 0x0, f=0x0, d=0, '9a77eef', t=1
02-19 13:19:50.006 21462 21462 I ViewRootImpl@ccd3137[ExpensifyActivityBase]: ViewPostIme pointer 0
02-19 13:19:50.006 2334 2444 I GestureDetector: obtain mCurrentDownEvent. id: 825581020 caller: com.android.server.wm.SystemGesturesPointerEventListener.onPointerEvent:204 com.android.server.wm.PointerEventDispatcher.onInputEvent:53 android.view.InputEventReceiver.dispatchInputEvent:337
02-19 13:19:50.007 2334 2444 I GestureDetector: obtain mCurrentDownEvent. id: 825581020 caller: com.android.server.wm.SystemPerformancePointerEventListener.onPointerEvent:89 com.android.server.wm.PointerEventDispatcher.onInputEvent:53 android.view.InputEventReceiver.dispatchInputEvent:337
02-19 13:19:50.007 2334 2917 D PowerManagerService: [api] userActivityFromNative : touch displayId=0 eventTime=263090747
02-19 13:19:50.008 3685 3685 I HoneySpace.GestureInputHandler: inputConsumers = [com.honeyspace.gesture.inputconsumer.InputConsumer$Companion$NO_OP$1@58c8177]
02-19 13:19:50.008 3685 3685 I HoneySpace.InputSession: inputConsumers = NO_OP
02-19 13:19:50.009 3685 3685 I HoneySpace.InputSession: open
02-19 13:19:50.010 6194 6194 I SemDvfsHyPerManager: acquire hyper - TABoost/6194@27, type = 1090523139
02-19 13:19:50.011 1492 1518 I HYPER-HAL: [RequestManager.cpp]releaseLocked(): Released ID : 19353558
02-19 13:19:50.011 1492 1518 I HYPER-HAL: [RequestManager.cpp]acquire(): Acquired ID : 19353558 [6194 / 27] HINT : list : [TABoost / 1] [TIMEOUT / 1500]
02-19 13:19:50.013 2334 2444 I GestureDetector: obtain mCurrentMotionEventRaw. action: 2 id: 610858001
02-19 13:19:50.013 2334 2444 I GestureDetector: obtain mCurrentMotionEventRaw. action: 2 id: 610858001
02-19 13:19:50.016 1603 1760 D RenderEngine: [SEC_GC_CMN_SF_EFFECTS] drawLayersInternal,1279, Rendering layer at index 0
02-19 13:19:50.016 1603 1760 D RenderEngine: [SEC_GC_CMN_SF_EFFECTS] drawLayersInternal,1279, Rendering layer org.me.mobiexpensifyg/org.me.mobiexpensifyg.ExpensifyActivityBase$_21462#272730 at index 1
02-19 13:19:50.110 6194 6194 I SemDvfsHyPerManager: acquire hyper - TABoost/6194@27, type = 1090523139
02-19 13:19:50.111 1492 1518 I HYPER-HAL: [RequestManager.cpp]releaseLocked(): Released ID : 19353558
02-19 13:19:50.111 1492 1518 I HYPER-HAL: [RequestManager.cpp]acquire(): Acquired ID : 19353558 [6194 / 27] HINT : list : [TABoost / 1] [TIMEOUT / 1500]
02-19 13:19:50.115 2334 2918 D InputReader: Btn_touch(9): value=0 when=263090.859238
02-19 13:19:50.115 2334 2918 I InputReader: Touch event's action is 0x1 (id=6, t=0) [pCnt=1, s=] when=263090.859238
02-19 13:19:50.115 2334 2917 I InputDispatcher: Delivering touch to (21462): action: 0x1, f=0x0, d=0, '9a77eef', t=1
02-19 13:19:50.116 21462 21462 I ViewRootImpl@ccd3137[ExpensifyActivityBase]: ViewPostIme pointer 1
02-19 13:19:50.116 3685 3685 I HoneySpace.GestureInputHandler: reset
02-19 13:19:50.117 3685 3685 I HoneySpace.InputSession: close
02-19 13:19:50.117 1603 1760 D RenderEngine: [SEC_GC_CMN_SF_EFFECTS] drawLayersInternal,1279, Rendering layer at index 0
02-19 13:19:50.117 1603 1760 D RenderEngine: [SEC_GC_CMN_SF_EFFECTS] drawLayersInternal,1279, Rendering layer org.me.mobiexpensifyg/org.me.mobiexpensifyg.ExpensifyActivityBase$_21462#272730 at index 1
02-19 13:19:50.122 21462 21556 V MediaPlayer-JNI: native_setup
02-19 13:19:50.122 21462 21556 V MediaPlayerNative: constructor
02-19 13:19:50.125 21462 21556 V MediaPlayerNative: setListener
02-19 13:19:50.125 21462 21556 V MediaPlayer-JNI: get_session_id()
02-19 13:19:50.220 1603 1760 D RenderEngine: [SEC_GC_CMN_SF_EFFECTS] drawLayersInternal,1279, Rendering layer at index 0
02-19 13:19:50.220 1603 1760 D RenderEngine: [SEC_GC_CMN_SF_EFFECTS] drawLayersInternal,1279, Rendering layer org.me.mobiexpensifyg/org.me.mobiexpensifyg.ExpensifyActivityBase$_21462#272730 at index 1
02-19 13:19:50.229 6890 6890 I IceCone : b HoneyVoice HoneyVoiceTimer finished: RELEASE_TIMER
02-19 13:19:50.307 2334 2334 I GestureDetector: handleMessage TAP
02-19 13:19:50.307 2334 2444 I GestureDetector: handleMessage TAP
02-19 13:19:50.320 1603 1760 D RenderEngine: [SEC_GC_CMN_SF_EFFECTS] drawLayersInternal,1279, Rendering layer at index 0
02-19 13:19:50.320 1603 1760 D RenderEngine: [SEC_GC_CMN_SF_EFFECTS] drawLayersInternal,1279, Rendering layer org.me.mobiexpensifyg/org.me.mobiexpensifyg.ExpensifyActivityBase$_21462#272730 at index 1
02-19 13:19:50.387 2334 4386 D FreecessController: org.me.mobiexpensifyg(11571) is important[12]
02-19 13:19:50.420 1603 1760 D RenderEngine: [SEC_GC_CMN_SF_EFFECTS] drawLayersInternal,1279, Rendering layer at index 0
02-19 13:19:50.420 1603 1760 D RenderEngine: [SEC_GC_CMN_SF_EFFECTS] drawLayersInternal,1279, Rendering layer org.me.mobiexpensifyg/org.me.mobiexpensifyg.ExpensifyActivityBase$_21462#272730 at index 1
02-19 13:19:50.522 1603 1760 D RenderEngine: [SEC_GC_CMN_SF_EFFECTS] drawLayersInternal,1279, Rendering layer at index 0
02-19 13:19:50.522 1603 1760 D RenderEngine: [SEC_GC_CMN_SF_EFFECTS] drawLayersInternal,1279, Rendering layer org.me.mobiexpensifyg/org.me.mobiexpensifyg.ExpensifyActivityBase$_21462#272730 at index 1
02-19 13:19:50.622 1603 1760 D RenderEngine: [SEC_GC_CMN_SF_EFFECTS] drawLayersInternal,1279, Rendering layer at index 0
02-19 13:19:50.622 1603 1760 D RenderEngine: [SEC_GC_CMN_SF_EFFECTS] drawLayersInternal,1279, Rendering layer org.me.mobiexpensifyg/org.me.mobiexpensifyg.ExpensifyActivityBase$_21462#272730 at index 1
02-19 13:19:50.708 21462 21556 D RNFBCrashlyticsInit: isCrashlyticsCollectionEnabled via RNFBMeta: true
02-19 13:19:50.708 21462 21556 D RNFBCrashlyticsInit: isCrashlyticsCollectionEnabled final value: true
02-19 13:19:50.722 1603 1760 D RenderEngine: [SEC_GC_CMN_SF_EFFECTS] drawLayersInternal,1279, Rendering layer at index 0
02-19 13:19:50.722 1603 1760 D RenderEngine: [SEC_GC_CMN_SF_EFFECTS] drawLayersInternal,1279, Rendering layer org.me.mobiexpensifyg/org.me.mobiexpensifyg.ExpensifyActivityBase$_21462#272730 at index 1
02-19 13:19:50.738 21462 21556 D RNFBCrashlyticsInit: isCrashlyticsCollectionEnabled via RNFBMeta: true
02-19 13:19:50.738 21462 21556 D RNFBCrashlyticsInit: isCrashlyticsCollectionEnabled final value: true
02-19 13:19:50.738 1842 1842 I CNSS : cnss_open_log_file: directory /data/vendor/log/wifi/ created
02-19 13:19:50.823 1603 1760 D RenderEngine: [SEC_GC_CMN_SF_EFFECTS] drawLayersInternal,1279, Rendering layer at index 0
02-19 13:19:50.823 1603 1760 D RenderEngine: [SEC_GC_CMN_SF_EFFECTS] drawLayersInternal,1279, Rendering layer org.me.mobiexpensifyg/org.me.mobiexpensifyg.ExpensifyActivityBase$_21462#272730 at index 1
02-19 13:19:50.845 1090 1090 D io_stats: !@ 8,0 r 16676468 409282599 w 28555522 386657932 d 6449534 549233108 f 0 3019408 iot 17353264 0 th 0 0 0 pt 0 inp 0 0 263091.590
02-19 13:19:50.923 1603 1760 D RenderEngine: [SEC_GC_CMN_SF_EFFECTS] drawLayersInternal,1279, Rendering layer at index 0
02-19 13:19:50.923 1603 1760 D RenderEngine: [SEC_GC_CMN_SF_EFFECTS] drawLayersInternal,1279, Rendering layer org.me.mobiexpensifyg/org.me.mobiexpensifyg.ExpensifyActivityBase$_21462#272730 at index 1
02-19 13:19:51.024 1603 1760 D RenderEngine: [SEC_GC_CMN_SF_EFFECTS] drawLayersInternal,1279, Rendering layer at index 0
02-19 13:19:51.024 1603 1760 D RenderEngine: [SEC_GC_CMN_SF_EFFECTS] drawLayersInternal,1279, Rendering layer org.me.mobiexpensifyg/org.me.mobiexpensifyg.ExpensifyActivityBase$_21462#272730 at index 1
02-19 13:19:51.043 21462 21462 E unknown:SurfaceMountingManager: removeViewAt: [7196] -> [7198] @0: view already removed from parent! Children in parent: 0
02-19 13:19:51.043 21462 21462 E unknown:SurfaceMountingManager: removeViewAt: [6770] -> [6772] @0: view already removed from parent! Children in parent: 0
02-19 13:19:51.044 21462 21462 E unknown:SurfaceMountingManager: removeViewAt: [6744] -> [6746] @0: view already removed from parent! Children in parent: 0
02-19 13:19:51.053 21462 21462 I Mapbox : [maps-android\Mbgl-RenderThread]: Renderer paused
02-19 13:19:51.053 21462 22487 I Mapbox : [events_service]: Queue is empty, nothing to flush
02-19 13:19:51.053 21462 22484 I Mapbox : [events_service]: Queue is empty, nothing to flush
02-19 13:19:51.053 21462 21462 I Mapbox : [maps-android\Mbgl-RenderThread]: destroy
02-19 13:19:51.054 21462 21462 I Mapbox : [maps-android\Mbgl-RenderThread]: destroy: waiting until all resources will be cleaned up...
02-19 13:19:51.057 21462 22664 I Mapbox : [maps-android\Mbgl-RenderThread]: Native renderer destroyed.
02-19 13:19:51.057 21462 22664 I Mapbox : [maps-android\Mbgl-EglCore]: EGL surface was destroyed.
02-19 13:19:51.060 21462 21462 I Mapbox : [maps-android\Mbgl-RenderThread]: destroy: all resources were cleaned up.
02-19 13:19:51.061 21462 21462 E unknown:ViewManager: onDropViewInstance: view [7204] has a context that is not a ThemedReactContext: org.me.mobiexpensifyg.ExpensifyActivityBase@5be5bbd
02-19 13:19:51.061 21462 21462 I Mapbox : [maps-android\Mbgl-RenderThread]: destroy
02-19 13:19:51.061 21462 21462 I Mapbox : [maps-android\Mbgl-RenderThread]: destroy: waiting until all resources will be cleaned up...
02-19 13:19:51.070 21462 22483 I Mapbox : [maps-android\Mbgl-RenderThread]: Native renderer destroyed.
02-19 13:19:51.070 21462 22483 I Mapbox : [maps-android\Mbgl-EglCore]: EGL surface was already destroyed before.
02-19 13:19:51.070 21462 22483 E Surface : getSlotFromBufferLocked: unknown buffer: 0xb400007ba485de90
02-19 13:19:51.075 21462 21462 I Mapbox : [maps-android\Mbgl-RenderThread]: destroy: all resources were cleaned up.
02-19 13:19:51.075 21462 21462 W Mapbox : [maps-android\Mbgl-MapboxMap]: MapboxMap object (accessing setViewAnnotationPositionsUpdateListener) should not be stored and used after MapView is destroyed.
02-19 13:19:51.075 21462 21462 W Mapbox : [maps-android\Mbgl-MapboxMap]: MapboxMap object (accessing setViewAnnotationPositionsUpdateListener) should not be stored and used after MapView is destroyed.
02-19 13:19:51.075 21462 21462 W Mapbox : [maps-android\Mbgl-MapboxMap]: MapboxMap object (accessing setViewAnnotationPositionsUpdateListener) should not be stored and used after MapView is destroyed.
02-19 13:19:51.075 21462 21462 W Mapbox : [maps-android\Mbgl-MapboxMap]: MapboxMap object (accessing setViewAnnotationPositionsUpdateListener) should not be stored and used after MapView is destroyed.
02-19 13:19:51.075 21462 21462 W Mapbox : [maps-android\Mbgl-MapboxMap]: MapboxMap object (accessing setViewAnnotationPositionsUpdateListener) should not be stored and used after MapView is destroyed.
02-19 13:19:51.075 21462 21462 E unknown:ViewManager: onDropViewInstance: view [5780] has a context that is not a ThemedReactContext: org.me.mobiexpensifyg.ExpensifyActivityBase@5be5bbd
02-19 13:19:51.076 21462 21462 I InputMethodManager_LC: showSoftInput(View,I)
02-19 13:19:51.076 21462 21462 I ImeTracker: org.me.mobiexpensifyg:fc124dbf: onRequestShow at ORIGIN_CLIENT_SHOW_SOFT_INPUT reason SHOW_SOFT_INPUT
02-19 13:19:51.076 21462 21462 I InputMethodManager_LC: ssi(): flags=0 view=org.me.mobiexpensifyg reason = SHOW_SOFT_INPUT
02-19 13:19:51.076 21462 21462 I ImeTracker: org.me.mobiexpensifyg:fc124dbf: onFailed at PHASE_CLIENT_VIEW_SERVED
02-19 13:19:51.076 21462 21462 W InputMethodManager: Ignoring showSoftInput() as view=com.facebook.react.views.textinput.ReactEditText{8e97f3c VFED..CL. .F....ID 104,42-571,84 #1346 aid=1073741826} is not served.
02-19 13:19:51.076 21462 21462 W InputMethodManager_LC: ssi(): Ignoring showSoftInput() servedView=null mDisplayId=0 view=com.facebook.react.views.textinput.ReactEditText{8e97f3c VFED..CL. .F....ID 104,42-571,84 #1346 aid=1073741826},focus=true,windowFocus=false,window=null,displayId=0,temporaryDetach=false,hasImeFocus=false
02-19 13:19:51.080 21462 21462 I Mapbox : [maps-android\Mbgl-RenderThread]: renderThreadPrepared=false and Android surface is not valid (isValid=false). Waiting for new one.
