02-19 13:19:47.138 2334 2446 I DisplayDeviceRepository: Display device changed: DisplayDeviceInfo{"Built-in Screen": uniqueId="local:4630946213010294403", 904 x 2316, modeId 8, renderFrameRate 120.00001, defaultModeId 8, supportedModes [{id=8, width=904, height=2316, fps=120.00001, alternativeRefreshRates=[10.0, 24.000002, 30.000002, 48.000004, 60.000004, 96.00001], supportedHdrTypes=[2, 3, 4]}, {id=9, width=904, height=2316, fps=96.00001, alternativeRefreshRates=[10.0, 24.000002, 30.000002, 48.000004, 60.000004, 120.00001], supportedHdrTypes=[2, 3, 4]}, {id=10, width=904, height=2316, fps=60.000004, alternativeRefreshRates=[10.0, 24.000002, 30.000002, 48.000004, 96.00001, 120.00001], supportedHdrTypes=[2, 3, 4]}, {id=11, width=904, height=2316, fps=48.000004, alternativeRefreshRates=[10.0, 24.000002, 30.000002, 60.000004, 96.00001, 120.00001], supportedHdrTypes=[2, 3, 4]}, {id=12, width=904, height=2316, fps=30.000002, alternativeRefreshRates=[10.0, 24.000002, 48.000004, 60.000004, 96.00001, 120.00001], supportedHdrTypes=[2, 3, 4]}, {id=13, width=904, height=2316, fps=24.000002, alternativeRefreshRates=[10.0, 30.000002, 48.000004, 60.000004, 96.00001, 120.00001], supportedHdrTypes=[2, 3, 4]}, {id=14, width=904, height=2316, fps=10.0, alternativeRefreshRates=[24.000002, 30.000002, 48.000004, 60.000004, 96.00001, 120.00001], supportedHdrTypes=[2, 3, 4]}], colorMode 0, supportedColorModes [0, 7, 9], hdrCapabilities HdrCapabilities{mSupportedHdrTypes=[2, 3, 4], mMaxLuminance=450.0, mMaxAverageLuminance=225.00024, mMinLuminance=5.0E-4}, allmSupported false, gameContentTypeSupported false, density 420, 402.835 x 402.92 dpi, appVsyncOff 100000, presDeadline 9233333, cutout DisplayCutout{insets=Rect(0, 87 - 0, 0) waterfall=Insets{left=0, top=0, right=0, bottom=0} boundingRect={Bounds=[Rect(0, 0 - 0, 0), Rect(418, 0 - 486, 87), Rect(0, 0 - 0, 0), Rect(0, 0 - 0, 0)]} cutoutPathParserInfo={CutoutPathParserInfo{displayWidth=904 displayHeight=2316 physicalDisplayWidth=904 physicalDisplayHeight=2316 density={2.625} cutoutSpec={M 0,0 H -12.95238095238095 V 33.14285714285714 H 12.95238095238095 V 0 H 0 Z @dp} rotation={0} scale={1.0} physicalPixelDisplaySizeRatio={1.0}}}}, touch INTERNAL, rotation 0, type INTERNAL, address {port=131, model=0x40446d0b806b46}, deviceProductInfo DeviceProductInfo{name=, manufacturerPnpId=QCM, productId=1, modelYear=null, manufactureDate=ManufactureDate{week=27, year=2006}, connectionToSinkType=0}, state ON, committedState ON, frameRateOverride , brightnessMinimum 0.0, brightnessMaximum 1.0, brightnessDefault 0.5019608, hdrSdrRatio NaN, roundedCorners RoundedCorners{[RoundedCorner{position=TopLeft, radius=53, center=Point(53, 53)}, RoundedCorner{position=TopRight, radius=53, center=Point(851, 53)}, RoundedCorner{position=BottomRight, radius=53, center=Point(851, 2263)}, RoundedCorner{position=BottomLeft, radius=53, center=Point(53, 2263)}]}, FLAG_ROTATES_WITH_CONTENT, FLAG_SECURE, FLAG_SUPPORTS_PROTECTED_BUFFERS, FLAG_PRESENTATION, FLAG_OWN_CONTENT_ONLY, FLAG_TRUSTED, FLAG_EXTRA_BUILT_IN_DISPLAY, installOrientation 0, displayShape DisplayShape{ spec=-311912193 displayWidth=904 displayHeight=2316 physicalPixelDisplaySizeRatio=1.0 rotation=0 offsetX=0 offsetY=0 scale=1.0}}
02-19 13:19:47.138 1516 1737 I SDM : HWCDisplay::SubmitDisplayConfig: Active configuration changed from config 2 to 0
02-19 13:19:47.141 2334 4756 D LiftUpHandler: [LTW] Stopped already.
02-19 13:19:47.142 2334 2334 D SGM:GameManager: onDisplayChanged. displyId: 0, state: 2
02-19 13:19:47.142 2334 2447 W LocalDisplayAdapter: Ignoring request for invalid base mode id 8
02-19 13:19:47.142 2334 2334 D AODManagerService: requestReCalToTSP IsSingleTouchMode = truerequestedReCalToTSP = false / previousDisplayState = ON
02-19 13:19:47.143 2334 2936 D SGM:FgCheckThread: onLooperPrepared(), msg: MSG_LCD_ON
02-19 13:19:47.143 2334 2444 I GestureDetector: obtain mCurrentMotionEventRaw. action: 2 id: 438794195
02-19 13:19:47.143 2334 2444 I GestureDetector: obtain mCurrentMotionEventRaw. action: 2 id: 438794195
02-19 13:19:47.144 2309 2309 I ViewRootImpl@a450ca8[AssetBrowserActivity]: onDisplayChanged oldDisplayState=2 newDisplayState=2
02-19 13:19:47.144 3685 22147 I HoneySpace.RefreshRateSource: singleFrameMs 8
02-19 13:19:47.145 3685 3685 I ViewRootImpl@9781073[RecentsTransitionOverlay]: onDisplayChanged oldDisplayState=2 newDisplayState=2
02-19 13:19:47.145 3685 3685 I ViewRootImpl@8a672e1[LauncherActivity]: onDisplayChanged oldDisplayState=2 newDisplayState=2
02-19 13:19:47.145 3685 3685 I ViewRootImpl@dd984d6[RecentsActivity]: onDisplayChanged oldDisplayState=2 newDisplayState=2
02-19 13:19:47.145 3256 3377 D StackScroller: onDisplayChanged for predraw skip to 2
02-19 13:19:47.145 3256 3287 I ViewRootImpl@caf6fb6[ShellDropTarget]: onDisplayChanged oldDisplayState=2 newDisplayState=2
02-19 13:19:47.145 3256 3287 I ViewRootImpl@5c3dd93[StageCoordinatorSplitDivider]: onDisplayChanged oldDisplayState=2 newDisplayState=2
02-19 13:19:47.145 3685 22147 I HoneySpace.DeXLaunchService: Display changed - 0
02-19 13:19:47.145 3685 21648 I HoneySpace.Memory-Monitor: current state = 2, didTrim = false
02-19 13:19:47.146 3256 3256 D DisplayLifecycle: updateDisplay id = 0
02-19 13:19:47.146 3256 3256 I ViewRootImpl@2a8a990[LockscreenShortcutBlur]: onDisplayChanged oldDisplayState=2 newDisplayState=2
02-19 13:19:47.147 3256 3256 I ViewRootImpl@1ee396c[NotificationShade]: onDisplayChanged oldDisplayState=2 newDisplayState=2
02-19 13:19:47.147 3256 3256 I ViewRootImpl@fa0aba5[StatusBar]: onDisplayChanged oldDisplayState=2 newDisplayState=2
02-19 13:19:47.147 3256 3256 I ViewRootImpl@80857f2[NavigationBar0]: onDisplayChanged oldDisplayState=2 newDisplayState=2
02-19 13:19:47.147 3256 3256 I ViewRootImpl@382a1a2[EdgeBackGestureHandler0]: onDisplayChanged oldDisplayState=2 newDisplayState=2
02-19 13:19:47.147 3256 3256 I ViewRootImpl@45e80e0[Bouncer]: onDisplayChanged oldDisplayState=2 newDisplayState=2
02-19 13:19:47.147 3256 3256 I ViewRootImpl@fe8021b[SecondaryHomeHandle0]: onDisplayChanged oldDisplayState=2 newDisplayState=2
02-19 13:19:47.148 3256 3256 I ViewRootImpl@101c6cf[KeyguardBiometricToastView]: onDisplayChanged oldDisplayState=2 newDisplayState=2
02-19 13:19:47.148 1603 1745 I VSyncReactor: Current= 60, Period= 120, hwcPeriod= 120
02-19 13:19:47.149 6890 6890 I SPenContext: virtual void SPen::Context::SetDisplayRefreshRate(float) framerate=120
02-19 13:19:47.149 6890 6890 I LatencyConfiguration: void SPen::LatencyConfiguration::UpdateRefreshRate(float) RefreshRate=120.000008
02-19 13:19:47.150 6890 6890 I LatencyConfiguration: void SPen::LatencyConfiguration::UpdateRefreshRate(float) RefreshRateCallback 0xb400007c23b46270
02-19 13:19:47.150 6890 6890 I PredictorBase: virtual void SPen::PredictorBase::SetRefreshRate(float) Refresh rate: 120.000
02-19 13:19:47.150 6890 6890 I spe_log : virtual void SPen::FbrDrawPad::SetRefreshRate(float) = 120.000
02-19 13:19:47.150 6890 6890 I spe_log : virtual void SPen::FbrDrawPad::SetRefreshRate(float) mFrameDurationNano=8333333, mDisplayRefreshDurationNano: 8333333
02-19 13:19:47.150 6890 6890 I spe_log : virtual void SPen::LowLatencyStrokeView::SetRefreshRate(float) refresh rate=120.000
02-19 13:19:47.150 6890 6890 I ViewRootImpl@1cdd9d5[InputMethod]: onDisplayChanged oldDisplayState=2 newDisplayState=2
02-19 13:19:47.150 2334 2446 D DisplayManagerService: Ignore redundant display event 0/2 to 11549/11434
02-19 13:19:47.151 2334 2446 D DisplayManagerService: Ignore redundant display event 0/2 to 10072/19750
02-19 13:19:47.151 2334 2446 D DisplayManagerService: Ignore redundant display event 0/2 to 10209/21901
02-19 13:19:47.152 2334 2446 D DisplayManagerService: Ignore redundant display event 0/2 to 10281/22525
02-19 13:19:47.152 15708 15708 I ViewRootImpl@7e61450[DeepLinkHomepageActivity]: onDisplayChanged oldDisplayState=2 newDisplayState=2
02-19 13:19:47.152 21462 21462 I ViewRootImpl@ccd3137[ExpensifyActivityBase]: onDisplayChanged oldDisplayState=2 newDisplayState=2
02-19 13:19:47.152 2334 2446 D DisplayManagerService: Ignore redundant display event 0/2 to 11533/23903
02-19 13:19:47.152 15708 15708 I ViewRootImpl@dfc8434[InstalledAppDetails]: onDisplayChanged oldDisplayState=2 newDisplayState=2
02-19 13:19:47.152 15708 15708 I ViewRootImpl@2c057b1[SubSettings]: onDisplayChanged oldDisplayState=2 newDisplayState=2
02-19 13:19:47.152 2334 2446 D DisplayManagerService: Ignore redundant display event 0/2 to 10254/32477
02-19 13:19:47.152 15708 15708 I ViewRootImpl@219413d[SettingsHomepageActivity]: onDisplayChanged oldDisplayState=2 newDisplayState=2
02-19 13:19:47.152 2334 2446 D DisplayManagerService: Ignore redundant display event 0/2 to 10254/32700
02-19 13:19:47.152 15708 15708 I ViewRootImpl@5325286[SubSettings]: onDisplayChanged oldDisplayState=2 newDisplayState=2
02-19 13:19:47.153 15708 15708 I ViewRootImpl@79b9aaa[SubSettings]: onDisplayChanged oldDisplayState=2 newDisplayState=2
02-19 13:19:47.155 2334 2446 D RefreshRateModeManager: updateDefaultDisplayToken: android.os.BinderProxy@2c4e25e, isChanged: false
02-19 13:19:47.156 2334 2447 W Choreographer: Frame time is 0.01259 ms in the future! Check that graphics HAL is generating vsync timestamps using the correct timebase.
02-19 13:19:47.182 2334 2918 D InputReader: Btn_touch(9): value=0 when=263087.926145
02-19 13:19:47.182 2334 2918 I InputReader: Touch event's action is 0x1 (id=6, t=0) [pCnt=1, s=] when=263087.926145
02-19 13:19:47.183 2334 2917 I InputDispatcher: Delivering touch to (21462): action: 0x1, f=0x0, d=0, '9a77eef', t=1
02-19 13:19:47.184 3685 3685 I HoneySpace.GestureInputHandler: reset
02-19 13:19:47.184 3685 3685 I HoneySpace.InputSession: close
02-19 13:19:47.188 21462 21462 I ViewRootImpl@ccd3137[ExpensifyActivityBase]: ViewPostIme pointer 1
02-19 13:19:47.204 1603 1760 D RenderEngine: [SEC_GC_CMN_SF_EFFECTS] drawLayersInternal,1279, Rendering layer at index 0
02-19 13:19:47.204 1603 1760 D RenderEngine: [SEC_GC_CMN_SF_EFFECTS] drawLayersInternal,1279, Rendering layer org.me.mobiexpensifyg/org.me.mobiexpensifyg.ExpensifyActivityBase$_21462#272730 at index 1
02-19 13:19:47.204 1603 1760 D RenderEngine: [SEC_GC_CMN_SF_EFFECTS] drawLayersInternal,1279, Rendering layer InputMethod$_6890#272781 at index 2
02-19 13:19:47.209 21462 21462 I ImeTracker: org.me.mobiexpensifyg:23619b58: onRequestHide at ORIGIN_CLIENT_HIDE_SOFT_INPUT reason HIDE_SOFT_INPUT
02-19 13:19:47.209 21462 21462 I InputMethodManager_LC: hsifw() - flag : 0
02-19 13:19:47.209 21462 21462 I InputMethodManager_LC: hsifw() - mService.hideSoftInput
02-19 13:19:47.210 2334 4248 D InputMethodManagerService: hideSoftInput
02-19 13:19:47.210 2334 4248 V InputMethodManagerService: Client requesting input be hidden
02-19 13:19:47.210 2334 4248 D InputMethodManagerService: setWindowStateInner, windowToken=android.os.BinderProxy@9c91fce, state=ImeTargetWindowState{ imeToken android.os.Binder@2ef907a imeFocusChanged false hasEditorFocused true requestedImeVisible false imeDisplayId 0 softInputModeState STATE_UNSPECIFIED|ADJUST_RESIZE isStartInputByGainFocus false}
02-19 13:19:47.210 2334 4248 V InputMethodManagerService: Calling com.android.server.inputmethod.IInputMethodInvoker@3fc10de.hideSoftInput(0, android.os.BinderProxy@9c91fce, null) for reason: HIDE_SOFT_INPUT
02-19 13:19:47.211 2334 4248 I ActivityManager: Changes in 10189 5 to 7, 63 to 0
02-19 13:19:47.211 6890 6890 I InputMethod: hideSoftInput(): flags=0
02-19 13:19:47.211 2334 4248 D InputMethodManagerService: isImeSwitcherDisabledPackage : false
02-19 13:19:47.212 6890 6890 I HBD : HoneyBoardService onFinishInputView finishingInput= false
02-19 13:19:47.212 2334 4248 I InputMethodManagerService: setImeWindowStatus: vis=0, backDisposition=0
02-19 13:19:47.212 2334 3169 V InputMethodManagerService: applyImeVisibility state=0
02-19 13:19:47.212 1843 8993 I CameraService: onUidStateChanged: uid=10189, procState is changed. (5 -> 7)
02-19 13:19:47.213 6890 6890 I HBD : b [UpdatePolicy] [post] a: 3 cl: 65538 kit: [0/0] vt: 0 ir: 1
02-19 13:19:47.213 6890 6890 I HBD : d processFinishInputView
02-19 13:19:47.214 3256 3256 D NavigationBar: setImeWindowStatus displayId=0 vis=0 backDisposition=0 showImeSwitcher=false imeShown=false
02-19 13:19:47.215 6890 17661 I HBD : w [SKE_LM] learnInDynamicModel, false
02-19 13:19:47.215 3256 3256 D Navbar.Store: --------------------handleEvent(0) OnNavBarIconHintChanged(iconHint=0) [Module] NavigationBar
02-19 13:19:47.215 3256 3256 D Navbar.Store: ----------------------[Band]SETUPWIZARD_PACK_SET_NAVBAR_ICON_HINT
02-19 13:19:47.215 3256 3256 D Navbar.Store: ----------------------[Band]VIS_PACK_REEVAULATE_NAVBAR
02-19 13:19:47.216 3256 3256 D Navbar.Store: ------------------------apply(0) NavBarStoreAction$ReevaluateNavBar
02-19 13:19:47.217 6890 17661 I HBD : w [SKE_LM] learnInDynamicModel, true
02-19 13:19:47.217 3256 3256 D Navbar.Store: ------------------------handleEvent(0) OnUpdateRemoteViewContainer(leftContainer=android.widget.LinearLayout{cbd1822 V.E...... ........ 69,0-195,126 #7f0a05af app:id/left_remoteview}, rightContainer=android.widget.LinearLayout{629d2b3 I.E...... ......I. 709,0-835,126 #7f0a08d6 app:id/right_remoteview}, contextualButtonVisible=false, darkIntensity=0.0, displayId=0) [Module] SamsungNavigationBarView
02-19 13:19:47.217 3256 3256 D Navbar.Store: --------------------------[Band]REMOTE_VIEW_PACK_SET_REMOTEVIEW_CONTAINER
02-19 13:19:47.218 3256 3256 D Navbar.Store: ----------------------------apply(0) NavBarStoreAction$UpdateRemoteViewContainer
02-19 13:19:47.218 21462 21462 I InsetsController: setRequestedVisibleTypes: visible=false, mask=ime, host=org.me.mobiexpensifyg/org.me.mobiexpensifyg.ExpensifyActivityBase, from=android.view.InsetsController.controlAnimationUnchecked:1476 android.view.InsetsController.applyAnimation:2040 android.view.InsetsController.applyAnimation:2003 android.view.InsetsController.hide:1434 android.view.ViewRootImpl$ViewRootHandler.handleMessageImpl:7310 android.view.ViewRootImpl$ViewRootHandler.handleMessage:7236 android.os.Handler.dispatchMessage:106 android.os.Looper.loopOnce:230 android.os.Looper.loop:319 android.app.ActivityThread.main:9063
02-19 13:19:47.218 3256 3256 D Navbar.Store: ----------------------------apply(0) NavBarStoreAction$UpdateRemoteViewDarkIntensity
02-19 13:19:47.218 21462 21462 I InsetsController: controlAnimationUncheckedInner: Added types=ime, animType=1, host=org.me.mobiexpensifyg/org.me.mobiexpensifyg.ExpensifyActivityBase, from=android.view.InsetsController.controlAnimationUnchecked:1480 android.view.InsetsController.applyAnimation:2040 android.view.InsetsController.applyAnimation:2003
02-19 13:19:47.219 2334 4248 D InsetsSourceProvider: updateVisibility: serverVisible=true, clientVisible=false, source=InsetsSource: {3 mType=ime mFrame=[0,1366][904,2316] mVisible=false mFlags=[]}, controlTarget=Window{9a77eef u0 org.me.mobiexpensifyg/org.me.mobiexpensifyg.ExpensifyActivityBase}, from=com.android.server.wm.ImeInsetsSourceProvider.updateVisibility:154 com.android.server.wm.InsetsSourceProvider.setClientVisible:642 com.android.server.wm.ImeInsetsSourceProvider.setClientVisible:101 com.android.server.wm.InsetsSourceProvider.updateClientVisibility:629 com.android.server.wm.ImeInsetsSourceProvider.updateClientVisibility:173 com.android.server.wm.InsetsStateController.onInsetsModified:280 com.android.server.wm.InsetsPolicy.onInsetsModified:539 com.android.server.wm.Session.updateRequestedVisibleTypes:797 android.view.IWindowSession$Stub.onTransact:1145 com.android.server.wm.Session.onTransact:204
02-19 13:19:47.220 2334 4248 I WindowManager: Reparenting to leash, surface=Surface(name=3c5e648 NavigationBar0)/@0xe853047, leashParent=Surface(name=WindowToken{df798eb type=2019 android.os.BinderProxy@636ff65})/@0x1556074
02-19 13:19:47.220 1603 1747 I SurfaceFlinger: id=272782 createSurf, flag=24000, Surface(name=3c5e648 NavigationBar0)/@0xe853047 - animation-leash of insets_animation#272782
02-19 13:19:47.221 2334 4248 D WindowManager: makeSurface duration=1 leash=Surface(name=Surface(name=3c5e648 NavigationBar0)/@0xe853047 - animation-leash of insets_animation)/@0x661e02b
02-19 13:19:47.221 2334 4248 D InsetsSourceProvider: updateControlForTarget: control=InsetsSourceControl: {80a80001 mType=navigationBars initiallyVisible mSurfacePosition=Point(0, 2190) mInsetsHint=Insets{left=0, top=0, right=0, bottom=39}}, target=Window{9a77eef u0 org.me.mobiexpensifyg/org.me.mobiexpensifyg.ExpensifyActivityBase}, from=com.android.server.wm.InsetsStateController.onControlTargetChanged:363 com.android.server.wm.InsetsStateController.onBarControlTargetChanged:332 com.android.server.wm.InsetsPolicy.updateBarControlTarget:173 com.android.server.wm.InsetsPolicy.updateSystemBars:843 com.android.server.wm.DisplayPolicy.updateSystemBarsLw:3484
02-19 13:19:47.222 2334 4248 D WindowManager: updateSystemBarAttributes: displayId=0, win=Window{9a77eef u0 org.me.mobiexpensifyg/org.me.mobiexpensifyg.ExpensifyActivityBase}, navColorWin=Window{9a77eef u0 org.me.mobiexpensifyg/org.me.mobiexpensifyg.ExpensifyActivityBase}, focusedCanBeNavColorWin=false, behavior=1, appearance=0, statusBarAppearanceRegions=[AppearanceRegion{ bounds=[0,0][904,2316]}], requestedVisibilities=-9, from=com.android.server.wm.InsetsStateController.onInsetsModified:286 com.android.server.wm.InsetsPolicy.onInsetsModified:539 com.android.server.wm.Session.updateRequestedVisibleTypes:797
02-19 13:19:47.222 3256 3256 D Navbar.Store: --------------------handleEvent(0) OnSetGestureHintVisibility(recentVisible=true, homeVisible=true, backVisible=true) [Module] SamsungNavigationBarView
02-19 13:19:47.222 3256 3256 D Navbar.Store: ----------------------[Band]GESTURE_PACK_SET_HINT_VISIBILITY
02-19 13:19:47.222 3256 3256 D Navbar.Store: ----------------------[Band] (afterAction) GESTURE_PACK_SET_HINT_VISIBILITY
02-19 13:19:47.222 3256 3256 D Navbar.Store: ------------------------apply(0) NavBarStoreAction$UpdateGestureHintVisibility
02-19 13:19:47.222 3256 3256 D Navbar.Store: ------------------------NavBarStates(0) canShowGestureHint: true
02-19 13:19:47.222 3256 3256 D Navbar.Store: --------------------handleEvent(0) OnUpdateSysUiStateFlag(noArguments=true) [Module] SamsungNavigationBarView
02-19 13:19:47.223 3256 3256 D Navbar.Store: ----------------------[Band]GESTURE_PACK_UPDATE_SYSTEMUI_STATE_FLAG
02-19 13:19:47.223 3256 3256 D Navbar.Store: ----------------------[Band] (afterAction) GESTURE_PACK_UPDATE_SYSTEMUI_STATE_FLAG
02-19 13:19:47.223 3256 3256 D Navbar.Store: ----------------------NavBarStates(0) isGameMode: false
02-19 13:19:47.223 3256 3256 D Navbar.Store: ------------------------apply(0) NavBarStoreAction$UpdateSysUiFlags
02-19 13:19:47.223 3256 3256 D Navbar.Store: ------------------------set 68719476736 : false
02-19 13:19:47.223 6890 6890 I HBD : c1 stopRunningTimers
02-19 13:19:47.223 3256 3256 D Navbar.Store: ------------------------set 4294967296 : false
02-19 13:19:47.223 3256 3256 D SysUiState: SysUiState changed: old=0x10060000 new=0x10020000
02-19 13:19:47.223 6890 6890 I HBD : c [PF_EN] saveUserData() 0
02-19 13:19:47.223 6890 6890 I HBD : h0 EBD reset pbc:0 pdc:0
02-19 13:19:47.224 6890 6890 I HBD : w [WPM] sessionTime:1613 wordCount:1 pausedTime:0 wpm:37
02-19 13:19:47.224 6890 6890 I HBD : p historic wpmWordCount:322 wpmSessionTime:2452238 wpmPauseTime:377350 wpm:9
02-19 13:19:47.224 6890 6890 I HBD : p historic(rounded) wpmWordCount:322 wpmSessionTime:2452238 wpmPauseTime:377350 wpm:9
02-19 13:19:47.224 6890 6890 I HBD : j [AiWriter] unLoadOndeviceModel
02-19 13:19:47.224 6890 6890 I ScsApi@ToneConverter: release: false
02-19 13:19:47.224 6890 6890 I ScsApi@Corrector: release: false
02-19 13:19:47.224 6890 6890 I ScsApi@EmojiAugmentor: release: false
02-19 13:19:47.224 6890 6890 I ScsApi@NeuralTranslator: NeuralTranslator -- close() executed
02-19 13:19:47.224 6890 6890 I ScsApi@Translator: release: false
02-19 13:19:47.224 6890 6890 I ScsApi@WritingComposer: release: false
02-19 13:19:47.224 6890 6890 I ScsApi@Configuration: release: false
02-19 13:19:47.224 6890 6890 I HBD : d unbindCurrentHoneyBoard : text_board
02-19 13:19:47.224 6890 6890 I HBD : b onUnbind
02-19 13:19:47.224 3256 3256 D Navbar.Store: ------------------------NavBarStates(0) canUseNavBarBackgroundFrame: true
02-19 13:19:47.225 6890 6890 I HBD : d expression state[false], searchState[0]
02-19 13:19:47.225 3256 3975 I ViewRootImpl@80857f2[NavigationBar0]: Resizing android.view.ViewRootImpl@47aa4f7: frame = [0,2190][904,2316] reportDraw = false forceLayout = false syncSeqId = -1
02-19 13:19:47.225 6890 6890 I HBD : a clear BaseLanguageRepo
02-19 13:19:47.225 3685 21648 I HoneySpace.SystemUiRepository: systemUiFlags: allow_gesture|awake
02-19 13:19:47.226 2334 3009 D ConnectivityService: Removing from current network [186 WIFI], leaving 189 requests.
02-19 13:19:47.226 3256 3256 I ViewRootImpl@80857f2[NavigationBar0]: handleResized, msg = 4 frames=ClientWindowFrames{frame=[0,2190][904,2316] display=[0,0][904,2316] parentFrame=[0,0][0,0]} forceNextWindowRelayout=false displayId=0 dragResizing=false compatScale=1.0 frameChanged=false attachedFrameChanged=false configChanged=false displayChanged=false compatScaleChanged=false
02-19 13:19:47.227 6890 6890 I HBD : d Grammarly stop session 2 ms
02-19 13:19:47.227 6890 6890 I HBD : e onFinishInputView
02-19 13:19:47.227 6890 6890 I HBD : a [StopHoneyVoiceListeningWithReleaseDecorator] stopListeningWithRelease()
02-19 13:19:47.227 6890 6890 I IceCone : e HoneyVoice stopListening by stopListeningWithRelease()
02-19 13:19:47.228 6890 9723 I HBD : w [SKE_LM] saveDynamicModel, false , true
02-19 13:19:47.228 21462 21563 I ViewRootImpl@ccd3137[ExpensifyActivityBase]: Resizing android.view.ViewRootImpl@ff429dd: frame = [0,0][904,2316] reportDraw = false forceLayout = false syncSeqId = -1
02-19 13:19:47.228 3256 3256 D NavigationBarController: setNavigationBarShortcut requestClass : com.samsung.android.honeyboard, remoteViews : null, position : 0, priority : 12
02-19 13:19:47.228 3256 3256 D Navbar.Store: --------------------handleEvent(0) OnSetRemoteView(requestClass=com.samsung.android.honeyboard, remoteViews=null, position=0, priority=12) [Module] NavigationBarController
02-19 13:19:47.228 3256 3256 D Navbar.Store: ----------------------[Band]REMOTE_VIEW_PACK_SET_NAVBAR_SHORTCUT_TO_MANAGER
02-19 13:19:47.228 3685 3813 I HoneySpace.TaskbarEventTracker: invokeEvent() called with: event = SystemUiStateChanged(stateFlags=268566528)
02-19 13:19:47.228 3256 3256 D Navbar.Store: ------------------------apply(0) NavBarStoreAction$UpdateRemoteViewShortcut
02-19 13:19:47.228 3256 3256 D Navbar.Store: ----------------------[Band]GESTURE_PACK_UPDATE_GAMETOOLS_VISIBILITY
02-19 13:19:47.228 3256 3256 D Navbar.Store: ----------------------NavBarStates(0) isGameMode: false
02-19 13:19:47.228 3256 3256 D Navbar.Store: ------------------------apply(0) NavBarStoreAction$UpdateSysUiFlags
02-19 13:19:47.228 3256 3256 D Navbar.Store: ------------------------set 4294967296 : false
02-19 13:19:47.228 3256 3256 D Navbar.Store: ----------------------[Band]TASKBAR_PACK_SET_REMOTEVIEW
02-19 13:19:47.228 3256 3256 D Navbar.Store: ------------------------apply(0) NavBarStoreAction$UpdateTaskBarNavBarEvents
02-19 13:19:47.229 3256 3256 D TaskbarDelegate: handleNavigationBarEvent() TaskbarDelegate is not initialized.
02-19 13:19:47.229 3256 3256 D Navbar.Store: ----------------------[Band]REMOTE_VIEW_PACK_SET_NAVBAR_SHORTCUT_TO_MANAGER
02-19 13:19:47.229 3256 3256 D Navbar.Store: ------------------------apply(0) NavBarStoreAction$InvalidateRemoteView
02-19 13:19:47.229 3256 3256 D Navbar.Store: ------------------------handleEvent(0) OnUpdateRemoteViewContainer(leftContainer=android.widget.LinearLayout{cbd1822 V.E...... .......D 69,0-195,126 #7f0a05af app:id/left_remoteview}, rightContainer=android.widget.LinearLayout{629d2b3 I.E...... ......I. 709,0-835,126 #7f0a08d6 app:id/right_remoteview}, contextualButtonVisible=false, darkIntensity=0.0, displayId=0) [Module] SamsungNavigationBarView
02-19 13:19:47.229 3256 3256 D Navbar.Store: --------------------------[Band]REMOTE_VIEW_PACK_SET_REMOTEVIEW_CONTAINER
02-19 13:19:47.229 3256 3256 D Navbar.Store: ----------------------------apply(0) NavBarStoreAction$UpdateRemoteViewContainer
02-19 13:19:47.229 3256 3256 D Navbar.Store: ----------------------------apply(0) NavBarStoreAction$UpdateRemoteViewDarkIntensity
02-19 13:19:47.229 3685 6677 I HoneySpace.TaskbarVisibilityController: updateTaskbarEvent needToHide:false stateFlags:268566528,keyguardShowing:false
02-19 13:19:47.229 3256 5725 I ViewRootImpl@fa0aba5[StatusBar]: Resizing android.view.ViewRootImpl@87766a0: frame = [0,0][904,87] reportDraw = false forceLayout = false syncSeqId = -1
02-19 13:19:47.230 3685 6677 I HoneySpace.TaskbarVisibilityController: updateVisibility(0) isDock:false occlude:true needToHide:false hideFlag:false launcher:false recent:false minus:false homePackage:false AppPicker:false :: state 0 -> 1
02-19 13:19:47.230 6890 6890 I HBD : HoneyBoardService [PF_CL][onFinishInputView] 18 ms
02-19 13:19:47.230 6890 6890 I HBD : d showInputView requested current = true, applyNow = false
02-19 13:19:47.230 6890 6890 I HBD : HoneyBoardService onWindowHidden
02-19 13:19:47.230 6890 6890 I HBD : HoneyBoardService [PF_CL][onWindowHidden] 0 ms
02-19 13:19:47.232 1603 1603 I Layer : Layer::reparent [3c5e648 NavigationBar0#261402] newParent : Surface(name=3c5e648 NavigationBar0)/@0xe853047 - animation-leash of insets_animation#272782 , isRemovedFromCurrentState : 0 -------------------------
02-19 13:19:47.232 1603 1603 I Layer : Layer::reparent [3c5e648 NavigationBar0#261402] End -------------------------
02-19 13:19:47.233 6890 6890 I HBD : [DirectWriting] DirectWriting hideWindow()
02-19 13:19:47.233 6890 6890 I HBD : [DirectWriting] DirectWriting no request Destroy. current state is jl.h@d47fb74
02-19 13:19:47.234 6194 22654 I SemDvfsHyPerManager: acquire hyper - SIOP_OVER_LIMIT/6194@10, type = 1610616833
02-19 13:19:47.234 6194 6194 I SemDvfsHyPerManager: acquire hyper - BaseTABoost/6194@26, type = 1090523139
02-19 13:19:47.235 3256 3256 D Navbar.Store: ----------------------------NavBarStates(0) canUseNavBarBackgroundFrame: true
02-19 13:19:47.235 1492 1518 I HYPER-HAL: [RequestManager.cpp]acquire(): Acquired ID : 19247920 [6194 / 10] HINT : list : [OverLimit / 2476800]
02-19 13:19:47.236 1492 1518 I HYPER-HAL: [RequestManager.cpp]acquire(): Acquired ID : 19347336 [6194 / 26] HINT : list : [TABoost / 1]
02-19 13:19:47.236 21462 21787 I ViewRootImpl@ccd3137[ExpensifyActivityBase]: mWNT: t=0xb400007c23ca63d0 mBlastBufferQueue=0xb400007d13b6b4f0 fn= 1082 mRenderHdrSdrRatio=1.0 caller= android.view.SyncRtSurfaceTransactionApplier.applyTransaction:96 android.view.SyncRtSurfaceTransactionApplier.lambda$scheduleApply$0:69 android.view.SyncRtSurfaceTransactionApplier.$r8$lambda$SgowXC58rj3PR958kHUfRgLZmvE:0
02-19 13:19:47.236 21462 21462 I InsetsController: onStateChanged: host=org.me.mobiexpensifyg/org.me.mobiexpensifyg.ExpensifyActivityBase, from=android.view.ViewRootImpl$ViewRootHandler.handleMessageImpl:7279, state=InsetsState: {mDisplayFrame=Rect(0, 0 - 904, 2316), mDisplayCutout=DisplayCutout{insets=Rect(0, 87 - 0, 0) waterfall=Insets{left=0, top=0, right=0, bottom=0} boundingRect={Bounds=[Rect(0, 0 - 0, 0), Rect(418, 0 - 486, 87), Rect(0, 0 - 0, 0), Rect(0, 0 - 0, 0)]} cutoutPathParserInfo={CutoutPathParserInfo{displayWidth=904 displayHeight=2316 physicalDisplayWidth=904 physicalDisplayHeight=2316 density={2.625} cutoutSpec={M 0,0 H -12.95238095238095 V 33.14285714285714 H 12.95238095238095 V 0 H 0 Z @dp} rotation={0} scale={1.0} physicalPixelDisplaySizeRatio={1.0}}}}, mRoundedCorners=RoundedCorners{[RoundedCorner{position=TopLeft, radius=53, center=Point(53, 53)}, RoundedCorner{position=TopRight, radius=53, center=Point(851, 53)}, RoundedCorner{position=BottomRight, radius=53, center=Point(851, 2263)}, RoundedCorner{position=BottomLeft, radius=53, center=Point(53, 2263)}]} mRoundedCornerFrame=Rect(0, 0 - 904, 2316), mPrivacyIndicatorBounds=PrivacyIndicatorBounds {static bounds=Rect(788, 0 - 904, 87) rotation=0}, mDisplayShape=DisplayShape{ spec=-311912193 displayWidth=904 displayHeight=2316 physicalPixelDisplaySizeRatio=1.0 rotation=0 offsetX=0 offsetY=0 scale=1.0}, mSources= { InsetsSource: {80a80001 mType=navigationBars mFrame=[0,2277][904,2316] mVisible=true mFlags=[SUPPRESS_SCRIM]}, InsetsSource: {80a80004 mType=systemGestures mFrame=[0,0][78,2316] mVisible=true mFlags=[]}, InsetsSource: {80a80005 mType=mandatorySystemGestures mFrame=[0,2232][904,2316] mVisible=true mFlags=[]}, InsetsSource: {80a80006 mType=tappableElement mFrame=[0,0][0,0] mVisible=true mFlags=[]}, InsetsSource: {80a80024 mType=systemGestures mFrame=[826,0][904,2316] mVisible=true mFlags=[]}, InsetsSource: {d59c0000 mType=statusBars mFrame=[0,0][904,87] mVisible=true mFlags=[]}, InsetsSource: {d59c0005 mType=mandatorySystemGestures mFrame=[0,0][904,119] mVisible=true mFlags=[]}, InsetsSource: {d59c0006 mType=tappableElement mFrame=[0,0][904,87] mVisible=true mFlags=[]}, InsetsSource: {3 mType=ime mFrame=[0,1366][904,2316] mVisible=false mFlags=[]}, InsetsSource: {27 mType=displayCutout mFrame=[0,0][904,87] mVisible=true mFlags=[]} }
02-19 13:19:47.236 21462 21462 I InsetsSourceConsumer: applyRequestedVisibilityToControl: visible=true, type=navigationBars, host=org.me.mobiexpensifyg/org.me.mobiexpensifyg.ExpensifyActivityBase
02-19 13:19:47.237 21462 21462 I ViewRootImpl@ccd3137[ExpensifyActivityBase]: handleResized, msg = 4 frames=ClientWindowFrames{frame=[0,0][904,2316] display=[0,0][904,2316] parentFrame=[0,0][0,0]} forceNextWindowRelayout=false displayId=0 dragResizing=false compatScale=1.0 frameChanged=false attachedFrameChanged=false configChanged=false displayChanged=false compatScaleChanged=false
02-19 13:19:47.237 3256 3256 I ViewRootImpl@fa0aba5[StatusBar]: handleResized, msg = 4 frames=ClientWindowFrames{frame=[0,0][904,87] display=[0,0][904,2316] parentFrame=[0,0][0,0]} forceNextWindowRelayout=false displayId=0 dragResizing=false compatScale=1.0 frameChanged=false attachedFrameChanged=false configChanged=false displayChanged=false compatScaleChanged=false
02-19 13:19:47.237 21462 21462 W WindowOnBackDispatcher: sendCancelIfRunning: isInProgress=falsecallback=ImeCallback=ImeOnBackInvokedCallback@96634296 Callback=android.window.IOnBackInvokedCallback$Stub$Proxy@2438a30
02-19 13:19:47.237 3256 3256 D FlexPanelInteractor: not support state, mMwEnabled=true, mIsTableMode=false, mDesktopMode=false, mIsImeShowing=false, mIsQuickPanelShowing=false, mIsTaskBarAppsEnabled=false, mIsGlobalActionVisible=false, mOnRecentsAnimation=false, isSupportRotation=false, isKeyguardShowing=false, isEmergencyMode=false
02-19 13:19:47.237 3256 3256 D FlexPanelInteractor: startFloatingIcon: extra=display_floating_icon_clear
02-19 13:19:47.237 2334 3990 D CoreBackPreview: Window{9a77eef u0 org.me.mobiexpensifyg/org.me.mobiexpensifyg.ExpensifyActivityBase}: Setting back callback OnBackInvokedCallbackInfo{mCallback=android.window.IOnBackInvokedCallback$Stub$Proxy@fd63a46, mPriority=0, mIsAnimationCallback=false}
02-19 13:19:47.239 6890 22653 I HBD : c1 requestCursorUpdates(0), 10
02-19 13:19:47.239 3256 3256 I ControlPanelService: startId : 17165
02-19 13:19:47.240 3256 3256 D NavigationBarController: setNavigationBarShortcut requestClass : com.android.wm.shell.controlpanel.activity.FlexPanelActivity, remoteViews : null, position : 0, priority : 11
02-19 13:19:47.240 21462 21786 I ViewRootImpl@ccd3137[ExpensifyActivityBase]: mWNT: t=0xb400007c23d0cd90 mBlastBufferQueue=0xb400007d13b6b4f0 fn= 1083 mRenderHdrSdrRatio=1.0 caller= android.view.SyncRtSurfaceTransactionApplier.applyTransaction:96 android.view.SyncRtSurfaceTransactionApplier.lambda$scheduleApply$0:69 android.view.SyncRtSurfaceTransactionApplier.$r8$lambda$SgowXC58rj3PR958kHUfRgLZmvE:0
02-19 13:19:47.241 3256 3256 D Navbar.Store: --------------------handleEvent(0) OnSetRemoteView(requestClass=com.android.wm.shell.controlpanel.activity.FlexPanelActivity, remoteViews=null, position=0, priority=11) [Module] NavigationBarController
02-19 13:19:47.241 3256 3256 D Navbar.Store: ----------------------[Band]REMOTE_VIEW_PACK_SET_NAVBAR_SHORTCUT_TO_MANAGER
02-19 13:19:47.242 3256 3256 D Navbar.Store: ------------------------apply(0) NavBarStoreAction$UpdateRemoteViewShortcut
02-19 13:19:47.242 3256 3256 D Navbar.Store: ----------------------[Band]GESTURE_PACK_UPDATE_GAMETOOLS_VISIBILITY
02-19 13:19:47.242 3256 3256 D Navbar.Store: ----------------------NavBarStates(0) isGameMode: false
02-19 13:19:47.242 3256 3256 D Navbar.Store: ------------------------apply(0) NavBarStoreAction$UpdateSysUiFlags
02-19 13:19:47.242 3256 3256 D Navbar.Store: ------------------------set 4294967296 : false
02-19 13:19:47.242 3256 3256 D Navbar.Store: ----------------------[Band]TASKBAR_PACK_SET_REMOTEVIEW
02-19 13:19:47.242 3256 3256 D Navbar.Store: ------------------------apply(0) NavBarStoreAction$UpdateTaskBarNavBarEvents
02-19 13:19:47.242 3256 3256 D TaskbarDelegate: handleNavigationBarEvent() TaskbarDelegate is not initialized.
02-19 13:19:47.242 3256 3256 D Navbar.Store: ----------------------[Band]REMOTE_VIEW_PACK_SET_NAVBAR_SHORTCUT_TO_MANAGER
02-19 13:19:47.242 3256 3256 D Navbar.Store: ------------------------apply(0) NavBarStoreAction$InvalidateRemoteView
02-19 13:19:47.242 3256 3256 D Navbar.Store: ------------------------handleEvent(0) OnUpdateRemoteViewContainer(leftContainer=android.widget.LinearLayout{cbd1822 I.E...... ......ID 69,0-195,126 #7f0a05af app:id/left_remoteview}, rightContainer=android.widget.LinearLayout{629d2b3 I.E...... ......I. 709,0-835,126 #7f0a08d6 app:id/right_remoteview}, contextualButtonVisible=false, darkIntensity=0.0, displayId=0) [Module] SamsungNavigationBarView
02-19 13:19:47.242 3256 3256 D Navbar.Store: --------------------------[Band]REMOTE_VIEW_PACK_SET_REMOTEVIEW_CONTAINER
02-19 13:19:47.242 3256 3256 D Navbar.Store: ----------------------------apply(0) NavBarStoreAction$UpdateRemoteViewContainer
02-19 13:19:47.242 3256 3256 D Navbar.Store: ----------------------------apply(0) NavBarStoreAction$UpdateRemoteViewDarkIntensity
02-19 13:19:47.242 6890 6890 I HBD : d CACHEDIC Text might be changed by view
02-19 13:19:47.244 21462 21787 I ViewRootImpl@ccd3137[ExpensifyActivityBase]: mWNT: t=0xb400007c23d093d0 mBlastBufferQueue=0xb400007d13b6b4f0 fn= 1084 mRenderHdrSdrRatio=1.0 caller= android.view.SyncRtSurfaceTransactionApplier.applyTransaction:96 android.view.SyncRtSurfaceTransactionApplier.lambda$scheduleApply$0:69 android.view.SyncRtSurfaceTransactionApplier.$r8$lambda$SgowXC58rj3PR958kHUfRgLZmvE:0
02-19 13:19:47.244 6890 6890 I HBD : c IIFO[r:668ddad04d][type:finish]
02-19 13:19:47.246 6890 6890 I BLASTBufferQueue_Java: update, w= 904 h= 2229 mName = ViewRootImpl@1cdd9d5[InputMethod] mNativeObject= 0xb400007d13b663b0 sc.mNativeObject= 0xb400007bd3b5f3d0 format= -2 caller= android.view.ViewRootImpl.updateBlastSurfaceIfNeeded:3074 android.view.ViewRootImpl.relayoutWindow:10224 android.view.ViewRootImpl.performTraversals:4167 android.view.ViewRootImpl.doTraversal:3345 android.view.ViewRootImpl$TraversalRunnable.run:11437 android.view.Choreographer$CallbackRecord.run:1690
02-19 13:19:47.246 2334 4248 V WindowManager: Relayout Window{1b8f22f u0 InputMethod}: viewVisibility=0 req=904x2229 ty=2011 d0
02-19 13:19:47.246 6890 6890 I ViewRootImpl@1cdd9d5[InputMethod]: Relayout returned: old=(0,87,904,2316) new=(0,87,904,2316) relayoutAsync=true req=(904,2229)0 dur=0 res=0x0 s={true 0xb400007b33bce380} ch=false seqId=171
02-19 13:19:47.247 6890 6890 I ViewRootImpl@1cdd9d5[InputMethod]: registerCallbackForPendingTransactions
02-19 13:19:47.247 2334 4248 V WindowManager: Relayout hash=1b8f22f, pid=0, syncId=-1: mAttrs={(0,0)(fillxfill) gr=BOTTOM CENTER_VERTICAL sim={adjust=resize} ty=INPUT_METHOD fmt=TRANSPARENT wanim=0x7f1401b1 preferredMinDisplayRefreshRate=60.0 receive insets ignoring z-order
02-19 13:19:47.247 2334 4248 V WindowManager: fl=81800108
02-19 13:19:47.247 2334 4248 V WindowManager: pfl=12000000
02-19 13:19:47.247 2334 4248 V WindowManager: bhv=DEFAULT
02-19 13:19:47.247 2334 4248 V WindowManager: fitTypes=STATUS_BARS NAVIGATION_BARS
02-19 13:19:47.247 2334 4248 V WindowManager: fitSides=LEFT TOP RIGHT
02-19 13:19:47.247 2334 4248 V WindowManager: fitIgnoreVis
02-19 13:19:47.247 2334 4248 V WindowManager: dimAmount=4.6816468E-4 dimDuration=150 naviIconColor=0}
02-19 13:19:47.248 6890 14171 I ViewRootImpl@1cdd9d5[InputMethod]: mWNT: t=0xb400007c23bab0b0 mBlastBufferQueue=0xb400007d13b663b0 fn= 47 mRenderHdrSdrRatio=1.0 caller= android.view.ViewRootImpl$6.onFrameDraw:5705 android.view.ViewRootImpl$2.onFrameDraw:2190 android.view.ThreadedRenderer$1.onFrameDraw:792
02-19 13:19:47.250 6890 6890 I HBD : HoneyBoardService onTrimMemory 20
02-19 13:19:47.250 6890 6890 I HBD : d Init expand button state by global layout listener
02-19 13:19:47.250 6890 6890 I HBD : h container vis= false
02-19 13:19:47.251 2334 3990 V WindowManager: Relayout Window{1b8f22f u0 InputMethod}: viewVisibility=0 req=904x2229 ty=2011 d0
02-19 13:19:47.251 6890 6890 I BLASTBufferQueue_Java: update, w= 904 h= 2229 mName = ViewRootImpl@1cdd9d5[InputMethod] mNativeObject= 0xb400007d13b663b0 sc.mNativeObject= 0xb400007bd3b5f3d0 format= -2 caller= android.view.ViewRootImpl.updateBlastSurfaceIfNeeded:3074 android.view.ViewRootImpl.relayoutWindow:10224 android.view.ViewRootImpl.performTraversals:4167 android.view.ViewRootImpl.doTraversal:3345 android.view.ViewRootImpl$TraversalRunnable.run:11437 android.view.Choreographer$CallbackRecord.run:1690
02-19 13:19:47.251 6890 6890 I ViewRootImpl@1cdd9d5[InputMethod]: Relayout returned: old=(0,87,904,2316) new=(0,87,904,2316) relayoutAsync=true req=(904,2229)0 dur=0 res=0x0 s={true 0xb400007b33bce380} ch=false seqId=171
02-19 13:19:47.252 6890 6890 I HBD : d Init expand button state by global layout listener
02-19 13:19:47.252 6890 6890 I ViewRootImpl@1cdd9d5[InputMethod]: registerCallbackForPendingTransactions
02-19 13:19:47.253 2334 3990 V WindowManager: Relayout hash=1b8f22f, pid=0, syncId=-1: mAttrs={(0,0)(fillxfill) gr=BOTTOM CENTER_VERTICAL sim={adjust=pan} ty=INPUT_METHOD fmt=TRANSPARENT wanim=0x7f1401b1 preferredMinDisplayRefreshRate=60.0 receive insets ignoring z-order
02-19 13:19:47.253 2334 3990 V WindowManager: fl=81800108
02-19 13:19:47.253 2334 3990 V WindowManager: pfl=12000000
02-19 13:19:47.253 2334 3990 V WindowManager: bhv=DEFAULT
02-19 13:19:47.253 2334 3990 V WindowManager: fitTypes=STATUS_BARS NAVIGATION_BARS
02-19 13:19:47.253 2334 3990 V WindowManager: fitSides=LEFT TOP RIGHT
02-19 13:19:47.253 2334 3990 V WindowManager: fitIgnoreVis
02-19 13:19:47.253 2334 3990 V WindowManager: dimAmount=4.6816468E-4 dimDuration=150 naviIconColor=0}
02-19 13:19:47.253 6890 14170 I ViewRootImpl@1cdd9d5[InputMethod]: mWNT: t=0xb400007c23ba8cf0 mBlastBufferQueue=0xb400007d13b663b0 fn= 48 mRenderHdrSdrRatio=1.0 caller= android.view.ViewRootImpl$6.onFrameDraw:5705 android.view.ViewRootImpl$2.onFrameDraw:2190 android.view.ThreadedRenderer$1.onFrameDraw:792
02-19 13:19:47.257 21462 21786 I ViewRootImpl@ccd3137[ExpensifyActivityBase]: mWNT: t=0xb400007c23ceccb0 mBlastBufferQueue=0xb400007d13b6b4f0 fn= 1085 mRenderHdrSdrRatio=1.0 caller= android.view.SyncRtSurfaceTransactionApplier.applyTransaction:96 android.view.SyncRtSurfaceTransactionApplier.lambda$scheduleApply$0:69 android.view.SyncRtSurfaceTransactionApplier.$r8$lambda$SgowXC58rj3PR958kHUfRgLZmvE:0
02-19 13:19:47.269 21462 21787 I ViewRootImpl@ccd3137[ExpensifyActivityBase]: mWNT: t=0xb400007c23cf0670 mBlastBufferQueue=0xb400007d13b6b4f0 fn= 1086 mRenderHdrSdrRatio=1.0 caller= android.view.SyncRtSurfaceTransactionApplier.applyTransaction:96 android.view.SyncRtSurfaceTransactionApplier.lambda$scheduleApply$0:69 android.view.SyncRtSurfaceTransactionApplier.$r8$lambda$SgowXC58rj3PR958kHUfRgLZmvE:0
02-19 13:19:47.272 21462 21786 I ViewRootImpl@ccd3137[ExpensifyActivityBase]: mWNT: t=0xb400007c23cfa330 mBlastBufferQueue=0xb400007d13b6b4f0 fn= 1087 mRenderHdrSdrRatio=1.0 caller= android.view.SyncRtSurfaceTransactionApplier.applyTransaction:96 android.view.SyncRtSurfaceTransactionApplier.lambda$scheduleApply$0:69 android.view.SyncRtSurfaceTransactionApplier.$r8$lambda$SgowXC58rj3PR958kHUfRgLZmvE:0
02-19 13:19:47.276 21462 21787 I ViewRootImpl@ccd3137[ExpensifyActivityBase]: mWNT: t=0xb400007c23cfc430 mBlastBufferQueue=0xb400007d13b6b4f0 fn= 1088 mRenderHdrSdrRatio=1.0 caller= android.view.SyncRtSurfaceTransactionApplier.applyTransaction:96 android.view.SyncRtSurfaceTransactionApplier.lambda$scheduleApply$0:69 android.view.SyncRtSurfaceTransactionApplier.$r8$lambda$SgowXC58rj3PR958kHUfRgLZmvE:0
02-19 13:19:47.285 21462 21786 I ViewRootImpl@ccd3137[ExpensifyActivityBase]: mWNT: t=0xb400007c23cfcc70 mBlastBufferQueue=0xb400007d13b6b4f0 fn= 1089 mRenderHdrSdrRatio=1.0 caller= android.view.SyncRtSurfaceTransactionApplier.applyTransaction:96 android.view.SyncRtSurfaceTransactionApplier.lambda$scheduleApply$0:69 android.view.SyncRtSurfaceTransactionApplier.$r8$lambda$SgowXC58rj3PR958kHUfRgLZmvE:0
02-19 13:19:47.288 6890 9723 I HBD : w [SKE_LM] writeDynamicModel
02-19 13:19:47.296 21462 21787 I ViewRootImpl@ccd3137[ExpensifyActivityBase]: mWNT: t=0xb400007c23cfa5f0 mBlastBufferQueue=0xb400007d13b6b4f0 fn= 1090 mRenderHdrSdrRatio=1.0 caller= android.view.SyncRtSurfaceTransactionApplier.applyTransaction:96 android.view.SyncRtSurfaceTransactionApplier.lambda$scheduleApply$0:69 android.view.SyncRtSurfaceTransactionApplier.$r8$lambda$SgowXC58rj3PR958kHUfRgLZmvE:0
02-19 13:19:47.304 21462 21786 I ViewRootImpl@ccd3137[ExpensifyActivityBase]: mWNT: t=0xb400007c23cfde50 mBlastBufferQueue=0xb400007d13b6b4f0 fn= 1091 mRenderHdrSdrRatio=1.0 caller= android.view.SyncRtSurfaceTransactionApplier.applyTransaction:96 android.view.SyncRtSurfaceTransactionApplier.lambda$scheduleApply$0:69 android.view.SyncRtSurfaceTransactionApplier.$r8$lambda$SgowXC58rj3PR958kHUfRgLZmvE:0
02-19 13:19:47.311 21462 21787 I ViewRootImpl@ccd3137[ExpensifyActivityBase]: mWNT: t=0xb400007c23cfb7d0 mBlastBufferQueue=0xb400007d13b6b4f0 fn= 1092 mRenderHdrSdrRatio=1.0 caller= android.view.SyncRtSurfaceTransactionApplier.applyTransaction:96 android.view.SyncRtSurfaceTransactionApplier.lambda$scheduleApply$0:69 android.view.SyncRtSurfaceTransactionApplier.$r8$lambda$SgowXC58rj3PR958kHUfRgLZmvE:0
02-19 13:19:47.320 21462 21786 I ViewRootImpl@ccd3137[ExpensifyActivityBase]: mWNT: t=0xb400007c23cfc850 mBlastBufferQueue=0xb400007d13b6b4f0 fn= 1093 mRenderHdrSdrRatio=1.0 caller= android.view.SyncRtSurfaceTransactionApplier.applyTransaction:96 android.view.SyncRtSurfaceTransactionApplier.lambda$scheduleApply$0:69 android.view.SyncRtSurfaceTransactionApplier.$r8$lambda$SgowXC58rj3PR958kHUfRgLZmvE:0
02-19 13:19:47.332 21462 21787 I ViewRootImpl@ccd3137[ExpensifyActivityBase]: mWNT: t=0xb400007c23bd8810 mBlastBufferQueue=0xb400007d13b6b4f0 fn= 1094 mRenderHdrSdrRatio=1.0 caller= android.view.SyncRtSurfaceTransactionApplier.applyTransaction:96 android.view.SyncRtSurfaceTransactionApplier.lambda$scheduleApply$0:69 android.view.SyncRtSurfaceTransactionApplier.$r8$lambda$SgowXC58rj3PR958kHUfRgLZmvE:0
02-19 13:19:47.336 21462 21786 I ViewRootImpl@ccd3137[ExpensifyActivityBase]: mWNT: t=0xb400007c23b9e3d0 mBlastBufferQueue=0xb400007d13b6b4f0 fn= 1095 mRenderHdrSdrRatio=1.0 caller= android.view.SyncRtSurfaceTransactionApplier.applyTransaction:96 android.view.SyncRtSurfaceTransactionApplier.lambda$scheduleApply$0:69 android.view.SyncRtSurfaceTransactionApplier.$r8$lambda$SgowXC58rj3PR958kHUfRgLZmvE:0
02-19 13:19:47.346 21462 21787 I ViewRootImpl@ccd3137[ExpensifyActivityBase]: mWNT: t=0xb400007c23b6f7d0 mBlastBufferQueue=0xb400007d13b6b4f0 fn= 1096 mRenderHdrSdrRatio=1.0 caller= android.view.SyncRtSurfaceTransactionApplier.applyTransaction:96 android.view.SyncRtSurfaceTransactionApplier.lambda$scheduleApply$0:69 android.view.SyncRtSurfaceTransactionApplier.$r8$lambda$SgowXC58rj3PR958kHUfRgLZmvE:0
02-19 13:19:47.354 21462 21786 I ViewRootImpl@ccd3137[ExpensifyActivityBase]: mWNT: t=0xb400007c23ba6250 mBlastBufferQueue=0xb400007d13b6b4f0 fn= 1097 mRenderHdrSdrRatio=1.0 caller= android.view.SyncRtSurfaceTransactionApplier.applyTransaction:96 android.view.SyncRtSurfaceTransactionApplier.lambda$scheduleApply$0:69 android.view.SyncRtSurfaceTransactionApplier.$r8$lambda$SgowXC58rj3PR958kHUfRgLZmvE:0
02-19 13:19:47.360 21462 21787 I ViewRootImpl@ccd3137[ExpensifyActivityBase]: mWNT: t=0xb400007c23b6ecd0 mBlastBufferQueue=0xb400007d13b6b4f0 fn= 1098 mRenderHdrSdrRatio=1.0 caller= android.view.SyncRtSurfaceTransactionApplier.applyTransaction:96 android.view.SyncRtSurfaceTransactionApplier.lambda$scheduleApply$0:69 android.view.SyncRtSurfaceTransactionApplier.$r8$lambda$SgowXC58rj3PR958kHUfRgLZmvE:0
02-19 13:19:47.368 21462 21786 I ViewRootImpl@ccd3137[ExpensifyActivityBase]: mWNT: t=0xb400007c23c17c10 mBlastBufferQueue=0xb400007d13b6b4f0 fn= 1099 mRenderHdrSdrRatio=1.0 caller= android.view.SyncRtSurfaceTransactionApplier.applyTransaction:96 android.view.SyncRtSurfaceTransactionApplier.lambda$scheduleApply$0:69 android.view.SyncRtSurfaceTransactionApplier.$r8$lambda$SgowXC58rj3PR958kHUfRgLZmvE:0
02-19 13:19:47.379 21462 21787 I ViewRootImpl@ccd3137[ExpensifyActivityBase]: mWNT: t=0xb400007c23cf0eb0 mBlastBufferQueue=0xb400007d13b6b4f0 fn= 1100 mRenderHdrSdrRatio=1.0 caller= android.view.SyncRtSurfaceTransactionApplier.applyTransaction:96 android.view.SyncRtSurfaceTransactionApplier.lambda$scheduleApply$0:69 android.view.SyncRtSurfaceTransactionApplier.$r8$lambda$SgowXC58rj3PR958kHUfRgLZmvE:0
02-19 13:19:47.388 21462 21786 I ViewRootImpl@ccd3137[ExpensifyActivityBase]: mWNT: t=0xb400007c23c70c90 mBlastBufferQueue=0xb400007d13b6b4f0 fn= 1101 mRenderHdrSdrRatio=1.0 caller= android.view.SyncRtSurfaceTransactionApplier.applyTransaction:96 android.view.SyncRtSurfaceTransactionApplier.lambda$scheduleApply$0:69 android.view.SyncRtSurfaceTransactionApplier.$r8$lambda$SgowXC58rj3PR958kHUfRgLZmvE:0
02-19 13:19:47.393 21462 21787 I ViewRootImpl@ccd3137[ExpensifyActivityBase]: mWNT: t=0xb400007c23cbbb90 mBlastBufferQueue=0xb400007d13b6b4f0 fn= 1102 mRenderHdrSdrRatio=1.0 caller= android.view.SyncRtSurfaceTransactionApplier.applyTransaction:96 android.view.SyncRtSurfaceTransactionApplier.lambda$scheduleApply$0:69 android.view.SyncRtSurfaceTransactionApplier.$r8$lambda$SgowXC58rj3PR958kHUfRgLZmvE:0
02-19 13:19:47.396 1603 1760 D RenderEngine: [SEC_GC_CMN_SF_EFFECTS] drawLayersInternal,1279, Rendering layer at index 0
02-19 13:19:47.396 1603 1760 D RenderEngine: [SEC_GC_CMN_SF_EFFECTS] drawLayersInternal,1279, Rendering layer org.me.mobiexpensifyg/org.me.mobiexpensifyg.ExpensifyActivityBase$_21462#272730 at index 1
02-19 13:19:47.396 1603 1760 D RenderEngine: [SEC_GC_CMN_SF_EFFECTS] drawLayersInternal,1279, Rendering layer InputMethod$_6890#272781 at index 2
02-19 13:19:47.404 21462 21786 I ViewRootImpl@ccd3137[ExpensifyActivityBase]: mWNT: t=0xb400007c23cd7e90 mBlastBufferQueue=0xb400007d13b6b4f0 fn= 1103 mRenderHdrSdrRatio=1.0 caller= android.view.SyncRtSurfaceTransactionApplier.applyTransaction:96 android.view.SyncRtSurfaceTransactionApplier.lambda$scheduleApply$0:69 android.view.SyncRtSurfaceTransactionApplier.$r8$lambda$SgowXC58rj3PR958kHUfRgLZmvE:0
02-19 13:19:47.418 21462 21787 I ViewRootImpl@ccd3137[ExpensifyActivityBase]: mWNT: t=0xb400007c23cf96d0 mBlastBufferQueue=0xb400007d13b6b4f0 fn= 1104 mRenderHdrSdrRatio=1.0 caller= android.view.SyncRtSurfaceTransactionApplier.applyTransaction:96 android.view.SyncRtSurfaceTransactionApplier.lambda$scheduleApply$0:69 android.view.SyncRtSurfaceTransactionApplier.$r8$lambda$SgowXC58rj3PR958kHUfRgLZmvE:0
02-19 13:19:47.422 21462 21786 I ViewRootImpl@ccd3137[ExpensifyActivityBase]: mWNT: t=0xb400007c23ca4dd0 mBlastBufferQueue=0xb400007d13b6b4f0 fn= 1105 mRenderHdrSdrRatio=1.0 caller= android.view.SyncRtSurfaceTransactionApplier.applyTransaction:96 android.view.SyncRtSurfaceTransactionApplier.lambda$scheduleApply$0:69 android.view.SyncRtSurfaceTransactionApplier.$r8$lambda$SgowXC58rj3PR958kHUfRgLZmvE:0
02-19 13:19:47.428 21462 21787 I ViewRootImpl@ccd3137[ExpensifyActivityBase]: mWNT: t=0xb400007c23cf1dd0 mBlastBufferQueue=0xb400007d13b6b4f0 fn= 1106 mRenderHdrSdrRatio=1.0 caller= android.view.SyncRtSurfaceTransactionApplier.applyTransaction:96 android.view.SyncRtSurfaceTransactionApplier.lambda$scheduleApply$0:69 android.view.SyncRtSurfaceTransactionApplier.$r8$lambda$SgowXC58rj3PR958kHUfRgLZmvE:0
02-19 13:19:47.432 2334 2444 I GestureDetector: handleMessage TAP
02-19 13:19:47.433 2334 2334 I GestureDetector: handleMessage TAP
02-19 13:19:47.441 21462 21786 I ViewRootImpl@ccd3137[ExpensifyActivityBase]: mWNT: t=0xb400007c23baa9d0 mBlastBufferQueue=0xb400007d13b6b4f0 fn= 1107 mRenderHdrSdrRatio=1.0 caller= android.view.SyncRtSurfaceTransactionApplier.applyTransaction:96 android.view.SyncRtSurfaceTransactionApplier.lambda$scheduleApply$0:69 android.view.SyncRtSurfaceTransactionApplier.$r8$lambda$SgowXC58rj3PR958kHUfRgLZmvE:0
02-19 13:19:47.442 2334 4248 D InputMethodManagerService: isImeSwitcherDisabledPackage : false
02-19 13:19:47.443 3256 3256 D NavigationBar: setImeWindowStatus displayId=0 vis=0 backDisposition=0 showImeSwitcher=false imeShown=false
02-19 13:19:47.445 21462 21787 I ViewRootImpl@ccd3137[ExpensifyActivityBase]: mWNT: t=0xb400007c23ba5750 mBlastBufferQueue=0xb400007d13b6b4f0 fn= 1108 mRenderHdrSdrRatio=1.0 caller= android.view.SyncRtSurfaceTransactionApplier.applyTransaction:96 android.view.SyncRtSurfaceTransactionApplier.lambda$scheduleApply$0:69 android.view.SyncRtSurfaceTransactionApplier.$r8$lambda$SgowXC58rj3PR958kHUfRgLZmvE:0
