02-19 13:19:57.756 1603 1760 D RenderEngine: [SEC_GC_CMN_SF_EFFECTS] drawLayersInternal,1279, Rendering layer org.me.mobiexpensifyg/org.me.mobiexpensifyg.ExpensifyActivityBase$_21462#272730 at index 1
02-19 13:19:57.765 1603 1745 I VSyncReactor: Current= 24, Period= 120, hwcPeriod= 120
02-19 13:19:57.792 2334 2334 I SemDvfsHyPerManager: acquire hyper - WM_SCROLL_DETECTED/2334@2, type = 268443651
02-19 13:19:57.793 1492 1518 I HYPER-HAL: [RequestManager.cpp]acquire(): Acquired ID : 2729618 [2334 / 2] HINT : list : [CoreNumBigMin / 3]
02-19 13:19:57.842 21462 21859 W Kumiho-Kumiho: isSupportedFormat: Format is not supported
02-19 13:19:57.842 21462 21859 D OpenGLRenderer: --- Failed to create image decoder with message 'unimplemented'
02-19 13:19:57.842 21462 21859 W Kumiho-Kumiho: isSupportedFormat: Format is not supported
02-19 13:19:57.842 21462 21859 D OpenGLRenderer: --- Failed to create image decoder with message 'unimplemented'
02-19 13:19:57.843 21462 21859 W Kumiho-Kumiho: isSupportedFormat: Format is not supported
02-19 13:19:57.843 21462 21859 D OpenGLRenderer: --- Failed to create image decoder with message 'unimplemented'
02-19 13:19:57.843 21462 21859 W Kumiho-Kumiho: isSupportedFormat: Format is not supported
02-19 13:19:57.843 21462 21859 D OpenGLRenderer: --- Failed to create image decoder with message 'unimplemented'
02-19 13:19:57.843 21462 21859 W Kumiho-Kumiho: isSupportedFormat: Format is not supported
02-19 13:19:57.843 21462 21859 D OpenGLRenderer: --- Failed to create image decoder with message 'unimplemented'
02-19 13:19:57.843 21462 21859 W Kumiho-Kumiho: isSupportedFormat: Format is not supported
02-19 13:19:57.843 21462 21859 D OpenGLRenderer: --- Failed to create image decoder with message 'unimplemented'
02-19 13:19:57.849 6194 6194 I SemDvfsHyPerManager: acquire hyper - TABoost/6194@27, type = 1090523139
02-19 13:19:57.849 1492 1518 I HYPER-HAL: [RequestManager.cpp]releaseLocked(): Released ID : 19353558
02-19 13:19:57.849 1492 1518 I HYPER-HAL: [RequestManager.cpp]acquire(): Acquired ID : 19353558 [6194 / 27] HINT : list : [TABoost / 1] [TIMEOUT / 1500]
02-19 13:19:57.861 1492 22684 I HYPER-HAL: [RequestManager.cpp]releaseLocked(): Released ID : 2793095
02-19 13:19:57.862 1603 1760 D RenderEngine: [SEC_GC_CMN_SF_EFFECTS] drawLayersInternal,1279, Rendering layer at index 0
02-19 13:19:57.862 1603 1760 D RenderEngine: [SEC_GC_CMN_SF_EFFECTS] drawLayersInternal,1279, Rendering layer org.me.mobiexpensifyg/org.me.mobiexpensifyg.ExpensifyActivityBase$_21462#272730 at index 1
02-19 13:19:57.892 2334 6292 D PhoneWindowManagerExt: f.b. a=false id=50052 he=true ksno=false uid=11571 callingPackage=org.me.mobiexpensifyg reason=null Caller=com.android.server.policy.PhoneWindowManager.performHapticFeedback:7340 com.android.server.wm.Session.performHapticFeedback:334 com.android.server.wm.Session.performHapticFeedbackAsync:343 android.view.IWindowSession$Stub.onTransact:872 com.android.server.wm.Session.onTransact:204
02-19 13:19:57.892 2334 6292 D VibratorManagerService: vibrate - uid: 11571, opPkg: org.me.mobiexpensifyg, effect: Mono{mEffect=Composed{segments=[SemHaptic{mType=50052, mMagnitude=-1}], repeat=-1, mMagnitudeType=TYPE_TOUCH}}, attrs: VibrationAttributes: Usage=TOUCH Audio Usage= USAGE_UNKNOWN tags= Flags=0, reason: null, token: android.os.Binder@64b9995
02-19 13:19:57.892 2334 6292 D VibratorManagerService: converted usage = TOUCH(18)
02-19 13:19:57.892 2334 6292 D VibratorManagerService: semIndexVibrate : EFFECT_END_SPRING(28), repeat: -1, usage: TOUCH(18), magnitude: 4000
02-19 13:19:57.892 2334 6292 D VibratorManagerService: Starting vibrate for vibration 6770
02-19 13:19:57.893 2334 2903 D SemHapticStep: sepIndex=28, intensity=4000, repeat=false, duration=100
02-19 13:19:57.893 2334 2903 D SemHapticStep: Turning on vibrator 0 for 100ms
02-19 13:19:57.894 2334 2918 D InputReader: Btn_touch(9): value=0 when=263098.638596
02-19 13:19:57.894 2334 2918 I InputReader: Touch event's action is 0x1 (id=6, t=0) [pCnt=1, s=] when=263098.638596
02-19 13:19:57.895 2334 2917 I InputDispatcher: Delivering touch to (21462): action: 0x1, f=0x0, d=0, '9a77eef', t=1
02-19 13:19:57.896 1570 1570 E SecVibrator-HAL-AIDL-EXT: V_4_0: performPrebakedHapticPattern 28 : 4000 : 0
02-19 13:19:57.896 1570 1570 E SecVibrator-HAL-AIDL-CORE: HW_API: [setForceFeedbackAmplitude]amplitude: 4000
02-19 13:19:57.896 3685 3685 I HoneySpace.GestureInputHandler: reset
02-19 13:19:57.896 3685 3685 I HoneySpace.InputSession: close
02-19 13:19:57.896 21462 21462 I ViewRootImpl@ccd3137[ExpensifyActivityBase]: ViewPostIme pointer 1
02-19 13:19:57.897 2334 6292 D PhoneWindowManagerExt: f.b. a=false id=50052 he=true ksno=false uid=11571 callingPackage=org.me.mobiexpensifyg reason=null Caller=com.android.server.policy.PhoneWindowManager.performHapticFeedback:7340 com.android.server.wm.Session.performHapticFeedback:334 com.android.server.wm.Session.performHapticFeedbackAsync:343 android.view.IWindowSession$Stub.onTransact:872 com.android.server.wm.Session.onTransact:204
02-19 13:19:57.897 2334 2334 I SemDvfsHyPerManager: acquire hyper - GESTURE_DETECTED_HRR/2334@29, type = -999
02-19 13:19:57.897 2334 6292 D VibratorManagerService: vibrate - uid: 11571, opPkg: org.me.mobiexpensifyg, effect: Mono{mEffect=Composed{segments=[SemHaptic{mType=50052, mMagnitude=-1}], repeat=-1, mMagnitudeType=TYPE_TOUCH}}, attrs: VibrationAttributes: Usage=TOUCH Audio Usage= USAGE_UNKNOWN tags= Flags=0, reason: null, token: android.os.Binder@64b9995
02-19 13:19:57.897 2334 6292 D VibratorManagerService: converted usage = TOUCH(18)
02-19 13:19:57.897 2334 2334 I SemDvfsHyPerManager: acquire hyper - GESTURE_DETECTED_HRR/2334@29, type = -999
02-19 13:19:57.897 2334 6292 D VibratorManagerService: semIndexVibrate : EFFECT_END_SPRING(28), repeat: -1, usage: TOUCH(18), magnitude: 4000
02-19 13:19:57.897 2334 6292 D VibratorManagerService: Starting vibrate for vibration 6771
02-19 13:19:57.897 2334 2334 I SemDvfsHyPerManager: acquire hyper - SMOOTH_SCROLL/2334@22, type = -999
02-19 13:19:57.898 1492 1518 I HYPER-HAL: [RequestManager.cpp]releaseLocked(): Released ID : 2729618
02-19 13:19:57.898 1492 1518 I HYPER-HAL: [RequestManager.cpp]acquire(): Acquired ID : 2793095 [2334 / 29] HINT : GESTURE_DETECTED_HRR list : [TIMEOUT / 2119]
02-19 13:19:57.899 20340 20340 I wpa_supplicant: Heartbeat 1557
02-19 13:19:57.900 1492 1518 I HYPER-HAL: [RequestManager.cpp]acquire(): Acquired ID : 2793095 [2334 / 29] HINT : GESTURE_DETECTED_HRR list : [TIMEOUT / 2119]
02-19 13:19:57.913 1570 1570 E SecVibrator-HAL-AIDL-CORE: HW_API: [uploadForceFeedbackeffect]ioctl success ,uploaded effect with ID: 0
02-19 13:19:57.913 1570 1570 E SecVibrator-HAL-AIDL-CORE: HW_API: do_on for timeoutMs: 1000
02-19 13:19:57.917 1570 1570 E SecVibrator-HAL-AIDL-CORE: HW_API: [uploadForceFeedbackeffect]ioctl success ,uploaded effect with ID: 0
02-19 13:19:57.917 1570 1570 E SecVibrator-HAL-AIDL-CORE: HW_API: [triggerForceFeedbackVibration]on: 1
02-19 13:19:57.918 1570 1570 E SecVibrator-HAL-AIDL-CORE: V_2_0: Vibrator off
02-19 13:19:57.918 1570 1570 E SecVibrator-HAL-AIDL-CORE: HW_API: do_off
02-19 13:19:57.918 1570 1570 E SecVibrator-HAL-AIDL-CORE: HW_API: [triggerForceFeedbackVibration]on: 0
02-19 13:19:57.918 2334 2903 D VibratorManagerService: Vibration 6770 finished with EndInfo{status=CANCELLED_SUPERSEDED, endedBy=CallerInfo{ attrs=VibrationAttributes: Usage=TOUCH Audio Usage= USAGE_UNKNOWN tags= Flags=0, uid=11571, displayId=0, opPkg=org.me.mobiexpensifyg, reason=null}}
02-19 13:19:57.918 2334 2903 D VibratorManagerService: Reporting vibration 6770 finished with EndInfo{status=CANCELLED_SUPERSEDED, endedBy=CallerInfo{ attrs=VibrationAttributes: Usage=TOUCH Audio Usage= USAGE_UNKNOWN tags= Flags=0, uid=11571, displayId=0, opPkg=org.me.mobiexpensifyg, reason=null}}
02-19 13:19:57.918 2334 2903 D VibratorManagerService: Vibration for uid=11571 and with attrs=VibrationAttributes: Usage=TOUCH Audio Usage= USAGE_UNKNOWN tags= Flags=0 ended with status CANCELLED_SUPERSEDED
02-19 13:19:57.919 2334 2903 D VibratorManagerService: VibrationThread released after finished vibration
02-19 13:19:57.919 2334 2903 D VibratorManagerService: Processing VibrationThread released callback
02-19 13:19:57.919 2334 2903 D SemHapticStep: sepIndex=28, intensity=4000, repeat=false, duration=100
02-19 13:19:57.919 2334 2903 D SemHapticStep: Turning on vibrator 0 for 100ms
02-19 13:19:57.921 1570 1570 E SecVibrator-HAL-AIDL-EXT: V_4_0: performPrebakedHapticPattern 28 : 4000 : 0
02-19 13:19:57.921 1570 1570 E SecVibrator-HAL-AIDL-CORE: HW_API: [setForceFeedbackAmplitude]amplitude: 4000
02-19 13:19:57.942 1570 1570 E SecVibrator-HAL-AIDL-CORE: HW_API: [uploadForceFeedbackeffect]ioctl success ,uploaded effect with ID: 0
02-19 13:19:57.942 1570 1570 E SecVibrator-HAL-AIDL-CORE: HW_API: do_on for timeoutMs: 1000
02-19 13:19:57.956 1570 1570 E SecVibrator-HAL-AIDL-CORE: HW_API: [uploadForceFeedbackeffect]ioctl success ,uploaded effect with ID: 0
02-19 13:19:57.956 1570 1570 E SecVibrator-HAL-AIDL-CORE: HW_API: [triggerForceFeedbackVibration]on: 1
02-19 13:19:57.962 1603 1760 D RenderEngine: [SEC_GC_CMN_SF_EFFECTS] drawLayersInternal,1279, Rendering layer at index 0
02-19 13:19:57.962 1603 1760 D RenderEngine: [SEC_GC_CMN_SF_EFFECTS] drawLayersInternal,1279, Rendering layer org.me.mobiexpensifyg/org.me.mobiexpensifyg.ExpensifyActivityBase$_21462#272730 at index 1
02-19 13:19:58.019 2334 2903 D VibratorManagerService: Vibration 6771 finished with EndInfo{status=FINISHED, endedBy=null}
02-19 13:19:58.019 2334 2903 D VibratorManagerService: Reporting vibration 6771 finished with EndInfo{status=FINISHED, endedBy=null}
02-19 13:19:58.019 2334 2903 D VibratorManagerService: Vibration for uid=11571 and with attrs=VibrationAttributes: Usage=TOUCH Audio Usage= USAGE_UNKNOWN tags= Flags=0 ended with status FINISHED
02-19 13:19:58.019 1570 1570 E SecVibrator-HAL-AIDL-CORE: V_2_0: Vibrator off
02-19 13:19:58.019 1570 1570 E SecVibrator-HAL-AIDL-CORE: HW_API: do_off
02-19 13:19:58.019 1570 1570 E SecVibrator-HAL-AIDL-CORE: HW_API: [triggerForceFeedbackVibration]on: 0
02-19 13:19:58.020 2334 2903 D VibratorManagerService: VibrationThread released after finished vibration
02-19 13:19:58.020 2334 2903 D VibratorManagerService: Processing VibrationThread released callback
02-19 13:19:58.056 21462 22492 I Mapbox : [threading]: LocalFileSource priority is now 4
02-19 13:19:58.062 1603 1760 D RenderEngine: [SEC_GC_CMN_SF_EFFECTS] drawLayersInternal,1279, Rendering layer at index 0
02-19 13:19:58.062 1603 1760 D RenderEngine: [SEC_GC_CMN_SF_EFFECTS] drawLayersInternal,1279, Rendering layer org.me.mobiexpensifyg/org.me.mobiexpensifyg.ExpensifyActivityBase$_21462#272730 at index 1
02-19 13:19:58.073 21462 22489 I Mapbox : [threading]: AssetManagerFil priority is now 4
02-19 13:19:58.162 1603 1760 D RenderEngine: [SEC_GC_CMN_SF_EFFECTS] drawLayersInternal,1279, Rendering layer at index 0 02-19 13:1