02-19 13:19:45.618 2334 2446 I DisplayDeviceRepository: Display device changed: DisplayDeviceInfo{"Built-in Screen": uniqueId="local:4630946213010294403", 904 x 2316, modeId 10, renderFrameRate 60.000004, defaultModeId 8, supportedModes [{id=8, width=904, height=2316, fps=120.00001, alternativeRefreshRates=[10.0, 24.000002, 30.000002, 48.000004, 60.000004, 96.00001], supportedHdrTypes=[2, 3, 4]}, {id=9, width=904, height=2316, fps=96.00001, alternativeRefreshRates=[10.0, 24.000002, 30.000002, 48.000004, 60.000004, 120.00001], supportedHdrTypes=[2, 3, 4]}, {id=10, width=904, height=2316, fps=60.000004, alternativeRefreshRates=[10.0, 24.000002, 30.000002, 48.000004, 96.00001, 120.00001], supportedHdrTypes=[2, 3, 4]}, {id=11, width=904, height=2316, fps=48.000004, alternativeRefreshRates=[10.0, 24.000002, 30.000002, 60.000004, 96.00001, 120.00001], supportedHdrTypes=[2, 3, 4]}, {id=12, width=904, height=2316, fps=30.000002, alternativeRefreshRates=[10.0, 24.000002, 48.000004, 60.000004, 96.00001, 120.00001], supportedHdrTypes=[2, 3, 4]}, {id=13, width=904, height=2316, fps=24.000002, alternativeRefreshRates=[10.0, 30.000002, 48.000004, 60.000004, 96.00001, 120.00001], supportedHdrTypes=[2, 3, 4]}, {id=14, width=904, height=2316, fps=10.0, alternativeRefreshRates=[24.000002, 30.000002, 48.000004, 60.000004, 96.00001, 120.00001], supportedHdrTypes=[2, 3, 4]}], colorMode 0, supportedColorModes [0, 7, 9], hdrCapabilities HdrCapabilities{mSupportedHdrTypes=[2, 3, 4], mMaxLuminance=450.0, mMaxAverageLuminance=225.00024, mMinLuminance=5.0E-4}, allmSupported false, gameContentTypeSupported false, density 420, 402.835 x 402.92 dpi, appVsyncOff 0, presDeadline 17666666, cutout DisplayCutout{insets=Rect(0, 87 - 0, 0) waterfall=Insets{left=0, top=0, right=0, bottom=0} boundingRect={Bounds=[Rect(0, 0 - 0, 0), Rect(418, 0 - 486, 87), Rect(0, 0 - 0, 0), Rect(0, 0 - 0, 0)]} cutoutPathParserInfo={CutoutPathParserInfo{displayWidth=904 displayHeight=2316 physicalDisplayWidth=904 physicalDisplayHeight=2316 density={2.625} cutoutSpec={M 0,0 H -12.95238095238095 V 33.14285714285714 H 12.95238095238095 V 0 H 0 Z @dp} rotation={0} scale={1.0} physicalPixelDisplaySizeRatio={1.0}}}}, touch INTERNAL, rotation 0, type INTERNAL, address {port=131, model=0x40446d0b806b46}, deviceProductInfo DeviceProductInfo{name=, manufacturerPnpId=QCM, productId=1, modelYear=null, manufactureDate=ManufactureDate{week=27, year=2006}, connectionToSinkType=0}, state ON, committedState ON, frameRateOverride , brightnessMinimum 0.0, brightnessMaximum 1.0, brightnessDefault 0.5019608, hdrSdrRatio NaN, roundedCorners RoundedCorners{[RoundedCorner{position=TopLeft, radius=53, center=Point(53, 53)}, RoundedCorner{position=TopRight, radius=53, center=Point(851, 53)}, RoundedCorner{position=BottomRight, radius=53, center=Point(851, 2263)}, RoundedCorner{position=BottomLeft, radius=53, center=Point(53, 2263)}]}, FLAG_ROTATES_WITH_CONTENT, FLAG_SECURE, FLAG_SUPPORTS_PROTECTED_BUFFERS, FLAG_PRESENTATION, FLAG_OWN_CONTENT_ONLY, FLAG_TRUSTED, FLAG_EXTRA_BUILT_IN_DISPLAY, installOrientation 0, displayShape DisplayShape{ spec=-311912193 displayWidth=904 displayHeight=2316 physicalPixelDisplaySizeRatio=1.0 rotation=0 offsetX=0 offsetY=0 scale=1.0}}
02-19 13:19:45.618 1516 1737 I SDM : HWDeviceDRM::SetDisplaySwitchMode: [DispConfigs] check hs_mode 3
02-19 13:19:45.618 1516 1737 I SDM : HWDeviceDRM::SetDisplaySwitchMode: [DispConfigs] Set mode index:3 904x2316x60xcmdPHS, hs_mode(3), found_mode(1)
02-19 13:19:45.618 1516 1737 I SDM : HWDeviceDRM::UpdateMixerAttributes: Mixer WxH 904x2316-1 for Peripheral
02-19 13:19:45.618 1516 1737 I SDM : HWCDisplay::SubmitDisplayConfig: Active configuration changed from config 0 to 2
02-19 13:19:45.620 2334 2334 D SGM:GameManager: onDisplayChanged. displyId: 0, state: 2
02-19 13:19:45.620 2334 2334 D AODManagerService: requestReCalToTSP IsSingleTouchMode = truerequestedReCalToTSP = false / previousDisplayState = ON
02-19 13:19:45.620 2334 2936 D SGM:FgCheckThread: onLooperPrepared(), msg: MSG_LCD_ON
02-19 13:19:45.621 2334 4756 D LiftUpHandler: [LTW] Stopped already.
02-19 13:19:45.621 2309 2309 I ViewRootImpl@a450ca8[AssetBrowserActivity]: onDisplayChanged oldDisplayState=2 newDisplayState=2
02-19 13:19:45.622 1603 1745 I VSyncReactor: Current= 120, Period= 60, hwcPeriod= 60
02-19 13:19:45.622 2334 2446 D DisplayManagerService: Ignore redundant display event 0/2 to 11549/11434
02-19 13:19:45.623 2334 2446 D DisplayManagerService: Ignore redundant display event 0/2 to 10072/19750
02-19 13:19:45.623 2334 2446 D DisplayManagerService: Ignore redundant display event 0/2 to 10209/21901
02-19 13:19:45.623 2334 2446 D DisplayManagerService: Ignore redundant display event 0/2 to 10281/22525
02-19 13:19:45.623 2334 2446 D DisplayManagerService: Ignore redundant display event 0/2 to 11533/23903
02-19 13:19:45.623 2334 2446 D DisplayManagerService: Ignore redundant display event 0/2 to 10254/32477
02-19 13:19:45.623 2334 2446 D DisplayManagerService: Ignore redundant display event 0/2 to 10254/32700
02-19 13:19:45.624 15708 15708 I ViewRootImpl@7e61450[DeepLinkHomepageActivity]: onDisplayChanged oldDisplayState=2 newDisplayState=2
02-19 13:19:45.624 15708 15708 I ViewRootImpl@dfc8434[InstalledAppDetails]: onDisplayChanged oldDisplayState=2 newDisplayState=2
02-19 13:19:45.624 15708 15708 I ViewRootImpl@2c057b1[SubSettings]: onDisplayChanged oldDisplayState=2 newDisplayState=2
02-19 13:19:45.624 15708 15708 I ViewRootImpl@219413d[SettingsHomepageActivity]: onDisplayChanged oldDisplayState=2 newDisplayState=2
02-19 13:19:45.624 15708 15708 I ViewRootImpl@5325286[SubSettings]: onDisplayChanged oldDisplayState=2 newDisplayState=2
02-19 13:19:45.624 15708 15708 I ViewRootImpl@79b9aaa[SubSettings]: onDisplayChanged oldDisplayState=2 newDisplayState=2
02-19 13:19:45.625 3256 3377 D StackScroller: onDisplayChanged for predraw skip to 2
02-19 13:19:45.625 3256 3287 I ViewRootImpl@caf6fb6[ShellDropTarget]: onDisplayChanged oldDisplayState=2 newDisplayState=2
02-19 13:19:45.625 3256 3287 I ViewRootImpl@5c3dd93[StageCoordinatorSplitDivider]: onDisplayChanged oldDisplayState=2 newDisplayState=2
02-19 13:19:45.625 2334 2446 D RefreshRateModeManager: updateDefaultDisplayToken: android.os.BinderProxy@2c4e25e, isChanged: false
02-19 13:19:45.625 6890 6890 I GestureDetector: obtain mCurrentMotionEventRaw. action: 2 id: 168334855
02-19 13:19:45.626 2334 2447 W LocalDisplayAdapter: Ignoring request for invalid base mode id 8
02-19 13:19:45.626 3256 3256 D DisplayLifecycle: updateDisplay id = 0
02-19 13:19:45.626 3256 3256 I ViewRootImpl@2a8a990[LockscreenShortcutBlur]: onDisplayChanged oldDisplayState=2 newDisplayState=2
02-19 13:19:45.626 3256 3256 I ViewRootImpl@1ee396c[NotificationShade]: onDisplayChanged oldDisplayState=2 newDisplayState=2
02-19 13:19:45.626 3256 3256 I ViewRootImpl@fa0aba5[StatusBar]: onDisplayChanged oldDisplayState=2 newDisplayState=2
02-19 13:19:45.626 3256 3256 I ViewRootImpl@80857f2[NavigationBar0]: onDisplayChanged oldDisplayState=2 newDisplayState=2
02-19 13:19:45.626 3256 3256 I ViewRootImpl@382a1a2[EdgeBackGestureHandler0]: onDisplayChanged oldDisplayState=2 newDisplayState=2
02-19 13:19:45.626 3256 3256 I ViewRootImpl@45e80e0[Bouncer]: onDisplayChanged oldDisplayState=2 newDisplayState=2
02-19 13:19:45.626 3256 3256 I ViewRootImpl@fe8021b[SecondaryHomeHandle0]: onDisplayChanged oldDisplayState=2 newDisplayState=2
02-19 13:19:45.626 3256 3256 I ViewRootImpl@101c6cf[KeyguardBiometricToastView]: onDisplayChanged oldDisplayState=2 newDisplayState=2
02-19 13:19:45.628 3685 21635 I HoneySpace.DeXLaunchService: Display changed - 0
02-19 13:19:45.628 3685 21635 I HoneySpace.RefreshRateSource: singleFrameMs 16
02-19 13:19:45.628 3685 3685 I ViewRootImpl@9781073[RecentsTransitionOverlay]: onDisplayChanged oldDisplayState=2 newDisplayState=2
02-19 13:19:45.628 3685 3685 I ViewRootImpl@8a672e1[LauncherActivity]: onDisplayChanged oldDisplayState=2 newDisplayState=2
02-19 13:19:45.628 3685 21648 I HoneySpace.Memory-Monitor: current state = 2, didTrim = false
02-19 13:19:45.628 3685 3685 I ViewRootImpl@dd984d6[RecentsActivity]: onDisplayChanged oldDisplayState=2 newDisplayState=2
02-19 13:19:45.629 6890 6890 I SPenContext: virtual void SPen::Context::SetDisplayRefreshRate(float) framerate=60
02-19 13:19:45.629 6890 6890 I LatencyConfiguration: void SPen::LatencyConfiguration::UpdateRefreshRate(float) RefreshRate=60.000004
02-19 13:19:45.629 6890 6890 I LatencyConfiguration: void SPen::LatencyConfiguration::UpdateRefreshRate(float) RefreshRateCallback 0xb400007c23b46270
02-19 13:19:45.629 6890 6890 I PredictorBase: virtual void SPen::PredictorBase::SetRefreshRate(float) Refresh rate: 60.000
02-19 13:19:45.629 6890 6890 I spe_log : virtual void SPen::FbrDrawPad::SetRefreshRate(float) = 60.000
02-19 13:19:45.629 6890 6890 I spe_log : virtual void SPen::FbrDrawPad::SetRefreshRate(float) mFrameDurationNano=16666667, mDisplayRefreshDurationNano: 16666667
02-19 13:19:45.629 6890 6890 I spe_log : virtual void SPen::LowLatencyStrokeView::SetRefreshRate(float) refresh rate=60.000
02-19 13:19:45.629 6890 6890 I ViewRootImpl@1cdd9d5[InputMethod]: onDisplayChanged oldDisplayState=2 newDisplayState=2
02-19 13:19:45.630 21462 21462 I Mapbox : [maps-android\Mbgl-RenderThread]: renderThreadPrepared=false and Android surface is not valid (isValid=false). Waiting for new one.
02-19 13:19:45.634 21462 21462 I Mapbox : [maps-android\Mbgl-RenderThread]: renderThreadPrepared=false and Android surface is not valid (isValid=false). Waiting for new one.
02-19 13:19:45.634 21462 21462 I ViewRootImpl@ccd3137[ExpensifyActivityBase]: onDisplayChanged oldDisplayState=2 newDisplayState=2
02-19 13:19:45.642 21462 21462 I Mapbox : [maps-android\Mbgl-RenderThread]: renderThreadPrepared=false and Android surface is not valid (isValid=false). Waiting for new one.
02-19 13:19:45.650 1603 1760 D RenderEngine: [SEC_GC_CMN_SF_EFFECTS] drawLayersInternal,1279, Rendering layer at index 0
02-19 13:19:45.650 1603 1760 D RenderEngine: [SEC_GC_CMN_SF_EFFECTS] drawLayersInternal,1279, Rendering layer org.me.mobiexpensifyg/org.me.mobiexpensifyg.ExpensifyActivityBase$_21462#272730 at index 1
02-19 13:19:45.650 1603 1760 D RenderEngine: [SEC_GC_CMN_SF_EFFECTS] drawLayersInternal,1279, Rendering layer InputMethod$_6890#272781 at index 2
02-19 13:19:45.673 21462 21462 I Mapbox : [maps-android\Mbgl-RenderThread]: renderThreadPrepared=false and Android surface is not valid (isValid=false). Waiting for new one.
02-19 13:19:45.687 21462 21462 I Mapbox : [maps-android\Mbgl-RenderThread]: renderThreadPrepared=false and Android surface is not valid (isValid=false). Waiting for new one.
02-19 13:19:45.688 2334 2918 D InputReader: Btn_touch(9): value=0 when=263086.433065
02-19 13:19:45.689 2334 2918 D InputReader: Btn_touch(9): value=1 when=263086.433065
02-19 13:19:45.689 2334 2918 I InputReader: Touch event's action is 0x1 (id=6, t=0) [pCnt=1, s=1.1961 ] when=263086.433065
02-19 13:19:45.689 2334 2918 I InputReader: Touch event's action is 0x0 (id=6, t=0) [pCnt=1, s=1.1961 ] when=263086.433065
02-19 13:19:45.689 2334 2917 I InputDispatcher: Delivering touch to (6890): action: 0x1, f=0x0, d=0, '1b8f22f', t=1 +(0,-87)
02-19 13:19:45.690 6890 6890 I ViewRootImpl@1cdd9d5[InputMethod]: ViewPostIme pointer 1
02-19 13:19:45.690 2334 2917 I InputDispatcher: Delivering touch to (3256): action: 0x4, f=0x0, d=0, '3c5e648', t=1
02-19 13:19:45.690 2334 2917 I InputDispatcher: Delivering touch to (6890): action: 0x0, f=0x0, d=0, '1b8f22f', t=1 +(0,-87)
02-19 13:19:45.691 3685 3685 I HoneySpace.GestureInputHandler: reset
02-19 13:19:45.691 2334 2444 I GestureDetector: obtain mCurrentDownEvent. id: 39072597 caller: com.android.server.wm.SystemGesturesPointerEventListener.onPointerEvent:204 com.android.server.wm.PointerEventDispatcher.onInputEvent:53 android.view.InputEventReceiver.dispatchInputEvent:337
02-19 13:19:45.691 3685 3685 I HoneySpace.InputSession: close
02-19 13:19:45.691 2334 2444 I GestureDetector: obtain mCurrentDownEvent. id: 39072597 caller: com.android.server.wm.SystemPerformancePointerEventListener.onPointerEvent:89 com.android.server.wm.PointerEventDispatcher.onInputEvent:53 android.view.InputEventReceiver.dispatchInputEvent:337
02-19 13:19:45.691 6890 6890 I HBD : d ATL CharacterKeyA
02-19 13:19:45.692 3685 3685 I HoneySpace.GestureInputHandler: inputConsumers = [com.honeyspace.gesture.inputconsumer.InputConsumer$Companion$NO_OP$1@58c8177]
02-19 13:19:45.693 3685 3685 I HoneySpace.InputSession: inputConsumers = NO_OP
02-19 13:19:45.693 3685 3685 I HoneySpace.InputSession: open
02-19 13:19:45.694 6890 6890 I HBD : c IIFO[r:236d02af67][type:set]
02-19 13:19:45.695 6890 6890 I HBD : h0 EBD key t 0
02-19 13:19:45.696 6890 6890 I HBD : b [HFFB][CHAR][ty:3][ta:3][as:F][as:F][bd:t][sc:F]
02-19 13:19:45.696 6890 6890 I HBD : b [PF_KL] OTE none 1 1 8 6408281 (1, NONE)
02-19 13:19:45.697 6890 6890 I ViewRootImpl@1cdd9d5[InputMethod]: ViewPostIme pointer 0
02-19 13:19:45.699 6890 6890 I GestureDetector: obtain mCurrentDownEvent. id: 39072597 caller: be0.b.b:1019 be0.b.onTouch:0 android.view.View.dispatchTouchEvent:16230
02-19 13:19:45.700 6890 6890 I HBD : d ATL SoundAndVibrationKeyA
02-19 13:19:45.700 6890 6890 I HBD : c sound is off
02-19 13:19:45.700 6890 6890 I HBD : d vib is off
02-19 13:19:45.700 6890 6890 I HBD : b [PF_KL] OTE none 0 9 12 2618594 (1, NONE)
02-19 13:19:45.701 6890 6890 I HBD : b updateConfigForInvalidate: [ComposingItem] true* /
02-19 13:19:45.704 2334 2444 I GestureDetector: obtain mCurrentMotionEventRaw. action: 2 id: 291218691
02-19 13:19:45.705 2334 2444 I GestureDetector: obtain mCurrentMotionEventRaw. action: 2 id: 291218691
02-19 13:19:45.707 6890 6890 I HBD : c1 ous - 0 , 0 , 1 , 1 , 0 , 1
02-19 13:19:45.708 6890 17661 I HBD : b getET , flag: 1 , start: 0 , end: 0 , length: 0 , composingLength: 1 , isKCC: false
02-19 13:19:45.708 6890 6890 I HBD : h0 EBD cm s 0
02-19 13:19:45.714 6194 6194 I SemDvfsHyPerManager: acquire hyper - TABoost/6194@27, type = 1090523139
02-19 13:19:45.714 6890 6890 I GestureDetector: obtain mCurrentMotionEventRaw. action: 2 id: 291218691
02-19 13:19:45.714 1492 1518 I HYPER-HAL: [RequestManager.cpp]releaseLocked(): Released ID : 19353558
02-19 13:19:45.715 1492 1518 I HYPER-HAL: [RequestManager.cpp]acquire(): Acquired ID : 19353558 [6194 / 27] HINT : list : [TABoost / 1] [TIMEOUT / 1500]
02-19 13:19:45.717 6890 6890 I HBD : [DirectWriting] AnimationController handleEvent() EditorRectChanged
02-19 13:19:45.717 6890 6890 I HBD : [DirectWriting] ToolbarController handleEvent() EditorRectChanged
02-19 13:19:45.718 21462 21462 I Mapbox : [maps-android\Mbgl-RenderThread]: renderThreadPrepared=false and Android surface is not valid (isValid=false). Waiting for new one.
02-19 13:19:45.722 21462 21462 I Mapbox : [maps-android\Mbgl-RenderThread]: renderThreadPrepared=false and Android surface is not valid (isValid=false). Waiting for new one.
02-19 13:19:45.732 21462 21462 I Mapbox : [maps-android\Mbgl-RenderThread]: renderThreadPrepared=false and Android surface is not valid (isValid=false). Waiting for new one.
02-19 13:19:45.750 1603 1760 D RenderEngine: [SEC_GC_CMN_SF_EFFECTS] drawLayersInternal,1279, Rendering layer at index 0
02-19 13:19:45.750 1603 1760 D RenderEngine: [SEC_GC_CMN_SF_EFFECTS] drawLayersInternal,1279, Rendering layer org.me.mobiexpensifyg/org.me.mobiexpensifyg.ExpensifyActivityBase$_21462#272730 at index 1
02-19 13:19:45.751 1603 1760 D RenderEngine: [SEC_GC_CMN_SF_EFFECTS] drawLayersInternal,1279, Rendering layer InputMethod$_6890#272781 at index 2
02-19 13:19:45.763 21462 21555 I ReactNativeJNI: instanceHandle is null, event of type topLayout will be dropped
02-19 13:19:45.766 21462 21462 I Mapbox : [maps-android\Mbgl-RenderThread]: renderThreadPrepared=false and Android surface is not valid (isValid=false). Waiting for new one.
02-19 13:19:45.768 2334 2918 D InputReader: Btn_touch(9): value=0 when=263086.512195
02-19 13:19:45.768 2334 2918 I InputReader: Touch event's action is 0x1 (id=6, t=0) [pCnt=1, s=] when=263086.512195
02-19 13:19:45.768 2334 2917 I InputDispatcher: Delivering touch to (6890): action: 0x1, f=0x0, d=0, '1b8f22f', t=1 +(0,-87)
02-19 13:19:45.769 3685 3685 I HoneySpace.GestureInputHandler: reset
02-19 13:19:45.769 3685 3685 I HoneySpace.InputSession: close
02-19 13:19:45.770 6890 6890 I ViewRootImpl@1cdd9d5[InputMethod]: ViewPostIme pointer 1
02-19 13:19:45.771 6890 6890 I HBD : d ATL CharacterKeyA
02-19 13:19:45.772 6890 6890 I HBD : c IIFO[r:e63cf59db7][type:set]
02-19 13:19:45.773 6890 6890 I HBD : h0 EBD key t 0
02-19 13:19:45.773 6890 6890 I HBD : b [HFFB][CHAR][ty:3][ta:3][as:F][as:F][bd:t][sc:F]
02-19 13:19:45.773 6890 6890 I HBD : b [PF_KL] OTE none 1 3 5 2749688 (1, NONE)
02-19 13:19:45.776 21462 21462 I Mapbox : [maps-android\Mbgl-RenderThread]: renderThreadPrepared=false and Android surface is not valid (isValid=false). Waiting for new one.
02-19 13:19:45.778 6890 6890 I HBD : c1 ous - 1 , 1 , 2 , 2 , 0 , 2
02-19 13:19:45.778 6890 6890 I HBD : h0 EBD cm s 0
02-19 13:19:45.789 6890 6890 I HBD : [DirectWriting] AnimationController handleEvent() EditorRectChanged
02-19 13:19:45.789 6890 6890 I HBD : [DirectWriting] ToolbarController handleEvent() EditorRectChanged
02-19 13:19:45.790 21462 21462 I Mapbox : [maps-android\Mbgl-RenderThread]: renderThreadPrepared=false and Android surface is not valid (isValid=false). Waiting for new one.
02-19 13:19:45.799 21462 21462 I Mapbox : [maps-android\Mbgl-RenderThread]: renderThreadPrepared=false and Android surface is not valid (isValid=false). Waiting for new one.
02-19 13:19:45.814 21462 21462 I Mapbox : [maps-android\Mbgl-RenderThread]: renderThreadPrepared=false and Android surface is not valid (isValid=false). Waiting for new one.
02-19 13:19:45.825 2334 2918 D InputReader: Btn_touch(9): value=1 when=263086.570111
02-19 13:19:45.826 2334 2918 I InputReader: Touch event's action is 0x0 (id=6, t=0) [pCnt=1, s=0.1962 ] when=263086.570111
02-19 13:19:45.826 2334 2917 I InputDispatcher: Delivering touch to (3256): action: 0x4, f=0x0, d=0, '3c5e648', t=1
02-19 13:19:45.826 2334 2917 I InputDispatcher: Delivering touch to (6890): action: 0x0, f=0x0, d=0, '1b8f22f', t=1 +(0,-87)
02-19 13:19:45.827 6890 6890 I ViewRootImpl@1cdd9d5[InputMethod]: ViewPostIme pointer 0
02-19 13:19:45.827 3685 3685 I HoneySpace.GestureInputHandler: inputConsumers = [com.honeyspace.gesture.inputconsumer.InputConsumer$Companion$NO_OP$1@58c8177]
02-19 13:19:45.827 6890 6890 I GestureDetector: obtain mCurrentDownEvent. id: 612770977 caller: be0.b.b:1019 be0.b.onTouch:0 android.view.View.dispatchTouchEvent:16230
02-19 13:19:45.827 3685 3685 I HoneySpace.InputSession: inputConsumers = NO_OP
02-19 13:19:45.828 3685 3685 I HoneySpace.InputSession: open
02-19 13:19:45.828 2334 2444 I GestureDetector: obtain mCurrentDownEvent. id: 612770977 caller: com.android.server.wm.SystemGesturesPointerEventListener.onPointerEvent:204 com.android.server.wm.PointerEventDispatcher.onInputEvent:53 android.view.InputEventReceiver.dispatchInputEvent:337
02-19 13:19:45.829 2334 2444 I GestureDetector: obtain mCurrentDownEvent. id: 612770977 caller: com.android.server.wm.SystemPerformancePointerEventListener.onPointerEvent:89 com.android.server.wm.PointerEventDispatcher.onInputEvent:53 android.view.InputEventReceiver.dispatchInputEvent:337
02-19 13:19:45.829 6194 6194 I SemDvfsHyPerManager: acquire hyper - TABoost/6194@27, type = 1090523139
02-19 13:19:45.829 1492 1518 I HYPER-HAL: [RequestManager.cpp]releaseLocked(): Released ID : 19353558
02-19 13:19:45.829 1492 1518 I HYPER-HAL: [RequestManager.cpp]acquire(): Acquired ID : 19353558 [6194 / 27] HINT : list : [TABoost / 1] [TIMEOUT / 1500]
02-19 13:19:45.830 6890 6890 I HBD : d ATL SoundAndVibrationKeyA
02-19 13:19:45.830 6890 6890 I HBD : c sound is off
02-19 13:19:45.830 6890 6890 I HBD : d vib is off
02-19 13:19:45.830 6890 6890 I HBD : b [PF_KL] OTE none 0 1 4 3095833 (1, NONE)
02-19 13:19:45.836 2334 2444 I GestureDetector: obtain mCurrentMotionEventRaw. action: 2 id: 519816400
02-19 13:19:45.836 2334 2444 I GestureDetector: obtain mCurrentMotionEventRaw. action: 2 id: 519816400
02-19 13:19:45.838 21462 21462 I Mapbox : [maps-android\Mbgl-RenderThread]: renderThreadPrepared=false and Android surface is not valid (isValid=false). Waiting for new one.
02-19 13:19:45.847 6890 6890 I GestureDetector: obtain mCurrentMotionEventRaw. action: 2 id: 519816400
02-19 13:19:45.853 21462 21462 I Mapbox : [maps-android\Mbgl-RenderThread]: renderThreadPrepared=false and Android surface is not valid (isValid=false). Waiting for new one.
02-19 13:19:45.855 1603 1760 D RenderEngine: [SEC_GC_CMN_SF_EFFECTS] drawLayersInternal,1279, Rendering layer at index 0
02-19 13:19:45.855 1603 1760 D RenderEngine: [SEC_GC_CMN_SF_EFFECTS] drawLayersInternal,1279, Rendering layer org.me.mobiexpensifyg/org.me.mobiexpensifyg.ExpensifyActivityBase$_21462#272730 at index 1
02-19 13:19:45.855 1603 1760 D RenderEngine: [SEC_GC_CMN_SF_EFFECTS] drawLayersInternal,1279, Rendering layer InputMethod$_6890#272781 at index 2
02-19 13:19:45.873 21462 21462 I Mapbox : [maps-android\Mbgl-RenderThread]: renderThreadPrepared=false and Android surface is not valid (isValid=false). Waiting for new one.
02-19 13:19:45.888 21462 21462 I Mapbox : [maps-android\Mbgl-RenderThread]: renderThreadPrepared=false and Android surface is not valid (isValid=false). Waiting for new one.
02-19 13:19:45.901 2334 2918 D InputReader: Btn_touch(9): value=0 when=263086.645522
02-19 13:19:45.901 2334 2918 I InputReader: Touch event's action is 0x1 (id=6, t=0) [pCnt=1, s=] when=263086.645522
02-19 13:19:45.902 2334 2917 I InputDispatcher: Delivering touch to (6890): action: 0x1, f=0x0, d=0, '1b8f22f', t=1 +(0,-87)
02-19 13:19:45.904 6890 6890 I ViewRootImpl@1cdd9d5[InputMethod]: ViewPostIme pointer 1
02-19 13:19:45.904 21462 21462 I Mapbox : [maps-android\Mbgl-RenderThread]: renderThreadPrepared=false and Android surface is not valid (isValid=false). Waiting for new one.
02-19 13:19:45.905 3685 3685 I HoneySpace.GestureInputHandler: reset
02-19 13:19:45.905 3685 3685 I HoneySpace.InputSession: close
02-19 13:19:45.906 6890 6890 I HBD : d ATL CharacterKeyA
02-19 13:19:45.909 6890 6890 I HBD : c IIFO[r:ef42fb9564][type:set]
02-19 13:19:45.909 2334 2918 D InputReader: Btn_touch(9): value=1 when=263086.653698
02-19 13:19:45.910 2334 2918 I InputReader: Touch event's action is 0x0 (id=6, t=0) [pCnt=1, s=0.1963 ] when=263086.653698
02-19 13:19:45.910 6890 6890 I HBD : h0 EBD key t 0
02-19 13:19:45.911 6890 6890 I HBD : b [HFFB][CHAR][ty:3][ta:3][as:F][as:F][bd:t][sc:F]
02-19 13:19:45.911 2334 2917 I InputDispatcher: Delivering touch to (3256): action: 0x4, f=0x0, d=0, '3c5e648', t=1
02-19 13:19:45.911 2334 2917 I InputDispatcher: Delivering touch to (6890): action: 0x0, f=0x0, d=0, '1b8f22f', t=1 +(0,-87)
02-19 13:19:45.912 6890 6890 I HBD : b [PF_KL] OTE none 1 3 11 7514480 (1, NONE)
02-19 13:19:45.912 6890 6890 I ViewRootImpl@1cdd9d5[InputMethod]: ViewPostIme pointer 0
02-19 13:19:45.912 3685 3685 I HoneySpace.GestureInputHandler: inputConsumers = [com.honeyspace.gesture.inputconsumer.InputConsumer$Companion$NO_OP$1@58c8177]
02-19 13:19:45.912 3685 3685 I HoneySpace.InputSession: inputConsumers = NO_OP
02-19 13:19:45.912 3685 3685 I HoneySpace.InputSession: open
02-19 13:19:45.913 2334 2444 I GestureDetector: obtain mCurrentDownEvent. id: 455216305 caller: com.android.server.wm.SystemGesturesPointerEventListener.onPointerEvent:204 com.android.server.wm.PointerEventDispatcher.onInputEvent:53 android.view.InputEventReceiver.dispatchInputEvent:337
02-19 13:19:45.913 2334 2444 I GestureDetector: obtain mCurrentDownEvent. id: 455216305 caller: com.android.server.wm.SystemPerformancePointerEventListener.onPointerEvent:89 com.android.server.wm.PointerEventDispatcher.onInputEvent:53 android.view.InputEventReceiver.dispatchInputEvent:337
02-19 13:19:45.913 6890 6890 I GestureDetector: obtain mCurrentDownEvent. id: 455216305 caller: be0.b.b:1019 be0.b.onTouch:0 android.view.View.dispatchTouchEvent:16230
02-19 13:19:45.917 6890 6890 I HBD : d ATL SoundAndVibrationKeyA
02-19 13:19:45.917 6890 6890 I HBD : c sound is off
02-19 13:19:45.917 6890 6890 I HBD : d vib is off
02-19 13:19:45.917 6890 6890 I HBD : b [PF_KL] OTE none 0 4 8 4682135 (1, NONE)
02-19 13:19:45.922 6890 6890 I HBD : c1 ous - 2 , 2 , 3 , 3 , 0 , 3
02-19 13:19:45.923 6890 6890 I HBD : h0 EBD cm s 0
02-19 13:19:45.928 6890 6890 I HBD : [DirectWriting] AnimationController handleEvent() EditorRectChanged
02-19 13:19:45.928 6890 6890 I HBD : [DirectWriting] ToolbarController handleEvent() EditorRectChanged
02-19 13:19:45.929 21462 21462 I Mapbox : [maps-android\Mbgl-RenderThread]: renderThreadPrepared=false and Android surface is not valid (isValid=false). Waiting for new one.
02-19 13:19:45.932 21462 21462 I Mapbox : [maps-android\Mbgl-RenderThread]: renderThreadPrepared=false and Android surface is not valid (isValid=false). Waiting for new one.
02-19 13:19:45.949 21462 21462 I Mapbox : [maps-android\Mbgl-RenderThread]: renderThreadPrepared=false and Android surface is not valid (isValid=false). Waiting for new one.
02-19 13:19:45.955 1603 1760 D RenderEngine: [SEC_GC_CMN_SF_EFFECTS] drawLayersInternal,1279, Rendering layer at index 0
02-19 13:19:45.955 1603 1760 D RenderEngine: [SEC_GC_CMN_SF_EFFECTS] drawLayersInternal,1279, Rendering layer org.me.mobiexpensifyg/org.me.mobiexpensifyg.ExpensifyActivityBase$_21462#272730 at index 1
02-19 13:19:45.955 1603 1760 D RenderEngine: [SEC_GC_CMN_SF_EFFECTS] drawLayersInternal,1279, Rendering layer InputMethod$_6890#272781 at index 2
02-19 13:19:45.961 2334 2444 I GestureDetector: obtain mCurrentMotionEventRaw. action: 2 id: 490684992
02-19 13:19:45.961 2334 2444 I GestureDetector: obtain mCurrentMotionEventRaw. action: 2 id: 490684992
02-19 13:19:45.961 6194 6194 I SemDvfsHyPerManager: acquire hyper - TABoost/6194@27, type = 1090523139
02-19 13:19:45.962 1492 1518 I HYPER-HAL: [RequestManager.cpp]releaseLocked(): Released ID : 19353558
02-19 13:19:45.962 1492 1518 I HYPER-HAL: [RequestManager.cpp]acquire(): Acquired ID : 19353558 [6194 / 27] HINT : list : [TABoost / 1] [TIMEOUT / 1500]
02-19 13:19:45.970 21462 21462 I Mapbox : [maps-android\Mbgl-RenderThread]: renderThreadPrepared=false and Android surface is not valid (isValid=false). Waiting for new one.
02-19 13:19:45.981 6890 6890 I GestureDetector: obtain mCurrentMotionEventRaw. action: 2 id: 490684992
02-19 13:19:45.982 1484 22430 I sensors-hal: handle_sns_client_event:628, [0][2379] gyro_sample_cal(3) [-0.195, 0.063, 0.076] 1383764001403315
02-19 13:19:45.985 2334 2918 D InputReader: Btn_touch(9): value=0 when=263086.729048
02-19 13:19:45.985 2334 2918 I InputReader: Touch event's action is 0x1 (id=6, t=0) [pCnt=1, s=] when=263086.729048
02-19 13:19:45.985 2334 2917 I InputDispatcher: Delivering touch to (6890): action: 0x1, f=0x0, d=0, '1b8f22f', t=1 +(0,-87)
02-19 13:19:45.988 21462 21462 I Mapbox : [maps-android\Mbgl-RenderThread]: renderThreadPrepared=false and Android surface is not valid (isValid=false). Waiting for new one.
02-19 13:19:45.988 3685 3685 I HoneySpace.GestureInputHandler: reset
02-19 13:19:45.988 3685 3685 I HoneySpace.InputSession: close
02-19 13:19:45.988 6890 6890 I ViewRootImpl@1cdd9d5[InputMethod]: ViewPostIme pointer 1
02-19 13:19:45.990 6890 6890 I HBD : d ATL CharacterKeyA
02-19 13:19:45.992 6890 6890 I HBD : c IIFO[r:fd2aef9f3a][type:set]
02-19 13:19:45.993 6890 6890 I HBD : h0 EBD key t 0
02-19 13:19:45.993 6890 6890 I HBD : b [HFFB][CHAR][ty:3][ta:3][as:F][as:F][bd:t][sc:F]
02-19 13:19:45.994 6890 6890 I HBD : b [PF_KL] OTE none 1 4 9 5161458 (1, NONE)
02-19 13:19:46.000 6890 6890 I HBD : c1 ous - 3 , 3 , 4 , 4 , 0 , 4
02-19 13:19:46.001 6890 6890 I HBD : h0 EBD cm s 0
02-19 13:19:46.011 6890 6890 I HBD : [DirectWriting] AnimationController handleEvent() EditorRectChanged
02-19 13:19:46.011 6890 6890 I HBD : [DirectWriting] ToolbarController handleEvent() EditorRectChanged
02-19 13:19:46.012 21462 21462 I Mapbox : [maps-android\Mbgl-RenderThread]: renderThreadPrepared=false and Android surface is not valid (isValid=false). Waiting for new one.
02-19 13:19:46.015 21462 21462 I Mapbox : [maps-android\Mbgl-RenderThread]: renderThreadPrepared=false and Android surface is not valid (isValid=false). Waiting for new one.
02-19 13:19:46.032 21462 21462 I Mapbox : [maps-android\Mbgl-RenderThread]: renderThreadPrepared=false and Android surface is not valid (isValid=false). Waiting for new one.
02-19 13:19:46.054 21462 21462 I Mapbox : [maps-android\Mbgl-RenderThread]: renderThreadPrepared=false and Android surface is not valid (isValid=false). Waiting for new one.
02-19 13:19:46.055 1603 1760 D RenderEngine: [SEC_GC_CMN_SF_EFFECTS] drawLayersInternal,1279, Rendering layer at index 0
02-19 13:19:46.055 1603 1760 D RenderEngine: [SEC_GC_CMN_SF_EFFECTS] drawLayersInternal,1279, Rendering layer org.me.mobiexpensifyg/org.me.mobiexpensifyg.ExpensifyActivityBase$_21462#272730 at index 1
02-19 13:19:46.055 1603 1760 D RenderEngine: [SEC_GC_CMN_SF_EFFECTS] drawLayersInternal,1279, Rendering layer InputMethod$_6890#272781 at index 2
02-19 13:19:46.066 21462 21462 I Mapbox : [maps-android\Mbgl-RenderThread]: renderThreadPrepared=false and Android surface is not valid (isValid=false). Waiting for new one.
02-19 13:19:46.083 21462 21462 I Mapbox : [maps-android\Mbgl-RenderThread]: renderThreadPrepared=false and Android surface is not valid (isValid=false). Waiting for new one.
02-19 13:19:46.101 21462 21462 I Mapbox : [maps-android\Mbgl-RenderThread]: renderThreadPrepared=false and Android surface is not valid (isValid=false). Waiting for new one.
02-19 13:19:46.109 2334 2918 D InputReader: Btn_touch(9): value=1 when=263086.854032
02-19 13:19:46.110 2334 2918 I InputReader: Touch event's action is 0x0 (id=6, t=0) [pCnt=1, s=0.1964 ] when=263086.854032
02-19 13:19:46.110 2334 2917 I InputDispatcher: Delivering touch to (3256): action: 0x4, f=0x0, d=0, '3c5e648', t=1
02-19 13:19:46.110 2334 2917 I InputDispatcher: Delivering touch to (6890): action: 0x0, f=0x0, d=0, '1b8f22f', t=1 +(0,-87)
02-19 13:19:46.111 6890 6890 I ViewRootImpl@1cdd9d5[InputMethod]: ViewPostIme pointer 0
02-19 13:19:46.112 6890 6890 I GestureDetector: obtain mCurrentDownEvent. id: 901331730 caller: be0.b.b:1019 be0.b.onTouch:0 android.view.View.dispatchTouchEvent:16230
02-19 13:19:46.113 3685 3685 I HoneySpace.GestureInputHandler: inputConsumers = [com.honeyspace.gesture.inputconsumer.InputConsumer$Companion$NO_OP$1@58c8177]
02-19 13:19:46.113 6890 6890 I HBD : d ATL SoundAndVibrationKeyA
02-19 13:19:46.113 3685 3685 I HoneySpace.InputSession: inputConsumers = NO_OP
02-19 13:19:46.113 6890 6890 I HBD : c sound is off
02-19 13:19:46.113 6890 6890 I HBD : d vib is off
02-19 13:19:46.114 6890 6890 I HBD : b [PF_KL] OTE none 0 2 4 2472344 (1, NONE)
02-19 13:19:46.114 2334 2444 I GestureDetector: obtain mCurrentDownEvent. id: 901331730 caller: com.android.server.wm.SystemGesturesPointerEventListener.onPointerEvent:204 com.android.server.wm.PointerEventDispatcher.onInputEvent:53 android.view.InputEventReceiver.dispatchInputEvent:337
02-19 13:19:46.114 2334 2444 I GestureDetector: obtain mCurrentDownEvent. id: 901331730 caller: com.android.server.wm.SystemPerformancePointerEventListener.onPointerEvent:89 com.android.server.wm.PointerEventDispatcher.onInputEvent:53 android.view.InputEventReceiver.dispatchInputEvent:337
02-19 13:19:46.115 6194 6194 I SemDvfsHyPerManager: acquire hyper - TABoost/6194@27, type = 1090523139
02-19 13:19:46.115 1492 1518 I HYPER-HAL: [RequestManager.cpp]releaseLocked(): Released ID : 19353558
02-19 13:19:46.115 1492 1518 I HYPER-HAL: [RequestManager.cpp]acquire(): Acquired ID : 19353558 [6194 / 27] HINT : list : [TABoost / 1] [TIMEOUT / 1500]
02-19 13:19:46.116 3685 3685 I HoneySpace.InputSession: open
02-19 13:19:46.136 2334 2444 I GestureDetector: obtain mCurrentMotionEventRaw. action: 2 id: 714776668
02-19 13:19:46.136 2334 2444 I GestureDetector: obtain mCurrentMotionEventRaw. action: 2 id: 714776668
02-19 13:19:46.143 6890 6890 I HBD : h0 EBD ex
02-19 13:19:46.143 6890 7659 I HBD : h0 EBD tb start :1
02-19 13:19:46.148 6890 6890 I GestureDetector: obtain mCurrentMotionEventRaw. action: 2 id: 714776668
02-19 13:19:46.149 6890 7659 I HBD : h0 EBD tb end :1
02-19 13:19:46.150 6890 6890 I HBD : f1 [SCV] (8) 4 6 6 7 6 7 7 4
02-19 13:19:46.150 6890 6890 I HBD : b removeSpanFromComposingTextForAutoReplacementNotShown 4
02-19 13:19:46.151 6890 6890 I HBD : c IIFO[r:43f8fbcbb9][type:set]
02-19 13:19:46.153 6890 6890 I HBD : h container vis= true
02-19 13:19:46.156 1603 1760 D RenderEngine: [SEC_GC_CMN_SF_EFFECTS] drawLayersInternal,1279, Rendering layer at index 0
02-19 13:19:46.156 1603 1760 D RenderEngine: [SEC_GC_CMN_SF_EFFECTS] drawLayersInternal,1279, Rendering layer org.me.mobiexpensifyg/org.me.mobiexpensifyg.ExpensifyActivityBase$_21462#272730 at index 1
02-19 13:19:46.156 1603 1760 D RenderEngine: [SEC_GC_CMN_SF_EFFECTS] drawLayersInternal,1279, Rendering layer InputMethod$_6890#272781 at index 2
02-19 13:19:46.173 2334 4248 V WindowManager: Relayout Window{1b8f22f u0 InputMethod}: viewVisibility=0 req=904x2229 ty=2011 d0
02-19 13:19:46.174 6890 6890 I BLASTBufferQueue_Java: update, w= 904 h= 2229 mName = ViewRootImpl@1cdd9d5[InputMethod] mNativeObject= 0xb400007d13b663b0 sc.mNativeObject= 0xb400007bd3b5f3d0 format= -2 caller= android.view.ViewRootImpl.updateBlastSurfaceIfNeeded:3074 android.view.ViewRootImpl.relayoutWindow:10224 android.view.ViewRootImpl.performTraversals:4167 android.view.ViewRootImpl.doTraversal:3345 android.view.ViewRootImpl$TraversalRunnable.run:11437 android.view.Choreographer$CallbackRecord.run:1690
02-19 13:19:46.174 6890 6890 I ViewRootImpl@1cdd9d5[InputMethod]: Relayout returned: old=(0,87,904,2316) new=(0,87,904,2316) relayoutAsync=true req=(904,2229)0 dur=0 res=0x0 s={true 0xb400007b33bce380} ch=false seqId=171
02-19 13:19:46.174 6890 6890 I ViewRootImpl@1cdd9d5[InputMethod]: registerCallbackForPendingTransactions
02-19 13:19:46.176 2334 4248 V WindowManager: Relayout hash=1b8f22f, pid=0, syncId=-1: mAttrs={(0,0)(fillxfill) gr=BOTTOM CENTER_VERTICAL sim={adjust=resize} ty=INPUT_METHOD fmt=TRANSPARENT wanim=0x7f1401b1 preferredMinDisplayRefreshRate=60.0 receive insets ignoring z-order
02-19 13:19:46.176 2334 4248 V WindowManager: fl=81800108
02-19 13:19:46.176 2334 4248 V WindowManager: pfl=12000000
02-19 13:19:46.176 2334 4248 V WindowManager: bhv=DEFAULT
02-19 13:19:46.176 2334 4248 V WindowManager: fitTypes=STATUS_BARS NAVIGATION_BARS
02-19 13:19:46.176 2334 4248 V WindowManager: fitSides=LEFT TOP RIGHT
02-19 13:19:46.176 2334 4248 V WindowManager: fitIgnoreVis
02-19 13:19:46.176 2334 4248 V WindowManager: dimAmount=4.6816468E-4 dimDuration=150 naviIconColor=0}
02-19 13:19:46.177 6890 14170 I ViewRootImpl@1cdd9d5[InputMethod]: mWNT: t=0xb400007c23bb7c30 mBlastBufferQueue=0xb400007d13b663b0 fn= 14 mRenderHdrSdrRatio=1.0 caller= android.view.ViewRootImpl$6.onFrameDraw:5705 android.view.ViewRootImpl$2.onFrameDraw:2190 android.view.ThreadedRenderer$1.onFrameDraw:792
02-19 13:19:46.193 2334 2918 D InputReader: Btn_touch(9): value=0 when=263086.937991
02-19 13:19:46.193 2334 2918 D InputReader: Btn_touch(9): value=1 when=263086.937991
02-19 13:19:46.193 2334 2918 I InputReader: Touch event's action is 0x1 (id=6, t=0) [pCnt=1, s=1.1965 ] when=263086.937991
02-19 13:19:46.193 2334 2918 I InputReader: Touch event's action is 0x0 (id=6, t=0) [pCnt=1, s=1.1965 ] when=263086.937991
02-19 13:19:46.194 2334 2917 I InputDispatcher: Delivering touch to (6890): action: 0x1, f=0x0, d=0, '1b8f22f', t=1 +(0,-87)
02-19 13:19:46.194 6890 6890 I ViewRootImpl@1cdd9d5[InputMethod]: ViewPostIme pointer 1
02-19 13:19:46.195 6890 6890 I HBD : d ATL CharacterKeyA
02-19 13:19:46.195 2334 2917 I InputDispatcher: Delivering touch to (3256): action: 0x4, f=0x0, d=0, '3c5e648', t=1
02-19 13:19:46.196 3685 3685 I HoneySpace.GestureInputHandler: reset
02-19 13:19:46.196 3685 3685 I HoneySpace.InputSession: close
02-19 13:19:46.196 2334 2917 I InputDispatcher: Delivering touch to (6890): action: 0x0, f=0x0, d=0, '1b8f22f', t=1 +(0,-87)
02-19 13:19:46.196 6890 6890 I HBD : c IIFO[r:63bcc211be][type:set]
02-19 13:19:46.197 6890 6890 I HBD : h0 EBD key t 0
02-19 13:19:46.197 6890 6890 I HBD : b [HFFB][CHAR][ty:3][ta:3][as:F][as:F][bd:t][sc:F]
02-19 13:19:46.197 6890 6890 I HBD : b [PF_KL] OTE none 1 2 5 2983698 (1, NONE)
02-19 13:19:46.197 3685 3685 I HoneySpace.GestureInputHandler: inputConsumers = [com.honeyspace.gesture.inputconsumer.InputConsumer$Companion$NO_OP$1@58c8177]
02-19 13:19:46.197 6890 6890 I ViewRootImpl@1cdd9d5[InputMethod]: ViewPostIme pointer 0
02-19 13:19:46.198 3685 3685 I HoneySpace.InputSession: inputConsumers = NO_OP
02-19 13:19:46.198 6890 6890 I GestureDetector: obtain mCurrentDownEvent. id: 184705136 caller: be0.b.b:1019 be0.b.onTouch:0 android.view.View.dispatchTouchEvent:16230
02-19 13:19:46.198 3685 3685 I HoneySpace.InputSession: open
02-19 13:19:46.198 2334 2444 I GestureDetector: obtain mCurrentDownEvent. id: 184705136 caller: com.android.server.wm.SystemGesturesPointerEventListener.onPointerEvent:204 com.android.server.wm.PointerEventDispatcher.onInputEvent:53 android.view.InputEventReceiver.dispatchInputEvent:337
02-19 13:19:46.199 2334 2444 I GestureDetector: obtain mCurrentDownEvent. id: 184705136 caller: com.android.server.wm.SystemPerformancePointerEventListener.onPointerEvent:89 com.android.server.wm.PointerEventDispatcher.onInputEvent:53 android.view.InputEventReceiver.dispatchInputEvent:337
02-19 13:19:46.200 6890 6890 I HBD : d ATL SoundAndVibrationKeyA
02-19 13:19:46.200 6890 6890 I HBD : c sound is off
02-19 13:19:46.200 6890 6890 I HBD : d vib is off
02-19 13:19:46.200 6890 6890 I HBD : b [PF_KL] OTE none 0 5 7 2527604 (1, NONE)
02-19 13:19:46.207 6890 6890 I HBD : c1 ous - 4 , 4 , 5 , 5 , 0 , 5
02-19 13:19:46.207 6890 6890 I HBD : h0 EBD cm s 0
02-19 13:19:46.208 6890 6890 I HBD : [DirectWriting] AnimationController handleEvent() EditorRectChanged
02-19 13:19:46.208 6890 6890 I HBD : [DirectWriting] ToolbarController handleEvent() EditorRectChanged
02-19 13:19:46.210 2334 2444 I GestureDetector: obtain mCurrentMotionEventRaw. action: 2 id: 243560170
02-19 13:19:46.210 2334 2444 I GestureDetector: obtain mCurrentMotionEventRaw. action: 2 id: 243560170
02-19 13:19:46.219 2334 2918 D InputReader: Btn_touch(9): value=0 when=263086.962145
02-19 13:19:46.219 2334 2918 I InputReader: Touch event's action is 0x1 (id=6, t=0) [pCnt=1, s=] when=263086.962145
02-19 13:19:46.219 2334 2917 I InputDispatcher: Delivering touch to (6890): action: 0x1, f=0x0, d=0, '1b8f22f', t=1 +(0,-87)
02-19 13:19:46.221 6194 6194 I SemDvfsHyPerManager: acquire hyper - TABoost/6194@27, type = 1090523139
02-19 13:19:46.221 6890 6890 I GestureDetector: obtain mCurrentMotionEventRaw. action: 2 id: 243560170
02-19 13:19:46.221 1492 1518 I HYPER-HAL: [RequestManager.cpp]releaseLocked(): Released ID : 19353558
02-19 13:19:46.221 1492 1518 I HYPER-HAL: [RequestManager.cpp]acquire(): Acquired ID : 19353558 [6194 / 27] HINT : list : [TABoost / 1] [TIMEOUT / 1500]
02-19 13:19:46.221 6890 6890 I ViewRootImpl@1cdd9d5[InputMethod]: ViewPostIme pointer 1
02-19 13:19:46.221 3685 3685 I HoneySpace.GestureInputHandler: reset
02-19 13:19:46.222 3685 3685 I HoneySpace.InputSession: close
02-19 13:19:46.222 6890 6890 I HBD : d ATL CharacterKeyA
02-19 13:19:46.223 6890 6890 I HBD : c IIFO[r:8eb5678976][type:set]
02-19 13:19:46.223 6890 6890 I HBD : h0 EBD key t 0
02-19 13:19:46.223 6890 6890 I HBD : b [HFFB][CHAR][ty:3][ta:3][as:F][as:F][bd:t][sc:F]
02-19 13:19:46.223 6890 6890 I HBD : b [PF_KL] OTE none 1 4 6 1952344 (1, NONE)
02-19 13:19:46.227 6890 6890 I HBD : c1 ous - 5 , 5 , 6 , 6 , 0 , 6
02-19 13:19:46.227 6890 6890 I HBD : h0 EBD cm s 0
02-19 13:19:46.235 6890 6890 I HBD : [DirectWriting] AnimationController handleEvent() EditorRectChanged
02-19 13:19:46.235 6890 6890 I HBD : [DirectWriting] ToolbarController handleEvent() EditorRectChanged
02-19 13:19:46.256 1603 1760 D RenderEngine: [SEC_GC_CMN_SF_EFFECTS] drawLayersInternal,1279, Rendering layer at index 0
02-19 13:19:46.256 1603 1760 D RenderEngine: [SEC_GC_CMN_SF_EFFECTS] drawLayersInternal,1279, Rendering layer org.me.mobiexpensifyg/org.me.mobiexpensifyg.ExpensifyActivityBase$_21462#272730 at index 1
02-19 13:19:46.256 1603 1760 D RenderEngine: [SEC_GC_CMN_SF_EFFECTS] drawLayersInternal,1279, Rendering layer InputMethod$_6890#272781 at index 2
02-19 13:19:46.357 1603 1760 D RenderEngine: [SEC_GC_CMN_SF_EFFECTS] drawLayersInternal,1279, Rendering layer at index 0
02-19 13:19:46.357 1603 1760 D RenderEngine: [SEC_GC_CMN_SF_EFFECTS] drawLayersInternal,1279, Rendering layer org.me.mobiexpensifyg/org.me.mobiexpensifyg.ExpensifyActivityBase$_21462#272730 at index 1
02-19 13:19:46.357 1603 1760 D RenderEngine: [SEC_GC_CMN_SF_EFFECTS] drawLayersInternal,1279, Rendering layer InputMethod$_6890#272781 at index 2
02-19 13:19:46.373 6890 6890 I HBD : h0 EBD ex
02-19 13:19:46.373 6890 7659 I HBD : h0 EBD tb start :1
02-19 13:19:46.377 6890 7659 I HBD : h0 EBD tb end :1
02-19 13:19:46.378 6890 6890 I HBD : f1 [SCV] (9) 6 7 6 7 6 9 9 7 6
02-19 13:19:46.378 6890 6890 I HBD : b removeSpanFromComposingTextForAutoReplacementNotShown 6
02-19 13:19:46.378 6890 6890 I HBD : c IIFO[r:8552a62fa5][type:set]
02-19 13:19:46.457 1603 1760 D RenderEngine: [SEC_GC_CMN_SF_EFFECTS] drawLayersInternal,1279, Rendering layer at index 0
02-19 13:19:46.457 1603 1760 D RenderEngine: [SEC_GC_CMN_SF_EFFECTS] drawLayersInternal,1279, Rendering layer org.me.mobiexpensifyg/org.me.mobiexpensifyg.ExpensifyActivityBase$_21462#272730 at index 1
02-19 13:19:46.458 1603 1760 D RenderEngine: [SEC_GC_CMN_SF_EFFECTS] drawLayersInternal,1279, Rendering layer InputMethod$_6890#272781 at index 2
02-19 13:19:46.498 2334 2444 I GestureDetector: handleMessage TAP
02-19 13:19:46.500 2334 2334 I GestureDetector: handleMessage TAP
02-19 13:19:46.537 2334 4248 D SGM:GameManager: identifyForegroundApp. org.me.mobiexpensifyg, mCurrentUserId: 0, callerUserId: 0
02-19 13:19:46.537 2334 4248 D SGM:PkgDataHelper: getGamePkgData(). org.me.mobiexpensifyg
02-19 13:19:46.537 20060 20201 I PolicyManager: [#CMH#] Is foreground game app: false
02-19 13:19:46.557 1603 1760 D RenderEngine: [SEC_GC_CMN_SF_EFFECTS] drawLayersInternal,1279, Rendering layer at index 0
02-19 13:19:46.557 1603 1760 D RenderEngine: [SEC_GC_CMN_SF_EFFECTS] drawLayersInternal,1279, Rendering layer org.me.mobiexpensifyg/org.me.mobiexpensifyg.ExpensifyActivityBase$_21462#272730 at index 1
02-19 13:19:46.558 1603 1760 D RenderEngine: [SEC_GC_CMN_SF_EFFECTS] drawLayersInternal,1279, Rendering layer InputMethod$_6890#272781 at index 2
02-19 13:19:46.584 2334 2451 I ActivityManager: Changes in 10109 5 to 15, 56 to 0
02-19 13:19:46.636 6890 6890 I IceCone : b HoneyVoice HoneyVoiceTimer finished: RELEASE_TIMER
02-19 13:19:46.658 1603 1760 D RenderEngine: [SEC_GC_CMN_SF_EFFECTS] drawLayersInternal,1279, Rendering layer at index 0
02-19 13:19:46.658 1603 1760 D RenderEngine: [SEC_GC_CMN_SF_EFFECTS] drawLayersInternal,1279, Rendering layer org.me.mobiexpensifyg/org.me.mobiexpensifyg.ExpensifyActivityBase$_21462#272730 at index 1
02-19 13:19:46.659 1603 1760 D RenderEngine: [SEC_GC_CMN_SF_EFFECTS] drawLayersInternal,1279, Rendering layer InputMethod$_6890#272781 at index 2
02-19 13:19:46.758 1603 1760 D RenderEngine: [SEC_GC_CMN_SF_EFFECTS] drawLayersInternal,1279, Rendering layer at index 0
02-19 13:19:46.758 1603 1760 D RenderEngine: [SEC_GC_CMN_SF_EFFECTS] drawLayersInternal,1279, Rendering layer org.me.mobiexpensifyg/org.me.mobiexpensifyg.ExpensifyActivityBase$_21462#272730 at index 1
02-19 13:19:46.758 1603 1760 D RenderEngine: [SEC_GC_CMN_SF_EFFECTS] drawLayersInternal,1279, Rendering layer InputMethod$_6890#272781 at index 2
02-19 13:19:46.843 1090 1090 D io_stats: !@ 8,0 r 16676467 409282595 w 28555098 386654272 d 6449412 549229304 f 0 3019363 iot 17353040 0 th 0 0 0 pt 0 inp 0 0 263087.587
02-19 13:19:46.859 1603 1760 D RenderEngine: [SEC_GC_CMN_SF_EFFECTS] drawLayersInternal,1279, Rendering layer at index 0
02-19 13:19:46.860 1603 1760 D RenderEngine: [SEC_GC_CMN_SF_EFFECTS] drawLayersInternal,1279, Rendering layer org.me.mobiexpensifyg/org.me.mobiexpensifyg.ExpensifyActivityBase$_21462#272730 at index 1
02-19 13:19:46.860 1603 1760 D RenderEngine: [SEC_GC_CMN_SF_EFFECTS] drawLayersInternal,1279, Rendering layer InputMethod$_6890#272781 at index 2
02-19 13:19:46.960 1603 1760 D RenderEngine: [SEC_GC_CMN_SF_EFFECTS] drawLayersInternal,1279, Rendering layer at index 0
02-19 13:19:46.960 1603 1760 D RenderEngine: [SEC_GC_CMN_SF_EFFECTS] drawLayersInternal,1279, Rendering layer org.me.mobiexpensifyg/org.me.mobiexpensifyg.ExpensifyActivityBase$_21462#272730 at index 1
02-19 13:19:46.960 1603 1760 D RenderEngine: [SEC_GC_CMN_SF_EFFECTS] drawLayersInternal,1279, Rendering layer InputMethod$_6890#272781 at index 2
02-19 13:19:47.126 2334 2918 D InputReader: Btn_touch(9): value=1 when=263087.870252
02-19 13:19:47.126 2334 2918 I InputReader: Touch event's action is 0x0 (id=6, t=0) [pCnt=1, s=0.1966 ] when=263087.870252
02-19 13:19:47.127 2334 2917 I InputDispatcher: Delivering touch to (3256): action: 0x4, f=0x0, d=0, '3c5e648', t=1
02-19 13:19:47.127 2334 2917 I InputDispatcher: Delivering touch to (21462): action: 0x0, f=0x0, d=0, '9a77eef', t=1
02-19 13:19:47.128 2334 2917 D PowerManagerService: [api] userActivityFromNative : touch displayId=0 eventTime=263087870
02-19 13:19:47.128 21462 21462 I ViewRootImpl@ccd3137[ExpensifyActivityBase]: ViewPostIme pointer 0
02-19 13:19:47.129 3685 3685 I HoneySpace.GestureInputHandler: inputConsumers = [com.honeyspace.gesture.inputconsumer.InputConsumer$Companion$NO_OP$1@58c8177]
02-19 13:19:47.129 3685 3685 I HoneySpace.InputSession: inputConsumers = NO_OP
02-19 13:19:47.131 6194 6194 I SemDvfsHyPerManager: acquire hyper - TABoost/6194@27, type = 1090523139
02-19 13:19:47.132 1492 1518 I HYPER-HAL: [RequestManager.cpp]releaseLocked(): Released ID : 19353558
02-19 13:19:47.132 2334 2444 I GestureDetector: obtain mCurrentDownEvent. id: 540849246 caller: com.android.server.wm.SystemGesturesPointerEventListener.onPointerEvent:204 com.android.server.wm.PointerEventDispatcher.onInputEvent:53 android.view.InputEventReceiver.dispatchInputEvent:337
02-19 13:19:47.132 3685 3685 I HoneySpace.InputSession: open
02-19 13:19:47.133 2334 2444 I GestureDetector: obtain mCurrentDownEvent. id: 540849246 caller: com.android.server.wm.SystemPerformancePointerEventListener.onPointerEvent:89 com.android.server.wm.PointerEventDispatcher.onInputEvent:53 android.view.InputEventReceiver.dispatchInputEvent:337
02-19 13:19:47.133 1492 1518 I HYPER-HAL: [RequestManager.cpp]acquire(): Acquired ID : 19353558 [6194 / 27] HINT : list : [TABoost / 1] [TIMEOUT / 1500]
02-19 13:19:47.135 1603 1603 I HWComposer: [4630946213010294403] ActiveConfigToHWC, ID : 0
02-19 13:19:47.135 1603 1603 I LayerHistory: InputMethod$_6890#272781 Max (can't resolve refresh rate)
02-19 13:19:47.135 1603 1603 I LayerHistory: org.me.mobiexpensifyg/org.me.mobiexpensifyg.ExpensifyActivityBase$_21462#272730 Max (can't resolve refresh rate)
02-19 13:19:47.135 1603 1603 I SurfaceFlinger: Touch Boost - choose 120.00 Hz
02-19 13:19:47.136 2334 2446 D LocalDisplayAdapter: updateActiveModeLocked for d=4630946213010294403, mActiveModeId=8, mActiveSfDisplayMode=DisplayMode{id=0, width=904, height=2316, xDpi=402.835, yDpi=402.92, refreshRate=120.00001, appVsyncOffsetNanos=100000, presentationDeadlineNanos=9233333, supportedHdrTypes=[2, 3, 4], group=904}
02-19 13:19:47.138 1516 1737 I SDM : HWCDisplay::SubmitDisplayConfig: [DispConfigs] config 2 => 0, hs_mode 3 => 3
02-19 13:19:47.138 1516 1737 I SDM : HWDeviceDRM::SetDisplaySwitchMode: [DispConfigs] check hs_mode 3
02-19 13:19:47.138 1516 1737 I SDM : HWDeviceDRM::SetDisplaySwitchMode: [DispConfigs] Set mode index:0 904x2316x120xcmdHS, hs_mode(3), found_mode(0)
02-19 13:19:47.138 1516 1737 I SDM : HWDeviceDRM::UpdateMixerAttributes: Mixer WxH 904x2316-1 for Peripheral
