02-19 13:19:36.077 3256 3256 D Navbar.Store: ----------------------[Band]GESTURE_PACK_UPDATE_GAMETOOLS_VISIBILITY
02-19 13:19:36.077 3256 3256 D Navbar.Store: ----------------------NavBarStates(0) isGameMode: false
02-19 13:19:36.077 3256 3256 D Navbar.Store: ------------------------apply(0) NavBarStoreAction$UpdateSysUiFlags
02-19 13:19:36.077 3256 3256 D Navbar.Store: ------------------------set 4294967296 : false
02-19 13:19:36.077 3256 3256 D Navbar.Store: ----------------------[Band]TASKBAR_PACK_SET_REMOTEVIEW
02-19 13:19:36.077 3256 3256 D Navbar.Store: ------------------------apply(0) NavBarStoreAction$UpdateTaskBarNavBarEvents
02-19 13:19:36.077 6890 6890 I HBD : HoneyBoardService onWindowHidden
02-19 13:19:36.077 3256 3256 D TaskbarDelegate: handleNavigationBarEvent() TaskbarDelegate is not initialized.
02-19 13:19:36.077 3256 3256 D Navbar.Store: ----------------------[Band]REMOTE_VIEW_PACK_SET_NAVBAR_SHORTCUT_TO_MANAGER
02-19 13:19:36.077 3256 3256 D Navbar.Store: ------------------------apply(0) NavBarStoreAction$InvalidateRemoteView
02-19 13:19:36.077 6890 6890 I HBD : HoneyBoardService [PF_CL][onWindowHidden] 0 ms
02-19 13:19:36.078 3256 3256 D Navbar.Store: ------------------------handleEvent(0) OnUpdateRemoteViewContainer(leftContainer=android.widget.LinearLayout{cbd1822 V.E...... .......D 69,0-195,126 #7f0a05af app:id/left_remoteview}, rightContainer=android.widget.LinearLayout{629d2b3 I.E...... ......I. 709,0-835,126 #7f0a08d6 app:id/right_remoteview}, contextualButtonVisible=false, darkIntensity=0.0, displayId=0) [Module] SamsungNavigationBarView
02-19 13:19:36.078 3256 3256 D Navbar.Store: --------------------------[Band]REMOTE_VIEW_PACK_SET_REMOTEVIEW_CONTAINER
02-19 13:19:36.078 3256 3256 D Navbar.Store: ----------------------------apply(0) NavBarStoreAction$UpdateRemoteViewContainer
02-19 13:19:36.078 3256 3256 D Navbar.Store: ----------------------------apply(0) NavBarStoreAction$UpdateRemoteViewDarkIntensity
02-19 13:19:36.079 21462 21787 I ViewRootImpl@ccd3137[ExpensifyActivityBase]: mWNT: t=0xb400007c23c74390 mBlastBufferQueue=0xb400007d13b6b4f0 fn= 483 mRenderHdrSdrRatio=1.0 caller= android.view.SyncRtSurfaceTransactionApplier.applyTransaction:96 android.view.SyncRtSurfaceTransactionApplier.lambda$scheduleApply$0:69 android.view.SyncRtSurfaceTransactionApplier.$r8$lambda$SgowXC58rj3PR958kHUfRgLZmvE:0
02-19 13:19:36.083 3256 3256 D Navbar.Store: ----------------------------NavBarStates(0) canUseNavBarBackgroundFrame: true
02-19 13:19:36.084 1603 1760 D RenderEngine: [SEC_GC_CMN_SF_EFFECTS] drawLayersInternal,1279, Rendering layer at index 0
02-19 13:19:36.084 1603 1760 D RenderEngine: [SEC_GC_CMN_SF_EFFECTS] drawLayersInternal,1279, Rendering layer org.me.mobiexpensifyg/org.me.mobiexpensifyg.ExpensifyActivityBase$_21462#272730 at index 1
02-19 13:19:36.084 6890 6890 I HBD : [DirectWriting] DirectWriting hideWindow()
02-19 13:19:36.084 6890 6890 I HBD : [DirectWriting] DirectWriting no request Destroy. current state is jl.h@d47fb74
02-19 13:19:36.084 1603 1760 D RenderEngine: [SEC_GC_CMN_SF_EFFECTS] drawLayersInternal,1279, Rendering layer InputMethod$_6890#272738 at index 2
02-19 13:19:36.084 2334 2949 V WindowManager: Relayout Window{1b8f22f u0 InputMethod}: viewVisibility=0 req=904x2229 ty=2011 d0
02-19 13:19:36.084 6890 6890 I BLASTBufferQueue_Java: update, w= 904 h= 2229 mName = ViewRootImpl@1cdd9d5[InputMethod] mNativeObject= 0xb400007d13bfd990 sc.mNativeObject= 0xb400007bd3bd9a10 format= -2 caller= android.view.ViewRootImpl.updateBlastSurfaceIfNeeded:3074 android.view.ViewRootImpl.relayoutWindow:10224 android.view.ViewRootImpl.performTraversals:4167 android.view.ViewRootImpl.doTraversal:3345 android.view.ViewRootImpl$TraversalRunnable.run:11437 android.view.Choreographer$CallbackRecord.run:1690
02-19 13:19:36.085 6890 6890 I ViewRootImpl@1cdd9d5[InputMethod]: Relayout returned: old=(0,87,904,2316) new=(0,87,904,2316) relayoutAsync=true req=(904,2229)0 dur=0 res=0x0 s={true 0xb400007b33c213f0} ch=false seqId=171
02-19 13:19:36.085 6194 6194 I SemDvfsHyPerManager: acquire hyper - BaseTABoost/6194@26, type = 1090523139
02-19 13:19:36.085 6890 6890 I ViewRootImpl@1cdd9d5[InputMethod]: registerCallbackForPendingTransactions
02-19 13:19:36.085 21462 21462 I InsetsController: onStateChanged: host=org.me.mobiexpensifyg/org.me.mobiexpensifyg.ExpensifyActivityBase, from=android.view.ViewRootImpl$ViewRootHandler.handleMessageImpl:7279, state=InsetsState: {mDisplayFrame=Rect(0, 0 - 904, 2316), mDisplayCutout=DisplayCutout{insets=Rect(0, 87 - 0, 0) waterfall=Insets{left=0, top=0, right=0, bottom=0} boundingRect={Bounds=[Rect(0, 0 - 0, 0), Rect(418, 0 - 486, 87), Rect(0, 0 - 0, 0), Rect(0, 0 - 0, 0)]} cutoutPathParserInfo={CutoutPathParserInfo{displayWidth=904 displayHeight=2316 physicalDisplayWidth=904 physicalDisplayHeight=2316 density={2.625} cutoutSpec={M 0,0 H -12.95238095238095 V 33.14285714285714 H 12.95238095238095 V 0 H 0 Z @dp} rotation={0} scale={1.0} physicalPixelDisplaySizeRatio={1.0}}}}, mRoundedCorners=RoundedCorners{[RoundedCorner{position=TopLeft, radius=53, center=Point(53, 53)}, RoundedCorner{position=TopRight, radius=53, center=Point(851, 53)}, RoundedCorner{position=BottomRight, radius=53, center=Point(851, 2263)}, RoundedCorner{position=BottomLeft, radius=53, center=Point(53, 2263)}]} mRoundedCornerFrame=Rect(0, 0 - 904, 2316), mPrivacyIndicatorBounds=PrivacyIndicatorBounds {static bounds=Rect(788, 0 - 904, 87) rotation=0}, mDisplayShape=DisplayShape{ spec=-311912193 displayWidth=904 displayHeight=2316 physicalPixelDisplaySizeRatio=1.0 rotation=0 offsetX=0 offsetY=0 scale=1.0}, mSources= { InsetsSource: {80a80001 mType=navigationBars mFrame=[0,2277][904,2316] mVisible=true mFlags=[SUPPRESS_SCRIM]}, InsetsSource: {80a80004 mType=systemGestures mFrame=[0,0][78,2316] mVisible=true mFlags=[]}, InsetsSource: {80a80005 mType=mandatorySystemGestures mFrame=[0,2232][904,2316] mVisible=true mFlags=[]}, InsetsSource: {80a80006 mType=tappableElement mFrame=[0,0][0,0] mVisible=true mFlags=[]}, InsetsSource: {80a80024 mType=systemGestures mFrame=[826,0][904,2316] mVisible=true mFlags=[]}, InsetsSource: {d59c0000 mType=statusBars mFrame=[0,0][904,87] mVisible=true mFlags=[]}, InsetsSource: {d59c0005 mType=mandatorySystemGestures mFrame=[0,0][904,119] mVisible=true mFlags=[]}, InsetsSource: {d59c0006 mType=tappableElement mFrame=[0,0][904,87] mVisible=true mFlags=[]}, InsetsSource: {3 mType=ime mFrame=[0,1366][904,2316] mVisible=false mFlags=[]}, InsetsSource: {27 mType=displayCutout mFrame=[0,0][904,87] mVisible=true mFlags=[]} }
02-19 13:19:36.085 21462 21462 I InsetsSourceConsumer: applyRequestedVisibilityToControl: visible=true, type=navigationBars, host=org.me.mobiexpensifyg/org.me.mobiexpensifyg.ExpensifyActivityBase
02-19 13:19:36.085 3256 3256 D FlexPanelInteractor: not support state, mMwEnabled=true, mIsTableMode=false, mDesktopMode=false, mIsImeShowing=false, mIsQuickPanelShowing=false, mIsTaskBarAppsEnabled=false, mIsGlobalActionVisible=false, mOnRecentsAnimation=false, isSupportRotation=false, isKeyguardShowing=false, isEmergencyMode=false
02-19 13:19:36.085 3256 3256 D FlexPanelInteractor: startFloatingIcon: extra=display_floating_icon_clear
02-19 13:19:36.085 1492 1518 I HYPER-HAL: [RequestManager.cpp]acquire(): Acquired ID : 19347336 [6194 / 26] HINT : list : [TABoost / 1]
02-19 13:19:36.086 6890 14171 I ViewRootImpl@1cdd9d5[InputMethod]: mWNT: t=0xb400007c23bac970 mBlastBufferQueue=0xb400007d13bfd990 fn= 7 mRenderHdrSdrRatio=1.0 caller= android.view.ViewRootImpl$6.onFrameDraw:5705 android.view.ViewRootImpl$2.onFrameDraw:2190 android.view.ThreadedRenderer$1.onFrameDraw:792
02-19 13:19:36.086 2334 2949 V WindowManager: Relayout hash=1b8f22f, pid=0, syncId=-1: mAttrs={(0,0)(fillxfill) gr=BOTTOM CENTER_VERTICAL sim={adjust=resize} ty=INPUT_METHOD fmt=TRANSPARENT wanim=0x7f1401b1 preferredMinDisplayRefreshRate=60.0 receive insets ignoring z-order
02-19 13:19:36.086 2334 2949 V WindowManager: fl=81800108
02-19 13:19:36.086 2334 2949 V WindowManager: pfl=12000000
02-19 13:19:36.086 2334 2949 V WindowManager: bhv=DEFAULT
02-19 13:19:36.086 2334 2949 V WindowManager: fitTypes=STATUS_BARS NAVIGATION_BARS
02-19 13:19:36.086 2334 2949 V WindowManager: fitSides=LEFT TOP RIGHT
02-19 13:19:36.086 2334 2949 V WindowManager: fitIgnoreVis
02-19 13:19:36.086 2334 2949 V WindowManager: dimAmount=4.6816468E-4 dimDuration=150 naviIconColor=0}
02-19 13:19:36.087 6194 22469 I SemDvfsHyPerManager: acquire hyper - SIOP_OVER_LIMIT/6194@10, type = 1610616833
02-19 13:19:36.088 6890 6890 I HBD : HoneyBoardService onTrimMemory 20
02-19 13:19:36.088 1492 1518 I HYPER-HAL: [RequestManager.cpp]acquire(): Acquired ID : 19247920 [6194 / 10] HINT : list : [OverLimit / 2476800]
02-19 13:19:36.088 3256 3256 I ControlPanelService: startId : 17161
02-19 13:19:36.089 3256 3256 D NavigationBarController: setNavigationBarShortcut requestClass : com.android.wm.shell.controlpanel.activity.FlexPanelActivity, remoteViews : null, position : 0, priority : 11
02-19 13:19:36.089 3256 3256 D Navbar.Store: --------------------handleEvent(0) OnSetRemoteView(requestClass=com.android.wm.shell.controlpanel.activity.FlexPanelActivity, remoteViews=null, position=0, priority=11) [Module] NavigationBarController
02-19 13:19:36.089 3256 3256 D Navbar.Store: ----------------------[Band]REMOTE_VIEW_PACK_SET_NAVBAR_SHORTCUT_TO_MANAGER
02-19 13:19:36.089 3256 3256 D Navbar.Store: ------------------------apply(0) NavBarStoreAction$UpdateRemoteViewShortcut
02-19 13:19:36.089 3256 3256 D Navbar.Store: ----------------------[Band]GESTURE_PACK_UPDATE_GAMETOOLS_VISIBILITY
02-19 13:19:36.089 3256 3256 D Navbar.Store: ----------------------NavBarStates(0) isGameMode: false
02-19 13:19:36.089 3256 3256 D Navbar.Store: ------------------------apply(0) NavBarStoreAction$UpdateSysUiFlags
02-19 13:19:36.089 3256 3256 D Navbar.Store: ------------------------set 4294967296 : false
02-19 13:19:36.089 3256 3256 D Navbar.Store: ----------------------[Band]TASKBAR_PACK_SET_REMOTEVIEW
02-19 13:19:36.089 3256 3256 D Navbar.Store: ------------------------apply(0) NavBarStoreAction$UpdateTaskBarNavBarEvents
02-19 13:19:36.089 3256 3256 D TaskbarDelegate: handleNavigationBarEvent() TaskbarDelegate is not initialized.
02-19 13:19:36.089 3256 3256 D Navbar.Store: ----------------------[Band]REMOTE_VIEW_PACK_SET_NAVBAR_SHORTCUT_TO_MANAGER
02-19 13:19:36.089 3256 3256 D Navbar.Store: ------------------------apply(0) NavBarStoreAction$InvalidateRemoteView
02-19 13:19:36.089 3256 3256 D Navbar.Store: ------------------------handleEvent(0) OnUpdateRemoteViewContainer(leftContainer=android.widget.LinearLayout{cbd1822 I.E...... ......ID 69,0-195,126 #7f0a05af app:id/left_remoteview}, rightContainer=android.widget.LinearLayout{629d2b3 I.E...... ......I. 709,0-835,126 #7f0a08d6 app:id/right_remoteview}, contextualButtonVisible=false, darkIntensity=0.0, displayId=0) [Module] SamsungNavigationBarView
02-19 13:19:36.089 3256 3256 D Navbar.Store: --------------------------[Band]REMOTE_VIEW_PACK_SET_REMOTEVIEW_CONTAINER
02-19 13:19:36.089 3256 3256 D Navbar.Store: ----------------------------apply(0) NavBarStoreAction$UpdateRemoteViewContainer
02-19 13:19:36.089 3256 3256 D Navbar.Store: ----------------------------apply(0) NavBarStoreAction$UpdateRemoteViewDarkIntensity
02-19 13:19:36.090 6890 6890 I HBD : d Init expand button state by global layout listener
02-19 13:19:36.090 6890 6890 I HBD : h container vis= false
02-19 13:19:36.091 2334 3990 V WindowManager: Relayout Window{1b8f22f u0 InputMethod}: viewVisibility=0 req=904x2229 ty=2011 d0
02-19 13:19:36.091 6890 6890 I BLASTBufferQueue_Java: update, w= 904 h= 2229 mName = ViewRootImpl@1cdd9d5[InputMethod] mNativeObject= 0xb400007d13bfd990 sc.mNativeObject= 0xb400007bd3bd9a10 format= -2 caller= android.view.ViewRootImpl.updateBlastSurfaceIfNeeded:3074 android.view.ViewRootImpl.relayoutWindow:10224 android.view.ViewRootImpl.performTraversals:4167 android.view.ViewRootImpl.doTraversal:3345 android.view.ViewRootImpl$TraversalRunnable.run:11437 android.view.Choreographer$CallbackRecord.run:1690
02-19 13:19:36.091 6890 6890 I ViewRootImpl@1cdd9d5[InputMethod]: Relayout returned: old=(0,87,904,2316) new=(0,87,904,2316) relayoutAsync=true req=(904,2229)0 dur=1 res=0x0 s={true 0xb400007b33c213f0} ch=false seqId=171
02-19 13:19:36.091 6890 6890 I HBD : d Init expand button state by global layout listener
02-19 13:19:36.091 6890 6890 I ViewRootImpl@1cdd9d5[InputMethod]: registerCallbackForPendingTransactions
02-19 13:19:36.092 2334 3990 V WindowManager: Relayout hash=1b8f22f, pid=0, syncId=-1: mAttrs={(0,0)(fillxfill) gr=BOTTOM CENTER_VERTICAL sim={adjust=pan} ty=INPUT_METHOD fmt=TRANSPARENT wanim=0x7f1401b1 preferredMinDisplayRefreshRate=60.0 receive insets ignoring z-order
02-19 13:19:36.092 2334 3990 V WindowManager: fl=81800108
02-19 13:19:36.092 2334 3990 V WindowManager: pfl=12000000
02-19 13:19:36.092 2334 3990 V WindowManager: bhv=DEFAULT
02-19 13:19:36.092 2334 3990 V WindowManager: fitTypes=STATUS_BARS NAVIGATION_BARS
02-19 13:19:36.092 2334 3990 V WindowManager: fitSides=LEFT TOP RIGHT
02-19 13:19:36.092 2334 3990 V WindowManager: fitIgnoreVis
02-19 13:19:36.092 2334 3990 V WindowManager: dimAmount=4.6816468E-4 dimDuration=150 naviIconColor=0}
02-19 13:19:36.096 6890 14170 I ViewRootImpl@1cdd9d5[InputMethod]: mWNT: t=0xb400007c23b72530 mBlastBufferQueue=0xb400007d13bfd990 fn= 8 mRenderHdrSdrRatio=1.0 caller= android.view.ViewRootImpl$6.onFrameDraw:5705 android.view.ViewRootImpl$2.onFrameDraw:2190 android.view.ThreadedRenderer$1.onFrameDraw:792
02-19 13:19:36.099 21462 21786 I ViewRootImpl@ccd3137[ExpensifyActivityBase]: mWNT: t=0xb400007c23c17ed0 mBlastBufferQueue=0xb400007d13b6b4f0 fn= 484 mRenderHdrSdrRatio=1.0 caller= android.view.SyncRtSurfaceTransactionApplier.applyTransaction:96 android.view.SyncRtSurfaceTransactionApplier.lambda$scheduleApply$0:69 android.view.SyncRtSurfaceTransactionApplier.$r8$lambda$SgowXC58rj3PR958kHUfRgLZmvE:0
02-19 13:19:36.099 21462 21462 I ViewRootImpl@ccd3137[ExpensifyActivityBase]: handleResized, msg = 4 frames=ClientWindowFrames{frame=[0,0][904,2316] display=[0,0][904,2316] parentFrame=[0,0][0,0]} forceNextWindowRelayout=false displayId=0 dragResizing=false compatScale=1.0 frameChanged=false attachedFrameChanged=false configChanged=false displayChanged=false compatScaleChanged=false
02-19 13:19:36.099 21462 21462 W WindowOnBackDispatcher: sendCancelIfRunning: isInProgress=falsecallback=ImeCallback=ImeOnBackInvokedCallback@96634296 Callback=android.window.IOnBackInvokedCallback$Stub$Proxy@2bad995
02-19 13:19:36.100 2334 3990 D CoreBackPreview: Window{9a77eef u0 org.me.mobiexpensifyg/org.me.mobiexpensifyg.ExpensifyActivityBase}: Setting back callback OnBackInvokedCallbackInfo{mCallback=android.window.IOnBackInvokedCallback$Stub$Proxy@b601069, mPriority=0, mIsAnimationCallback=false}
02-19 13:19:36.100 6890 22468 I HBD : c1 requestCursorUpdates(0), 26
02-19 13:19:36.103 21462 21462 I Dialog : mIsDeviceDefault = false, mIsSamsungBasicInteraction = false, isMetaDataInActivity = false
02-19 13:19:36.105 21462 21462 I DecorView: setWindowBackground: isPopOver=false color=0 d=android.graphics.drawable.ColorDrawable@f175776
02-19 13:19:36.106 21462 21462 I WindowManager: WindowManagerGlobal#addView, ty=2, view=DecorView@b5da64d[ExpensifyActivityBase], caller=android.view.WindowManagerImpl.addView:150 android.app.Dialog.show:506 com.facebook.react.views.modal.ReactModalHostView.showOrUpdate:293
02-19 13:19:36.107 21462 21729 D NativeCustomFrequencyManager: [NativeCFMS] BpCustomFrequencyManager::BpCustomFrequencyManager()
02-19 13:19:36.109 2334 3990 D InputTransport: Input channel constructed: 'c93fb8f', fd=946
02-19 13:19:36.109 2334 3990 D InputTransport: Input channel constructed: 'c93fb8f', fd=954
02-19 13:19:36.109 2334 3990 D InputTransport: Input channel constructed: 'c93fb8f', fd=961
02-19 13:19:36.109 1603 3351 I SurfaceFlinger: id=272740 createSurf, flag=84004, c93fb8f org.me.mobiexpensifyg/org.me.mobiexpensifyg.ExpensifyActivityBase#272740
02-19 13:19:36.110 2334 3990 D InputTransport: Input channel destroyed: 'c93fb8f', fd=961
02-19 13:19:36.111 21462 21462 I InsetsController: onStateChanged: host=org.me.mobiexpensifyg/org.me.mobiexpensifyg.ExpensifyActivityBase, from=android.view.ViewRootImpl.setView:1797, state=InsetsState: {mDisplayFrame=Rect(0, 0 - 904, 2316), mDisplayCutout=DisplayCutout{insets=Rect(0, 87 - 0, 0) waterfall=Insets{left=0, top=0, right=0, bottom=0} boundingRect={Bounds=[Rect(0, 0 - 0, 0), Rect(418, 0 - 486, 87), Rect(0, 0 - 0, 0), Rect(0, 0 - 0, 0)]} cutoutPathParserInfo={CutoutPathParserInfo{displayWidth=904 displayHeight=2316 physicalDisplayWidth=904 physicalDisplayHeight=2316 density={2.625} cutoutSpec={M 0,0 H -12.95238095238095 V 33.14285714285714 H 12.95238095238095 V 0 H 0 Z @dp} rotation={0} scale={1.0} physicalPixelDisplaySizeRatio={1.0}}}}, mRoundedCorners=RoundedCorners{[RoundedCorner{position=TopLeft, radius=53, center=Point(53, 53)}, RoundedCorner{position=TopRight, radius=53, center=Point(851, 53)}, RoundedCorner{position=BottomRight, radius=53, center=Point(851, 2263)}, RoundedCorner{position=BottomLeft, radius=53, center=Point(53, 2263)}]} mRoundedCornerFrame=Rect(0, 0 - 904, 2316), mPrivacyIndicatorBounds=PrivacyIndicatorBounds {static bounds=Rect(788, 0 - 904, 87) rotation=0}, mDisplayShape=DisplayShape{ spec=-311912193 displayWidth=904 displayHeight=2316 physicalPixelDisplaySizeRatio=1.0 rotation=0 offsetX=0 offsetY=0 scale=1.0}, mSources= { InsetsSource: {80a80001 mType=navigationBars mFrame=[0,2277][904,2316] mVisible=true mFlags=[SUPPRESS_SCRIM]}, InsetsSource: {80a80004 mType=systemGestures mFrame=[0,0][78,2316] mVisible=true mFlags=[]}, InsetsSource: {80a80005 mType=mandatorySystemGestures mFrame=[0,2232][904,2316] mVisible=true mFlags=[]}, InsetsSource: {80a80006 mType=tappableElement mFrame=[0,0][0,0] mVisible=true mFlags=[]}, InsetsSource: {80a80024 mType=systemGestures mFrame=[826,0][904,2316] mVisible=true mFlags=[]}, InsetsSource: {d59c0000 mType=statusBars mFrame=[0,0][904,87] mVisible=true mFlags=[]}, InsetsSource: {d59c0005 mType=mandatorySystemGestures mFrame=[0,0][904,119] mVisible=true mFlags=[]}, InsetsSource: {d59c0006 mType=tappableElement mFrame=[0,0][904,87] mVisible=true mFlags=[]}, InsetsSource: {27 mType=displayCutout mFrame=[0,0][904,87] mVisible=true mFlags=[]} }
02-19 13:19:36.111 21462 21462 I ViewRootImpl@15d997c[ExpensifyActivityBase]: synced displayState. AttachInfo displayState=2
02-19 13:19:36.111 21462 21462 I ViewRootImpl@15d997c[ExpensifyActivityBase]: setView = com.android.internal.policy.DecorView@b5da64d TM=true
02-19 13:19:36.123 1603 1603 I Layer : Layer [c93fb8f org.me.mobiexpensifyg/org.me.mobiexpensifyg.ExpensifyActivityBase#272740] hidden!! flag(0)
02-19 13:19:36.130 2334 3990 D CoreBackPreview: Window{c93fb8f u0 org.me.mobiexpensifyg/org.me.mobiexpensifyg.ExpensifyActivityBase}: Setting back callback OnBackInvokedCallbackInfo{mCallback=android.window.IOnBackInvokedCallback$Stub$Proxy@604a25, mPriority=0, mIsAnimationCallback=false}
02-19 13:19:36.130 2334 2949 V WindowManager: Relayout Window{c93fb8f u0 org.me.mobiexpensifyg/org.me.mobiexpensifyg.ExpensifyActivityBase}: viewVisibility=0 req=904x2316 ty=2 d0
02-19 13:19:36.130 2334 2949 D RestrictionPolicy: isScreenCaptureEnabled : ret=true userId=0
02-19 13:19:36.130 1603 3351 I SurfaceFlinger: id=272741 createSurf, flag=44004, org.me.mobiexpensifyg/org.me.mobiexpensifyg.ExpensifyActivityBase$_21462#272741
02-19 13:19:36.131 2334 2949 D WindowManager: makeSurface duration=0 name=org.me.mobiexpensifyg/org.me.mobiexpensifyg.ExpensifyActivityBase$_21462
02-19 13:19:36.133 2334 2949 V WindowManager: Changing focus from Window{9a77eef u0 org.me.mobiexpensifyg/org.me.mobiexpensifyg.ExpensifyActivityBase} to Window{c93fb8f u0 org.me.mobiexpensifyg/org.me.mobiexpensifyg.ExpensifyActivityBase} displayId=0 Callers=com.android.server.wm.RootWindowContainer.updateFocusedWindowLocked:581 com.android.server.wm.WindowManagerService.updateFocusedWindowLocked:6910 com.android.server.wm.WindowManagerService.relayoutWindow:2777 com.android.server.wm.Session.relayout:282
02-19 13:19:36.133 2334 2949 I WindowManager: Cancelling animation restarting=true, leash=Surface(name=Surface(name=f01df StatusBar)/@0xca67e00 - animation-leash of insets_animation)/@0xbd91fae
02-19 13:19:36.133 2334 2949 I WindowManager: Reparenting to original parent: Surface(name=WindowToken{542187e type=2000 android.os.BinderProxy@6a1b200})/@0x147d639, destroy=false, surface=Surface(name=f01df StatusBar)/@0xca67e00
02-19 13:19:36.133 2334 2949 I WindowManager: Reparenting to leash, surface=Surface(name=f01df StatusBar)/@0xca67e00, leashParent=Surface(name=WindowToken{542187e type=2000 android.os.BinderProxy@6a1b200})/@0x147d639
02-19 13:19:36.133 1603 3351 I SurfaceFlinger: id=272742 createSurf, flag=24000, Surface(name=f01df StatusBar)/@0xca67e00 - animation-leash of insets_animation#272742
02-19 13:19:36.134 2334 2949 D WindowManager: makeSurface duration=1 leash=Surface(name=Surface(name=f01df StatusBar)/@0xca67e00 - animation-leash of insets_animation)/@0xd5ec1ab
02-19 13:19:36.134 2334 2949 D InsetsSourceProvider: updateControlForTarget: control=InsetsSourceControl: {d59c0000 mType=statusBars initiallyVisible mSurfacePosition=Point(0, 0) mInsetsHint=Insets{left=0, top=87, right=0, bottom=0}}, target=Window{c93fb8f u0 org.me.mobiexpensifyg/org.me.mobiexpensifyg.ExpensifyActivityBase}, from=com.android.server.wm.InsetsStateController.onControlTargetChanged:363 com.android.server.wm.InsetsStateController.onBarControlTargetChanged:329 com.android.server.wm.InsetsPolicy.updateBarControlTarget:173 com.android.server.wm.InsetsPolicy.updateSystemBars:843 com.android.server.wm.DisplayPolicy.updateSystemBarsLw:3484
02-19 13:19:36.134 2334 2949 I WindowManager: Cancelling animation restarting=true, leash=Surface(name=Surface(name=3c5e648 NavigationBar0)/@0xe853047 - animation-leash of insets_animation)/@0x60d46a2
02-19 13:19:36.134 2334 2949 I WindowManager: Reparenting to original parent: Surface(name=WindowToken{df798eb type=2019 android.os.BinderProxy@636ff65})/@0x1556074, destroy=false, surface=Surface(name=3c5e648 NavigationBar0)/@0xe853047
02-19 13:19:36.134 2334 2949 I WindowManager: Reparenting to leash, surface=Surface(name=3c5e648 NavigationBar0)/@0xe853047, leashParent=Surface(name=WindowToken{df798eb type=2019 android.os.BinderProxy@636ff65})/@0x1556074
02-19 13:19:36.134 1603 3351 I SurfaceFlinger: id=272743 createSurf, flag=24000, Surface(name=3c5e648 NavigationBar0)/@0xe853047 - animation-leash of insets_animation#272743
02-19 13:19:36.134 6890 15416 I HBD : w [SKE_LM] writeDynamicModel
02-19 13:19:36.134 2334 2949 D WindowManager: makeSurface duration=1 leash=Surface(name=Surface(name=3c5e648 NavigationBar0)/@0xe853047 - animation-leash of insets_animation)/@0x47063a1
02-19 13:19:36.135 2334 2949 D InsetsSourceProvider: updateControlForTarget: control=InsetsSourceControl: {80a80001 mType=navigationBars initiallyVisible mSurfacePosition=Point(0, 2190) mInsetsHint=Insets{left=0, top=0, right=0, bottom=39}}, target=Window{c93fb8f u0 org.me.mobiexpensifyg/org.me.mobiexpensifyg.ExpensifyActivityBase}, from=com.android.server.wm.InsetsStateController.onControlTargetChanged:363 com.android.server.wm.InsetsStateController.onBarControlTargetChanged:332 com.android.server.wm.InsetsPolicy.updateBarControlTarget:173 com.android.server.wm.InsetsPolicy.updateSystemBars:843 com.android.server.wm.DisplayPolicy.updateSystemBarsLw:3484
02-19 13:19:36.135 2334 2949 V SystemKeyManager: updateFocusedWindow() is called, org.me.mobiexpensifyg/org.me.mobiexpensifyg.ExpensifyActivityBase
02-19 13:19:36.135 2334 2949 V WindowManager: Relayout hash=c93fb8f, pid=21462, syncId=-1: mAttrs={(0,0)(fillxfill) gr=CENTER sim={adjust=resize} layoutInDisplayCutoutMode=always ty=APPLICATION fmt=TRANSPARENT wanim=0x1030303
02-19 13:19:36.135 2334 2949 V WindowManager: fl=81810100
02-19 13:19:36.135 2334 2949 V WindowManager: pfl=16008040
02-19 13:19:36.135 2334 2949 V WindowManager: bhv=DEFAULT
02-19 13:19:36.135 2334 2949 V WindowManager: fitSides= naviIconColor=0}
02-19 13:19:36.136 21462 21462 I InsetsController: onStateChanged: host=org.me.mobiexpensifyg/org.me.mobiexpensifyg.ExpensifyActivityBase, from=android.view.ViewRootImpl.relayoutWindow:10165, state=InsetsState: {mDisplayFrame=Rect(0, 0 - 904, 2316), mDisplayCutout=DisplayCutout{insets=Rect(0, 87 - 0, 0) waterfall=Insets{left=0, top=0, right=0, bottom=0} boundingRect={Bounds=[Rect(0, 0 - 0, 0), Rect(418, 0 - 486, 87), Rect(0, 0 - 0, 0), Rect(0, 0 - 0, 0)]} cutoutPathParserInfo={CutoutPathParserInfo{displayWidth=904 displayHeight=2316 physicalDisplayWidth=904 physicalDisplayHeight=2316 density={2.625} cutoutSpec={M 0,0 H -12.95238095238095 V 33.14285714285714 H 12.95238095238095 V 0 H 0 Z @dp} rotation={0} scale={1.0} physicalPixelDisplaySizeRatio={1.0}}}}, mRoundedCorners=RoundedCorners{[RoundedCorner{position=TopLeft, radius=53, center=Point(53, 53)}, RoundedCorner{position=TopRight, radius=53, center=Point(851, 53)}, RoundedCorner{position=BottomRight, radius=53, center=Point(851, 2263)}, RoundedCorner{position=BottomLeft, radius=53, center=Point(53, 2263)}]} mRoundedCornerFrame=Rect(0, 0 - 904, 2316), mPrivacyIndicatorBounds=PrivacyIndicatorBounds {static bounds=Rect(788, 0 - 904, 87) rotation=0}, mDisplayShape=DisplayShape{ spec=-311912193 displayWidth=904 displayHeight=2316 physicalPixelDisplaySizeRatio=1.0 rotation=0 offsetX=0 offsetY=0 scale=1.0}, mSources= { InsetsSource: {80a80001 mType=navigationBars mFrame=[0,2277][904,2316] mVisible=true mFlags=[SUPPRESS_SCRIM]}, InsetsSource: {80a80004 mType=systemGestures mFrame=[0,0][78,2316] mVisible=true mFlags=[]}, InsetsSource: {80a80005 mType=mandatorySystemGestures mFrame=[0,2232][904,2316] mVisible=true mFlags=[]}, InsetsSource: {80a80006 mType=tappableElement mFrame=[0,0][0,0] mVisible=true mFlags=[]}, InsetsSource: {80a80024 mType=systemGestures mFrame=[826,0][904,2316] mVisible=true mFlags=[]}, InsetsSource: {d59c0000 mType=statusBars mFrame=[0,0][904,87] mVisible=true mFlags=[]}, InsetsSource: {d59c0005 mType=mandatorySystemGestures mFrame=[0,0][904,119] mVisible=true mFlags=[]}, InsetsSource: {d59c0006 mType=tappableElement mFrame=[0,0][904,87] mVisible=true mFlags=[]}, InsetsSource: {3 mType=ime mFrame=[0,1366][904,2316] mVisible=false mFlags=[]}, InsetsSource: {27 mType=displayCutout mFrame=[0,0][904,87] mVisible=true mFlags=[]} }
02-19 13:19:36.136 21462 21462 I BufferQueueProducer: [](id:53d600000003,api:0,p:0,c:21462) setDequeueTimeout:2077252342
02-19 13:19:36.137 21462 21462 I BLASTBufferQueue_Java: new BLASTBufferQueue, mName= ViewRootImpl@15d997c[ExpensifyActivityBase] mNativeObject= 0xb400007d13b93ef0 sc.mNativeObject= 0xb400007bd3b8c790 caller= android.view.ViewRootImpl.updateBlastSurfaceIfNeeded:3085 android.view.ViewRootImpl.relayoutWindow:10224 android.view.ViewRootImpl.performTraversals:4167 android.view.ViewRootImpl.doTraversal:3345 android.view.ViewRootImpl$TraversalRunnable.run:11437 android.view.Choreographer$CallbackRecord.run:1690 android.view.Choreographer$CallbackRecord.run:1699 android.view.Choreographer.doCallbacks:1154 android.view.Choreographer.doFrame:1080 android.view.Choreographer$FrameDisplayEventReceiver.run:1647
02-19 13:19:36.137 21462 21462 I BLASTBufferQueue_Java: update, w= 904 h= 2316 mName = ViewRootImpl@15d997c[ExpensifyActivityBase] mNativeObject= 0xb400007d13b93ef0 sc.mNativeObject= 0xb400007bd3b8c790 format= -2 caller= android.graphics.BLASTBufferQueue.:89 android.view.ViewRootImpl.updateBlastSurfaceIfNeeded:3085 android.view.ViewRootImpl.relayoutWindow:10224 android.view.ViewRootImpl.performTraversals:4167 android.view.ViewRootImpl.doTraversal:3345 android.view.ViewRootImpl$TraversalRunnable.run:11437
02-19 13:19:36.137 21462 21462 I ViewRootImpl@15d997c[ExpensifyActivityBase]: Relayout returned: old=(0,0,904,2316) new=(0,0,904,2316) relayoutAsync=false req=(904,2316)0 dur=6 res=0x403 s={true 0xb400007b33b94bd0} ch=true seqId=0
02-19 13:19:36.137 21462 21462 I ViewRootImpl@15d997c[ExpensifyActivityBase]: performConfigurationChange setNightDimText nightDimLevel=0
02-19 13:19:36.137 21462 21462 D ViewRootImpl@15d997c[ExpensifyActivityBase]: mThreadedRenderer.initialize() mSurface={isValid=true 0xb400007b33b94bd0} hwInitialized=true
02-19 13:19:36.138 21462 21462 D ViewRootImpl@15d997c[ExpensifyActivityBase]: reportNextDraw android.view.ViewRootImpl.performTraversals:4781 android.view.ViewRootImpl.doTraversal:3345 android.view.ViewRootImpl$TraversalRunnable.run:11437 android.view.Choreographer$CallbackRecord.run:1690 android.view.Choreographer$CallbackRecord.run:1699
02-19 13:19:36.138 21462 21462 I ViewRootImpl@15d997c[ExpensifyActivityBase]: Setup new sync=wmsSync-ViewRootImpl@15d997c[ExpensifyActivityBase]#6
02-19 13:19:36.138 21462 21462 I ViewRootImpl@15d997c[ExpensifyActivityBase]: Creating new active sync group ViewRootImpl@15d997c[ExpensifyActivityBase]#7
02-19 13:19:36.138 21462 21462 I SurfaceSyncGroup: addLocalSync=ViewRootImpl@15d997c[ExpensifyActivityBase]#7 to name=wmsSync-ViewRootImpl@15d997c[ExpensifyActivityBase]#6, callers=android.window.SurfaceSyncGroup.add:431 android.window.SurfaceSyncGroup.add:392 android.window.SurfaceSyncGroup.add:340 android.view.ViewRootImpl.createSyncIfNeeded:4912 android.view.ViewRootImpl.performTraversals:4796 android.view.ViewRootImpl.doTraversal:3345
02-19 13:19:36.138 21462 21462 I ViewRootImpl@15d997c[ExpensifyActivityBase]: registerCallbacksForSync syncBuffer=false
02-19 13:19:36.141 21462 21787 I ViewRootImpl@15d997c[ExpensifyActivityBase]: Received frameDrawingCallback syncResult=0 frameNum=1.
02-19 13:19:36.141 21462 21787 I ViewRootImpl@15d997c[ExpensifyActivityBase]: mWNT: t=0xb400007c23c83170 mBlastBufferQueue=0xb400007d13b93ef0 fn= 1 mRenderHdrSdrRatio=1.0 caller= android.view.ViewRootImpl$8.onFrameDraw:13946 android.view.ThreadedRenderer$1.onFrameDraw:792
02-19 13:19:36.141 21462 21787 I ViewRootImpl@15d997c[ExpensifyActivityBase]: Setting up sync and frameCommitCallback
02-19 13:19:36.141 21462 21729 I BLASTBufferQueue: [ViewRootImpl@15d997c[ExpensifyActivityBase]#3](f:0,a:0,s:0) onFrameAvailable the first frame is available
02-19 13:19:36.142 21462 21729 I ViewRootImpl@15d997c[ExpensifyActivityBase]: Received frameCommittedCallback lastAttemptedDrawFrameNum=1 didProduceBuffer=true
02-19 13:19:36.142 21462 21729 I SurfaceSyncGroup: onTransactionReady mName=wmsSync-ViewRootImpl@15d997c[ExpensifyActivityBase]#6 callback=100161964
02-19 13:19:36.142 21462 21467 D InputTransport: Input channel destroyed: 'ClientS', fd=253
02-19 13:19:36.142 21462 21729 D OpenGLRenderer: CFMS:: SetUp Pid : 21462 Tid : 21729
02-19 13:19:36.142 21462 21462 I ViewRootImpl@15d997c[ExpensifyActivityBase]: reportDrawFinished seqId=0
02-19 13:19:36.142 2334 2949 D WindowManager: finishDrawingWindow: Window{c93fb8f u0 org.me.mobiexpensifyg/org.me.mobiexpensifyg.ExpensifyActivityBase} mDrawState=DRAW_PENDING seqId=0
02-19 13:19:36.144 2334 2447 V WindowManager: performShowLocked: mDrawState=HAS_DRAWN in Window{c93fb8f u0 org.me.mobiexpensifyg/org.me.mobiexpensifyg.ExpensifyActivityBase}
02-19 13:19:36.144 21462 21786 I ViewRootImpl@ccd3137[ExpensifyActivityBase]: mWNT: t=0xb400007c23c19370 mBlastBufferQueue=0xb400007d13b6b4f0 fn= 485 mRenderHdrSdrRatio=1.0 caller= android.view.SyncRtSurfaceTransactionApplier.applyTransaction:96 android.view.SyncRtSurfaceTransactionApplier.lambda$scheduleApply$0:69 android.view.SyncRtSurfaceTransactionApplier.$r8$lambda$SgowXC58rj3PR958kHUfRgLZmvE:0
02-19 13:19:36.146 21462 21729 D OpenGLRenderer: HWUI - treat SMPTE_170M as sRGB
02-19 13:19:36.148 1603 1603 I Layer : Layer::reparent [f01df StatusBar#106] newParent : Surface(name=f01df StatusBar)/@0xca67e00 - animation-leash of insets_animation#272742 , isRemovedFromCurrentState : 0 -------------------------
02-19 13:19:36.148 1603 1603 I Layer : Layer::reparent [f01df StatusBar#106] End -------------------------
02-19 13:19:36.148 1603 1603 I Layer : Layer::reparent [Surface(name=f01df StatusBar)/@0xca67e00 - animation-leash of insets_animation#272725] newParentHandle : null -------------------------
02-19 13:19:36.148 1603 1603 I Layer : id=272725 removeFromCurrentState Surface(name=f01df StatusBar)/@0xca67e00 - animation-leash of insets_animation#272725 (225)
02-19 13:19:36.148 1603 1603 I Layer : Layer::reparent [Surface(name=f01df StatusBar)/@0xca67e00 - animation-leash of insets_animation#272725] End -------------------------
02-19 13:19:36.148 1603 1603 I Layer : Layer::reparent [3c5e648 NavigationBar0#261402] newParent : Surface(name=3c5e648 NavigationBar0)/@0xe853047 - animation-leash of insets_animation#272743 , isRemovedFromCurrentState : 0 -------------------------
02-19 13:19:36.149 1603 1603 I Layer : Layer::reparent [3c5e648 NavigationBar0#261402] End -------------------------
02-19 13:19:36.149 1603 1603 I Layer : Layer::reparent [Surface(name=3c5e648 NavigationBar0)/@0xe853047 - animation-leash of insets_animation#272739] newParentHandle : null -------------------------
02-19 13:19:36.149 1603 1603 I Layer : id=272739 removeFromCurrentState Surface(name=3c5e648 NavigationBar0)/@0xe853047 - animation-leash of insets_animation#272739 (225)
02-19 13:19:36.149 1603 1603 I Layer : Layer::reparent [Surface(name=3c5e648 NavigationBar0)/@0xe853047 - animation-leash of insets_animation#272739] End -------------------------
02-19 13:19:36.149 1603 1603 I Layer : Layer [org.me.mobiexpensifyg/org.me.mobiexpensifyg.ExpensifyActivityBase$_21462#272741] hidden!! flag(0)
02-19 13:19:36.152 2334 2949 D InputDispatcher: Focus request (0): c93fb8f org.me.mobiexpensifyg/org.me.mobiexpensifyg.ExpensifyActivityBase but waiting because NO_WINDOW
02-19 13:19:36.152 2334 2949 D InputDispatcher: Focus left window (0): 9a77eef org.me.mobiexpensifyg/org.me.mobiexpensifyg.ExpensifyActivityBase
02-19 13:19:36.153 2334 3990 D InputDispatcher: Focus entered window (0): c93fb8f org.me.mobiexpensifyg/org.me.mobiexpensifyg.ExpensifyActivityBase
02-19 13:19:36.154 2334 3990 V WindowManager: Relayout Window{c93fb8f u0 org.me.mobiexpensifyg/org.me.mobiexpensifyg.ExpensifyActivityBase}: viewVisibility=0 req=904x2316 ty=2 d0
02-19 13:19:36.154 21462 21462 I BLASTBufferQueue_Java: update, w= 904 h= 2316 mName = ViewRootImpl@15d997c[ExpensifyActivityBase] mNativeObject= 0xb400007d13b93ef0 sc.mNativeObject= 0xb400007bd3b8c790 format= -2 caller= android.view.ViewRootImpl.updateBlastSurfaceIfNeeded:3074 android.view.ViewRootImpl.relayoutWindow:10224 android.view.ViewRootImpl.performTraversals:4167 android.view.ViewRootImpl.doTraversal:3345 android.view.ViewRootImpl$TraversalRunnable.run:11437 android.view.Choreographer$CallbackRecord.run:1690
02-19 13:19:36.154 21462 21462 I ViewRootImpl@15d997c[ExpensifyActivityBase]: Relayout returned: old=(0,0,904,2316) new=(0,0,904,2316) relayoutAsync=true req=(904,2316)0 dur=0 res=0x0 s={true 0xb400007b33b94bd0} ch=false seqId=0
02-19 13:19:36.154 21462 21462 I ViewRootImpl@15d997c[ExpensifyActivityBase]: registerCallbackForPendingTransactions
02-19 13:19:36.154 21462 21787 I ViewRootImpl@15d997c[ExpensifyActivityBase]: mWNT: t=0xb400007c23c798d0 mBlastBufferQueue=0xb400007d13b93ef0 fn= 2 mRenderHdrSdrRatio=1.0 caller= android.view.ViewRootImpl$6.onFrameDraw:5705 android.view.ViewRootImpl$2.onFrameDraw:2190 android.view.ThreadedRenderer$1.onFrameDraw:792
02-19 13:19:36.155 2334 3990 V WindowManager: Relayout hash=c93fb8f, pid=0, syncId=-1: mAttrs={(0,0)(fillxfill) gr=CENTER sim={adjust=nothing} layoutInDisplayCutoutMode=always ty=APPLICATION fmt=TRANSPARENT wanim=0x1030303
02-19 13:19:36.155 2334 3990 V WindowManager: fl=81810100
02-19 13:19:36.155 2334 3990 V WindowManager: pfl=16008040
02-19 13:19:36.155 2334 3990 V WindowManager: bhv=DEFAULT
02-19 13:19:36.155 2334 3990 V WindowManager: fitSides= naviIconColor=0}
02-19 13:19:36.155 1603 1603 D SurfaceFlinger: Display 4630946213010294403 HWC layers:
02-19 13:19:36.155 1603 1603 D SurfaceFlinger: DEVICE | 0xb400007cd8ce07a0 | 0102 | RGBA_8888 | 0.0 0.0 904.0 2316.0 | 0 0 904 2316 | org.me.mobiexpensifyg/org.me.mobiexp[...].ExpensifyActivityBase$_21462#272730
02-19 13:19:36.155 1603 1603 D SurfaceFlinger: DEVICE | 0xb400007cd8d210f0 | 0100 | RGBA_8888 | 0.0 0.0 904.0 2316.0 | 0 0 904 2316 | org.me.mobiexpensifyg/org.me.mobiexp[...].ExpensifyActivityBase$_21462#272741
02-19 13:19:36.155 1603 1603 D SurfaceFlinger: DEVICE | 0xb400007cd8cfb440 | 0100 | RGBA_8888 | 0.0 0.0 904.0 2217.0 | 0 99 904 2316 | InputMethod$_6890#272738
02-19 13:19:36.155 1603 1603 D SurfaceFlinger: DEVICE | 0xb400007cd8d30630 | 0100 | RGBA_8888 | 0.0 0.0 904.0 87.0 | 0 0 904 87 | StatusBar$_3256#121
02-19 13:19:36.155 1603 1603 D SurfaceFlinger: DEVICE | 0xb400007cd8d27630 | 0100 | RGBA_8888 | 0.0 0.0 904.0 126.0 | 0 2190 904 2316 | NavigationBar0$_3256#261410
02-19 13:19:36.155 1603 1603 D SurfaceFlinger: DEVICE | 0xb400007cd8d1ab20 | 0100 | RGBA_8888 | 0.0 0.0 904.0 2316.0 | 0 0 904 2316 | EdgeLightingWindow$_18257#272737
02-19 13:19:36.155 1603 1603 D SurfaceFlinger:
02-19 13:19:36.158 21462 21786 I ViewRootImpl@ccd3137[ExpensifyActivityBase]: mWNT: t=0xb400007c23c74390 mBlastBufferQueue=0xb400007d13b6b4f0 fn= 486 mRenderHdrSdrRatio=1.0 caller= android.view.SyncRtSurfaceTransactionApplier.applyTransaction:96 android.view.SyncRtSurfaceTransactionApplier.lambda$scheduleApply$0:69 android.view.SyncRtSurfaceTransactionApplier.$r8$lambda$SgowXC58rj3PR958kHUfRgLZmvE:0
02-19 13:19:36.159 21462 21462 I InsetsSourceConsumer: applyRequestedVisibilityToControl: visible=true, type=statusBars, host=org.me.mobiexpensifyg/org.me.mobiexpensifyg.ExpensifyActivityBase
02-19 13:19:36.159 21462 21462 I InsetsSourceConsumer: applyRequestedVisibilityToControl: visible=true, type=navigationBars, host=org.me.mobiexpensifyg/org.me.mobiexpensifyg.ExpensifyActivityBase
02-19 13:19:36.159 1603 2203 I SurfaceFlinger: id=272725 Removed Surface(name=f01df StatusBar)/@0xca67e00 - animation-leash of insets_animation#272725 (225)
02-19 13:19:36.160 1603 2203 I SurfaceFlinger: id=272739 Removed Surface(name=3c5e648 NavigationBar0)/@0xe853047 - animation-leash of insets_animation#272739 (225)
02-19 13:19:36.161 21462 21787 I ViewRootImpl@ccd3137[ExpensifyActivityBase]: mWNT: t=0xb400007c23c74390 mBlastBufferQueue=0xb400007d13b6b4f0 fn= 487 mRenderHdrSdrRatio=1.0 caller= android.view.SyncRtSurfaceTransactionApplier.applyTransaction:96 android.view.SyncRtSurfaceTransactionApplier.lambda$scheduleApply$0:69 android.view.SyncRtSurfaceTransactionApplier.$r8$lambda$SgowXC58rj3PR958kHUfRgLZmvE:0
02-19 13:19:36.165 1603 1603 I Layer : id=272739 Destroyed Surface(name=3c5e648 NavigationBar0)/@0xe853047 - animation-leash of insets_animation#272739
02-19 13:19:36.165 1603 1603 I Layer : id=272725 Destroyed Surface(name=f01df StatusBar)/@0xca67e00 - animation-leash of insets_animation#272725
02-19 13:19:36.166 21462 21462 I ViewRootImpl@ccd3137[ExpensifyActivityBase]: handleWindowFocusChanged: 0 0 call from android.view.ViewRootImpl.-$$Nest$mhandleWindowFocusChanged:0
02-19 13:19:36.166 21462 21462 I ImeFocusController: onPreWindowFocus: skipped, hasWindowFocus=false mHasImeFocus=true
02-19 13:19:36.166 21462 21462 I ImeFocusController: onPostWindowFocus: skipped, hasWindowFocus=false mHasImeFocus=true
02-19 13:19:36.166 21462 21462 I ViewRootImpl@15d997c[ExpensifyActivityBase]: handleWindowFocusChanged: 1 0 call from android.view.ViewRootImpl.-$$Nest$mhandleWindowFocusChanged:0
02-19 13:19:36.166 21462 21462 D ViewRootImpl@15d997c[ExpensifyActivityBase]: mThreadedRenderer.initializeIfNeeded()#2 mSurface={isValid=true 0xb400007b33b94bd0}
02-19 13:19:36.166 21462 21462 D InputMethodManagerUtils: startInputInner - Id : 0
02-19 13:19:36.166 21462 21462 I InputMethodManager: startInputInner - IInputMethodManagerGlobalInvoker.startInputOrWindowGainedFocus
02-19 13:19:36.167 2334 3990 D InputMethodManagerService: setWindowStateInner, windowToken=android.os.BinderProxy@71d2aee, state=ImeTargetWindowState{ imeToken null imeFocusChanged true hasEditorFocused false requestedImeVisible false imeDisplayId 0 softInputModeState STATE_UNSPECIFIED|ADJUST_NOTHING isStartInputByGainFocus true}
02-19 13:19:36.167 2334 3990 V InputMethodManagerService: Unspecified window will hide input
02-19 13:19:36.167 2334 3990 V InputMethodManagerService: applyImeVisibility state=6
02-19 13:19:36.167 2334 3990 I ImeTracker: org.me.mobiexpensifyg:ec89745c: onRequestHide at ORIGIN_SERVER_HIDE_INPUT reason HIDE_UNSPECIFIED_WINDOW
02-19 13:19:36.167 2334 3990 D InputMethodManagerService: setWindowStateInner, windowToken=android.os.BinderProxy@71d2aee, state=ImeTargetWindowState{ imeToken android.os.Binder@fc5cd87 imeFocusChanged true hasEditorFocused false requestedImeVisible false imeDisplayId 0 softInputModeState STATE_UNSPECIFIED|ADJUST_NOTHING isStartInputByGainFocus true}
02-19 13:19:36.167 2334 3990 I ImeTracker: org.me.mobiexpensifyg:ec89745c: onCancelled at PHASE_SERVER_SHOULD_HIDE
02-19 13:19:36.167 2334 3990 V InputMethodManagerService: hideCurrentInputLocked : canceled, shouldHideSoftInput=false, mInputShown=false, mImeWindowVis=0
02-19 13:19:36.167 2334 3990 D InputMethodManagerService: DESKTOP MODE! : 2
02-19 13:19:36.167 2334 3990 D InputMethodManagerService: NOT IN KNOX DESKTOP MODE!
02-19 13:19:36.167 2334 3990 V InputMethodManagerService: getDisplayIdOfInputMethodWindowToBeAdded: displayId=0
02-19 13:19:36.167 2334 3990 D InputMethodManagerService: isImeSwitcherDisabledPackage : false
02-19 13:19:36.167 2334 3990 D InputMethodManagerService: checkDisplayOfStartInputAndUpdateKeyboard: displayId=0, mFocusedDisplayId=0
02-19 13:19:36.168 2334 3990 D InputTransport: Input channel constructed: 'ClientS', fd=961
02-19 13:19:36.168 2334 3990 D InputTransport: Input channel destroyed: 'ClientS', fd=961
02-19 13:19:36.169 2334 2949 D RestrictionPolicy: isScreenCaptureEnabled : ret=true userId=0
02-19 13:19:36.169 6890 6890 I HBD : HoneyBoardService onFinishInput
02-19 13:19:36.169 2334 2949 I WindowManager: Cancelling animation restarting=true, leash=Surface(name=Surface(name=1b8f22f InputMethod)/@0xe50c51f - animation-leash of insets_animation)/@0x7635ff6
02-19 13:19:36.169 2334 2949 I WindowManager: Reparenting to original parent: Surface(name=WindowToken{1242e9c type=2011 android.os.Binder@d433e0f})/@0x6ac8b8e, destroy=false, surface=Surface(name=1b8f22f InputMethod)/@0xe50c51f
02-19 13:19:36.169 6890 6890 I HBD : a IC have been unbinding, RemoteInputConnection{idHash=#5ab24a8}
02-19 13:19:36.169 2334 2949 I WindowManager: Reparenting to leash, surface=Surface(name=1b8f22f InputMethod)/@0xe50c51f, leashParent=Surface(name=WindowToken{1242e9c type=2011 android.os.Binder@d433e0f})/@0x6ac8b8e
02-19 13:19:36.169 6890 6890 I HBD : HoneyBoardService [PF_CL][onFinishInput] 0 ms
02-19 13:19:36.170 1603 2203 I SurfaceFlinger: id=272744 createSurf, flag=24004, Surface(name=1b8f22f InputMethod)/@0xe50c51f - animation-leash of insets_animation#272744
02-19 13:19:36.170 6890 6890 I HBD : HoneyBoardService [IMI] onStartInput - caller pid : 21462 , caller uid : 11571
02-19 13:19:36.170 6890 6890 I HBD : m updateConfigs
02-19 13:19:36.170 6890 6890 I HBD : m isEnabledNightMode : true
02-19 13:19:36.170 6890 6890 I HBD : a IC have been binding, RemoteInputConnection{idHash=#341bda9}
02-19 13:19:36.170 2334 2949 D WindowManager: makeSurface duration=0 leash=Surface(name=Surface(name=1b8f22f InputMethod)/@0xe50c51f - animation-leash of insets_animation)/@0xbb89c52
02-19 13:19:36.170 6890 6890 I HBD : g [EditorInputType]setPrivateImeOptionsToTable privateImeOptions ( null )
02-19 13:19:36.170 6890 6890 I HBD : b incognitoMode : false
02-19 13:19:36.170 6890 6890 I HBD : a needOff = true , isForceOff = false, isNullInputClass : true
02-19 13:19:36.170 2334 2949 D InsetsSourceProvider: updateControlForTarget: control=InsetsSourceControl: {3 mType=ime mSurfacePosition=Point(0, 87) mInsetsHint=Insets{left=0, top=0, right=0, bottom=950}}, target=Window{c93fb8f u0 org.me.mobiexpensifyg/org.me.mobiexpensifyg.ExpensifyActivityBase}, from=com.android.server.wm.ImeInsetsSourceProvider.updateControlForTarget:165 com.android.server.wm.InsetsStateController.onControlTargetChanged:363 com.android.server.wm.InsetsStateController.onImeControlTargetChanged:307 com.android.server.wm.DisplayContent.updateImeControlTarget:5763 com.android.server.wm.DisplayContent.updateImeInputAndControlTarget:5723
02-19 13:19:36.170 6890 6890 I HBD : g getDefaultInputRange : UNKNOWN
02-19 13:19:36.170 6890 6890 I HBD : g getDefaultInputRange : UNKNOWN
02-19 13:19:36.170 6890 6890 I HBD : g getDefaultInputRange : UNKNOWN
02-19 13:19:36.171 21462 21786 I ViewRootImpl@ccd3137[ExpensifyActivityBase]: mWNT: t=0xb400007c23c4ba90 mBlastBufferQueue=0xb400007d13b6b4f0 fn= 488 mRenderHdrSdrRatio=1.0 caller= android.view.SyncRtSurfaceTransactionApplier.applyTransaction:96 android.view.SyncRtSurfaceTransactionApplier.lambda$scheduleApply$0:69 android.view.SyncRtSurfaceTransactionApplier.$r8$lambda$SgowXC58rj3PR958kHUfRgLZmvE:0
02-19 13:19:36.171 6890 6890 I HBD : a needOff = true , isForceOff = false, isNullInputClass : true
02-19 13:19:36.171 6890 6890 I HBD : a update cached prediction status : false
02-19 13:19:36.171 6890 6890 I HBD : g getDefaultInputRange : UNKNOWN
02-19 13:19:36.171 6890 6890 I HBD : a currentState : 4
02-19 13:19:36.171 6890 6890 I HBD : a load BaseLanguageRepo
02-19 13:19:36.172 21462 21462 I ImeTracker: org.me.mobiexpensifyg:182c0ccf: onCancelled at PHASE_CLIENT_ANIMATION_CANCEL
02-19 13:19:36.172 21462 21462 I InsetsController: cancelAnimation: types=ime, animType=1, host=org.me.mobiexpensifyg/org.me.mobiexpensifyg.ExpensifyActivityBase, from=android.view.InsetsController.notifyControlRevoked:1821 android.view.InsetsSourceConsumer.setControl:154 android.view.ImeInsetsSourceConsumer.setControl:195
02-19 13:19:36.173 21462 21462 I ImeTracker: org.me.mobiexpensifyg:5d358677: onRequestHide at ORIGIN_CLIENT_HIDE_SOFT_INPUT reason HIDE_SOFT_INPUT_BY_INSETS_API
02-19 13:19:36.173 21462 21462 I InputMethodManager_LC: notifyImeHidden: IInputMethodManagerGlobalInvoker.hideSoftInput
02-19 13:19:36.173 21462 21462 I ImeTracker: org.me.mobiexpensifyg:5d358677: onFailed at PHASE_CLIENT_VIEW_SERVED
02-19 13:19:36.173 21462 21462 I InsetsSourceConsumer: applyRequestedVisibilityToControl: visible=false, type=ime, host=org.me.mobiexpensifyg/org.me.mobiexpensifyg.ExpensifyActivityBase
02-19 13:19:36.173 1603 1603 I Layer : Layer::reparent [1b8f22f InputMethod#180] newParent : Surface(name=1b8f22f InputMethod)/@0xe50c51f - animation-leash of insets_animation#272744 , isRemovedFromCurrentState : 0 -------------------------
02-19 13:19:36.173 1603 1603 I Layer : Layer::reparent [1b8f22f InputMethod#180] End -------------------------
02-19 13:19:36.173 2334 3990 D InputMethodManagerService: isImeSwitcherDisabledPackage : false
02-19 13:19:36.173 1603 1603 I Layer : Layer::reparent [Surface(name=1b8f22f InputMethod)/@0xe50c51f - animation-leash of insets_animation#272731] newParentHandle : null -------------------------
02-19 13:19:36.173 1603 1603 I Layer : id=272731 removeFromCurrentState Surface(name=1b8f22f InputMethod)/@0xe50c51f - animation-leash of insets_animation#272731 (224)
02-19 13:19:36.173 1603 1603 I Layer : Layer::reparent [Surface(name=1b8f22f InputMethod)/@0xe50c51f - animation-leash of insets_animation#272731] End -------------------------
02-19 13:19:36.174 3256 3256 D NavigationBar: setImeWindowStatus displayId=0 vis=0 backDisposition=0 showImeSwitcher=false imeShown=false
02-19 13:19:36.175 21462 21787 I ViewRootImpl@ccd3137[ExpensifyActivityBase]: mWNT: t=0xb400007c23c4c010 mBlastBufferQueue=0xb400007d13b6b4f0 fn= 489 mRenderHdrSdrRatio=1.0 caller= android.view.SyncRtSurfaceTransactionApplier.applyTransaction:96 android.view.SyncRtSurfaceTransactionApplier.lambda$scheduleApply$0:69 android.view.SyncRtSurfaceTransactionApplier.$r8$lambda$SgowXC58rj3PR958kHUfRgLZmvE:0
02-19 13:19:36.179 1603 1603 D SurfaceFlinger: Display 4630946213010294403 HWC layers:
02-19 13:19:36.179 1603 1603 D SurfaceFlinger: DEVICE | 0xb400007cd8d0a7d0 | 0102 | RGBA_8888 | 0.0 0.0 904.0 2316.0 | 0 0 904 2316 | org.me.mobiexpensifyg/org.me.mobiexp[...].ExpensifyActivityBase$_21462#272730
02-19 13:19:36.179 1603 1603 D SurfaceFlinger: DEVICE | 0xb400007cd8d15990 | 0100 | RGBA_8888 | 0.0 0.0 904.0 2316.0 | 0 0 904 2316 | org.me.mobiexpensifyg/org.me.mobiexp[...].ExpensifyActivityBase$_21462#272741
02-19 13:19:36.179 1603 1603 D SurfaceFlinger: DEVICE | 0xb400007cd8d30630 | 0100 | RGBA_8888 | 0.0 0.0 904.0 87.0 | 0 0 904 87 | StatusBar$_3256#121
02-19 13:19:36.179 1603 1603 D SurfaceFlinger: DEVICE | 0xb400007cd8d27630 | 0100 | RGBA_8888 | 0.0 0.0 904.0 126.0 | 0 2190 904 2316 | NavigationBar0$_3256#261410
02-19 13:19:36.179 1603 1603 D SurfaceFlinger: DEVICE | 0xb400007cd8d1ab20 | 0100 | RGBA_8888 | 0.0 0.0 904.0 2316.0 | 0 0 904 2316 | EdgeLightingWindow$_18257#272737
02-19 13:19:36.179 1603 1603 D SurfaceFlinger:
02-19 13:19:36.185 2334 4863 D SemWifiUsabilityStatsMonitor: onWifiUsabilityStats - seqNum 53169, isSameBssidAndFreq true
02-19 13:19:36.186 1603 1760 D RenderEngine: [SEC_GC_CMN_SF_EFFECTS] drawLayersInternal,1279, Rendering layer at index 0
02-19 13:19:36.187 1603 1760 D RenderEngine: [SEC_GC_CMN_SF_EFFECTS] drawLayersInternal,1279, Rendering layer org.me.mobiexpensifyg/org.me.mobiexpensifyg.ExpensifyActivityBase$_21462#272730 at index 1
02-19 13:19:36.187 1603 1760 D RenderEngine: [SEC_GC_CMN_SF_EFFECTS] drawLayersInternal,1279, Rendering layer org.me.mobiexpensifyg/org.me.mobiexpensifyg.ExpensifyActivityBase$_21462#272741 at index 2
02-19 13:19:36.188 2334 3092 I SemWifiLinkQualityMonitor: Link stat: 2912 / 117 / 1.24 (514) / 526 / -47.0 || 100.0 : 526.00 / 0.5 : 0.81 / 0.55 : 0.04 / G (G) || 0.09 ms / 88.67 Mbps / N || 0 / N / 0 Y / 0 Y
