02-19 13:19:38.614 22525 22525 I BLASTBufferQueue_Java: new BLASTBufferQueue, mName= ViewRootImpl@dbca585[GrantPermissionsActivity] mNativeObject= 0xb400007d13b27ed0 sc.mNativeObject= 0xb400007bd3b1a250 caller= android.view.ViewRootImpl.updateBlastSurfaceIfNeeded:3085 android.view.ViewRootImpl.relayoutWindow:10224 android.view.ViewRootImpl.performTraversals:4167 android.view.ViewRootImpl.doTraversal:3345 android.view.ViewRootImpl$TraversalRunnable.run:11437 android.view.Choreographer$CallbackRecord.run:1690 android.view.Choreographer$CallbackRecord.run:1699 android.view.Choreographer.doCallbacks:1154 android.view.Choreographer.doFrame:1080 android.view.Choreographer$FrameDisplayEventReceiver.run:1647
02-19 13:19:38.614 22525 22525 I BLASTBufferQueue_Java: update, w= 915 h= 13 mName = ViewRootImpl@dbca585[GrantPermissionsActivity] mNativeObject= 0xb400007d13b27ed0 sc.mNativeObject= 0xb400007bd3b1a250 format= -2 caller= android.graphics.BLASTBufferQueue.:89 android.view.ViewRootImpl.updateBlastSurfaceIfNeeded:3085 android.view.ViewRootImpl.relayoutWindow:10224 android.view.ViewRootImpl.performTraversals:4167 android.view.ViewRootImpl.doTraversal:3345 android.view.ViewRootImpl$TraversalRunnable.run:11437
02-19 13:19:38.615 22525 22525 I ViewRootImpl@dbca585[GrantPermissionsActivity]: Relayout returned: old=(0,87,904,2277) new=(0,2277,903,2277) relayoutAsync=false req=(903,0)0 dur=5 res=0x403 s={true 0xb400007b33b32cf0} ch=true seqId=0
02-19 13:19:38.615 22525 22525 I ViewRootImpl@dbca585[GrantPermissionsActivity]: performConfigurationChange setNightDimText nightDimLevel=0
02-19 13:19:38.615 22525 22525 D ViewRootImpl@dbca585[GrantPermissionsActivity]: mThreadedRenderer.initialize() mSurface={isValid=true 0xb400007b33b32cf0} hwInitialized=true
02-19 13:19:38.615 22525 22525 D ViewRootImpl@dbca585[GrantPermissionsActivity]: reportNextDraw android.view.ViewRootImpl.performTraversals:4781 android.view.ViewRootImpl.doTraversal:3345 android.view.ViewRootImpl$TraversalRunnable.run:11437 android.view.Choreographer$CallbackRecord.run:1690 android.view.Choreographer$CallbackRecord.run:1699
02-19 13:19:38.615 22525 22525 I ViewRootImpl@dbca585[GrantPermissionsActivity]: Setup new sync=wmsSync-ViewRootImpl@dbca585[GrantPermissionsActivity]#0
02-19 13:19:38.615 22525 22525 I ViewRootImpl@dbca585[GrantPermissionsActivity]: Creating new active sync group ViewRootImpl@dbca585[GrantPermissionsActivity]#1
02-19 13:19:38.615 22525 22525 I SurfaceSyncGroup: addLocalSync=ViewRootImpl@dbca585[GrantPermissionsActivity]#1 to name=wmsSync-ViewRootImpl@dbca585[GrantPermissionsActivity]#0, callers=android.window.SurfaceSyncGroup.add:431 android.window.SurfaceSyncGroup.add:392 android.window.SurfaceSyncGroup.add:340 android.view.ViewRootImpl.createSyncIfNeeded:4912 android.view.ViewRootImpl.performTraversals:4796 android.view.ViewRootImpl.doTraversal:3345
02-19 13:19:38.616 22525 22525 I ViewRootImpl@dbca585[GrantPermissionsActivity]: registerCallbacksForSync syncBuffer=false
02-19 13:19:38.617 22525 22557 I ViewRootImpl@dbca585[GrantPermissionsActivity]: Received frameDrawingCallback syncResult=0 frameNum=1.
02-19 13:19:38.617 22525 22557 I ViewRootImpl@dbca585[GrantPermissionsActivity]: mWNT: t=0xb400007c23b45610 mBlastBufferQueue=0xb400007d13b27ed0 fn= 1 mRenderHdrSdrRatio=1.0 caller= android.view.ViewRootImpl$8.onFrameDraw:13946 android.view.ThreadedRenderer$1.onFrameDraw:792
02-19 13:19:38.617 22525 22557 I ViewRootImpl@dbca585[GrantPermissionsActivity]: Setting up sync and frameCommitCallback
02-19 13:19:38.617 1603 1603 I Layer : Layer::reparent [f01df StatusBar#106] newParent : Surface(name=f01df StatusBar)/@0xca67e00 - animation-leash of insets_animation#272756 , isRemovedFromCurrentState : 0 -------------------------
02-19 13:19:38.617 1603 1603 I Layer : Layer::reparent [f01df StatusBar#106] End -------------------------
02-19 13:19:38.617 1603 1603 I Layer : Layer::reparent [Surface(name=f01df StatusBar)/@0xca67e00 - animation-leash of insets_animation#272746] newParentHandle : null -------------------------
02-19 13:19:38.617 1603 1603 I Layer : id=272746 removeFromCurrentState Surface(name=f01df StatusBar)/@0xca67e00 - animation-leash of insets_animation#272746 (229)
02-19 13:19:38.617 1603 1603 I Layer : Layer::reparent [Surface(name=f01df StatusBar)/@0xca67e00 - animation-leash of insets_animation#272746] End -------------------------
02-19 13:19:38.617 1603 1603 I Layer : Layer::reparent [3c5e648 NavigationBar0#261402] newParent : Surface(name=3c5e648 NavigationBar0)/@0xe853047 - animation-leash of insets_animation#272757 , isRemovedFromCurrentState : 0 -------------------------
02-19 13:19:38.617 1603 1603 I Layer : Layer::reparent [3c5e648 NavigationBar0#261402] End -------------------------
02-19 13:19:38.617 1603 1603 I Layer : Layer::reparent [Surface(name=3c5e648 NavigationBar0)/@0xe853047 - animation-leash of insets_animation#272747] newParentHandle : null -------------------------
02-19 13:19:38.617 1603 1603 I Layer : id=272747 removeFromCurrentState Surface(name=3c5e648 NavigationBar0)/@0xe853047 - animation-leash of insets_animation#272747 (229)
02-19 13:19:38.617 1603 1603 I Layer : Layer::reparent [Surface(name=3c5e648 NavigationBar0)/@0xe853047 - animation-leash of insets_animation#272747] End -------------------------
02-19 13:19:38.617 1603 1603 I SurfaceFlinger: id=272747 Removed Surface(name=3c5e648 NavigationBar0)/@0xe853047 - animation-leash of insets_animation#272747 (229)
02-19 13:19:38.617 1603 1603 I SurfaceFlinger: id=272746 Removed Surface(name=f01df StatusBar)/@0xca67e00 - animation-leash of insets_animation#272746 (229)
02-19 13:19:38.621 22525 22545 I BLASTBufferQueue: [ViewRootImpl@dbca585[GrantPermissionsActivity]#0](f:0,a:0,s:0) onFrameAvailable the first frame is available
02-19 13:19:38.622 22525 22545 I ViewRootImpl@dbca585[GrantPermissionsActivity]: Received frameCommittedCallback lastAttemptedDrawFrameNum=1 didProduceBuffer=true
02-19 13:19:38.622 22525 22545 I SurfaceSyncGroup: onTransactionReady mName=wmsSync-ViewRootImpl@dbca585[GrantPermissionsActivity]#0 callback=82447958
02-19 13:19:38.622 22525 22545 D OpenGLRenderer: CFMS:: SetUp Pid : 22525 Tid : 22545
02-19 13:19:38.622 22525 22525 I ViewRootImpl@dbca585[GrantPermissionsActivity]: reportDrawFinished seqId=0
02-19 13:19:38.622 2334 2949 D WindowManager: finishDrawingWindow: Window{7c27b82 u0 com.google.android.permissioncontroller/com.android.permissioncontroller.permission.ui.GrantPermissionsActivity} mDrawState=DRAW_PENDING seqId=0
02-19 13:19:38.623 2334 2447 V WindowManager: SyncGroup 12396: Finished!
02-19 13:19:38.624 2334 2447 I SemDvfsHyPerManager: acquire hyper - AMS_RESUME_TAIL/2334@18, type = -999
02-19 13:19:38.624 22525 22545 D OpenGLRenderer: HWUI - treat SMPTE_170M as sRGB
02-19 13:19:38.624 2334 2447 I SemDvfsHyPerManager: acquire hyper - AMS_ACT_LAZY/2334@19, type = -999
02-19 13:19:38.624 2334 2447 D ActivityManagerPerformance: AMP_acquire() TAIL
02-19 13:19:38.624 2334 2447 D ActivityManagerPerformance: AMP_release() APP_SWITCH
02-19 13:19:38.624 2334 2447 V WindowManager: performShowLocked: mDrawState=HAS_DRAWN in Window{7c27b82 u0 com.google.android.permissioncontroller/com.android.permissioncontroller.permission.ui.GrantPermissionsActivity}
02-19 13:19:38.624 2334 4386 D FreecessController: BG freezed, skip OLAF unfreeze for (com.samsung.android.aremoji, 10037).
02-19 13:19:38.624 1492 1518 I HYPER-HAL: [RequestManager.cpp]acquire(): Acquired ID : 2767146 [2334 / 18] HINT : AMS_RESUME_TAIL list :
02-19 13:19:38.624 22525 22525 I InsetsController: onStateChanged: host=com.google.android.permissioncontroller/com.android.permissioncontroller.permission.ui.GrantPermissionsActivity, from=android.view.ViewRootImpl$ViewRootHandler.handleMessageImpl:7266, state=InsetsState: {mDisplayFrame=Rect(0, 0 - 904, 2316), mDisplayCutout=DisplayCutout{insets=Rect(0, 87 - 0, 0) waterfall=Insets{left=0, top=0, right=0, bottom=0} boundingRect={Bounds=[Rect(0, 0 - 0, 0), Rect(418, 0 - 486, 87), Rect(0, 0 - 0, 0), Rect(0, 0 - 0, 0)]} cutoutPathParserInfo={CutoutPathParserInfo{displayWidth=904 displayHeight=2316 physicalDisplayWidth=904 physicalDisplayHeight=2316 density={2.625} cutoutSpec={M 0,0 H -12.95238095238095 V 33.14285714285714 H 12.95238095238095 V 0 H 0 Z @dp} rotation={0} scale={1.0} physicalPixelDisplaySizeRatio={1.0}}}}, mRoundedCorners=RoundedCorners{[RoundedCorner{position=TopLeft, radius=53, center=Point(53, 53)}, RoundedCorner{position=TopRight, radius=53, center=Point(851, 53)}, RoundedCorner{position=BottomRight, radius=53, center=Point(851, 2263)}, RoundedCorner{position=BottomLeft, radius=53, center=Point(53, 2263)}]} mRoundedCornerFrame=Rect(0, 0 - 904, 2316), mPrivacyIndicatorBounds=PrivacyIndicatorBounds {static bounds=Rect(788, 0 - 904, 87) rotation=0}, mDisplayShape=DisplayShape{ spec=-311912193 displayWidth=904 displayHeight=2316 physicalPixelDisplaySizeRatio=1.0 rotation=0 offsetX=0 offsetY=0 scale=1.0}, mSources= { InsetsSource: {80a80001 mType=navigationBars mFrame=[0,2277][904,2316] mVisible=true mFlags=[SUPPRESS_SCRIM]}, InsetsSource: {80a80004 mType=systemGestures mFrame=[0,0][78,2316] mVisible=true mFlags=[]}, InsetsSource: {80a80005 mType=mandatorySystemGestures mFrame=[0,2232][904,2316] mVisible=true mFlags=[]}, InsetsSource: {80a80006 mType=tappableElement mFrame=[0,0][0,0] mVisible=true mFlags=[]}, InsetsSource: {80a80024 mType=systemGestures mFrame=[826,0][904,2316] mVisible=true mFlags=[]}, InsetsSource: {d59c0000 mType=statusBars mFrame=[0,0][904,87] mVisible=true mFlags=[]}, InsetsSource: {d59c0005 mType=mandatorySystemGestures mFrame=[0,0][904,119] mVisible=true mFlags=[]}, InsetsSource: {d59c0006 mType=tappableElement mFrame=[0,0][904,87] mVisible=true mFlags=[]}, InsetsSource: {27 mType=displayCutout mFrame=[0,0][904,87] mVisible=true mFlags=[]} }
02-19 13:19:38.624 22525 22525 I ViewRootImpl@dbca585[GrantPermissionsActivity]: handleResized, msg = 5 frames=ClientWindowFrames{frame=[0,2277][903,2277] display=[0,87][904,2277] parentFrame=[0,0][0,0]} forceNextWindowRelayout=false displayId=0 dragResizing=false compatScale=1.0 frameChanged=false attachedFrameChanged=false configChanged=false displayChanged=false compatScaleChanged=false
02-19 13:19:38.624 22525 22525 I ViewRootImpl@dbca585[GrantPermissionsActivity]: handleResized mSyncSeqId = 0
02-19 13:19:38.624 22525 22525 D ViewRootImpl@dbca585[GrantPermissionsActivity]: reportNextDraw android.view.ViewRootImpl.handleResized:2574 android.view.ViewRootImpl.-$$Nest$mhandleResized:0 android.view.ViewRootImpl$ViewRootHandler.handleMessageImpl:7267 android.view.ViewRootImpl$ViewRootHandler.handleMessage:7236 android.os.Handler.dispatchMessage:106
02-19 13:19:38.624 22525 22525 I InsetsController: onStateChanged: host=com.google.android.permissioncontroller/com.android.permissioncontroller.permission.ui.GrantPermissionsActivity, from=android.view.ViewRootImpl$ViewRootHandler.handleMessageImpl:7279, state=InsetsState: {mDisplayFrame=Rect(0, 0 - 904, 2316), mDisplayCutout=DisplayCutout{insets=Rect(0, 87 - 0, 0) waterfall=Insets{left=0, top=0, right=0, bottom=0} boundingRect={Bounds=[Rect(0, 0 - 0, 0), Rect(418, 0 - 486, 87), Rect(0, 0 - 0, 0), Rect(0, 0 - 0, 0)]} cutoutPathParserInfo={CutoutPathParserInfo{displayWidth=904 displayHeight=2316 physicalDisplayWidth=904 physicalDisplayHeight=2316 density={2.625} cutoutSpec={M 0,0 H -12.95238095238095 V 33.14285714285714 H 12.95238095238095 V 0 H 0 Z @dp} rotation={0} scale={1.0} physicalPixelDisplaySizeRatio={1.0}}}}, mRoundedCorners=RoundedCorners{[RoundedCorner{position=TopLeft, radius=53, center=Point(53, 53)}, RoundedCorner{position=TopRight, radius=53, center=Point(851, 53)}, RoundedCorner{position=BottomRight, radius=53, center=Point(851, 2263)}, RoundedCorner{position=BottomLeft, radius=53, center=Point(53, 2263)}]} mRoundedCornerFrame=Rect(0, 0 - 904, 2316), mPrivacyIndicatorBounds=PrivacyIndicatorBounds {static bounds=Rect(788, 0 - 904, 87) rotation=0}, mDisplayShape=DisplayShape{ spec=-311912193 displayWidth=904 displayHeight=2316 physicalPixelDisplaySizeRatio=1.0 rotation=0 offsetX=0 offsetY=0 scale=1.0}, mSources= { InsetsSource: {80a80001 mType=navigationBars mFrame=[0,2277][904,2316] mVisible=true mFlags=[SUPPRESS_SCRIM]}, InsetsSource: {80a80004 mType=systemGestures mFrame=[0,0][78,2316] mVisible=true mFlags=[]}, InsetsSource: {80a80005 mType=mandatorySystemGestures mFrame=[0,2232][904,2316] mVisible=true mFlags=[]}, InsetsSource: {80a80006 mType=tappableElement mFrame=[0,0][0,0] mVisible=true mFlags=[]}, InsetsSource: {80a80024 mType=systemGestures mFrame=[826,0][904,2316] mVisible=true mFlags=[]}, InsetsSource: {d59c0000 mType=statusBars mFrame=[0,0][904,87] mVisible=true mFlags=[]}, InsetsSource: {d59c0005 mType=mandatorySystemGestures mFrame=[0,0][904,119] mVisible=true mFlags=[]}, InsetsSource: {d59c0006 mType=tappableElement mFrame=[0,0][904,87] mVisible=true mFlags=[]}, InsetsSource: {3 mType=ime mFrame=[0,0][0,0] mVisible=false mFlags=[]}, InsetsSource: {27 mType=displayCutout mFrame=[0,0][904,87] mVisible=true mFlags=[]} }
02-19 13:19:38.624 22525 22525 I InsetsSourceConsumer: applyRequestedVisibilityToControl: visible=true, type=statusBars, host=com.google.android.permissioncontroller/com.android.permissioncontroller.permission.ui.GrantPermissionsActivity
02-19 13:19:38.625 22525 22525 I InsetsSourceConsumer: applyRequestedVisibilityToControl: visible=true, type=navigationBars, host=com.google.android.permissioncontroller/com.android.permissioncontroller.permission.ui.GrantPermissionsActivity
02-19 13:19:38.625 1492 1518 I HYPER-HAL: [RequestManager.cpp]acquire(): Acquired ID : 2769500 [2334 / 19] HINT : AMS_ACT_LAZY list :
02-19 13:19:38.625 1603 1603 I Layer : id=272746 Destroyed Surface(name=f01df StatusBar)/@0xca67e00 - animation-leash of insets_animation#272746
02-19 13:19:38.625 1603 1603 I Layer : id=272747 Destroyed Surface(name=3c5e648 NavigationBar0)/@0xe853047 - animation-leash of insets_animation#272747
02-19 13:19:38.625 22525 22525 I ViewRootImpl@dbca585[GrantPermissionsActivity]: Setup new sync=wmsSync-ViewRootImpl@dbca585[GrantPermissionsActivity]#2
02-19 13:19:38.625 22525 22525 I ViewRootImpl@dbca585[GrantPermissionsActivity]: Creating new active sync group ViewRootImpl@dbca585[GrantPermissionsActivity]#3
02-19 13:19:38.625 22525 22525 I SurfaceSyncGroup: addLocalSync=ViewRootImpl@dbca585[GrantPermissionsActivity]#3 to name=wmsSync-ViewRootImpl@dbca585[GrantPermissionsActivity]#2, callers=android.window.SurfaceSyncGroup.add:431 android.window.SurfaceSyncGroup.add:392 android.window.SurfaceSyncGroup.add:340 android.view.ViewRootImpl.createSyncIfNeeded:4912 android.view.ViewRootImpl.performTraversals:4796 android.view.ViewRootImpl.doTraversal:3345
02-19 13:19:38.626 1492 1518 I HYPER-HAL: [RequestManager.cpp]releaseLocked(): Released ID : 2771855
02-19 13:19:38.626 22525 22525 I SurfaceSyncGroup: onTransactionReady mName=wmsSync-ViewRootImpl@dbca585[GrantPermissionsActivity]#2 callback=1077711
02-19 13:19:38.626 22525 22525 I ViewRootImpl@dbca585[GrantPermissionsActivity]: reportDrawFinished seqId=0
02-19 13:19:38.626 2334 2447 D ChangeTransitionController: onTransactionReady: TransitionRecord{2b03eba id=12396 type=OPEN flags=0x0}
02-19 13:19:38.627 2334 2447 V WindowManager: Start calculating TransitionInfo based on participants: {ActivityRecord{69106dc u0 com.google.android.permissioncontroller/com.android.permissioncontroller.permission.ui.GrantPermissionsActivity t11810}}
02-19 13:19:38.627 2334 2447 V WindowManager: Final targets: [ActivityRecord{69106dc u0 com.google.android.permissioncontroller/com.android.permissioncontroller.permission.ui.GrantPermissionsActivity t11810}]
02-19 13:19:38.627 1603 3351 I SurfaceFlinger: id=272758 createSurf, flag=84004, Transition Root: ActivityRecord{69106dc u0 com.google.android.permissioncontroller/com.android.permissioncontroller.permission.ui.GrantPermissionsActivity t11810}#272758
02-19 13:19:38.628 2334 4386 D FreecessController: BG freezed, skip OLAF unfreeze for (com.samsung.android.game.gamehome, 10077).
02-19 13:19:38.629 2334 3990 D InputDispatcher: Focus request (0): 7c27b82 com.google.android.permissioncontroller/com.android.permissioncontroller.permission.ui.GrantPermissionsActivity but waiting because NOT_VISIBLE
02-19 13:19:38.629 2334 2447 I SurfaceControl: show, t=StartTransaction_SyncId<12396>, sc=Surface(name=ActivityRecord{69106dc u0 com.google.android.permissioncontroller/com.android.permissioncontroller.permission.ui.GrantPermissionsActivity t11810})/@0xec032e7, caller=com.android.server.wm.Transition.onTransactionReady:2012 com.android.server.wm.BLASTSyncEngine$SyncGroup.finishNow:321 com.android.server.wm.BLASTSyncEngine$SyncGroup.tryFinish:242 com.android.server.wm.BLASTSyncEngine$SyncGroup.-$$Nest$mtryFinish:0 com.android.server.wm.BLASTSyncEngine.onSurfacePlacement:685 com.android.server.wm.RootWindowContainer.performSurfacePlacementNoTrace:993
02-19 13:19:38.629 2334 2447 I SurfaceControl: show, t=StartTransaction_SyncId<12396>, sc=Surface(name=Task=11810)/@0xb8ab55b, caller=com.android.server.wm.Transition.onTransactionReady:2029 com.android.server.wm.BLASTSyncEngine$SyncGroup.finishNow:321 com.android.server.wm.BLASTSyncEngine$SyncGroup.tryFinish:242 com.android.server.wm.BLASTSyncEngine$SyncGroup.-$$Nest$mtryFinish:0 com.android.server.wm.BLASTSyncEngine.onSurfacePlacement:685 com.android.server.wm.RootWindowContainer.performSurfacePlacementNoTrace:993
02-19 13:19:38.629 2334 2447 I SurfaceControl: show, t=StartTransaction_SyncId<12396>, sc=Surface(name=DefaultTaskDisplayArea_d0)/@0xf7f6355, caller=com.android.server.wm.Transition.onTransactionReady:2029 com.android.server.wm.BLASTSyncEngine$SyncGroup.finishNow:321 com.android.server.wm.BLASTSyncEngine$SyncGroup.tryFinish:242 com.android.server.wm.BLASTSyncEngine$SyncGroup.-$$Nest$mtryFinish:0 com.android.server.wm.BLASTSyncEngine.onSurfacePlacement:685 com.android.server.wm.RootWindowContainer.performSurfacePlacementNoTrace:993
02-19 13:19:38.629 2334 2447 I SurfaceControl: show, t=StartTransaction_SyncId<12396>, sc=Surface(name=FullscreenMagnification:2:12)/@0xe597bd5, caller=com.android.server.wm.Transition.onTransactionReady:2029 com.android.server.wm.BLASTSyncEngine$SyncGroup.finishNow:321 com.android.server.wm.BLASTSyncEngine$SyncGroup.tryFinish:242 com.android.server.wm.BLASTSyncEngine$SyncGroup.-$$Nest$mtryFinish:0 com.android.server.wm.BLASTSyncEngine.onSurfacePlacement:685 com.android.server.wm.RootWindowContainer.performSurfacePlacementNoTrace:993
02-19 13:19:38.629 2334 2447 I SurfaceControl: show, t=StartTransaction_SyncId<12396>, sc=Surface(name=OneHanded:0:14)/@0xb55bd06, caller=com.android.server.wm.Transition.onTransactionReady:2029 com.android.server.wm.BLASTSyncEngine$SyncGroup.finishNow:321 com.android.server.wm.BLASTSyncEngine$SyncGroup.tryFinish:242 com.android.server.wm.BLASTSyncEngine$SyncGroup.-$$Nest$mtryFinish:0 com.android.server.wm.BLASTSyncEngine.onSurfacePlacement:685 com.android.server.wm.RootWindowContainer.performSurfacePlacementNoTrace:993
02-19 13:19:38.630 2334 2447 I SurfaceControl: show, t=StartTransaction_SyncId<12396>, sc=Surface(name=HideDisplayCutout:0:14)/@0xb92cfea, caller=com.android.server.wm.Transition.onTransactionReady:2029 com.android.server.wm.BLASTSyncEngine$SyncGroup.finishNow:321 com.android.server.wm.BLASTSyncEngine$SyncGroup.tryFinish:242 com.android.server.wm.BLASTSyncEngine$SyncGroup.-$$Nest$mtryFinish:0 com.android.server.wm.BLASTSyncEngine.onSurfacePlacement:685 com.android.server.wm.RootWindowContainer.performSurfacePlacementNoTrace:993
02-19 13:19:38.630 2334 2447 I SurfaceControl: show, t=StartTransaction_SyncId<12396>, sc=Surface(name=WindowedMagnification:0:31)/@0xb6cede5, caller=com.android.server.wm.Transition.onTransactionReady:2029 com.android.server.wm.BLASTSyncEngine$SyncGroup.finishNow:321 com.android.server.wm.BLASTSyncEngine$SyncGroup.tryFinish:242 com.android.server.wm.BLASTSyncEngine$SyncGroup.-$$Nest$mtryFinish:0 com.android.server.wm.BLASTSyncEngine.onSurfacePlacement:685 com.android.server.wm.RootWindowContainer.performSurfacePlacementNoTrace:993
02-19 13:19:38.630 2334 2447 I SurfaceControl: show, t=StartTransaction_SyncId<12396>, sc=Surface(name=Display 0 name="Built-in Screen")/@0x1d802db, caller=com.android.server.wm.Transition.onTransactionReady:2029 com.android.server.wm.BLASTSyncEngine$SyncGroup.finishNow:321 com.android.server.wm.BLASTSyncEngine$SyncGroup.tryFinish:242 com.android.server.wm.BLASTSyncEngine$SyncGroup.-$$Nest$mtryFinish:0 com.android.server.wm.BLASTSyncEngine.onSurfacePlacement:685 com.android.server.wm.RootWindowContainer.performSurfacePlacementNoTrace:993
02-19 13:19:38.630 2334 2447 V WindowManager: Calling onTransitionReady: {id=12396 t=OPEN f=0x0 trk=0 r=[0@Point(0, 0)] c=[
02-19 13:19:38.630 2334 2447 V WindowManager: {null m=OPEN f=TRANSLUCENT|FILLS_TASK|IS_ACTIVITY|EDGE_EXTENSION_RESTRICTION leash=Surface(name=ActivityRecord{69106dc u0 com.google.android.permissioncontroller/com.android.permissioncontroller.permission.ui.GrantPermissionsActivity t11810})/@0xec032e7 sb=Rect(0, 0 - 0, 0) eb=Rect(0, 0 - 904, 2316) d=-1->0 r=-1->0:-1 inset=Rect(0, 0 - 0, 0)}
02-19 13:19:38.630 2334 2447 V WindowManager: ]}
02-19 13:19:38.632 1603 3351 I SurfaceFlinger: id=272759 createSurf, flag=84000, 5ff23e5 ActivityRecordInputSink com.google.android.permissioncontroller/com.android.permissioncontroller.permission.ui.GrantPermissionsActivity#272759
02-19 13:19:38.635 3256 3287 V WindowManagerShell: onTransitionReady android.os.BinderProxy@75145d7: {id=12396 t=OPEN f=0x0 trk=0 r=[0@Point(0, 0)] c=[{null m=OPEN f=TRANSLUCENT|FILLS_TASK|IS_ACTIVITY|EDGE_EXTENSION_RESTRICTION leash=Surface(name=ActivityRecord{69106dc u0 com.google.android.permissioncontroller/com.android.permissioncontroller.permission.ui.GrantPermissionsActivity t11810})/@0xcbf6ce2 sb=Rect(0, 0 - 0, 0) eb=Rect(0, 0 - 904, 2316) d=-1->0 r=-1->0:-1 inset=Rect(0, 0 - 0, 0)}]}
02-19 13:19:38.635 3256 3287 I SurfaceControl: show, t=StartTransaction_SyncId<12396>, sc=Surface(name=ActivityRecord{69106dc u0 com.google.android.permissioncontroller/com.android.permissioncontroller.permission.ui.GrantPermissionsActivity t11810})/@0xcbf6ce2, caller=com.android.wm.shell.transition.Transitions.dispatchReady:715 com.android.wm.shell.transition.Transitions.onTransitionReady:118 com.android.wm.shell.transition.Transitions$TransitionPlayerImpl$$ExternalSyntheticLambda0.run:13 android.os.Handler.handleCallback:958 android.os.Handler.dispatchMessage:99 android.os.Looper.loopOnce:230
02-19 13:19:38.635 3256 3287 I SurfaceControl: show, t=FinishTransaction_SyncId<12396>, sc=Surface(name=ActivityRecord{69106dc u0 com.google.android.permissioncontroller/com.android.permissioncontroller.permission.ui.GrantPermissionsActivity t11810})/@0xcbf6ce2, caller=com.android.wm.shell.transition.Transitions.dispatchReady:772 com.android.wm.shell.transition.Transitions.onTransitionReady:118 com.android.wm.shell.transition.Transitions$TransitionPlayerImpl$$ExternalSyntheticLambda0.run:13 android.os.Handler.handleCallback:958 android.os.Handler.dispatchMessage:99 android.os.Looper.loopOnce:230
02-19 13:19:38.635 3256 3287 V WindowManagerShell: Playing animation for (#12396)android.os.BinderProxy@75145d7@0
02-19 13:19:38.635 3256 3287 I SurfaceControl: show, t=StartTransaction_SyncId<12396>, sc=Surface(name=Transition Root: ActivityRecord{69106dc u0 com.google.android.permissioncontroller/com.android.permissioncontroller.permission.ui.GrantPermissionsActivity t11810})/@0x97a6873, caller=com.android.wm.shell.transition.Transitions.playTransition:80 com.android.wm.shell.transition.Transitions.processReadyQueue:195 com.android.wm.shell.transition.Transitions.dispatchReady:790 com.android.wm.shell.transition.Transitions.onTransitionReady:118 com.android.wm.shell.transition.Transitions$TransitionPlayerImpl$$ExternalSyntheticLambda0.run:13 android.os.Handler.handleCallback:958
02-19 13:19:38.635 3256 3287 V WindowManagerShell: try handler com.android.wm.shell.transition.DefaultMixedHandler@6eed36e
02-19 13:19:38.635 3256 3287 V WindowManagerShell: try handler com.android.wm.shell.keyguard.KeyguardTransitionHandler@d2fba0f
02-19 13:19:38.635 3256 3287 V WindowManagerShell: try handler com.android.wm.shell.activityembedding.ActivityEmbeddingController@e9cfa9c
02-19 13:19:38.635 3256 3287 V WindowManagerShell: try handler com.android.wm.shell.recents.RecentsTransitionHandler@dda6ca5
02-19 13:19:38.635 3256 3287 V ShellRecents: RecentsTransitionHandler.startAnimation: no controller found
02-19 13:19:38.635 3256 3287 V WindowManagerShell: try handler com.android.wm.shell.unfold.UnfoldTransitionHandler@fb8b87a
02-19 13:19:38.635 3256 3287 V WindowManagerShell: try handler com.android.wm.shell.pip.PipTransition@237e82b
02-19 13:19:38.635 3256 3287 V WindowManagerShell: try handler com.android.wm.shell.splitscreen.StageCoordinator@6cd2488
02-19 13:19:38.635 3256 3287 V WindowManagerShell: try handler com.android.wm.shell.transition.RemoteTransitionHandler@faa2e21
02-19 13:19:38.635 3256 3287 V WindowManagerShell: Transition doesn't have explicit remote, search filters for match for {id=12396 t=OPEN f=0x0 trk=0 r=[0@Point(0, 0)] c=[{null m=OPEN f=TRANSLUCENT|FILLS_TASK|IS_ACTIVITY|EDGE_EXTENSION_RESTRICTION leash=Surface(name=ActivityRecord{69106dc u0 com.google.android.permissioncontroller/com.android.permissioncontroller.permission.ui.GrantPermissionsActivity t11810})/@0xcbf6ce2 sb=Rect(0, 0 - 0, 0) eb=Rect(0, 0 - 904, 2316) d=-1->0 r=-1->0:-1 inset=Rect(0, 0 - 0, 0)}]}
02-19 13:19:38.635 3256 3287 V WindowManagerShell: Checking filter Pair{{types=[] flags=0x0] notFlags=0x100 checks=[{atype=home independent=true modes=[OPEN,TO_FRONT] flags=NONE mustBeTask=false order=TOP topActivity=ComponentInfo{com.sec.android.app.launcher/com.sec.android.app.launcher.Launcher}},{atype=recents independent=true modes=[CLOSE,TO_BACK] flags=NONE mustBeTask=false order=ANY topActivity=null}]} RemoteTransition { remoteTransition = android.window.IRemoteTransition$Stub$Proxy@857b336, appThread = android.app.IApplicationThread$Stub$Proxy@7b5f237, debugName = QuickstepLaunchHomeFromRecents }}
02-19 13:19:38.635 3256 3287 V WindowManagerShell: Checking filter Pair{{types=[] flags=0x0] notFlags=0x100 checks=[{atype=home independent=true modes=[OPEN,TO_FRONT] flags=NONE mustBeTask=false order=TOP topActivity=ComponentInfo{com.sec.android.app.launcher/com.sec.android.app.launcher.Launcher}},{atype=standard independent=true modes=[CLOSE,TO_BACK] flags=NONE mustBeTask=false order=ANY topActivity=null}]} RemoteTransition { remoteTransition = android.window.IRemoteTransition$Stub$Proxy@5cf13a4, appThread = android.app.IApplicationThread$Stub$Proxy@5ff850d, debugName = QuickstepLaunchHome }}
02-19 13:19:38.635 3256 3287 V WindowManagerShell: Delegate animation for #12396 to null
02-19 13:19:38.635 3256 3287 V WindowManagerShell: try handler com.android.wm.shell.transition.DefaultTransitionHandler@409e246
02-19 13:19:38.635 3256 3287 V WindowManagerShell: start default transition animation, info = {id=12396 t=OPEN f=0x0 trk=0 r=[0@Point(0, 0)] c=[{null m=OPEN f=TRANSLUCENT|FILLS_TASK|IS_ACTIVITY|EDGE_EXTENSION_RESTRICTION leash=Surface(name=ActivityRecord{69106dc u0 com.google.android.permissioncontroller/com.android.permissioncontroller.permission.ui.GrantPermissionsActivity t11810})/@0xcbf6ce2 sb=Rect(0, 0 - 0, 0) eb=Rect(0, 0 - 904, 2316) d=-1->0 r=-1->0:-1 inset=Rect(0, 0 - 0, 0)}]}
02-19 13:19:38.635 3256 3287 V WindowManagerShell: loadAnimation: anim=null animAttr=0x4 type=OPEN isEntrance=true
02-19 13:19:38.636 3256 3287 I SurfaceControl: apply is called, name=StartTransaction_SyncId<12396>, caller=android.view.SurfaceControl$Transaction.apply:2933 com.android.wm.shell.transition.DefaultTransitionHandler.startAnimation:3081 com.android.wm.shell.transition.Transitions.dispatchTransition:80 com.android.wm.shell.transition.Transitions.playTransition:811 com.android.wm.shell.transition.Transitions.processReadyQueue:195 com.android.wm.shell.transition.Transitions.dispatchReady:790
02-19 13:19:38.636 3256 3287 V WindowManagerShell: Transition animation finished (aborted=false), notifying core (#12396)android.os.BinderProxy@75145d7@0
02-19 13:19:38.637 3256 3287 I SurfaceControl: apply is called, name=FinishTransaction_SyncId<12396>, caller=android.view.SurfaceControl$Transaction.apply:2933 com.android.wm.shell.transition.Transitions.onFinish:302 com.android.wm.shell.transition.Transitions$$ExternalSyntheticLambda6.onTransitionFinished:15 com.android.wm.shell.transition.DefaultTransitionHandler$$ExternalSyntheticLambda5.run:125 com.android.wm.shell.transition.DefaultTransitionHandler.startAnimation:3184 com.android.wm.shell.transition.Transitions.dispatchTransition:80
02-19 13:19:38.637 2334 7288 D WindowManager: finishDrawingWindow: Window{7c27b82 u0 com.google.android.permissioncontroller/com.android.permissioncontroller.permission.ui.GrantPermissionsActivity} mDrawState=HAS_DRAWN seqId=0
02-19 13:19:38.639 2334 4386 D FreecessController: BG freezed, skip OLAF unfreeze for (com.samsung.android.app.reminder, 10217).
02-19 13:19:38.640 2334 2443 D [secipm]: mSecIpmManager report to nap
02-19 13:19:38.640 2334 2443 I PkgPredictorService-SecIpmManagerServiceImpl: reportToNAP uid:10281 com.google.android.permissioncontroller/com.android.permissioncontroller.permission.ui.GrantPermissionsActivity thisTime:178
02-19 13:19:38.640 2334 2443 D PkgPredictorService-SecIpmManagerServiceImpl: reportToNAP: mHeavyLaunchCounter is false
02-19 13:19:38.640 2334 4344 D PkgPredictorService-SecIpmManagerServiceImpl: ACTION_FOREGROUND_FINISH_EVENT sCurForegroundApp :com.google.android.permissioncontroller
02-19 13:19:38.641 2334 4386 D FreecessController: BG freezed, skip OLAF unfreeze for (com.instagram.android, 10337).
02-19 13:19:38.641 2334 4386 D FreecessController: BG freezed, skip OLAF unfreeze for (com.sec.android.app.shealth, 11125).
02-19 13:19:38.641 2334 4386 D FreecessController: BG freezed, skip OLAF unfreeze for (com.expensify.chat, 11533).
02-19 13:19:38.641 2334 4386 D FreecessController: BG freezed, skip OLAF unfreeze for (com.Slack, 11549).
02-19 13:19:38.642 1603 1603 I Layer : Layer [ActivityRecord{69106dc u0 com.google.android.permissioncontroller/com.android.permissioncontroller.permission.ui.GrantPermissionsActivity t11810}#272753] hidden!! flag(0)
02-19 13:19:38.642 1603 1603 I Layer : Layer::reparent [ActivityRecord{69106dc u0 com.google.android.permissioncontroller/com.android.permissioncontroller.permission.ui.GrantPermissionsActivity t11810}#272753] newParent : Transition Root: ActivityRecord{69106dc u0 com.google.android.permissioncontroller/com.android.permissioncontroller.permission.ui.GrantPermissionsActivity t11810}#272758 , isRemovedFromCurrentState : 0 -------------------------
02-19 13:19:38.642 1603 1603 I Layer : Layer::reparent [ActivityRecord{69106dc u0 com.google.android.permissioncontroller/com.android.permissioncontroller.permission.ui.GrantPermissionsActivity t11810}#272753] End -------------------------
02-19 13:19:38.642 1603 1603 I Layer : Layer [Transition Root: ActivityRecord{69106dc u0 com.google.android.permissioncontroller/com.android.permissioncontroller.permission.ui.GrantPermissionsActivity t11810}#272758] hidden!! flag(0)
02-19 13:19:38.642 1603 1603 I Layer : Layer [7c27b82 com.google.android.permissioncontroller/com.android.permissioncontroller.permission.ui.GrantPermissionsActivity#272754] hidden!! flag(0)
02-19 13:19:38.642 1603 1603 I Layer : Layer [com.google.android.permissioncontroller/com.android.permissioncontroller.permission.ui.GrantPermissionsActivity$_22525#272755] hidden!! flag(0)
02-19 13:19:38.642 1603 1603 I Layer : Layer::reparent [Transition Root: ActivityRecord{69106dc u0 com.google.android.permissioncontroller/com.android.permissioncontroller.permission.ui.GrantPermissionsActivity t11810}#272758] newParentHandle : null -------------------------
02-19 13:19:38.642 1603 1603 I Layer : id=272758 removeFromCurrentState Transition Root: ActivityRecord{69106dc u0 com.google.android.permissioncontroller/com.android.permissioncontroller.permission.ui.GrantPermissionsActivity t11810}#272758 (229)
02-19 13:19:38.642 1603 1603 I Layer : id=272753 removeFromCurrentState ActivityRecord{69106dc u0 com.google.android.permissioncontroller/com.android.permissioncontroller.permission.ui.GrantPermissionsActivity t11810}#272753 (229)
02-19 13:19:38.642 1603 1603 I Layer : id=272759 removeFromCurrentState 5ff23e5 ActivityRecordInputSink com.google.android.permissioncontroller/com.android.permissioncontroller.permission.ui.GrantPermissionsActivity#272759 (229)
02-19 13:19:38.642 1603 1603 I Layer : id=272754 removeFromCurrentState 7c27b82 com.google.android.permissioncontroller/com.android.permissioncontroller.permission.ui.GrantPermissionsActivity#272754 (229)
02-19 13:19:38.642 1603 1603 I Layer : id=272755 removeFromCurrentState com.google.android.permissioncontroller/com.android.permissioncontroller.permission.ui.GrantPermissionsActivity$_22525#272755 (229)
02-19 13:19:38.642 1603 1603 I Layer : Layer::reparent [Transition Root: ActivityRecord{69106dc u0 com.google.android.permissioncontroller/com.android.permissioncontroller.permission.ui.GrantPermissionsActivity t11810}#272758] End -------------------------
02-19 13:19:38.642 1603 1603 I Layer : Layer::reparent [ActivityRecord{69106dc u0 com.google.android.permissioncontroller/com.android.permissioncontroller.permission.ui.GrantPermissionsActivity t11810}#272753] newParent : Task=11810#272596 , isRemovedFromCurrentState : 0 -------------------------
02-19 13:19:38.642 1603 1603 I Layer : id=272753 addToCurrentState ActivityRecord{69106dc u0 com.google.android.permissioncontroller/com.android.permissioncontroller.permission.ui.GrantPermissionsActivity t11810}#272753 (229)
02-19 13:19:38.642 1603 1603 I Layer : id=272759 addToCurrentState 5ff23e5 ActivityRecordInputSink com.google.android.permissioncontroller/com.android.permissioncontroller.permission.ui.GrantPermissionsActivity#272759 (229)
02-19 13:19:38.642 1603 1603 I Layer : id=272754 addToCurrentState 7c27b82 com.google.android.permissioncontroller/com.android.permissioncontroller.permission.ui.GrantPermissionsActivity#272754 (229)
02-19 13:19:38.642 1603 1603 I Layer : id=272755 addToCurrentState com.google.android.permissioncontroller/com.android.permissioncontroller.permission.ui.GrantPermissionsActivity$_22525#272755 (229)
02-19 13:19:38.642 1603 1603 I Layer : Layer::reparent [ActivityRecord{69106dc u0 com.google.android.permissioncontroller/com.android.permissioncontroller.permission.ui.GrantPermissionsActivity t11810}#272753] End -------------------------
02-19 13:19:38.643 2334 7288 D InputDispatcher: Focus entered window (0): 7c27b82 com.google.android.permissioncontroller/com.android.permissioncontroller.permission.ui.GrantPermissionsActivity
02-19 13:19:38.644 22525 22525 I ViewRootImpl@dbca585[GrantPermissionsActivity]: handleWindowFocusChanged: 1 0 call from android.view.ViewRootImpl.-$$Nest$mhandleWindowFocusChanged:0
02-19 13:19:38.644 22525 22525 D ViewRootImpl@dbca585[GrantPermissionsActivity]: mThreadedRenderer.initializeIfNeeded()#2 mSurface={isValid=true 0xb400007b33b32cf0}
02-19 13:19:38.644 1603 1603 D SurfaceFlinger: Display 4630946213010294403 HWC layers:
02-19 13:19:38.644 1603 1603 D SurfaceFlinger: DEVICE | 0xb400007cd8d210f0 | 0502 | RGBx_8888 | 0.0 0.0 862.0 1314.0 | 21 732 883 2046 | SurfaceView[org.me.mobiexpensifyg/or[...]pensifyActivityBase]@0(BLAST)#272751
02-19 13:19:38.644 1603 1603 D SurfaceFlinger: DEVICE | 0xb400007cd8d20520 | 0100 | RGBA_8888 | 0.0 0.0 904.0 2316.0 | 0 0 904 2316 | org.me.mobiexpensifyg/org.me.mobiexp[...].ExpensifyActivityBase$_21462#272730
02-19 13:19:38.644 1603 1603 D SurfaceFlinger: DEVICE | 0xb400007cd8d31dd0 | 0100 | RGBA_8888 | 6.0 0.0 910.0 13.0 | 0 2271 904 2284 | com.google.android.permissioncontrol[...]antPermissionsActivity$_22525#272755
02-19 13:19:38.644 1603 1603 D SurfaceFlinger: DEVICE | 0xb400007cd8d30630 | 0100 | RGBA_8888 | 0.0 0.0 904.0 87.0 | 0 0 904 87 | StatusBar$_3256#121
02-19 13:19:38.644 1603 1603 D SurfaceFlinger: DEVICE | 0xb400007cd8d27630 | 0100 | RGBA_8888 | 0.0 0.0 904.0 126.0 | 0 2190 904 2316 | NavigationBar0$_3256#261410
02-19 13:19:38.644 1603 1603 D SurfaceFlinger: DEVICE | 0xb400007cd8d0b040 | 0100 | RGBA_8888 | 0.0 0.0 904.0 2316.0 | 0 0 904 2316 | EdgeLightingWindow$_18257#272737
02-19 13:19:38.644 1603 1603 D SurfaceFlinger:
02-19 13:19:38.644 22525 22525 D InputMethodManagerUtils: startInputInner - Id : 0
02-19 13:19:38.644 22525 22525 I InputMethodManager: startInputInner - IInputMethodManagerGlobalInvoker.startInputOrWindowGainedFocus
02-19 13:19:38.645 2334 2443 I ActivityTaskManager: Displayed com.google.android.permissioncontroller/com.android.permissioncontroller.permission.ui.GrantPermissionsActivity for user 0: +178ms
02-19 13:19:38.645 2334 2443 I Pageboost: Launch time gathered : pid 22525 com.google.android.permissioncontroller 178
02-19 13:19:38.645 4417 4417 E pageboostd: Received HALT command code 2
02-19 13:19:38.645 2334 2443 V WindowManager: Sent Transition #12396 createdAt=02-19 13:19:38.449 via request=TransitionRequestInfo { type = OPEN, triggerTask = TaskInfo{userId=0 taskId=11810 displayId=0 isRunning=true baseIntent=Intent { act=android.intent.action.MAIN cat=[android.intent.category.LAUNCHER] flg=0x10200000 cmp=org.me.mobiexpensifyg/.ExpensifyActivityBase } baseActivity=ComponentInfo{org.me.mobiexpensifyg/org.me.mobiexpensifyg.ExpensifyActivityBase} topActivity=ComponentInfo{com.google.android.permissioncontroller/com.android.permissioncontroller.permission.ui.GrantPermissionsActivity} origActivity=null realActivity=ComponentInfo{org.me.mobiexpensifyg/org.me.mobiexpensifyg.ExpensifyActivityBase} numActivities=2 lastActiveTime=1383756483 supportsMultiWindow=true resizeMode=1 isResizeable=true minWidth=-1 minHeight=-1 maxWidth=-1 maxHeight=-1 defaultMinSize=220 token=WCT{RemoteToken{a6f36d1 Task{b385db2 #11810 type=standard A=11571:org.me.mobiexpensifyg}}} topActivityType=1 pictureInPictureParams=null shouldDockBigOverlays=false launchIntoPipHostTaskId=-1 lastParentTaskIdBeforePip=-1 displayCutoutSafeInsets=Rect(0, 87 - 0, 0) topActivityInfo=ActivityInfo{4b4b2e com.android.permissioncontroller.permission.ui.GrantPermissionsActivity} launchCookies=[android.os.BinderProxy@2ae78f3] positionInParent=Point(0, 0) parentTaskId=-1 isFocused=true isVisible=true isVisibleRequested=true isSleeping=false topActivityInSizeCompat=false topActivityEligibleForLetterboxEducation= false topActivityLetterboxed= false isFromDoubleTap= false topActivityLetterboxVerticalPosition= -1 topActivityLetterboxHorizontalPosition= -1 topActivityLetterboxWidth=-1 topActivityLetterboxHeight=-1 locusId=null displayAreaFeatureId=1 cameraCompatControlState=hidden originallySupportedMultiWindow=true hasWallpaper=false topActivityInFixedAspectRatio=false rootAffinity=11571:org.me.mobiexpensifyg topActivityInDisplayCompat=false topActivityInBoundsCompat=false topActivityBounds=null singleTapFromLetterbox=false isTopTaskInStage=false topActivityUiMode=33 CoverLauncherWidgetTask=false CoverScreenTask=false isAllowedSeamlessRotation=false isTopTransparentActivity=true hasPopOver=false}, remoteTransition = null, displayChange = null }
02-19 13:19:38.645 2334 2443 V WindowManager: startWCT=WindowContainerTransaction { changes = {} hops = [] errorCallbackToken=null taskFragmentOrganizer=null }
02-19 13:19:38.645 2334 2443 V WindowManager: info={id=12396 t=OPEN f=0x0 trk=0 r=[0@Point(0, 0)] c=[
02-19 13:19:38.645 2334 2443 V WindowManager: {null m=OPEN f=TRANSLUCENT|FILLS_TASK|IS_ACTIVITY|EDGE_EXTENSION_RESTRICTION leash=Surface(name=ActivityRecord{69106dc u0 com.google.android.permissioncontroller/com.android.permissioncontroller.permission.ui.GrantPermissionsActivity t11810})/@0xec032e7 sb=Rect(0, 0 - 0, 0) eb=Rect(0, 0 - 904, 2316) d=-1->0 r=-1->0:-1 inset=Rect(0, 0 - 0, 0)}
02-19 13:19:38.645 2334 2443 V WindowManager: ]}
02-19 13:19:38.646 2334 6167 V WindowManager: Finish Transition: TransitionRecord{2b03eba id=12396 type=OPEN flags=0x0}, caller=com.android.server.wm.WindowOrganizerController.finishTransition:454 android.window.IWindowOrganizerController$Stub.onTransact:286 com.android.server.wm.WindowOrganizerController.onTransact:217
02-19 13:19:38.646 2334 2443 V WindowManager: Finish Transition #12396: created at
02-19 13:19:38.449 collect-started=0.221ms request-sent=8.377ms started=12.288ms ready=62.716ms sent=181.429ms finished=197.446ms
02-19 13:19:38.647 1843 10347 I CameraService: onUidStateChanged: uid=10039, procState is changed. (0 -> 1)
02-19 13:19:38.647 2334 6167 D PersonaActivityHelper: token.toString() Token{995b4c8 ActivityRecord{69106dc u0 com.google.android.permissioncontroller/com.android.permissioncontroller.permission.ui.GrantPermissionsActivity t11810}}
02-19 13:19:38.647 2334 6167 D PersonaActivityHelper: mLastResumedSFActivity getPackageName com.google.android.permissioncontroller
02-19 13:19:38.647 2334 6167 D PersonaActivityHelper: mLastResumedSFActivity getShortClassName com.android.permissioncontroller.permission.ui.GrantPermissionsActivity
02-19 13:19:38.647 2334 6167 D ChangeTransitionController: onTransitionFinished: TransitionRecord{2b03eba id=12396 type=OPEN flags=0x0}
02-19 13:19:38.648 2334 7288 D CompatibilityChangeReporter: Compat change id reported: 214016041; UID 10281; state: ENABLED
02-19 13:19:38.648 2334 7288 D InputMethodManagerService: setWindowStateInner, windowToken=android.os.BinderProxy@84b6cd, state=ImeTargetWindowState{ imeToken null imeFocusChanged true hasEditorFocused false requestedImeVisible false imeDisplayId 0 softInputModeState STATE_ALWAYS_HIDDEN|ADJUST_NOTHING|IS_FORWARD_NAVIGATION isStartInputByGainFocus true}
02-19 13:19:38.648 2334 7288 V InputMethodManagerService: Window asks to hide input
02-19 13:19:38.648 2334 7288 V InputMethodManagerService: applyImeVisibility state=5
02-19 13:19:38.648 2334 7288 I ImeTracker: com.google.android.permissioncontroller:325e3d: onRequestHide at ORIGIN_SERVER_HIDE_INPUT reason HIDE_ALWAYS_HIDDEN_STATE
02-19 13:19:38.648 2334 7288 D InputMethodManagerService: setWindowStateInner, windowToken=android.os.BinderProxy@84b6cd, state=ImeTargetWindowState{ imeToken android.os.Binder@cec1765 imeFocusChanged true hasEditorFocused false requestedImeVisible false imeDisplayId 0 softInputModeState STATE_ALWAYS_HIDDEN|ADJUST_NOTHING|IS_FORWARD_NAVIGATION isStartInputByGainFocus true}
02-19 13:19:38.648 2334 7288 I ImeTracker: com.google.android.permissioncontroller:325e3d: onCancelled at PHASE_SERVER_SHOULD_HIDE
02-19 13:19:38.648 2334 7288 V InputMethodManagerService: hideCurrentInputLocked : canceled, shouldHideSoftInput=false, mInputShown=false, mImeWindowVis=0
02-19 13:19:38.648 2334 7288 D InputMethodManagerService: DESKTOP MODE! : 2
02-19 13:19:38.648 2334 7288 D InputMethodManagerService: NOT IN KNOX DESKTOP MODE!
02-19 13:19:38.648 2334 7288 V InputMethodManagerService: getDisplayIdOfInputMethodWindowToBeAdded: displayId=0
02-19 13:19:38.649 3256 3287 V WindowManagerShell: Track 0 became idle
02-19 13:19:38.649 3256 3287 V WindowManagerShell: All active transition animations finished
02-19 13:19:38.649 3256 3287 V WindowManagerShell: animated by com.android.wm.shell.transition.DefaultTransitionHandler@409e246
02-19 13:19:38.649 3256 3287 V WindowManagerShell: Track 0 became idle
02-19 13:19:38.649 3256 3287 V WindowManagerShell: All active transition animations finished
02-19 13:19:38.649 2334 7288 V InputMethodManagerService: Creating new session for client ClientState{eae70eb mUid=10281 mPid=22525 mSelfReportedDisplayId=0}
02-19 13:19:38.649 2334 7288 D InputTransport: Input channel constructed: 'ClientS', fd=1045
02-19 13:19:38.649 2334 7288 D InputTransport: Input channel constructed: 'ClientS', fd=1047
02-19 13:19:38.650 1603 1603 I Layer : Layer::reparent [Transition Root: ActivityRecord{69106dc u0 com.google.android.permissioncontroller/com.android.permissioncontroller.permission.ui.GrantPermissionsActivity t11810}#272758] newParentHandle : null -------------------------
02-19 13:19:38.650 1603 1603 I Layer : id=272758 removeFromCurrentState Transition Root: ActivityRecord{69106dc u0 com.google.android.permissioncontroller/com.android.permissioncontroller.permission.ui.GrantPermissionsActivity t11810}#272758 (229)
02-19 13:19:38.650 1603 1603 I Layer : Layer::reparent [Transition Root: ActivityRecord{69106dc u0 com.google.android.permissioncontroller/com.android.permissioncontroller.permission.ui.GrantPermissionsActivity t11810}#272758] End -------------------------
02-19 13:19:38.650 2334 7288 D InputTransport: Input channel destroyed: 'ClientS', fd=1047
02-19 13:19:38.651 1603 1603 I SurfaceFlinger: id=272758 Removed Transition Root: ActivityRecord{69106dc u0 com.google.android.permissioncontroller/com.android.permissioncontroller.permission.ui.GrantPermissionsActivity t11810}#272758 (229)
02-19 13:19:38.652 21462 21462 D InputTransport: Input channel destroyed: 'ClientS', fd=254
02-19 13:19:38.653 2334 6167 D InputMethodManagerService: isImeSwitcherDisabledPackage : false
02-19 13:19:38.654 2334 6167 D InputMethodManagerService: checkDisplayOfStartInputAndUpdateKeyboard: displayId=0, mFocusedDisplayId=0
02-19 13:19:38.654 2334 6167 D InputTransport: Input channel constructed: 'ClientS', fd=1047
02-19 13:19:38.654 2334 6167 D InputTransport: Input channel destroyed: 'ClientS', fd=1047
02-19 13:19:38.654 22525 22525 D InputMethodManagerUtils: startInputInner - Id : 0
02-19 13:19:38.655 6890 6890 I HBD : HoneyBoardService onFinishInput
02-19 13:19:38.655 2334 7288 D RestrictionPolicy: isScreenCaptureEnabled : ret=true userId=0
02-19 13:19:38.655 2334 7288 I WindowManager: Cancelling animation restarting=true, leash=Surface(name=Surface(name=1b8f22f InputMethod)/@0xe50c51f - animation-leash of insets_animation)/@0xa844681
02-19 13:19:38.655 2334 7288 I WindowManager: Reparenting to original parent: Surface(name=WindowToken{1242e9c type=2011 android.os.Binder@d433e0f})/@0x6ac8b8e, destroy=false, surface=Surface(name=1b8f22f InputMethod)/@0xe50c51f
02-19 13:19:38.655 2334 7288 I WindowManager: Reparenting to leash, surface=Surface(name=1b8f22f InputMethod)/@0xe50c51f, leashParent=Surface(name=WindowToken{1242e9c type=2011 android.os.Binder@d433e0f})/@0x6ac8b8e
02-19 13:19:38.655 6890 6890 I HBD : a IC have been unbinding, RemoteInputConnection{idHash=#341bda9}
02-19 13:19:38.655 6890 6890 I HBD : HoneyBoardService [PF_CL][onFinishInput] 0 ms
02-19 13:19:38.655 1603 1747 I SurfaceFlinger: id=272760 createSurf, flag=24004, Surface(name=1b8f22f InputMethod)/@0xe50c51f - animation-leash of insets_animation#272760
02-19 13:19:38.655 6890 6890 I HBD : HoneyBoardService [IMI] onStartInput - caller pid : 22525 , caller uid : 10281
02-19 13:19:38.655 6890 6890 I HBD : m updateConfigs
02-19 13:19:38.655 6890 6890 I HBD : m isEnabledNightMode : true
02-19 13:19:38.656 6890 6890 I HBD : a IC have been binding, RemoteInputConnection{idHash=#9ccf35f}
02-19 13:19:38.656 6890 6890 I HBD : g [EditorInputType]setPrivateImeOptionsToTable privateImeOptions ( null )
02-19 13:19:38.656 6890 6890 I HBD : b incognitoMode : false
02-19 13:19:38.656 6890 6890 I HBD : a needOff = true , isForceOff = false, isNullInputClass : true
02-19 13:19:38.656 6890 6890 I HBD : g getDefaultInputRange : UNKNOWN
02-19 13:19:38.656 6890 6890 I HBD : g getDefaultInputRange : UNKNOWN
02-19 13:19:38.656 6890 6890 I HBD : g getDefaultInputRange : UNKNOWN
02-19 13:19:38.656 2334 7288 D WindowManager: makeSurface duration=1 leash=Surface(name=Surface(name=1b8f22f InputMethod)/@0xe50c51f - animation-leash of insets_animation)/@0x98130c7
02-19 13:19:38.656 1843 2263 I CameraService: onUidStateChanged: uid=10039, procState is changed. (1 -> 0)
02-19 13:19:38.656 2334 7288 D InsetsSourceProvider: updateControlForTarget: control=InsetsSourceControl: {3 mType=ime mSurfacePosition=Point(0, 87) mInsetsHint=Insets{left=0, top=0, right=0, bottom=950}}, target=Window{7c27b82 u0 com.google.android.permissioncontroller/com.android.permissioncontroller.permission.ui.GrantPermissionsActivity}, from=com.android.server.wm.ImeInsetsSourceProvider.updateControlForTarget:165 com.android.server.wm.InsetsStateController.onControlTargetChanged:363 com.android.server.wm.InsetsStateController.onImeControlTargetChanged:307 com.android.server.wm.DisplayContent.updateImeControlTarget:5763 com.android.server.wm.DisplayContent.updateImeInputAndControlTarget:5723
02-19 13:19:38.657 6890 6890 I HBD : a needOff = true , isForceOff = false, isNullInputClass : true
02-19 13:19:38.657 6890 6890 I HBD : a update cached prediction status : false
02-19 13:19:38.657 6890 6890 I HBD : g getDefaultInputRange : UNKNOWN
02-19 13:19:38.657 6890 6890 I HBD : a currentState : 4
02-19 13:19:38.658 6890 6890 I HBD : h isCoverDisplay : true, cached selected json info : SelectedLanguageInfo(languageVersion=4.1, currentLanguageOrder=0, selectedLanguageList=[SelectedLanguage(id=65538, isUsed=true, engName=English, inputType=qwerty, activeOptionList=[auto_replace, writing_assistant]), SelectedLanguage(id=4653073, isUsed=true, engName=Simplified Chinese, inputType=phonepad, activeOptionList=[])])
02-19 13:19:38.658 6890 6890 I HBD : b [UpdatePolicy] [post] a: 0 cl: 65538 kit: [0/0] vt: 0 ir: 1
02-19 13:19:38.658 1603 1603 I Layer : Layer::reparent [ImeContainer#18] newParent : ActivityRecord{69106dc u0 com.google.android.permissioncontroller/com.android.permissioncontroller.permission.ui.GrantPermissionsActivity t11810}#272753 , isRemovedFromCurrentState : 0 -------------------------
02-19 13:19:38.658 1603 1603 I Layer : Layer::reparent [ImeContainer#18] End -------------------------
