02-19 13:19:39.669 6890 6890 I HBD : h isCoverDisplay : true, cached selected json info : SelectedLanguageInfo(languageVersion=4.1, currentLanguageOrder=0, selectedLanguageList=[SelectedLanguage(id=65538, isUsed=true, engName=English, inputType=qwerty, activeOptionList=[auto_replace, writing_assistant]), SelectedLanguage(id=4653073, isUsed=true, engName=Simplified Chinese, inputType=phonepad, activeOptionList=[])])
02-19 13:19:39.669 6890 6890 I HBD : h updateSelectedLanguageCache is succeeded. English
02-19 13:19:39.669 1603 1603 I SurfaceFlinger: id=272760 Removed Surface(name=1b8f22f InputMethod)/@0xe50c51f - animation-leash of insets_animation#272760 (229)
02-19 13:19:39.669 6890 6890 I HBD : i writeToFile path : /data/user/0/com.samsung.android.honeyboard/files/fold_selected.json
02-19 13:19:39.669 6890 6890 I HBD : i writeToFile json : {"version":"4.1","currentLanguageOrder":0,"front_selected":[{"activeOptionList":["auto_replace","writing_assistant"],"engName":"English","id":65538,"inputType":"qwerty","isUsed":true},{"activeOptionList":[],"engName":"Simplified Chinese","id":4653073,"inputType":"phonepad","isUsed":true}]}
02-19 13:19:39.670 6890 6890 I HBD : i writeToFile complete
02-19 13:19:39.670 22525 22525 I ViewRootImpl@dbca585[GrantPermissionsActivity]: Relayout returned: old=(0,1045,903,2277) new=(0,1045,903,2277) relayoutAsync=false req=(903,1232)8 dur=5 res=0x402 s={false 0x0} ch=true seqId=0
02-19 13:19:39.671 22525 22545 D OpenGLRenderer: CacheManager::trimMemory(40)
02-19 13:19:39.671 22525 22525 I ViewRootImpl@dbca585[GrantPermissionsActivity]: stopped(true) old = false
02-19 13:19:39.671 22525 22525 D ViewRootImpl@dbca585[GrantPermissionsActivity]: WindowStopped on com.google.android.permissioncontroller/com.android.permissioncontroller.permission.ui.GrantPermissionsActivity set to true
02-19 13:19:39.672 22525 22545 D OpenGLRenderer: RenderThread::destroyRenderingContext()
02-19 13:19:39.673 2334 2444 D PkgPredictorService-SecIpmManagerServiceImpl: bg information pid:22525 uid:10281 pkgName:com.google.android.permissioncontroller
02-19 13:19:39.674 3256 3256 D NavigationBar: setImeWindowStatus displayId=0 vis=0 backDisposition=0 showImeSwitcher=false imeShown=false
02-19 13:19:39.674 6890 6890 I HBD : h isCoverDisplay : true, cached selected json info : SelectedLanguageInfo(languageVersion=4.1, currentLanguageOrder=0, selectedLanguageList=[SelectedLanguage(id=65538, isUsed=true, engName=English, inputType=qwerty, activeOptionList=[auto_replace, writing_assistant]), SelectedLanguage(id=4653073, isUsed=true, engName=Simplified Chinese, inputType=phonepad, activeOptionList=[])])
02-19 13:19:39.674 6890 22580 I HBD : i Write selected lang for DE
02-19 13:19:39.674 6890 22580 I HBD : i writeToFile path : /data/user_de/0/com.samsung.android.honeyboard/files/fold_selected.json
02-19 13:19:39.674 6890 22580 I HBD : i writeToFile json : {"version":"4.1","currentLanguageOrder":0,"front_selected":[{"activeOptionList":["auto_replace","writing_assistant"],"engName":"English","id":65538,"inputType":"qwerty","isUsed":true},{"activeOptionList":[],"engName":"Simplified Chinese","id":4653073,"inputType":"phonepad","isUsed":true}]}
02-19 13:19:39.676 1603 1603 I Layer : id=272760 Destroyed Surface(name=1b8f22f InputMethod)/@0xe50c51f - animation-leash of insets_animation#272760
02-19 13:19:39.678 6890 6890 I HBD : o updateActionOptionFromPreference
02-19 13:19:39.678 6890 6890 I HBD : o before lang.activeOptionList = [Ljava.lang.String;@a40f0d6
02-19 13:19:39.678 6890 6890 I HBD : o after lang.activeOptionList = [Ljava.lang.String;@6237ee5
02-19 13:19:39.679 6890 6890 I HBD : i writeToFile path : /data/user/0/com.samsung.android.honeyboard/files/fold_selected.json
02-19 13:19:39.679 6890 6890 I HBD : i writeToFile json : {"version":"4.1","currentLanguageOrder":0,"front_selected":[{"activeOptionList":["auto_replace","writing_assistant"],"engName":"English","id":65538,"inputType":"qwerty","isUsed":true},{"activeOptionList":[],"engName":"Simplified Chinese","id":4653073,"inputType":"phonepad","isUsed":true}]}
02-19 13:19:39.687 6890 22580 I HBD : i writeToFile complete
02-19 13:19:39.687 6890 6890 I HBD : i writeToFile complete
02-19 13:19:39.687 6890 22583 I HBD : i Write selected lang for DE
02-19 13:19:39.688 6890 22583 I HBD : i writeToFile path : /data/user_de/0/com.samsung.android.honeyboard/files/fold_selected.json
02-19 13:19:39.688 6890 22583 I HBD : i writeToFile json : {"version":"4.1","currentLanguageOrder":0,"front_selected":[{"activeOptionList":["auto_replace","writing_assistant"],"engName":"English","id":65538,"inputType":"qwerty","isUsed":true},{"activeOptionList":[],"engName":"Simplified Chinese","id":4653073,"inputType":"phonepad","isUsed":true}]}
02-19 13:19:39.688 6890 6890 I HBD : h isCoverDisplay : true, cached selected json info : SelectedLanguageInfo(languageVersion=4.1, currentLanguageOrder=0, selectedLanguageList=[SelectedLanguage(id=65538, isUsed=true, engName=English, inputType=qwerty, activeOptionList=[auto_replace, writing_assistant]), SelectedLanguage(id=4653073, isUsed=true, engName=Simplified Chinese, inputType=phonepad, activeOptionList=[])])
02-19 13:19:39.688 6890 6890 I HBD : h isCoverDisplay : true, cached selected json info : SelectedLanguageInfo(languageVersion=4.1, currentLanguageOrder=0, selectedLanguageList=[SelectedLanguage(id=65538, isUsed=true, engName=English, inputType=qwerty, activeOptionList=[auto_replace, writing_assistant]), SelectedLanguage(id=4653073, isUsed=true, engName=Simplified Chinese, inputType=phonepad, activeOptionList=[])])
02-19 13:19:39.688 6890 6890 I HBD : o updateActionOptionFromPreference
02-19 13:19:39.688 6890 6890 I HBD : o before lang.activeOptionList = [Ljava.lang.String;@6237ee5
02-19 13:19:39.688 6890 6890 I HBD : o after lang.activeOptionList = [Ljava.lang.String;@9aae46b
02-19 13:19:39.688 22525 22525 W WindowOnBackDispatcher: sendCancelIfRunning: isInProgress=falsecallback=android.view.ViewRootImpl$$ExternalSyntheticLambda19@537ce18
02-19 13:19:39.688 2334 4147 D CoreBackPreview: Window{7c27b82 u0 com.google.android.permissioncontroller/com.android.permissioncontroller.permission.ui.GrantPermissionsActivity EXITING}: Setting back callback null
02-19 13:19:39.689 6890 6890 I HBD : i writeToFile path : /data/user/0/com.samsung.android.honeyboard/files/fold_selected.json
02-19 13:19:39.689 6890 6890 I HBD : i writeToFile json : {"version":"4.1","currentLanguageOrder":0,"front_selected":[{"activeOptionList":["auto_replace","writing_assistant"],"engName":"English","id":65538,"inputType":"qwerty","isUsed":true},{"activeOptionList":[],"engName":"Simplified Chinese","id":4653073,"inputType":"phonepad","isUsed":true}]}
02-19 13:19:39.689 6890 22583 I HBD : i writeToFile complete
02-19 13:19:39.689 22525 22525 I ViewRootImpl@dbca585[GrantPermissionsActivity]: dispatchDetachedFromWindow
02-19 13:19:39.689 6890 6890 I HBD : i writeToFile complete
02-19 13:19:39.689 2334 4147 D InputTransport: Input channel destroyed: '7c27b82', fd=1041
02-19 13:19:39.690 6890 22584 I HBD : i Write selected lang for DE
02-19 13:19:39.690 2334 4147 W InputManager-JNI: Input channel object '7c27b82 com.google.android.permissioncontroller/com.android.permissioncontroller.permission.ui.GrantPermissionsActivity (client)' was disposed without first being removed with the input manager!
02-19 13:19:39.690 2334 4147 D InputTransport: Input channel destroyed: '7c27b82', fd=1043
02-19 13:19:39.690 6890 22584 I HBD : i writeToFile path : /data/user_de/0/com.samsung.android.honeyboard/files/fold_selected.json
02-19 13:19:39.690 6890 22584 I HBD : i writeToFile json : {"version":"4.1","currentLanguageOrder":0,"front_selected":[{"activeOptionList":["auto_replace","writing_assistant"],"engName":"English","id":65538,"inputType":"qwerty","isUsed":true},{"activeOptionList":[],"engName":"Simplified Chinese","id":4653073,"inputType":"phonepad","isUsed":true}]}
02-19 13:19:39.690 2334 4147 V WindowManager: Remove Window{7c27b82 u0 com.google.android.permissioncontroller/com.android.permissioncontroller.permission.ui.GrantPermissionsActivity EXITING}: mSurfaceController=Surface(name=com.google.android.permissioncontroller/com.android.permissioncontroller.permission.ui.GrantPermissionsActivity$_22525)/@0x6de5fdd mAnimatingExit=true mRemoveOnExit=false mHasSurface=true surfaceShowing=true animating=true app-animation=false mDisplayFrozen=false callers=com.android.server.wm.WindowManagerService.removeWindow:2151 com.android.server.wm.Session.remove:257 android.view.IWindowSession$Stub.onTransact:747 com.android.server.wm.Session.onTransact:204 android.os.Binder.execTransactInternal:1375 android.os.Binder.execTransact:1311
02-19 13:19:39.690 6890 6890 I HBD : h isCoverDisplay : true, cached selected json info : SelectedLanguageInfo(languageVersion=4.1, currentLanguageOrder=0, selectedLanguageList=[SelectedLanguage(id=65538, isUsed=true, engName=English, inputType=qwerty, activeOptionList=[auto_replace, writing_assistant]), SelectedLanguage(id=4653073, isUsed=true, engName=Simplified Chinese, inputType=phonepad, activeOptionList=[])])
02-19 13:19:39.690 6890 6890 I HBD : h isCoverDisplay : true, cached selected json info : SelectedLanguageInfo(languageVersion=4.1, currentLanguageOrder=0, selectedLanguageList=[SelectedLanguage(id=65538, isUsed=true, engName=English, inputType=qwerty, activeOptionList=[auto_replace, writing_assistant]), SelectedLanguage(id=4653073, isUsed=true, engName=Simplified Chinese, inputType=phonepad, activeOptionList=[])])
02-19 13:19:39.690 6890 6890 I HBD : h isCoverDisplay : true, cached selected json info : SelectedLanguageInfo(languageVersion=4.1, currentLanguageOrder=0, selectedLanguageList=[SelectedLanguage(id=65538, isUsed=true, engName=English, inputType=qwerty, activeOptionList=[auto_replace, writing_assistant]), SelectedLanguage(id=4653073, isUsed=true, engName=Simplified Chinese, inputType=phonepad, activeOptionList=[])])
02-19 13:19:39.690 6890 6890 I HBD : h updateSelectedLanguageCache is succeeded. English
02-19 13:19:39.690 6890 6890 I HBD : i writeToFile path : /data/user/0/com.samsung.android.honeyboard/files/fold_selected.json
02-19 13:19:39.690 6890 6890 I HBD : i writeToFile json : {"version":"4.1","currentLanguageOrder":0,"front_selected":[{"activeOptionList":["auto_replace","writing_assistant"],"engName":"English","id":65538,"inputType":"qwerty","isUsed":true},{"activeOptionList":[],"engName":"Simplified Chinese","id":4653073,"inputType":"phonepad","isUsed":true}]}
02-19 13:19:39.691 6890 6890 I HBD : i writeToFile complete
02-19 13:19:39.691 6890 22584 I HBD : i writeToFile complete
02-19 13:19:39.691 22525 22525 D InputTransport: Input channel destroyed: '7c27b82', fd=102
02-19 13:19:39.691 6890 22585 I HBD : i Write selected lang for DE
02-19 13:19:39.691 6890 22585 I HBD : i writeToFile path : /data/user_de/0/com.samsung.android.honeyboard/files/fold_selected.json
02-19 13:19:39.691 6890 22585 I HBD : i writeToFile json : {"version":"4.1","currentLanguageOrder":0,"front_selected":[{"activeOptionList":["auto_replace","writing_assistant"],"engName":"English","id":65538,"inputType":"qwerty","isUsed":true},{"activeOptionList":[],"engName":"Simplified Chinese","id":4653073,"inputType":"phonepad","isUsed":true}]}
02-19 13:19:39.691 6890 6890 I HBD : h isCoverDisplay : true, cached selected json info : SelectedLanguageInfo(languageVersion=4.1, currentLanguageOrder=0, selectedLanguageList=[SelectedLanguage(id=65538, isUsed=true, engName=English, inputType=qwerty, activeOptionList=[auto_replace, writing_assistant]), SelectedLanguage(id=4653073, isUsed=true, engName=Simplified Chinese, inputType=phonepad, activeOptionList=[])])
02-19 13:19:39.691 6890 6890 I HBD : h isCoverDisplay : true, cached selected json info : SelectedLanguageInfo(languageVersion=4.1, currentLanguageOrder=0, selectedLanguageList=[SelectedLanguage(id=65538, isUsed=true, engName=English, inputType=qwerty, activeOptionList=[auto_replace, writing_assistant]), SelectedLanguage(id=4653073, isUsed=true, engName=Simplified Chinese, inputType=phonepad, activeOptionList=[])])
02-19 13:19:39.691 6890 6890 I HBD : h updateSelectedLanguageCache is succeeded. English
02-19 13:19:39.692 2334 4147 D KNOX_MDM_SettingsProvider: isChangeAllowed() : name = enabled_input_methods
02-19 13:19:39.692 2334 4147 D KNOX_MDM_SettingsProvider: edmUri: content://com.sec.knox.provider/RestrictionPolicy3
02-19 13:19:39.692 2334 4147 D KNOX_MDM_SettingsProvider: projectionArgs: isSettingsChangesAllowed
02-19 13:19:39.692 2334 4147 D KNOX_MDM_SettingsProvider: selectionArgs: false
02-19 13:19:39.692 2334 4147 D KNOX_MDM_SettingsProvider: selectionArgs: 10189
02-19 13:19:39.692 2334 4147 D SecContentProvider: query(), uri = 17 selection = isSettingsChangesAllowed
02-19 13:19:39.692 2334 4147 D SecContentProvider: called from android.uid.honeyboard:10189
02-19 13:19:39.692 2334 4147 D RestrictionPolicy: isSettingsChangesAllowedAsUser, userId 0 : true
02-19 13:19:39.692 2334 4147 D KNOX_MDM_SettingsProvider: ret = 1
02-19 13:19:39.692 6890 6890 I HBD : i writeToFile path : /data/user/0/com.samsung.android.honeyboard/files/fold_selected.json
02-19 13:19:39.692 6890 6890 I HBD : i writeToFile json : {"version":"4.1","currentLanguageOrder":0,"front_selected":[{"activeOptionList":["auto_replace","writing_assistant"],"engName":"English","id":65538,"inputType":"qwerty","isUsed":true},{"activeOptionList":[],"engName":"Simplified Chinese","id":4653073,"inputType":"phonepad","isUsed":true}]}
02-19 13:19:39.693 2334 2447 V WindowManager: Remove Window{7c27b82 u0 com.google.android.permissioncontroller/com.android.permissioncontroller.permission.ui.GrantPermissionsActivity EXITING}: mSurfaceController=Surface(name=com.google.android.permissioncontroller/com.android.permissioncontroller.permission.ui.GrantPermissionsActivity$_22525)/@0x6de5fdd mAnimatingExit=true mRemoveOnExit=true mHasSurface=true surfaceShowing=true animating=true app-animation=false mDisplayFrozen=false callers=com.android.server.wm.WindowToken.removeAllWindowsIfPossible:258 com.android.server.wm.ActivityRecord.removeIfPossible:5220 com.android.server.wm.ActivityRecord.handleCompleteDeferredRemoval:5227 com.android.server.wm.WindowContainer.handleCompleteDeferredRemoval:1510 com.android.server.wm.TaskFragment.handleCompleteDeferredRemoval:3445 com.android.server.wm.WindowContainer.handleCompleteDeferredRemoval:1510
02-19 13:19:39.694 2334 4147 D KNOX_MDM_SettingsProvider: isChangeAllowed() : name = default_input_method
02-19 13:19:39.694 2334 4147 D KNOX_MDM_SettingsProvider: edmUri: content://com.sec.knox.provider/RestrictionPolicy3
02-19 13:19:39.694 2334 4147 D KNOX_MDM_SettingsProvider: projectionArgs: isSettingsChangesAllowed
02-19 13:19:39.694 2334 4147 D KNOX_MDM_SettingsProvider: selectionArgs: false
02-19 13:19:39.694 2334 4147 D KNOX_MDM_SettingsProvider: selectionArgs: 10189
02-19 13:19:39.694 2334 4147 D SecContentProvider: query(), uri = 17 selection = isSettingsChangesAllowed
02-19 13:19:39.694 2334 4147 D SecContentProvider: called from android.uid.honeyboard:10189
02-19 13:19:39.694 2334 4147 D RestrictionPolicy: isSettingsChangesAllowedAsUser, userId 0 : true
02-19 13:19:39.694 2334 4147 D KNOX_MDM_SettingsProvider: ret = 1
02-19 13:19:39.694 6890 17661 I HBD : p updated Sub Types. English
02-19 13:19:39.695 1603 2205 I SurfaceFlinger: id=272759 Removed 5ff23e5 ActivityRecordInputSink com.google.android.permissioncontroller/com.android.permissioncontroller.permission.ui.GrantPermissionsActivity#272759 (228)
02-19 13:19:39.695 6890 6890 I HBD : i writeToFile complete
02-19 13:19:39.695 2334 2447 I WindowManager: Destroying surface Surface(name=com.google.android.permissioncontroller/com.android.permissioncontroller.permission.ui.GrantPermissionsActivity$_22525)/@0x6de5fdd called by com.android.server.wm.WindowStateAnimator.destroySurface:811 com.android.server.wm.WindowStateAnimator.destroySurfaceLocked:478 com.android.server.wm.WindowState.removeImmediately:2958 com.android.server.wm.WindowContainer.removeImmediately:858 com.android.server.wm.WindowToken.removeImmediately:389 com.android.server.wm.ActivityRecord.removeImmediately:5214 com.android.server.wm.ActivityRecord.removeIfPossible:5221 com.android.server.wm.ActivityRecord.handleCompleteDeferredRemoval:5227
02-19 13:19:39.696 2334 2447 D RestrictionPolicy: isScreenCaptureEnabled : ret=true userId=0
02-19 13:19:39.696 6890 22585 I HBD : i writeToFile complete
02-19 13:19:39.696 6890 6890 I HBD : b [UpdatePolicy] [post] a: 31 cl: 65538 kit: [0/0] vt: 0 ir: 1
02-19 13:19:39.696 2334 2447 I WindowManager: Cancelling animation restarting=false, leash=Surface(name=Surface(name=7c27b82 com.google.android.permissioncontroller/com.android.permissioncontroller.permission.ui.GrantPermissionsActivity)/@0x85f2f19 - animation-leash of window_animation)/@0xd198769
02-19 13:19:39.696 6890 6890 I HBD : HoneyBoardService [PF_OP][onStartInput] 38 ms
02-19 13:19:39.696 6890 6890 I InputMethodService: scheduleImeSurfaceRemoval: removeImeSurface is posted.
02-19 13:19:39.696 6890 6890 I HBD : [DirectWriting] DirectWriting emitInputConnection : RemoteInputConnection{idHash=#e557929}
02-19 13:19:39.696 2334 2932 D InputMethodManagerService: onChange content://settings/secure/enabled_input_methods
02-19 13:19:39.697 6890 22586 I HBD : a InputMethodSubtype is set as local:en_GB
02-19 13:19:39.697 2334 2932 I InputMethodManagerService: subtype state: oldSubtype = android.view.inputmethod.InputMethodSubtype@10002 newSubtype = android.view.inputmethod.InputMethodSubtype@10002 force = false, intent received : false
02-19 13:19:39.697 2334 2932 D InputMethodManagerService: updateInputMethodsFromSettingsLocked: id=com.samsung.android.honeyboard/.service.HoneyBoardService
02-19 13:19:39.698 6890 22587 I HBD : i Write selected lang for DE
02-19 13:19:39.698 6890 22587 I HBD : i writeToFile path : /data/user_de/0/com.samsung.android.honeyboard/files/fold_selected.json
02-19 13:19:39.698 6890 22587 I HBD : i writeToFile json : {"version":"4.1","currentLanguageOrder":0,"front_selected":[{"activeOptionList":["auto_replace","writing_assistant"],"engName":"English","id":65538,"inputType":"qwerty","isUsed":true},{"activeOptionList":[],"engName":"Simplified Chinese","id":4653073,"inputType":"phonepad","isUsed":true}]}
02-19 13:19:39.699 2334 3169 D KNOX_MDM_SettingsProvider: isChangeAllowed() : name = enabled_input_methods
02-19 13:19:39.699 2334 3169 D KNOX_MDM_SettingsProvider: edmUri: content://com.sec.knox.provider/RestrictionPolicy3
02-19 13:19:39.699 2334 3169 D KNOX_MDM_SettingsProvider: projectionArgs: isSettingsChangesAllowed
02-19 13:19:39.699 2334 3169 D KNOX_MDM_SettingsProvider: selectionArgs: false
02-19 13:19:39.699 2334 3169 D KNOX_MDM_SettingsProvider: selectionArgs: 10189
02-19 13:19:39.699 2334 3169 D SecContentProvider: query(), uri = 17 selection = isSettingsChangesAllowed
02-19 13:19:39.699 2334 3169 D SecContentProvider: called from android.uid.honeyboard:10189
02-19 13:19:39.699 2334 3169 D RestrictionPolicy: isSettingsChangesAllowedAsUser, userId 0 : true
02-19 13:19:39.699 2334 3169 D KNOX_MDM_SettingsProvider: ret = 1
02-19 13:19:39.700 2334 4147 D KNOX_MDM_SettingsProvider: isChangeAllowed() : name = default_input_method
02-19 13:19:39.700 2334 4147 D KNOX_MDM_SettingsProvider: edmUri: content://com.sec.knox.provider/RestrictionPolicy3
02-19 13:19:39.700 2334 4147 D KNOX_MDM_SettingsProvider: projectionArgs: isSettingsChangesAllowed
02-19 13:19:39.700 2334 4147 D KNOX_MDM_SettingsProvider: selectionArgs: false
02-19 13:19:39.700 2334 4147 D KNOX_MDM_SettingsProvider: selectionArgs: 10189
02-19 13:19:39.700 2334 4147 D SecContentProvider: query(), uri = 17 selection = isSettingsChangesAllowed
02-19 13:19:39.700 2334 4147 D SecContentProvider: called from android.uid.honeyboard:10189
02-19 13:19:39.700 2334 4147 D RestrictionPolicy: isSettingsChangesAllowedAsUser, userId 0 : true
02-19 13:19:39.700 2334 4147 D KNOX_MDM_SettingsProvider: ret = 1
02-19 13:19:39.700 6890 17661 I HBD : p updated Sub Types. English
02-19 13:19:39.701 1603 1603 I Layer : Layer::reparent [ActivityRecord{69106dc u0 com.google.android.permissioncontroller/com.android.permissioncontroller.permission.ui.GrantPermissionsActivity t11810}#272753] newParentHandle : null -------------------------
02-19 13:19:39.701 1603 1603 I Layer : id=272753 removeFromCurrentState ActivityRecord{69106dc u0 com.google.android.permissioncontroller/com.android.permissioncontroller.permission.ui.GrantPermissionsActivity t11810}#272753 (228)
02-19 13:19:39.701 1603 1603 I Layer : id=272759 removeFromCurrentState 5ff23e5 ActivityRecordInputSink com.google.android.permissioncontroller/com.android.permissioncontroller.permission.ui.GrantPermissionsActivity#272759 (228)
02-19 13:19:39.701 1603 1603 I Layer : id=272768 removeFromCurrentState Surface(name=7c27b82 com.google.android.permissioncontroller/com.android.permissioncontroller.permission.ui.GrantPermissionsActivity)/@0x85f2f19 - animation-leash of window_animation#272768 (228)
02-19 13:19:39.701 1603 1603 I Layer : id=272754 removeFromCurrentState 7c27b82 com.google.android.permissioncontroller/com.android.permissioncontroller.permission.ui.GrantPermissionsActivity#272754 (228)
02-19 13:19:39.701 1603 1603 I Layer : id=272755 removeFromCurrentState com.google.android.permissioncontroller/com.android.permissioncontroller.permission.ui.GrantPermissionsActivity$_22525#272755 (228)
02-19 13:19:39.701 1603 1603 I Layer : id=18 removeFromCurrentState ImeContainer#18 (228)
02-19 13:19:39.701 1603 1603 I Layer : id=159 removeFromCurrentState WindowToken{1242e9c type=2011 android.os.Binder@d433e0f}#159 (228)
02-19 13:19:39.701 1603 1603 I Layer : id=272769 removeFromCurrentState Surface(name=1b8f22f InputMethod)/@0xe50c51f - animation-leash of insets_animation#272769 (228)
02-19 13:19:39.701 1603 1603 I Layer : id=180 removeFromCurrentState 1b8f22f InputMethod#180 (228)
02-19 13:19:39.701 1603 1603 I Layer : Layer::reparent [ActivityRecord{69106dc u0 com.google.android.permissioncontroller/com.android.permissioncontroller.permission.ui.GrantPermissionsActivity t11810}#272753] End -------------------------
02-19 13:19:39.701 1603 1603 I Layer : Layer::reparent [com.google.android.permissioncontroller/com.android.permissioncontroller.permission.ui.GrantPermissionsActivity$_22525#272755] newParentHandle : null -------------------------
02-19 13:19:39.701 1603 1603 I Layer : id=272755 removeFromCurrentState com.google.android.permissioncontroller/com.android.permissioncontroller.permission.ui.GrantPermissionsActivity$_22525#272755 (228)
02-19 13:19:39.701 1603 1603 I Layer : Layer::reparent [com.google.android.permissioncontroller/com.android.permissioncontroller.permission.ui.GrantPermissionsActivity$_22525#272755] End -------------------------
02-19 13:19:39.701 1603 1603 I Layer : Layer::reparent [7c27b82 com.google.android.permissioncontroller/com.android.permissioncontroller.permission.ui.GrantPermissionsActivity#272754] newParentHandle : null -------------------------
02-19 13:19:39.701 1603 1603 I Layer : id=272754 removeFromCurrentState 7c27b82 com.google.android.permissioncontroller/com.android.permissioncontroller.permission.ui.GrantPermissionsActivity#272754 (228)
02-19 13:19:39.701 1603 1603 I Layer : Layer::reparent [7c27b82 com.google.android.permissioncontroller/com.android.permissioncontroller.permission.ui.GrantPermissionsActivity#272754] End -------------------------
02-19 13:19:39.701 1603 1603 I Layer : Layer::reparent [Surface(name=7c27b82 com.google.android.permissioncontroller/com.android.permissioncontroller.permission.ui.GrantPermissionsActivity)/@0x85f2f19 - animation-leash of window_animation#272768] newParentHandle : null -------------------------
02-19 13:19:39.701 1603 1603 I Layer : id=272768 removeFromCurrentState Surface(name=7c27b82 com.google.android.permissioncontroller/com.android.permissioncontroller.permission.ui.GrantPermissionsActivity)/@0x85f2f19 - animation-leash of window_animation#272768 (228)
02-19 13:19:39.701 1603 1603 I Layer : Layer::reparent [Surface(name=7c27b82 com.google.android.permissioncontroller/com.android.permissioncontroller.permission.ui.GrantPermissionsActivity)/@0x85f2f19 - animation-leash of window_animation#272768] End -------------------------
02-19 13:19:39.701 1603 1603 I Layer : Layer::reparent [ImeContainer#18] newParent : ActivityRecord{95903bd u0 org.me.mobiexpensifyg/.ExpensifyActivityBase t11810}#272597 , isRemovedFromCurrentState : 0 -------------------------
02-19 13:19:39.701 1603 1603 I Layer : id=18 addToCurrentState ImeContainer#18 (228)
02-19 13:19:39.701 1603 1603 I Layer : id=159 addToCurrentState WindowToken{1242e9c type=2011 android.os.Binder@d433e0f}#159 (228)
02-19 13:19:39.701 1603 1603 I Layer : id=272769 addToCurrentState Surface(name=1b8f22f InputMethod)/@0xe50c51f - animation-leash of insets_animation#272769 (228)
02-19 13:19:39.701 1603 1603 I Layer : id=180 addToCurrentState 1b8f22f InputMethod#180 (228)
02-19 13:19:39.701 1603 1603 I Layer : Layer::reparent [ImeContainer#18] End -------------------------
02-19 13:19:39.701 1603 1603 I SurfaceFlinger: id=272754 Removed 7c27b82 com.google.android.permissioncontroller/com.android.permissioncontroller.permission.ui.GrantPermissionsActivity#272754 (228)
02-19 13:19:39.701 1603 1603 I SurfaceFlinger: id=272755 Removed com.google.android.permissioncontroller/com.android.permissioncontroller.permission.ui.GrantPermissionsActivity$_22525#272755 (228)
02-19 13:19:39.701 1603 1603 I SurfaceFlinger: id=272768 Removed Surface(name=7c27b82 com.google.android.permissioncontroller/com.android.permissioncontroller.permission.ui.GrantPermissionsActivity)/@0x85f2f19 - animation-leash of window_animation#272768 (228)
02-19 13:19:39.706 6890 22587 I HBD : i writeToFile complete
02-19 13:19:39.707 6890 22590 I HBD : a InputMethodSubtype is set as local:en_GB
02-19 13:19:39.709 1603 1603 I Layer : id=272754 Destroyed 7c27b82 com.google.android.permissioncontroller/com.android.permissioncontroller.permission.ui.GrantPermissionsActivity#272754
02-19 13:19:39.709 1603 1603 I Layer : id=272768 Destroyed Surface(name=7c27b82 com.google.android.permissioncontroller/com.android.permissioncontroller.permission.ui.GrantPermissionsActivity)/@0x85f2f19 - animation-leash of window_animation#272768
02-19 13:19:39.709 1603 1603 I Layer : id=272755 Destroyed com.google.android.permissioncontroller/com.android.permissioncontroller.permission.ui.GrantPermissionsActivity$_22525#272755
02-19 13:19:39.713 1603 1760 D RenderEngine: [SEC_GC_CMN_SF_EFFECTS] drawLayersInternal,1279, Rendering layer at index 0
02-19 13:19:39.713 1603 1760 D RenderEngine: [SEC_GC_CMN_SF_EFFECTS] drawLayersInternal,1279, Rendering layer org.me.mobiexpensifyg/org.me.mobiexpensifyg.ExpensifyActivityBase$_21462#272730 at index 1
02-19 13:19:39.717 2334 2932 D InputMethodManagerService: isImeSwitcherDisabledPackage : false
02-19 13:19:39.718 2334 2334 I InputMethodManagerService: subtype state: oldSubtype = android.view.inputmethod.InputMethodSubtype@10002 newSubtype = android.view.inputmethod.InputMethodSubtype@10002 force = false, intent received : false
02-19 13:19:39.720 2334 2334 I InputMethodManagerService: subtype state: oldSubtype = android.view.inputmethod.InputMethodSubtype@10002 newSubtype = android.view.inputmethod.InputMethodSubtype@10002 force = false, intent received : false
02-19 13:19:39.720 2334 2932 D InputMethodManagerService: onChange content://settings/secure/enabled_input_methods
02-19 13:19:39.720 2334 2932 I InputMethodManagerService: subtype state: oldSubtype = android.view.inputmethod.InputMethodSubtype@10002 newSubtype = android.view.inputmethod.InputMethodSubtype@10002 force = false, intent received : false
02-19 13:19:39.720 2334 2932 D InputMethodManagerService: updateInputMethodsFromSettingsLocked: id=com.samsung.android.honeyboard/.service.HoneyBoardService
02-19 13:19:39.722 2334 2932 D InputMethodManagerService: isImeSwitcherDisabledPackage : false
02-19 13:19:39.724 6194 7560 I SDHMS:l : onTaskStackChanged
02-19 13:19:39.725 6890 18517 I HBD : h [SKE_SPECIFIC] specific model[org.me.mobiexpensifyg] loaded, 27671510 ns
02-19 13:19:39.725 3685 14372 I HoneySpace.RecentTasks: onRecentTasksChanged
02-19 13:19:39.726 2334 3169 D ActivityTaskManager: user 0 is skipped. It's a knox excluded user id
02-19 13:19:39.729 6194 7078 I SemDvfsHyPerManager: acquire hyper - BaseTABoost/6194@26, type = 1090523139
02-19 13:19:39.729 1492 1518 I HYPER-HAL: [RequestManager.cpp]acquire(): Acquired ID : 19347336 [6194 / 26] HINT : list : [TABoost / 1]
02-19 13:19:39.802 21462 21462 I InputMethodManager_LC: showSoftInput(View,I)
02-19 13:19:39.802 21462 21462 I ImeTracker: org.me.mobiexpensifyg:917bf3a0: onRequestShow at ORIGIN_CLIENT_SHOW_SOFT_INPUT reason SHOW_SOFT_INPUT
02-19 13:19:39.802 21462 21462 I InputMethodManager_LC: ssi(): flags=0 view=org.me.mobiexpensifyg reason = SHOW_SOFT_INPUT
02-19 13:19:39.802 21462 21462 I ImeTracker: org.me.mobiexpensifyg:917bf3a0: onFailed at PHASE_CLIENT_VIEW_SERVED
02-19 13:19:39.803 21462 21462 W InputMethodManager: Ignoring showSoftInput() as view=com.facebook.react.views.textinput.ReactEditText{8e97f3c VFED..CL. .F....ID 104,42-571,84 #1346 aid=1073741826} is not served.
02-19 13:19:39.803 21462 21462 W InputMethodManager_LC: ssi(): Ignoring showSoftInput() servedView=DecorView@4b9a9d3[ExpensifyActivityBase],focus=false,windowFocus=true,window=android.view.ViewRootImpl$W@ccd3137,displayId=0,temporaryDetach=false,hasImeFocus=true mDisplayId=0 view=com.facebook.react.views.textinput.ReactEditText{8e97f3c VFED..CL. .F....ID 104,42-571,84 #1346 aid=1073741826},focus=true,windowFocus=false,window=null,displayId=0,temporaryDetach=false,hasImeFocus=false
02-19 13:19:39.803 2334 3020 D MdnieScenarioControlService: packageName : org.me.mobiexpensifyg className : org.me.mobiexpensifyg.ExpensifyActivityBase
02-19 13:19:39.803 2334 3020 V MdnieScenarioControlService: setUIMode from UI function(3)
02-19 13:19:39.820 1603 1760 D RenderEngine: [SEC_GC_CMN_SF_EFFECTS] drawLayersInternal,1279, Rendering layer at index 0
02-19 13:19:39.820 1603 1760 D RenderEngine: [SEC_GC_CMN_SF_EFFECTS] drawLayersInternal,1279, Rendering layer org.me.mobiexpensifyg/org.me.mobiexpensifyg.ExpensifyActivityBase$_21462#272730 at index 1
02-19 13:19:39.835 2334 2447 I WindowManager: Reparenting to original parent: Surface(name=Task=11810)/@0xb8ab55b, destroy=true, surface=Surface(name=Dim Layer for - Task=11810)/@0x50d71bf
02-19 13:19:39.851 1603 1603 I Layer : Layer::reparent [Dim Layer for - Task=11810#272762] newParentHandle : null -------------------------
02-19 13:19:39.851 1603 1603 I Layer : id=272762 removeFromCurrentState Dim Layer for - Task=11810#272762 (225)
02-19 13:19:39.851 1603 1603 I Layer : Layer::reparent [Dim Layer for - Task=11810#272762] End -------------------------
02-19 13:19:39.851 1603 1603 I Layer : Layer::reparent [Surface(name=Dim Layer for - Task=11810)/@0x50d71bf - animation-leash of dimmer#272764] newParentHandle : null -------------------------
02-19 13:19:39.851 1603 1603 I Layer : id=272764 removeFromCurrentState Surface(name=Dim Layer for - Task=11810)/@0x50d71bf - animation-leash of dimmer#272764 (225)
02-19 13:19:39.851 1603 1603 I Layer : Layer::reparent [Surface(name=Dim Layer for - Task=11810)/@0x50d71bf - animation-leash of dimmer#272764] End -------------------------
02-19 13:19:39.852 1603 1603 I SurfaceFlinger: id=272764 Removed Surface(name=Dim Layer for - Task=11810)/@0x50d71bf - animation-leash of dimmer#272764 (225)
02-19 13:19:39.852 1603 1603 I SurfaceFlinger: id=272762 Removed Dim Layer for - Task=11810#272762 (225)
02-19 13:19:39.859 1603 1603 I Layer : id=272764 Destroyed Surface(name=Dim Layer for - Task=11810)/@0x50d71bf - animation-leash of dimmer#272764
02-19 13:19:39.859 1603 1603 I Layer : id=272762 Destroyed Dim Layer for - Task=11810#272762
02-19 13:19:39.876 2334 2444 I GestureDetector: handleMessage TAP
02-19 13:19:39.879 2334 2334 I GestureDetector: handleMessage TAP
02-19 13:19:39.905 2334 3020 V MdnieScenarioControlService: mAclOffEnabled : false
02-19 13:19:39.923 1603 1760 D RenderEngine: [SEC_GC_CMN_SF_EFFECTS] drawLayersInternal,1279, Rendering layer at index 0
02-19 13:19:39.923 1603 1760 D RenderEngine: [SEC_GC_CMN_SF_EFFECTS] drawLayersInternal,1279, Rendering layer org.me.mobiexpensifyg/org.me.mobiexpensifyg.ExpensifyActivityBase$_21462#272730 at index 1
02-19 13:19:39.966 1492 22521 E HYPER-HAL: [HandlerSysfs.cpp]doResourceHandling(): Couldn't Open Sysfs - /sys/devices/system/cpu/bus_dcvs/DDR/soc:qcom,memlat:ddr:prime-latfloor/max_freq
02-19 13:19:39.966 1492 22521 I HYPER-HAL: [RequestManager.cpp]releaseLocked(): Released ID : 19316241
02-19 13:19:39.984 1484 22430 I sensors-hal: handle_sns_client_event:628, [0][1142] gyro_sample_cal(3) [-0.058, 0.028, 0.030] 1383758004452950
02-19 13:19:40.024 1603 1760 D RenderEngine: [SEC_GC_CMN_SF_EFFECTS] drawLayersInternal,1279, Rendering layer at index 0
02-19 13:19:40.024 1603 1760 D RenderEngine: [SEC_GC_CMN_SF_EFFECTS] drawLayersInternal,1279, Rendering layer org.me.mobiexpensifyg/org.me.mobiexpensifyg.ExpensifyActivityBase$_21462#272730 at index 1
02-19 13:19:40.025 21462 21462 D AnimatorSet: mReversing is false. Don't call initChildren.
02-19 13:19:40.086 1879 10758 D BufferPoolAccessor2.0: bufferpool2 0xe3d83e08 : 0(0 size) total buffers - 0(0 size) used buffers - 0/5 (recycle/alloc) - 2/4 (fetch/transfer)
02-19 13:19:40.086 1879 10758 D BufferPoolAccessor2.0: evictor expired: 1, evicted: 1
02-19 13:19:40.087 1941 2284 D BufferPoolAccessor2.0: evictor expired: 2, evicted: 0
02-19 13:19:40.103 2334 2918 D InputReader: Btn_touch(9): value=1 when=263080.847928
02-19 13:19:40.104 2334 2918 I InputReader: Touch event's action is 0x0 (id=6, t=0) [pCnt=1, s=0.1949 ] when=263080.847928
02-19 13:19:40.105 2334 2917 I InputDispatcher: Delivering touch to (3256): action: 0x4, f=0x0, d=0, '3c5e648', t=1
02-19 13:19:40.105 2334 2917 I InputDispatcher: Delivering touch to (21462): action: 0x0, f=0x0, d=0, '9a77eef', t=1
02-19 13:19:40.106 21462 21462 I ViewRootImpl@ccd3137[ExpensifyActivityBase]: ViewPostIme pointer 0
02-19 13:19:40.106 3685 3685 I HoneySpace.GestureInputHandler: inputConsumers = [com.honeyspace.gesture.inputconsumer.InputConsumer$Companion$NO_OP$1@58c8177]
02-19 13:19:40.106 2334 2444 I GestureDetector: obtain mCurrentDownEvent. id: 853048935 caller: com.android.server.wm.SystemGesturesPointerEventListener.onPointerEvent:204 com.android.server.wm.PointerEventDispatcher.onInputEvent:53 android.view.InputEventReceiver.dispatchInputEvent:337
02-19 13:19:40.106 3685 3685 I HoneySpace.InputSession: inputConsumers = NO_OP
02-19 13:19:40.106 2334 2444 I GestureDetector: obtain mCurrentDownEvent. id: 853048935 caller: com.android.server.wm.SystemPerformancePointerEventListener.onPointerEvent:89 com.android.server.wm.PointerEventDispatcher.onInputEvent:53 android.view.InputEventReceiver.dispatchInputEvent:337
02-19 13:19:40.107 3685 3685 I HoneySpace.InputSession: open
02-19 13:19:40.108 6194 6194 I SemDvfsHyPerManager: acquire hyper - TABoost/6194@27, type = 1090523139
02-19 13:19:40.109 1492 1518 I HYPER-HAL: [RequestManager.cpp]releaseLocked(): Released ID : 19353558
02-19 13:19:40.109 1492 1518 I HYPER-HAL: [RequestManager.cpp]acquire(): Acquired ID : 19353558 [6194 / 27] HINT : list : [TABoost / 1] [TIMEOUT / 1500]
02-19 13:19:40.120 2334 2444 I GestureDetector: obtain mCurrentMotionEventRaw. action: 2 id: 441570788
02-19 13:19:40.120 2334 2444 I GestureDetector: obtain mCurrentMotionEventRaw. action: 2 id: 441570788
02-19 13:19:40.124 1603 1760 D RenderEngine: [SEC_GC_CMN_SF_EFFECTS] drawLayersInternal,1279, Rendering layer at index 0
02-19 13:19:40.124 1603 1760 D RenderEngine: [SEC_GC_CMN_SF_EFFECTS] drawLayersInternal,1279, Rendering layer org.me.mobiexpensifyg/org.me.mobiexpensifyg.ExpensifyActivityBase$_21462#272730 at index 1
02-19 13:19:40.135 2334 2918 D InputReader: Btn_touch(9): value=0 when=263080.879170
02-19 13:19:40.135 2334 2918 I InputReader: Touch event's action is 0x1 (id=6, t=0) [pCnt=1, s=] when=263080.879170
02-19 13:19:40.136 2334 2917 I InputDispatcher: Delivering touch to (21462): action: 0x1, f=0x0, d=0, '9a77eef', t=1
02-19 13:19:40.136 21462 21462 I ViewRootImpl@ccd3137[ExpensifyActivityBase]: ViewPostIme pointer 1
02-19 13:19:40.136 3685 3685 I HoneySpace.GestureInputHandler: reset
02-19 13:19:40.136 3685 3685 I HoneySpace.InputSession: close
02-19 13:19:40.169 21462 21859 W Kumiho-Kumiho: isSupportedFormat: Format is not supported
02-19 13:19:40.170 21462 21859 D OpenGLRenderer: --- Failed to create image decoder with message 'unimplemented'
02-19 13:19:40.170 21462 21859 W Kumiho-Kumiho: isSupportedFormat: Format is not supported
02-19 13:19:40.170 21462 21859 D OpenGLRenderer: --- Failed to create image decoder with message 'unimplemented'
02-19 13:19:40.170 21462 21859 W Kumiho-Kumiho: isSupportedFormat: Format is not supported
02-19 13:19:40.170 21462 21859 D OpenGLRenderer: --- Failed to create image decoder with message 'unimplemented'
02-19 13:19:40.170 21462 21859 W Kumiho-Kumiho: isSupportedFormat: Format is not supported
02-19 13:19:40.170 21462 21859 D OpenGLRenderer: --- Failed to create image decoder with message 'unimplemented'
02-19 13:19:40.170 21462 21859 W Kumiho-Kumiho: isSupportedFormat: Format is not supported
02-19 13:19:40.170 21462 21859 D OpenGLRenderer: --- Failed to create image decoder with message 'unimplemented'
02-19 13:19:40.170 21462 21859 W Kumiho-Kumiho: isSupportedFormat: Format is not supported
02-19 13:19:40.170 21462 21859 D OpenGLRenderer: --- Failed to create image decoder with message 'unimplemented'
02-19 13:19:40.197 6890 6890 I InputMethodService: removeImeSurface
02-19 13:19:40.197 6890 6890 I InputMethodService: cancelImeSurfaceRemoval: removeCallbacks
02-19 13:19:40.220 21462 21462 I InputMethodManager: invalidateInput
02-19 13:19:40.220 21462 21462 I InputMethodManager: invalidateInput
02-19 13:19:40.220 21462 21462 I InputMethodManager: invalidateInput
02-19 13:19:40.220 21462 21462 I InputMethodManager: invalidateInput
02-19 13:19:40.221 21462 21462 I InputMethodManager: invalidateInput
02-19 13:19:40.223 21462 21556 D RNFBCrashlyticsInit: isCrashlyticsCollectionEnabled via RNFBMeta: true
02-19 13:19:40.223 21462 21556 D RNFBCrashlyticsInit: isCrashlyticsCollectionEnabled final value: true
02-19 13:19:40.224 21462 21462 D ScrollView: initGoToTop
02-19 13:19:40.224 21462 21462 W [RNScreens]: backTitleVisible prop is not available on Android
02-19 13:19:40.224 21462 21462 W [RNScreens]: largeTitleHideShadow prop is not available on Android
02-19 13:19:40.224 21462 21462 W [RNScreens]: disableBackButtonMenu prop is not available on Android
02-19 13:19:40.230 1603 1760 D RenderEngine: [SEC_GC_CMN_SF_EFFECTS] drawLayersInternal,1279, Rendering layer at index 0
02-19 13:19:40.231 1603 1760 D RenderEngine: [SEC_GC_CMN_SF_EFFECTS] drawLayersInternal,1279, Rendering layer org.me.mobiexpensifyg/org.me.mobiexpensifyg.ExpensifyActivityBase$_21462#272730 at index 1
02-19 13:19:40.252 21462 21462 I SurfaceView@650c395: onWindowVisibilityChanged(8) false android.view.SurfaceView{650c395 V.E...... ........ 0,0-862,1314} of ViewRootImpl@ccd3137[ExpensifyActivityBase]
02-19 13:19:40.252 21462 21462 I SurfaceView: 105956245 Changes: creating=false format=false size=false visible=true alpha=false hint=false visible=true left=false top=false z=false attached=true lifecycleStrategy=false
02-19 13:19:40.252 21462 21462 I SurfaceView@650c395: 105956245 Cur surface: Surface(name=null)/@0xe97409c
02-19 13:19:40.252 21462 21462 I SurfaceView: 105956245 surfaceDestroyed
02-19 13:19:40.252 21462 21462 I SurfaceView@650c395: surfaceDestroyed callback.size 1 #2 android.view.SurfaceView{650c395 V.E...... ........ 0,0-862,1314}
02-19 13:19:40.252 21462 21462 I Mapbox : [maps-android\Mbgl-RenderThread]: onSurfaceDestroyed
02-19 13:19:40.252 21462 21462 I Mapbox : [maps-android\Mbgl-RenderThread]: onSurfaceDestroyed: waiting until EGL will be cleaned up...
02-19 13:19:40.252 21462 22483 I Mapbox : [maps-android\Mbgl-EglCore]: EGL surface was destroyed.
02-19 13:19:40.252 21462 21462 I Mapbox : [maps-android\Mbgl-RenderThread]: onSurfaceDestroyed: EGL resources were cleaned up.
02-19 13:19:40.252 21462 21462 I SurfaceView@650c395: updateSurface: mVisible = false mSurface.isValid() = true
02-19 13:19:40.253 21462 21462 I SurfaceView@650c395: releaseSurfaces: viewRoot = ViewRootImpl@ccd3137[ExpensifyActivityBase]
02-19 13:19:40.253 21462 21462 V SurfaceView@650c395: Layout: x=21 y=732 w=862 h=1314, frame=Rect(0, 0 - 862, 1314)
02-19 13:19:40.253 21462 21462 I SurfaceView: 105956245 Detaching SV
02-19 13:19:40.253 21462 21462 I SurfaceView: 105956245 Changes: creating=false format=false size=false visible=false alpha=false hint=false visible=false left=false top=false z=false attached=false lifecycleStrategy=false
02-19 13:19:40.253 21462 21462 I SurfaceView@650c395: onDetachedFromWindow: tryReleaseSurfaces()
02-19 13:19:40.253 21462 21462 I SurfaceView@650c395: releaseSurfaces: viewRoot = ViewRootImpl@ccd3137[ExpensifyActivityBase]
02-19 13:19:40.253 21462 21462 I Mapbox : [maps-android\Mbgl-RenderThread]: Renderer paused
02-19 13:19:40.253 21462 22486 I Mapbox : [threading]: Worker 3 priority is now 4
02-19 13:19:40.254 21462 22487 I Mapbox : [threading]: Worker 4 priority is now 4
02-19 13:19:40.254 21462 22486 I Mapbox : [events_service]: Queue is empty, nothing to flush
02-19 13:19:40.255 21462 21462 I Mapbox : [maps-android\Mbgl-RenderThread]: Renderer resumed, renderThreadPrepared=false, surface.isValid=false
02-19 13:19:40.255 21462 21462 I Mapbox : [maps-android\Mbgl-RenderThread]: renderThreadPrepared=false and Android surface is not valid (isValid=false). Waiting for new one.
02-19 13:19:40.255 21462 21462 I SurfaceView@650c395: onWindowVisibilityChanged(0) true android.view.SurfaceView{650c395 V.E...... ........ 0,0-862,1314} of ViewRootImpl@ccd3137[ExpensifyActivityBase]
02-19 13:19:40.255 21462 21462 D SurfaceView@650c395: 105956245 updateSurface: has no frame
02-19 13:19:40.257 21462 21462 I InputMethodManager: invalidateInput
02-19 13:19:40.259 21462 21462 I SurfaceView: 105956245 Changes: creating=true format=false size=false visible=true alpha=false hint=false visible=true left=false top=false z=false attached=true lifecycleStrategy=false
02-19 13:19:40.260 1603 2205 I SurfaceFlinger: id=272770 createSurf, flag=84004, SurfaceView[org.me.mobiexpensifyg/org.me.mobiexpensifyg.ExpensifyActivityBase]@0#272770
02-19 13:19:40.260 1603 2205 I SurfaceFlinger: id=272771 createSurf, flag=44400, SurfaceView[org.me.mobiexpensifyg/org.me.mobiexpensifyg.ExpensifyActivityBase]@0(BLAST)#272771
02-19 13:19:40.260 1603 2205 I SurfaceFlinger: id=272772 createSurf, flag=20404, Background for SurfaceView[org.me.mobiexpensifyg/org.me.mobiexpensifyg.ExpensifyActivityBase]@0#272772
02-19 13:19:40.260 21462 21462 I BufferQueueProducer: [](id:53d600000005,api:0,p:555968345,c:21462) setDequeueTimeout:2077252342
02-19 13:19:40.260 21462 21462 I BLASTBufferQueue_Java: update, w= 862 h= 1314 mName = null mNativeObject= 0xb400007d13c72970 sc.mNativeObject= 0xb400007bd3b83190 format= 4 caller= android.view.SurfaceView.createBlastSurfaceControls:1518 android.view.SurfaceView.updateSurface:1194 android.view.SurfaceView.lambda$new$0:258 android.view.SurfaceView.$r8$lambda$cm3nmzErr-srXoT_KjIYQgdhFN0:0 android.view.SurfaceView$$ExternalSyntheticLambda2.onPreDraw:2 android.view.ViewTreeObserver.dispatchOnPreDraw:1204
02-19 13:19:40.260 21462 21462 I SurfaceView@650c395: 105956245 Cur surface: Surface(name=null)/@0xe97409c
02-19 13:19:40.261 21462 21462 I SurfaceView@650c395: pST: sr = Rect(21, 732 - 883, 2046) sw = 862 sh = 1314
02-19 13:19:40.261 21462 21462 D SurfaceView@650c395: 105956245 performSurfaceTransaction RenderWorker position = [21, 732, 883, 2046] surfaceSize = 862x1314
02-19 13:19:40.261 21462 21462 I SurfaceView@650c395: updateSurface: mVisible = true mSurface.isValid() = true
02-19 13:19:40.261 21462 21462 I SurfaceView@650c395: updateSurface: mSurfaceCreated = false surfaceChanged = true visibleChanged = true
02-19 13:19:40.261 21462 21462 I SurfaceView: 105956245 visibleChanged -- surfaceCreated
02-19 13:19:40.261 21462 21462 I SurfaceView@650c395: surfaceCreated 1 #8 android.view.SurfaceView{650c395 V.E...... ........ 0,0-862,1314}
02-19 13:19:40.261 21462 21462 I SurfaceView: 105956245 surfaceChanged -- format=4 w=862 h=1314
02-19 13:19:40.261 21462 21462 I SurfaceView@650c395: surfaceChanged (862,1314) 1 #8 android.view.SurfaceView{650c395 V.E...... ........ 0,0-862,1314}
02-19 13:19:40.261 21462 21462 I Mapbox : [maps-android\Mbgl-RenderThread]: onSurfaceCreated
02-19 13:19:40.261 21462 21462 I Mapbox : [maps-android\Mbgl-RenderThread]: onSurfaceCreated: waiting Android surface to be processed...
02-19 13:19:40.261 21462 22483 I Mapbox : [maps-android\Mbgl-RenderThread]: Setting up render thread, flags: creatingSurface=true, nativeRenderCreated=true, eglContextMadeCurrent=false, eglContextCreated=true, paused=false
02-19 13:19:40.261 21462 21462 I Mapbox : [maps-android\Mbgl-RenderThread]: onSurfaceCreated: Android surface was processed.
02-19 13:19:40.261 21462 21462 I SurfaceView: 105956245 surfaceRedrawNeeded
02-19 13:19:40.262 21462 21462 I SurfaceView: 105956245 finishedDrawing
02-19 13:19:40.262 21462 21462 V SurfaceView@650c395: Layout: x=21 y=732 w=862 h=1314, frame=Rect(0, 0 - 862, 1314)
02-19 13:19:40.262 21462 21462 I ViewRootImpl@ccd3137[ExpensifyActivityBase]: registerCallbackForPendingTransactions
02-19 13:19:40.263 21462 21729 D SurfaceView: 105956245 updateSurfacePosition RenderWorker, frameNr = 592, position = [21, 732, 883, 2046] surfaceSize = 862x1314
02-19 13:19:40.263 21462 21729 I SurfaceView@650c395: uSP: rtp = Rect(21, 732 - 883, 2046) rtsw = 862 rtsh = 1314
02-19 13:19:40.263 21462 21729 I SurfaceView@650c395: onSSPAndSRT: pl = 21 pt = 732 sx = 1.0 sy = 1.0
02-19 13:19:40.264 21462 21729 I SurfaceView@650c395: aOrMT: ViewRootImpl@ccd3137[ExpensifyActivityBase] t = android.view.SurfaceControl$Transaction@65a7f9f fN = 592 android.view.SurfaceView.-$$Nest$mapplyOrMergeTransaction:0 android.view.SurfaceView$SurfaceViewPositionUpdateListener.positionChanged:1667 android.graphics.RenderNode$CompositePositionUpdateListener.positionChanged:369
02-19 13:19:40.264 21462 21729 I ViewRootImpl@ccd3137[ExpensifyActivityBase]: mWNT: t=0xb400007c23cf92b0 mBlastBufferQueue=0xb400007d13b6b4f0 fn= 592 mRenderHdrSdrRatio=1.0 caller= android.view.SurfaceView.applyOrMergeTransaction:1599 android.view.SurfaceView.-$$Nest$mapplyOrMergeTransaction:0 android.view.SurfaceView$SurfaceViewPositionUpdateListener.positionChanged:1667
02-19 13:19:40.264 21462 21787 I ViewRootImpl@ccd3137[ExpensifyActivityBase]: mWNT: t=0xb400007c23c93c30 mBlastBufferQueue=0xb400007d13b6b4f0 fn= 592 mRenderHdrSdrRatio=1.0 caller= android.view.ViewRootImpl$6.onFrameDraw:5705 android.view.ViewRootImpl$2.onFrameDraw:2190 android.view.ThreadedRenderer$1.onFrameDraw:792
02-19 13:19:40.268 24217 24217 I [PASS][CMN]e: clearData LruCache[maxSize=65536,hits=0,misses=0,hitRate=0%]
02-19 13:19:40.268 1603 1603 I Layer : Layer [Background for SurfaceView[org.me.mobiexpensifyg/org.me.mobiexpensifyg.ExpensifyActivityBase]@0#272772] hidden!! flag(0)
02-19 13:19:40.268 1603 1603 I Layer : Layer::reparent [Background for SurfaceView[org.me.mobiexpensifyg/org.me.mobiexpensifyg.ExpensifyActivityBase]@0#272752] newParentHandle : null -------------------------
02-19 13:19:40.268 1603 1603 I Layer : id=272752 removeFromCurrentState Background for SurfaceView[org.me.mobiexpensifyg/org.me.mobiexpensifyg.ExpensifyActivityBase]@0#272752 (226)
02-19 13:19:40.268 1603 1603 I Layer : Layer::reparent [Background for SurfaceView[org.me.mobiexpensifyg/org.me.mobiexpensifyg.ExpensifyActivityBase]@0#272752] End -------------------------
02-19 13:19:40.268 1603 1603 I Layer : Layer::reparent [SurfaceView[org.me.mobiexpensifyg/org.me.mobiexpensifyg.ExpensifyActivityBase]@0#272750] newParentHandle : null -------------------------
02-19 13:19:40.269 1603 1603 I Layer : id=272750 removeFromCurrentState SurfaceView[org.me.mobiexpensifyg/org.me.mobiexpensifyg.ExpensifyActivityBase]@0#272750 (226)
02-19 13:19:40.269 1603 1603 I Layer : id=272751 removeFromCurrentState SurfaceView[org.me.mobiexpensifyg/org.me.mobiexpensifyg.ExpensifyActivityBase]@0(BLAST)#272751 (226)
02-19 13:19:40.269 1603 1603 I Layer : Layer::reparent [SurfaceView[org.me.mobiexpensifyg/org.me.mobiexpensifyg.ExpensifyActivityBase]@0#272750] End -------------------------
02-19 13:19:40.269 1603 1603 I Layer : Layer::reparent [SurfaceView[org.me.mobiexpensifyg/org.me.mobiexpensifyg.ExpensifyActivityBase]@0(BLAST)#272751] newParentHandle : null -------------------------
02-19 13:19:40.269 1603 1603 I Layer : id=272751 removeFromCurrentState SurfaceView[org.me.mobiexpensifyg/org.me.mobiexpensifyg.ExpensifyActivityBase]@0(BLAST)#272751 (226)
02-19 13:19:40.269 1603 1603 I Layer : Layer::reparent [SurfaceView[org.me.mobiexpensifyg/org.me.mobiexpensifyg.ExpensifyActivityBase]@0(BLAST)#272751] End -------------------------
02-19 13:19:40.269 1603 1603 I Layer : Layer [SurfaceView[org.me.mobiexpensifyg/org.me.mobiexpensifyg.ExpensifyActivityBase]@0#272770] hidden!! flag(0)
02-19 13:19:40.269 21462 21462 I InputMethodManager: invalidateInput
02-19 13:19:40.272 21462 22483 I BLASTBufferQueue: [SurfaceView[org.me.mobiexpensifyg/org.me.mobiexpensifyg.ExpensifyActivityBase]@0#5](f:0,a:0,s:0) onFrameAvailable the first frame is available
02-19 13:19:40.273 1603 1603 D SurfaceFlinger: Display 4630946213010294403 HWC layers:
