02-19 13:19:54.543 21462 21462 D Activity: onKeyUp(KEYCODE_BACK) isTracking()=true isCanceled()=false hasCallback=false
02-19 13:19:54.608 1484 1484 I sensors-hal: activate:419, android.sensor.gyroscope/41 en=0
02-19 13:19:54.609 1484 1484 I sensors-hal: deactivate:380, disconnect qmi to disable sensor
02-19 13:19:54.609 1459 1660 E minksocket: MinkIPC_QRTR_Service: client with node 1 port 6fb0 went down
02-19 13:19:54.610 1459 1660 E minksocket: MinkIPC_QRTR_Service: client with node 1 port 6fab went down
02-19 13:19:54.610 1484 1484 I sensors-hal: deactivate:380, disconnect qmi to disable sensor
02-19 13:19:54.612 1484 1484 I sensors-hal: activate:437, android.sensor.gyroscope/41 en=0 completed
02-19 13:19:54.612 1459 1660 E minksocket: MinkIPC_QRTR_Service: client with node 1 port 6fa6 went down
02-19 13:19:54.613 21462 21555 D SensorManager: unregisterListener
02-19 13:19:54.618 1603 1760 D RenderEngine: [SEC_GC_CMN_SF_EFFECTS] drawLayersInternal,1279, Rendering layer at index 0
02-19 13:19:54.618 1603 1760 D RenderEngine: [SEC_GC_CMN_SF_EFFECTS] drawLayersInternal,1279, Rendering layer org.me.mobiexpensifyg/org.me.mobiexpensifyg.ExpensifyActivityBase$_21462#272730 at index 1
02-19 13:19:54.626 21462 21556 D RNFBCrashlyticsInit: isCrashlyticsCollectionEnabled via RNFBMeta: true
02-19 13:19:54.627 21462 21556 D RNFBCrashlyticsInit: isCrashlyticsCollectionEnabled final value: true
02-19 13:19:54.674 2334 13883 I AfterimageCompensationService: AfcThread mLuminance_sub : 49 , AfpcPeriodCount_sub : 854 , rotation : 0 , AOD : false
02-19 13:19:54.676 1603 1760 D RenderEngine: [SEC_GC_CMN_SF_EFFECTS] drawLayersInternal,1279, Rendering layer at index 0
02-19 13:19:54.676 1603 1760 D RenderEngine: [SEC_GC_CMN_SF_EFFECTS] drawLayersInternal,1279, Rendering layer org.me.mobiexpensifyg/org.me.mobiexpensifyg.ExpensifyActivityBase$_21462#272730 at index 1
02-19 13:19:54.676 1603 1760 D RenderEngine: [SEC_GC_CMN_SF_EFFECTS] drawLayersInternal,1279, Rendering layer StatusBar$_3256#121 at index 2
02-19 13:19:54.677 1603 1760 D RenderEngine: [SEC_GC_CMN_SF_EFFECTS] drawLayersInternal,1279, Rendering layer NavigationBar0$_3256#261410 at index 3
02-19 13:19:54.677 1603 1760 D RenderEngine: [SEC_GC_CMN_SF_EFFECTS] drawLayersInternal,1279, Rendering layer EdgeBackGestureHandler0$_3256#272795 at index 4
02-19 13:19:54.680 2334 13883 D system_server: mAFPC_SUB_Read - w = 904, h = 2316, s = 56, f = 4, s_size = 8893440, luminance = 49, count = 854, captureOrientation = 0
02-19 13:19:54.709 21462 21857 W Kumiho-Kumiho: isSupportedFormat: Format is not supported
02-19 13:19:54.709 21462 21857 D OpenGLRenderer: --- Failed to create image decoder with message 'unimplemented'
02-19 13:19:54.709 21462 21857 W Kumiho-Kumiho: isSupportedFormat: Format is not supported
02-19 13:19:54.709 21462 21857 D OpenGLRenderer: --- Failed to create image decoder with message 'unimplemented'
02-19 13:19:54.709 21462 21857 W Kumiho-Kumiho: isSupportedFormat: Format is not supported
02-19 13:19:54.709 21462 21857 D OpenGLRenderer: --- Failed to create image decoder with message 'unimplemented'
02-19 13:19:54.710 21462 21857 W Kumiho-Kumiho: isSupportedFormat: Format is not supported
02-19 13:19:54.710 21462 21857 D OpenGLRenderer: --- Failed to create image decoder with message 'unimplemented'
02-19 13:19:54.710 21462 21857 W Kumiho-Kumiho: isSupportedFormat: Format is not supported
02-19 13:19:54.710 21462 21857 D OpenGLRenderer: --- Failed to create image decoder with message 'unimplemented'
02-19 13:19:54.710 21462 21857 W Kumiho-Kumiho: isSupportedFormat: Format is not supported
02-19 13:19:54.710 21462 21857 D OpenGLRenderer: --- Failed to create image decoder with message 'unimplemented'
02-19 13:19:54.718 1603 1760 D RenderEngine: [SEC_GC_CMN_SF_EFFECTS] drawLayersInternal,1279, Rendering layer at index 0
02-19 13:19:54.718 1603 1760 D RenderEngine: [SEC_GC_CMN_SF_EFFECTS] drawLayersInternal,1279, Rendering layer org.me.mobiexpensifyg/org.me.mobiexpensifyg.ExpensifyActivityBase$_21462#272730 at index 1
02-19 13:19:54.821 3256 3256 I ViewRootImpl@382a1a2[EdgeBackGestureHandler0]: destroyHardwareResources: Callers=android.view.ViewRootImpl.performTraversals:3989 android.view.ViewRootImpl.doTraversal:3345 android.view.ViewRootImpl$TraversalRunnable.run:11437 android.view.Choreographer$CallbackRecord.run:1690 android.view.Choreographer$CallbackRecord.run:1699 android.view.Choreographer.doCallbacks:1154 android.view.Choreographer.doFrame:1080 android.view.Choreographer$FrameDisplayEventReceiver.run:1647 android.os.Handler.handleCallback:958 android.os.Handler.dispatchMessage:99
02-19 13:19:54.827 1603 1760 D RenderEngine: [SEC_GC_CMN_SF_EFFECTS] drawLayersInternal,1279, Rendering layer at index 0
02-19 13:19:54.827 1603 1760 D RenderEngine: [SEC_GC_CMN_SF_EFFECTS] drawLayersInternal,1279, Rendering layer org.me.mobiexpensifyg/org.me.mobiexpensifyg.ExpensifyActivityBase$_21462#272730 at index 1
02-19 13:19:54.827 2334 6292 V WindowManager: Relayout Window{3c08253 u0 EdgeBackGestureHandler0}: viewVisibility=8 req=276x704 ty=2024 d0
02-19 13:19:54.828 2334 6292 E WindowManager: win=Window{3c08253 u0 EdgeBackGestureHandler0} destroySurfaces: appStopped=true cleanupOnResume=false win.mWindowRemovalAllowed=false win.mRemoveOnExit=false win.mViewVisibility=8 caller=com.android.server.wm.WindowManagerService.tryStartExitingAnimation:3002 com.android.server.wm.WindowManagerService.relayoutWindow:2695 com.android.server.wm.Session.relayout:282 android.view.IWindowSession$Stub.onTransact:782 com.android.server.wm.Session.onTransact:204 android.os.Binder.execTransactInternal:1380 android.os.Binder.execTransact:1311
02-19 13:19:54.829 2334 6292 I WindowManager: Destroying surface Surface(name=EdgeBackGestureHandler0$_3256)/@0x8262f2c called by com.android.server.wm.WindowStateAnimator.destroySurface:811 com.android.server.wm.WindowStateAnimator.destroySurfaceLocked:478 com.android.server.wm.WindowState.destroySurfaceUnchecked:4219 com.android.server.wm.WindowState.destroySurface:4193 com.android.server.wm.WindowManagerService.tryStartExitingAnimation:3002 com.android.server.wm.WindowManagerService.relayoutWindow:2695 com.android.server.wm.Session.relayout:282 android.view.IWindowSession$Stub.onTransact:782
02-19 13:19:54.835 2334 6292 V WindowManager: Relayout hash=3c08253, pid=3256, syncId=-1: mAttrs={(0,605)(276x704) gr=TOP LEFT CENTER sim={adjust=pan} ty=NAVIGATION_BAR_PANEL fmt=TRANSLUCENT
02-19 13:19:54.835 2334 6292 V WindowManager: fl=1000118
02-19 13:19:54.835 2334 6292 V WindowManager: pfl=32200010
02-19 13:19:54.835 2334 6292 V WindowManager: bhv=DEFAULT naviIconColor=0}
02-19 13:19:54.837 1603 1603 I Layer : Layer::reparent [EdgeBackGestureHandler0$_3256#272795] newParentHandle : null -------------------------
02-19 13:19:54.837 1603 1603 I Layer : id=272795 removeFromCurrentState EdgeBackGestureHandler0$_3256#272795 (221)
02-19 13:19:54.837 1603 1603 I Layer : Layer::reparent [EdgeBackGestureHandler0$_3256#272795] End -------------------------
02-19 13:19:54.838 3256 3256 I ViewRootImpl@382a1a2[EdgeBackGestureHandler0]: Relayout returned: old=(0,605,276,1309) new=(0,605,276,1309) relayoutAsync=false req=(276,704)8 dur=10 res=0x2 s={false 0x0} ch=true seqId=0
02-19 13:19:54.838 1603 1603 I SurfaceFlinger: id=272795 Removed EdgeBackGestureHandler0$_3256#272795 (221)
02-19 13:19:54.841 1603 1603 D SurfaceFlinger: Display 4630946213010294403 HWC layers:
02-19 13:19:54.841 1603 1603 D SurfaceFlinger: DEVICE | 0xb400007cd8d20520 | 0100 | RGBA_8888 | 0.0 0.0 904.0 2316.0 | 0 0 904 2316 | org.me.mobiexpensifyg/org.me.mobiexp[...].ExpensifyActivityBase$_21462#272730
02-19 13:19:54.841 1603 1603 D SurfaceFlinger: DEVICE | 0xb400007cd8d30630 | 0100 | RGBA_8888 | 0.0 0.0 904.0 87.0 | 0 0 904 87 | StatusBar$_3256#121
02-19 13:19:54.841 1603 1603 D SurfaceFlinger: DEVICE | 0xb400007cd8d23b20 | 0100 | RGBA_8888 | 0.0 0.0 904.0 126.0 | 0 2190 904 2316 | NavigationBar0$_3256#261410
02-19 13:19:54.841 1603 1603 D SurfaceFlinger:
02-19 13:19:54.846 1603 1603 I Layer : id=272795 Destroyed EdgeBackGestureHandler0$_3256#272795
02-19 13:19:54.847 1090 1090 D io_stats: !@ 8,0 r 16676468 409282599 w 28555604 386662628 d 6449534 549233108 f 0 3019414 iot 17353352 0 th 0 0 0 pt 0 inp 0 0 263095.592
02-19 13:19:54.928 1603 1760 D RenderEngine: [SEC_GC_CMN_SF_EFFECTS] drawLayersInternal,1279, Rendering layer at index 0
02-19 13:19:54.928 1603 1760 D RenderEngine: [SEC_GC_CMN_SF_EFFECTS] drawLayersInternal,1279, Rendering layer org.me.mobiexpensifyg/org.me.mobiexpensifyg.ExpensifyActivityBase$_21462#272730 at index 1
02-19 13:19:55.171 1603 1745 I VSyncReactor: Current= 120, Period= 24, hwcPeriod= 120
02-19 13:19:55.172 1603 1603 I HWComposer: [4630946213010294403] ActiveConfigToHWC, ID : 8
02-19 13:19:55.173 1603 1603 I LayerHistory: org.me.mobiexpensifyg/org.me.mobiexpensifyg.ExpensifyActivityBase$_21462#272730 Max (can't resolve refresh rate)
02-19 13:19:55.173 1603 1603 I SurfaceFlinger: Idle - choose 24.00 Hz
02-19 13:19:55.176 1516 1737 I SDM : HWCDisplay::SubmitDisplayConfig: [DispConfigs] config 0 => 8, hs_mode 3 => 3
02-19 13:19:55.176 1516 1737 I SDM : HWDeviceDRM::SetDisplaySwitchMode: [DispConfigs] check hs_mode 3
02-19 13:19:55.176 1516 1737 I SDM : HWDeviceDRM::SetDisplaySwitchMode: [DispConfigs] Set mode index:9 904x2316x24xcmdPHS, hs_mode(3), found_mode(1)
02-19 13:19:55.176 1516 1737 I SDM : HWDeviceDRM::UpdateMixerAttributes: Mixer WxH 904x2316-1 for Peripheral
02-19 13:19:55.176 1516 1737 I SDM : HWCDisplay::SubmitDisplayConfig: Active configuration changed from config 0 to 8
02-19 13:19:55.180 1603 1745 I VSyncReactor: Current= 120, Period= 24, hwcPeriod= 24
02-19 13:19:55.182 1603 1760 D RenderEngine: [SEC_GC_CMN_SF_EFFECTS] drawLayersInternal,1279, Rendering layer at index 0
02-19 13:19:55.182 1603 1760 D RenderEngine: [SEC_GC_CMN_SF_EFFECTS] drawLayersInternal,1279, Rendering layer org.me.mobiexpensifyg/org.me.mobiexpensifyg.ExpensifyActivityBase$_21462#272730 at index 1
02-19 13:19:55.273 2334 2918 D InputReader: Btn_touch(9): value=1 when=263096.017864
02-19 13:19:55.274 2334 2918 I InputReader: Touch event's action is 0x0 (id=6, t=0) [pCnt=1, s=0.1970 ] when=263096.017864
02-19 13:19:55.275 2334 2917 I InputDispatcher: Delivering touch to (3256): action: 0x4, f=0x0, d=0, '3c5e648', t=1
02-19 13:19:55.275 2334 2917 I InputDispatcher: Delivering touch to (21462): action: 0x0, f=0x0, d=0, '9a77eef', t=1
02-19 13:19:55.276 3685 3685 I HoneySpace.GestureInputHandler: inputConsumers = [com.honeyspace.gesture.inputconsumer.InputConsumer$Companion$NO_OP$1@58c8177]
02-19 13:19:55.276 3685 3685 I HoneySpace.InputSession: inputConsumers = NO_OP
02-19 13:19:55.277 21462 21462 I ViewRootImpl@ccd3137[ExpensifyActivityBase]: ViewPostIme pointer 0
02-19 13:19:55.277 2334 2444 I GestureDetector: obtain mCurrentDownEvent. id: 1021976511 caller: com.android.server.wm.SystemGesturesPointerEventListener.onPointerEvent:204 com.android.server.wm.PointerEventDispatcher.onInputEvent:53 android.view.InputEventReceiver.dispatchInputEvent:337
02-19 13:19:55.277 2334 2444 I GestureDetector: obtain mCurrentDownEvent. id: 1021976511 caller: com.android.server.wm.SystemPerformancePointerEventListener.onPointerEvent:89 com.android.server.wm.PointerEventDispatcher.onInputEvent:53 android.view.InputEventReceiver.dispatchInputEvent:337
02-19 13:19:55.277 3685 3685 I HoneySpace.InputSession: open
02-19 13:19:55.278 6194 6194 I SemDvfsHyPerManager: acquire hyper - TABoost/6194@27, type = 1090523139
02-19 13:19:55.279 1603 1603 I HWComposer: [4630946213010294403] ActiveConfigToHWC, ID : 0
02-19 13:19:55.280 1603 1603 I LayerHistory: org.me.mobiexpensifyg/org.me.mobiexpensifyg.ExpensifyActivityBase$_21462#272730 Max (can't resolve refresh rate)
02-19 13:19:55.280 1603 1603 I SurfaceFlinger: Touch Boost - choose 120.00 Hz
02-19 13:19:55.281 1603 1745 I VSyncReactor: Current= 24, Period= 120, hwcPeriod= 24
02-19 13:19:55.281 1492 1518 I HYPER-HAL: [RequestManager.cpp]releaseLocked(): Released ID : 19353558
02-19 13:19:55.281 1492 1518 I HYPER-HAL: [RequestManager.cpp]acquire(): Acquired ID : 19353558 [6194 / 27] HINT : list : [TABoost / 1] [TIMEOUT / 1500]
02-19 13:19:55.282 1516 1737 I SDM : HWCDisplay::SubmitDisplayConfig: [DispConfigs] config 8 => 0, hs_mode 3 => 3
02-19 13:19:55.283 1516 1737 I SDM : HWDeviceDRM::SetDisplaySwitchMode: [DispConfigs] check hs_mode 3
02-19 13:19:55.283 1516 1737 I SDM : HWDeviceDRM::SetDisplaySwitchMode: [DispConfigs] Set mode index:0 904x2316x120xcmdHS, hs_mode(3), found_mode(0)
02-19 13:19:55.283 1516 1737 I SDM : HWDeviceDRM::UpdateMixerAttributes: Mixer WxH 904x2316-1 for Peripheral
02-19 13:19:55.283 1516 1737 I SDM : HWCDisplay::SubmitDisplayConfig: Active configuration changed from config 8 to 0
02-19 13:19:55.287 1603 1760 D RenderEngine: [SEC_GC_CMN_SF_EFFECTS] drawLayersInternal,1279, Rendering layer at index 0
02-19 13:19:55.287 1603 1760 D RenderEngine: [SEC_GC_CMN_SF_EFFECTS] drawLayersInternal,1279, Rendering layer org.me.mobiexpensifyg/org.me.mobiexpensifyg.ExpensifyActivityBase$_21462#272730 at index 1
02-19 13:19:55.296 1603 1745 I VSyncReactor: Current= 24, Period= 120, hwcPeriod= 120
02-19 13:19:55.307 2334 2444 I GestureDetector: obtain mCurrentMotionEventRaw. action: 2 id: 60379269
02-19 13:19:55.307 2334 2444 I GestureDetector: obtain mCurrentMotionEventRaw. action: 2 id: 60379269
02-19 13:19:55.377 2334 2918 D InputReader: Btn_touch(9): value=0 when=263096.121264
02-19 13:19:55.377 2334 2918 I InputReader: Touch event's action is 0x1 (id=6, t=0) [pCnt=1, s=] when=263096.121264
02-19 13:19:55.377 2334 2917 I InputDispatcher: Delivering touch to (21462): action: 0x1, f=0x0, d=0, '9a77eef', t=1
02-19 13:19:55.380 3685 3685 I HoneySpace.GestureInputHandler: reset
02-19 13:19:55.380 1492 1518 I HYPER-HAL: [RequestManager.cpp]releaseLocked(): Released ID : 19353558
02-19 13:19:55.380 3685 3685 I HoneySpace.InputSession: close
02-19 13:19:55.381 21462 21462 I ViewRootImpl@ccd3137[ExpensifyActivityBase]: ViewPostIme pointer 1
02-19 13:19:55.380 6194 6194 I SemDvfsHyPerManager: acquire hyper - TABoost/6194@27, type = 1090523139
02-19 13:19:55.384 1492 1518 I HYPER-HAL: [RequestManager.cpp]acquire(): Acquired ID : 19353558 [6194 / 27] HINT : list : [TABoost / 1] [TIMEOUT / 1500]
02-19 13:19:55.387 1603 1760 D RenderEngine: [SEC_GC_CMN_SF_EFFECTS] drawLayersInternal,1279, Rendering layer at index 0
02-19 13:19:55.387 1603 1760 D RenderEngine: [SEC_GC_CMN_SF_EFFECTS] drawLayersInternal,1279, Rendering layer org.me.mobiexpensifyg/org.me.mobiexpensifyg.ExpensifyActivityBase$_21462#272730 at index 1
02-19 13:19:55.393 2334 4386 D FreecessController: org.me.mobiexpensifyg(11571) is important[12]
02-19 13:19:55.490 21462 21462 D ScrollView: initGoToTop
02-19 13:19:55.548 21462 21462 W [RNScreens]: backTitleVisible prop is not available on Android
02-19 13:19:55.548 21462 21462 W [RNScreens]: largeTitleHideShadow prop is not available on Android
02-19 13:19:55.548 21462 21462 W [RNScreens]: disableBackButtonMenu prop is not available on Android
02-19 13:19:55.577 2334 2444 I GestureDetector: handleMessage TAP
02-19 13:19:55.577 2334 2334 I GestureDetector: handleMessage TAP
02-19 13:19:55.586 21462 21462 D ScrollView: initGoToTop
02-19 13:19:55.618 21462 21462 W [RNScreens]: backTitleVisible prop is not available on Android
02-19 13:19:55.618 21462 21462 W [RNScreens]: largeTitleHideShadow prop is not available on Android
02-19 13:19:55.618 21462 21462 W [RNScreens]: disableBackButtonMenu prop is not available on Android
02-19 13:19:55.619 21462 21462 W [RNScreens]: backTitleVisible prop is not available on Android
02-19 13:19:55.619 21462 21462 W [RNScreens]: largeTitleHideShadow prop is not available on Android
02-19 13:19:55.619 21462 21462 W [RNScreens]: disableBackButtonMenu prop is not available on Android
02-19 13:19:55.688 1603 1745 I VSyncReactor: Current= 120, Period= 24, hwcPeriod= 120
02-19 13:19:55.689 1603 1603 I HWComposer: [4630946213010294403] ActiveConfigToHWC, ID : 8
02-19 13:19:55.689 1603 1603 I LayerHistory: org.me.mobiexpensifyg/org.me.mobiexpensifyg.ExpensifyActivityBase$_21462#272730 Max (can't resolve refresh rate)
02-19 13:19:55.689 1603 1603 I SurfaceFlinger: Idle - choose 24.00 Hz
02-19 13:19:55.691 1516 1737 I SDM : HWCDisplay::SubmitDisplayConfig: [DispConfigs] config 0 => 8, hs_mode 3 => 3
02-19 13:19:55.691 1516 1737 I SDM : HWDeviceDRM::SetDisplaySwitchMode: [DispConfigs] check hs_mode 3
02-19 13:19:55.691 1516 1737 I SDM : HWDeviceDRM::SetDisplaySwitchMode: [DispConfigs] Set mode index:9 904x2316x24xcmdPHS, hs_mode(3), found_mode(1)
02-19 13:19:55.691 1516 1737 I SDM : HWDeviceDRM::UpdateMixerAttributes: Mixer WxH 904x2316-1 for Peripheral
02-19 13:19:55.691 1516 1737 I SDM : HWCDisplay::SubmitDisplayConfig: Active configuration changed from config 0 to 8
02-19 13:19:55.695 1603 1760 D RenderEngine: [SEC_GC_CMN_SF_EFFECTS] drawLayersInternal,1279, Rendering layer at index 0
02-19 13:19:55.695 1603 1760 D RenderEngine: [SEC_GC_CMN_SF_EFFECTS] drawLayersInternal,1279, Rendering layer org.me.mobiexpensifyg/org.me.mobiexpensifyg.ExpensifyActivityBase$_21462#272730 at index 1
02-19 13:19:55.697 1603 1745 I VSyncReactor: Current= 120, Period= 24, hwcPeriod= 24
02-19 13:19:55.703 21462 21556 D RNFBCrashlyticsInit: isCrashlyticsCollectionEnabled via RNFBMeta: true
02-19 13:19:55.703 21462 21556 D RNFBCrashlyticsInit: isCrashlyticsCollectionEnabled final value: true
02-19 13:19:55.740 21462 21556 D RNFBCrashlyticsInit: isCrashlyticsCollectionEnabled via RNFBMeta: true
02-19 13:19:55.740 21462 21556 D RNFBCrashlyticsInit: isCrashlyticsCollectionEnabled final value: true
02-19 13:19:55.907 2334 2918 D InputReader: Btn_touch(9): value=1 when=263096.651369
02-19 13:19:55.907 2334 2918 I InputReader: Touch event's action is 0x0 (id=6, t=0) [pCnt=1, s=0.1971 ] when=263096.651369
02-19 13:19:55.908 2334 2917 I InputDispatcher: Delivering touch to (3256): action: 0x4, f=0x0, d=0, '3c5e648', t=1
02-19 13:19:55.908 2334 2917 I InputDispatcher: Delivering touch to (21462): action: 0x0, f=0x0, d=0, '9a77eef', t=1
02-19 13:19:55.909 2334 2917 D PowerManagerService: [api] userActivityFromNative : touch displayId=0 eventTime=263096651
02-19 13:19:55.909 3685 3685 I HoneySpace.GestureInputHandler: inputConsumers = [com.honeyspace.gesture.inputconsumer.InputConsumer$Companion$NO_OP$1@58c8177]
02-19 13:19:55.909 2334 2444 I GestureDetector: obtain mCurrentDownEvent. id: 437196528 caller: com.android.server.wm.SystemGesturesPointerEventListener.onPointerEvent:204 com.android.server.wm.PointerEventDispatcher.onInputEvent:53 android.view.InputEventReceiver.dispatchInputEvent:337
02-19 13:19:55.909 2334 2444 I GestureDetector: obtain mCurrentDownEvent. id: 437196528 caller: com.android.server.wm.SystemPerformancePointerEventListener.onPointerEvent:89 com.android.server.wm.PointerEventDispatcher.onInputEvent:53 android.view.InputEventReceiver.dispatchInputEvent:337
02-19 13:19:55.909 3685 3685 I HoneySpace.InputSession: inputConsumers = NO_OP
02-19 13:19:55.910 3685 3685 I HoneySpace.InputSession: open
02-19 13:19:55.910 6194 6194 I SemDvfsHyPerManager: acquire hyper - TABoost/6194@27, type = 1090523139
02-19 13:19:55.911 1603 1603 I HWComposer: [4630946213010294403] ActiveConfigToHWC, ID : 0
02-19 13:19:55.911 1492 1518 I HYPER-HAL: [RequestManager.cpp]releaseLocked(): Released ID : 19353558
02-19 13:19:55.911 1492 1518 I HYPER-HAL: [RequestManager.cpp]acquire(): Acquired ID : 19353558 [6194 / 27] HINT : list : [TABoost / 1] [TIMEOUT / 1500]
02-19 13:19:55.911 1603 1603 I LayerHistory: org.me.mobiexpensifyg/org.me.mobiexpensifyg.ExpensifyActivityBase$_21462#272730 Max (can't resolve refresh rate)
02-19 13:19:55.911 1603 1603 I SurfaceFlinger: Touch Boost - choose 120.00 Hz
02-19 13:19:55.913 1516 1737 I SDM : HWCDisplay::SubmitDisplayConfig: [DispConfigs] config 8 => 0, hs_mode 3 => 3
02-19 13:19:55.913 1516 1737 I SDM : HWDeviceDRM::SetDisplaySwitchMode: [DispConfigs] check hs_mode 3
02-19 13:19:55.913 1516 1737 I SDM : HWDeviceDRM::SetDisplaySwitchMode: [DispConfigs] Set mode index:0 904x2316x120xcmdHS, hs_mode(3), found_mode(0)
02-19 13:19:55.913 1516 1737 I SDM : HWDeviceDRM::UpdateMixerAttributes: Mixer WxH 904x2316-1 for Peripheral
02-19 13:19:55.913 1516 1737 I SDM : HWCDisplay::SubmitDisplayConfig: Active configuration changed from config 8 to 0
02-19 13:19:55.913 1603 1745 I VSyncReactor: Current= 24, Period= 120, hwcPeriod= 120
02-19 13:19:55.916 2334 2444 I GestureDetector: obtain mCurrentMotionEventRaw. action: 2 id: 693633080
02-19 13:19:55.917 2334 2444 I GestureDetector: obtain mCurrentMotionEventRaw. action: 2 id: 693633080
02-19 13:19:55.917 1603 1760 D RenderEngine: [SEC_GC_CMN_SF_EFFECTS] drawLayersInternal,1279, Rendering layer at index 0
02-19 13:19:55.917 1603 1760 D RenderEngine: [SEC_GC_CMN_SF_EFFECTS] drawLayersInternal,1279, Rendering layer org.me.mobiexpensifyg/org.me.mobiexpensifyg.ExpensifyActivityBase$_21462#272730 at index 1
02-19 13:19:55.932 2334 2334 I SemDvfsHyPerManager: acquire hyper - WM_SCROLL_DETECTED/2334@2, type = 268443651
02-19 13:19:55.932 1492 1518 I HYPER-HAL: [RequestManager.cpp]acquire(): Acquired ID : 2729618 [2334 / 2] HINT : list : [CoreNumBigMin / 3]
02-19 13:19:55.986 2334 2918 D InputReader: Btn_touch(9): value=0 when=263096.730935
02-19 13:19:55.986 2334 2918 I InputReader: Touch event's action is 0x1 (id=6, t=0) [pCnt=1, s=] when=263096.730935
02-19 13:19:55.987 2334 2917 I InputDispatcher: Delivering touch to (21462): action: 0x1, f=0x0, d=0, '9a77eef', t=1
02-19 13:19:55.988 3685 3685 I HoneySpace.GestureInputHandler: reset
02-19 13:19:55.988 3685 3685 I HoneySpace.InputSession: close
02-19 13:19:55.988 2334 2334 I SemDvfsHyPerManager: acquire hyper - GESTURE_DETECTED_HRR/2334@29, type = -999
02-19 13:19:55.988 2334 2334 I SemDvfsHyPerManager: acquire hyper - GESTURE_DETECTED_HRR/2334@29, type = -999
02-19 13:19:55.989 2334 2334 I SemDvfsHyPerManager: acquire hyper - SMOOTH_SCROLL/2334@22, type = -999
02-19 13:19:55.989 1492 1518 I HYPER-HAL: [RequestManager.cpp]releaseLocked(): Released ID : 2729618
02-19 13:19:55.989 1492 1518 I HYPER-HAL: [RequestManager.cpp]acquire(): Acquired ID : 2793095 [2334 / 29] HINT : GESTURE_DETECTED_HRR list : [TIMEOUT / 1871]
02-19 13:19:55.989 1492 1518 I HYPER-HAL: [RequestManager.cpp]acquire(): Acquired ID : 2793095 [2334 / 29] HINT : GESTURE_DETECTED_HRR list : [TIMEOUT / 1871]
02-19 13:19:56.089 20539 20713 V CpEventLog(u150): cp_state: [ contacts = {contacts=0, raw_contacts=0, data=0, account={secphone(1)=0, google(2)=0, sim(3)=0, sim2(4)=0, agg(5)=0, vnd.sec.contact.phone_personal(6)=0}, trash=0, trash_acc={}, trash_sync=0, database=contacts2.db} ]
02-19 13:19:56.089 20539 20713 V CpEventLog(u150): cp_state: [ aggregated = {} ]
02-19 13:19:56.089 20539 20713 V CpEventLog(u150): cp_state: [ request = {} ]
02-19 13:19:56.089 20539 20713 V CpEventLog(u150): cp_state: [ calls = {types={}, database=calllog.db} ]
02-19 13:19:56.089 20539 20713 V CpEventLog(u150): cp_state: [ profile = {contacts=0, raw_contacts=0, data=0, account={secphone(1)=0, google(2)=0, sim(3)=0, sim2(4)=0, agg(5)=0, vnd.sec.contact.phone_personal(6)=0}, trash=0, trash_acc={}, trash_sync=0, database=profile.db} ]
02-19 13:19:56.089 20539 20713 V CpEventLog(u150): cp_state: [ sa_profile = {contacts=0, raw_contacts=0, data=0, account={secphone(1)=0, google(2)=0, sim(3)=0, sim2(4)=0, agg(5)=0, vnd.sec.contact.phone_personal(6)=0}, trash=0, trash_acc={}, trash_sync=0, database=profile_sa.db} ]
02-19 13:19:56.089 20539 20713 V CpEventLog(u150): cp_state: [ etc = {binders=0, country_iso=MY, version=15.2.26, db_version=1802, csc=/} ]
02-19 13:19:56.089 20539 20713 V CpEventLog(u150): cp_state: ------------------------------------------------------------------------------
02-19 13:19:56.096 21462 21462 I ViewRootImpl@ccd3137[ExpensifyActivityBase]: ViewPostIme pointer 0
02-19 13:19:56.097 21462 21462 I ViewRootImpl@ccd3137[ExpensifyActivityBase]: ViewPostIme pointer 1
02-19 13:19:56.108 21462 21858 W Kumiho-Kumiho: isSupportedFormat: Format is not supported
02-19 13:19:56.109 21462 21858 D OpenGLRenderer: --- Failed to create image decoder with message 'unimplemented'
02-19 13:19:56.109 21462 21860 W Kumiho-Kumiho: isSupportedFormat: Format is not supported
02-19 13:19:56.109 21462 21857 W Kumiho-Kumiho: isSupportedFormat: Format is not supported
02-19 13:19:56.109 21462 21859 W Kumiho-Kumiho: isSupportedFormat: Format is not supported
02-19 13:19:56.109 21462 21858 W Kumiho-Kumiho: isSupportedFormat: Format is not supported
02-19 13:19:56.109 21462 21857 D OpenGLRenderer: --- Failed to create image decoder with message 'unimplemented'
02-19 13:19:56.109 21462 21859 D OpenGLRenderer: --- Failed to create image decoder with message 'unimplemented'
02-19 13:19:56.109 21462 21858 D OpenGLRenderer: --- Failed to create image decoder with message 'unimplemented'
02-19 13:19:56.109 21462 21858 W Kumiho-Kumiho: isSupportedFormat: Format is not supported
02-19 13:19:56.109 21462 21857 W Kumiho-Kumiho: isSupportedFormat: Format is not supported
02-19 13:19:56.109 21462 21858 D OpenGLRenderer: --- Failed to create image decoder with message 'unimplemented'
02-19 13:19:56.109 21462 21860 D OpenGLRenderer: --- Failed to create image decoder with message 'unimplemented'
02-19 13:19:56.109 21462 21857 D OpenGLRenderer: --- Failed to create image decoder with message 'unimplemented'
02-19 13:19:56.109 21462 21857 W Kumiho-Kumiho: isSupportedFormat: Format is not supported
02-19 13:19:56.109 21462 21859 W Kumiho-Kumiho: isSupportedFormat: Format is not supported
02-19 13:19:56.109 21462 21858 W Kumiho-Kumiho: isSupportedFormat: Format is not supported
02-19 13:19:56.109 21462 21857 D OpenGLRenderer: --- Failed to create image decoder with message 'unimplemented'
02-19 13:19:56.109 21462 21859 D OpenGLRenderer: --- Failed to create image decoder with message 'unimplemented'
02-19 13:19:56.109 21462 21860 W Kumiho-Kumiho: isSupportedFormat: Format is not supported
02-19 13:19:56.109 21462 21860 D OpenGLRenderer: --- Failed to create image decoder with message 'unimplemented'
02-19 13:19:56.109 21462 21859 W Kumiho-Kumiho: isSupportedFormat: Format is not supported
02-19 13:19:56.109 21462 21857 W Kumiho-Kumiho: isSupportedFormat: Format is not supported
02-19 13:19:56.109 21462 21860 W Kumiho-Kumiho: isSupportedFormat: Format is not supported
02-19 13:19:56.109 21462 21859 D OpenGLRenderer: --- Failed to create image decoder with message 'unimplemented'
02-19 13:19:56.109 21462 21857 D OpenGLRenderer: --- Failed to create image decoder with message 'unimplemented'
02-19 13:19:56.109 21462 21860 D OpenGLRenderer: --- Failed to create image decoder with message 'unimplemented'
02-19 13:19:56.109 21462 21857 W Kumiho-Kumiho: isSupportedFormat: Format is not supported
02-19 13:19:56.109 21462 21859 W Kumiho-Kumiho: isSupportedFormat: Format is not supported
02-19 13:19:56.109 21462 21857 D OpenGLRenderer: --- Failed to create image decoder with message 'unimplemented'
02-19 13:19:56.109 21462 21859 D OpenGLRenderer: --- Failed to create image decoder with message 'unimplemented'
02-19 13:19:56.109 21462 21859 W Kumiho-Kumiho: isSupportedFormat: Format is not supported
02-19 13:19:56.109 21462 21857 W Kumiho-Kumiho: isSupportedFormat: Format is not supported
02-19 13:19:56.109 21462 21859 D OpenGLRenderer: --- Failed to create image decoder with message 'unimplemented'
02-19 13:19:56.109 21462 21857 D OpenGLRenderer: --- Failed to create image decoder with message 'unimplemented'
02-19 13:19:56.110 21462 21859 W Kumiho-Kumiho: isSupportedFormat: Format is not supported
02-19 13:19:56.110 21462 21859 D OpenGLRenderer: --- Failed to create image decoder with message 'unimplemented'
02-19 13:19:56.110 21462 21858 D OpenGLRenderer: --- Failed to create image decoder with message 'unimplemented'
02-19 13:19:56.110 21462 21858 W Kumiho-Kumiho: isSupportedFormat: Format is not supported
02-19 13:19:56.110 21462 21858 D OpenGLRenderer: --- Failed to create image decoder with message 'unimplemented'
02-19 13:19:56.110 21462 21859 W Kumiho-Kumiho: isSupportedFormat: Format is not supported
02-19 13:19:56.110 21462 21860 W Kumiho-Kumiho: isSupportedFormat: Format is not supported
02-19 13:19:56.110 21462 21859 D OpenGLRenderer: --- Failed to create image decoder with message 'unimplemented'
02-19 13:19:56.110 21462 21858 W Kumiho-Kumiho: isSupportedFormat: Format is not supported
02-19 13:19:56.110 21462 21860 D OpenGLRenderer: --- Failed to create image decoder with message 'unimplemented'
02-19 13:19:56.110 21462 21858 D OpenGLRenderer: --- Failed to create image decoder with message 'unimplemented'
02-19 13:19:56.110 21462 21860 W Kumiho-Kumiho: isSupportedFormat: Format is not supported
02-19 13:19:56.110 21462 21859 W Kumiho-Kumiho: isSupportedFormat: Format is not supported
02-19 13:19:56.110 21462 21860 D OpenGLRenderer: --- Failed to create image decoder with message 'unimplemented'
02-19 13:19:56.110 21462 21859 D OpenGLRenderer: --- Failed to create image decoder with message 'unimplemented'
02-19 13:19:56.110 21462 21859 W Kumiho-Kumiho: isSupportedFormat: Format is not supported
02-19 13:19:56.110 21462 21860 W Kumiho-Kumiho: isSupportedFormat: Format is not supported
02-19 13:19:56.110 21462 21857 W Kumiho-Kumiho: isSupportedFormat: Format is not supported
02-19 13:19:56.111 21462 21860 D OpenGLRenderer: --- Failed to create image decoder with message 'unimplemented'
02-19 13:19:56.111 21462 21857 D OpenGLRenderer: --- Failed to create image decoder with message 'unimplemented'
02-19 13:19:56.111 21462 21858 W Kumiho-Kumiho: isSupportedFormat: Format is not supported
02-19 13:19:56.111 21462 21857 W Kumiho-Kumiho: isSupportedFormat: Format is not supported
02-19 13:19:56.111 21462 21858 D OpenGLRenderer: --- Failed to create image decoder with message 'unimplemented'
02-19 13:19:56.111 21462 21857 D OpenGLRenderer: --- Failed to create image decoder with message 'unimplemented'
02-19 13:19:56.111 21462 21857 W Kumiho-Kumiho: isSupportedFormat: Format is not supported
02-19 13:19:56.111 21462 21858 W Kumiho-Kumiho: isSupportedFormat: Format is not supported
02-19 13:19:56.111 21462 21857 D OpenGLRenderer: --- Failed to create image decoder with message 'unimplemented'
02-19 13:19:56.111 21462 21858 D OpenGLRenderer: --- Failed to create image decoder with message 'unimplemented'
02-19 13:19:56.111 21462 21858 W Kumiho-Kumiho: isSupportedFormat: Format is not supported
02-19 13:19:56.111 21462 21857 W Kumiho-Kumiho: isSupportedFormat: Format is not supported
02-19 13:19:56.111 21462 21860 W Kumiho-Kumiho: isSupportedFormat: Format is not supported
02-19 13:19:56.111 21462 21858 D OpenGLRenderer: --- Failed to create image decoder with message 'unimplemented'
02-19 13:19:56.111 21462 21857 D OpenGLRenderer: --- Failed to create image decoder with message 'unimplemented'
02-19 13:19:56.111 21462 21859 D OpenGLRenderer: --- Failed to create image decoder with message 'unimplemented'
02-19 13:19:56.111 21462 21858 W Kumiho-Kumiho: isSupportedFormat: Format is not supported
02-19 13:19:56.111 21462 21857 W Kumiho-Kumiho: isSupportedFormat: Format is not supported
02-19 13:19:56.111 21462 21859 W Kumiho-Kumiho: isSupportedFormat: Format is not supported
02-19 13:19:56.111 21462 21858 D OpenGLRenderer: --- Failed to create image decoder with message 'unimplemented'
02-19 13:19:56.111 21462 21857 D OpenGLRenderer: --- Failed to create image decoder with message 'unimplemented'
02-19 13:19:56.111 21462 21860 D OpenGLRenderer: --- Failed to create image decoder with message 'unimplemented'
02-19 13:19:56.111 21462 21858 W Kumiho-Kumiho: isSupportedFormat: Format is not supported
02-19 13:19:56.111 21462 21858 D OpenGLRenderer: --- Failed to create image decoder with message 'unimplemented'
02-19 13:19:56.111 21462 21857 W Kumiho-Kumiho: isSupportedFormat: Format is not supported
02-19 13:19:56.111 21462 21859 D OpenGLRenderer: --- Failed to create image decoder with message 'unimplemented'
02-19 13:19:56.111 21462 21858 W Kumiho-Kumiho: isSupportedFormat: Format is not supported
02-19 13:19:56.111 21462 21857 D OpenGLRenderer: --- Failed to create image decoder with message 'unimplemented'
02-19 13:19:56.111 21462 21860 W Kumiho-Kumiho: isSupportedFormat: Format is not supported
02-19 13:19:56.111 21462 21858 D OpenGLRenderer: --- Failed to create image decoder with message 'unimplemented'
02-19 13:19:56.111 21462 21860 D OpenGLRenderer: --- Failed to create image decoder with message 'unimplemented'
02-19 13:19:56.111 21462 21860 W Kumiho-Kumiho: isSupportedFormat: Format is not supported
02-19 13:19:56.112 21462 21860 D OpenGLRenderer: --- Failed to create image decoder with message 'unimplemented'
02-19 13:19:56.112 21462 21860 W Kumiho-Kumiho: isSupportedFormat: Format is not supported
02-19 13:19:56.112 21462 21859 W Kumiho-Kumiho: isSupportedFormat: Format is not supported
02-19 13:19:56.112 21462 21860 D OpenGLRenderer: --- Failed to create image decoder with message 'unimplemented'
02-19 13:19:56.112 21462 21859 D OpenGLRenderer: --- Failed to create image decoder with message 'unimplemented'
02-19 13:19:56.112 21462 21860 W Kumiho-Kumiho: isSupportedFormat: Format is not supported
02-19 13:19:56.112 21462 21860 D OpenGLRenderer: --- Failed to create image decoder with message 'unimplemented'
02-19 13:19:56.112 21462 21859 W Kumiho-Kumiho: isSupportedFormat: Format is not supported
02-19 13:19:56.112 21462 21859 D OpenGLRenderer: --- Failed to create image decoder with message 'unimplemented'
02-19 13:19:56.112 21462 21860 W Kumiho-Kumiho: isSupportedFormat: Format is not supported
02-19 13:19:56.112 21462 21860 D OpenGLRenderer: --- Failed to create image decoder with message 'unimplemented'
02-19 13:19:56.126 1603 1760 D RenderEngine: [SEC_GC_CMN_SF_EFFECTS] drawLayersInternal,1279, Rendering layer at index 0
02-19 13:19:56.127 1603 1760 D RenderEngine: [SEC_GC_CMN_SF_EFFECTS] drawLayersInternal,1279, Rendering layer org.me.mobiexpensifyg/org.me.mobiexpensifyg.ExpensifyActivityBase$_21462#272730 at index 1
02-19 13:19:56.228 1603 1760 D RenderEngine: [SEC_GC_CMN_SF_EFFECTS] drawLayersInternal,1279, Rendering layer at index 0
02-19 13:19:56.228 1603 1760 D RenderEngine: [SEC_GC_CMN_SF_EFFECTS] drawLayersInternal,1279, Rendering layer org.me.mobiexpensifyg/org.me.mobiexpensifyg.ExpensifyActivityBase$_21462#272730 at index 1
02-19 13:19:56.344 21462 21857 W Kumiho-Kumiho: isSupportedFormat: Format is not supported
02-19 13:19:56.344 21462 21857 D OpenGLRenderer: --- Failed to create image decoder with message 'unimplemented'
02-19 13:19:56.344 21462 21857 W Kumiho-Kumiho: isSupportedFormat: Format is not supported
02-19 13:19:56.344 21462 21857 D OpenGLRenderer: --- Failed to create image decoder with message 'unimplemented'
02-19 13:19:56.344 21462 21857 W Kumiho-Kumiho: isSupportedFormat: Format is not supported
02-19 13:19:56.344 21462 21857 D OpenGLRenderer: --- Failed to create image decoder with message 'unimplemented'
02-19 13:19:56.345 21462 21857 W Kumiho-Kumiho: isSupportedFormat: Format is not supported
02-19 13:19:56.345 21462 21857 D OpenGLRenderer: --- Failed to create image decoder with message 'unimplemented'
02-19 13:19:56.345 21462 21857 W Kumiho-Kumiho: isSupportedFormat: Format is not supported
02-19 13:19:56.345 21462 21857 D OpenGLRenderer: --- Failed to create image decoder with message 'unimplemented'
02-19 13:19:56.345 21462 21857 W Kumiho-Kumiho: isSupportedFormat: Format is not supported
02-19 13:19:56.345 21462 21857 D OpenGLRenderer: --- Failed to create image decoder with message 'unimplemented'
02-19 13:19:56.361 1603 1760 D RenderEngine: [SEC_GC_CMN_SF_EFFECTS] drawLayersInternal,1279, Rendering layer at index 0
02-19 13:19:56.361 1603 1760 D RenderEngine: [SEC_GC_CMN_SF_EFFECTS] drawLayersInternal,1279, Rendering layer org.me.mobiexpensifyg/org.me.mobiexpensifyg.ExpensifyActivityBase$_21462#272730 at index 1
02-19 13:19:56.462 1603 1760 D RenderEngine: [SEC_GC_CMN_SF_EFFECTS] drawLayersInternal,1279, Rendering layer at index 0
02-19 13:19:56.462 1603 1760 D RenderEngine: [SEC_GC_CMN_SF_EFFECTS] drawLayersInternal,1279, Rendering layer org.me.mobiexpensifyg/org.me.mobiexpensifyg.ExpensifyActivityBase$_21462#272730 at index 1
02-19 13:19:56.656 1603 1745 I VSyncReactor: Current= 120, Period= 24, hwcPeriod= 120
02-19 13:19:56.657 1603 1603 I HWComposer: [4630946213010294403] ActiveConfigToHWC, ID : 8
02-19 13:19:56.658 1603 1603 I LayerHistory: org.me.mobiexpensifyg/org.me.mobiexpensifyg.ExpensifyActivityBase$_21462#272730 Max (can't resolve refresh rate)
02-19 13:19:56.658 1603 1603 I SurfaceFlinger: Idle - choose 24.00 Hz
02-19 13:19:56.660 1516 1737 I SDM : HWCDisplay::SubmitDisplayConfig: [DispConfigs] config 0 => 8, hs_mode 3 => 3
02-19 13:19:56.660 1516 1737 I SDM : HWDeviceDRM::SetDisplaySwitchMode: [DispConfigs] check hs_mode 3
02-19 13:19:56.660 1516 1737 I SDM : HWDeviceDRM::SetDisplaySwitchMode: [DispConfigs] Set mode index:9 904x2316x24xcmdPHS, hs_mode(3), found_mode(1)
02-19 13:19:56.660 1516 1737 I SDM : HWDeviceDRM::UpdateMixerAttributes: Mixer WxH 904x2316-1 for Peripheral
02-19 13:19:56.660 1516 1737 I SDM : HWCDisplay::SubmitDisplayConfig: Active configuration changed from config 0 to 8
02-19 13:19:56.664 1603 1745 I VSyncReactor: Current= 120, Period= 24, hwcPeriod= 24
02-19 13:19:56.664 1603 1760 D RenderEngine: [SEC_GC_CMN_SF_EFFECTS] drawLayersInternal,1279, Rendering layer at index 0
02-19 13:19:56.664 1603 1760 D RenderEngine: [SEC_GC_CMN_SF_EFFECTS] drawLayersInternal,1279, Rendering layer org.me.mobiexpensifyg/org.me.mobiexpensifyg.ExpensifyActivityBase$_21462#272730 at index 1
02-19 13:19:56.832 1603 1603 I HWComposer: [4630946213010294403] ActiveConfigToHWC, ID : 0
02-19 13:19:56.833 1603 1603 I LayerHistory: org.me.mobiexpensifyg/org.me.mobiexpensifyg.ExpensifyActivityBase$_21462#272730 Max (can't resolve refresh rate)
02-19 13:19:56.833 1603 1603 I SurfaceFlinger: scored - choose 120.00 Hz
02-19 13:19:56.836 1516 1737 I SDM : HWCDisplay::SubmitDisplayConfig: [DispConfigs] config 8 => 0, hs_mode 3 => 3
02-19 13:19:56.836 1516 1737 I SDM : HWDeviceDRM::SetDisplaySwitchMode: [DispConfigs] check hs_mode 3
02-19 13:19:56.836 1516 1737 I SDM : HWDeviceDRM::SetDisplaySwitchMode: [DispConfigs] Set mode index:0 904x2316x120xcmdHS, hs_mode(3), found_mode(0)
02-19 13:19:56.836 1516 1737 I SDM : HWDeviceDRM::UpdateMixerAttributes: Mixer WxH 904x2316-1 for Peripheral
02-19 13:19:56.836 1516 1737 I SDM : HWCDisplay::SubmitDisplayConfig: Active configuration changed from config 8 to 0
02-19 13:19:56.840 1603 1745 I VSyncReactor: Current= 24, Period= 120, hwcPeriod= 120
02-19 13:19:56.841 1603 1760 D RenderEngine: [SEC_GC_CMN_SF_EFFECTS] drawLayersInternal,1279, Rendering layer at index 0
02-19 13:19:56.841 1603 1760 D RenderEngine: [SEC_GC_CMN_SF_EFFECTS] drawLayersInternal,1279, Rendering layer org.me.mobiexpensifyg/org.me.mobiexpensifyg.ExpensifyActivityBase$_21462#272730 at index 1
02-19 13:19:56.848 1090 1090 D io_stats: !@ 8,0 r 16676468 409282599 w 28555632 386662740 d 6449534 549233108 f 0 3019418 iot 17353388 0 th 0 0 0 pt 0 inp 0 0 263097.592
02-19 13:19:56.848 1090 1090 D io_stats: !@ Write_top(KB): kworker/u16:14(19734) 4520 .mobiexpensifyg(21462) 140
02-19 13:19:56.866 2334 2918 D InputReader: Btn_touch(9): value=1 when=263097.611047
02-19 13:19:56.867 2334 2918 I InputReader: Touch event's action is 0x0 (id=6, t=0) [pCnt=1, s=0.1972 ] when=263097.611047
02-19 13:19:56.868 2334 2917 I InputDispatcher: Delivering touch to (3256): action: 0x4, f=0x0, d=0, '3c5e648', t=1
02-19 13:19:56.868 2334 2917 I InputDispatcher: Delivering touch to (21462): action: 0x0, f=0x0, d=0, '9a77eef', t=1
02-19 13:19:56.869 3685 3685 I HoneySpace.GestureInputHandler: inputConsumers = [com.honeyspace.gesture.inputconsumer.InputConsumer$Companion$NO_OP$1@58c8177]
02-19 13:19:56.870 3685 3685 I HoneySpace.InputSession: inputConsumers = NO_OP
02-19 13:19:56.870 21462 21462 I ViewRootImpl@ccd3137[ExpensifyActivityBase]: ViewPostIme pointer 0
02-19 13:19:56.870 2334 2444 I GestureDetector: obtain mCurrentDownEvent. id: 81456711 caller: com.android.server.wm.SystemGesturesPointerEventListener.onPointerEvent:204 com.android.server.wm.PointerEventDispatcher.onInputEvent:53 android.view.InputEventReceiver.dispatchInputEvent:337
02-19 13:19:56.870 3685 3685 I HoneySpace.InputSession: open
02-19 13:19:56.871 2334 2444 I GestureDetector: obtain mCurrentDownEvent. id: 81456711 caller: com.android.server.wm.SystemPerformancePointerEventListener.onPointerEvent:89 com.android.server.wm.PointerEventDispatcher.onInputEvent:53 android.view.InputEventReceiver.dispatchInputEvent:337
02-19 13:19:56.872 6194 6194 I SemDvfsHyPerManager: acquire hyper - TABoost/6194@27, type = 1090523139
02-19 13:19:56.873 1492 1518 I HYPER-HAL: [RequestManager.cpp]releaseLocked(): Released ID : 19353558
02-19 13:19:56.873 1492 1518 I HYPER-HAL: [RequestManager.cpp]acquire(): Acquired ID : 19353558 [6194 / 27] HINT : list : [TABoost / 1] [TIMEOUT / 1500]
02-19 13:19:56.916 2334 2444 I GestureDetector: obtain mCurrentMotionEventRaw. action: 2 id: 904893429
02-19 13:19:56.916 2334 2444 I GestureDetector: obtain mCurrentMotionEventRaw. action: 2 id: 904893429
02-19 13:19:56.944 1603 1760 D RenderEngine: [SEC_GC_CMN_SF_EFFECTS] drawLayersInternal,1279, Rendering layer at index 0
02-19 13:19:56.944 1603 1760 D RenderEngine: [SEC_GC_CMN_SF_EFFECTS] drawLayersInternal,1279, Rendering layer org.me.mobiexpensifyg/org.me.mobiexpensifyg.ExpensifyActivityBase$_21462#272730 at index 1
02-19 13:19:56.962 2334 2918 D InputReader: Btn_touch(9): value=0 when=263097.706775
02-19 13:19:56.962 2334 2918 I InputReader: Touch event's action is 0x1 (id=6, t=0) [pCnt=1, s=] when=263097.706775
02-19 13:19:56.963 2334 2917 I InputDispatcher: Delivering touch to (21462): action: 0x1, f=0x0, d=0, '9a77eef', t=1
02-19 13:19:56.963 21462 21462 I ViewRootImpl@ccd3137[ExpensifyActivityBase]: ViewPostIme pointer 1
02-19 13:19:56.965 3685 3685 I HoneySpace.GestureInputHandler: reset
02-19 13:19:56.965 3685 3685 I HoneySpace.InputSession: close
02-19 13:19:56.997 21462 21556 D RNFBCrashlyticsInit: isCrashlyticsCollectionEnabled via RNFBMeta: true
02-19 13:19:56.997 21462 21556 D RNFBCrashlyticsInit: isCrashlyticsCollectionEnabled final value: true
02-19 13:19:57.044 1603 1760 D RenderEngine: [SEC_GC_CMN_SF_EFFECTS] drawLayersInternal,1279, Rendering layer at index 0
02-19 13:19:57.044 1603 1760 D RenderEngine: [SEC_GC_CMN_SF_EFFECTS] drawLayersInternal,1279, Rendering layer org.me.mobiexpensifyg/org.me.mobiexpensifyg.ExpensifyActivityBase$_21462#272730 at index 1
02-19 13:19:57.050 21462 21858 W Kumiho-Kumiho: isSupportedFormat: Format is not supported
02-19 13:19:57.050 21462 21858 D OpenGLRenderer: --- Failed to create image decoder with message 'unimplemented'
02-19 13:19:57.050 21462 21858 W Kumiho-Kumiho: isSupportedFormat: Format is not supported
02-19 13:19:57.050 21462 21858 D OpenGLRenderer: --- Failed to create image decoder with message 'unimplemented'
02-19 13:19:57.050 21462 21858 W Kumiho-Kumiho: isSupportedFormat: Format is not supported
02-19 13:19:57.050 21462 21858 D OpenGLRenderer: --- Failed to create image decoder with message 'unimplemented'
02-19 13:19:57.050 21462 21858 W Kumiho-Kumiho: isSupportedFormat: Format is not supported
02-19 13:19:57.050 21462 21858 D OpenGLRenderer: --- Failed to create image decoder with message 'unimplemented'
02-19 13:19:57.050 21462 21858 W Kumiho-Kumiho: isSupportedFormat: Format is not supported
02-19 13:19:57.050 21462 21858 D OpenGLRenderer: --- Failed to create image decoder with message 'unimplemented'
02-19 13:19:57.051 21462 21858 W Kumiho-Kumiho: isSupportedFormat: Format is not supported
02-19 13:19:57.051 21462 21858 D OpenGLRenderer: --- Failed to create image decoder with message 'unimplemented'
02-19 13:19:57.145 1603 1760 D RenderEngine: [SEC_GC_CMN_SF_EFFECTS] drawLayersInternal,1279, Rendering layer at index 0
02-19 13:19:57.145 1603 1760 D RenderEngine: [SEC_GC_CMN_SF_EFFECTS] drawLayersInternal,1279, Rendering layer org.me.mobiexpensifyg/org.me.mobiexpensifyg.ExpensifyActivityBase$_21462#272730 at index 1
02-19 13:19:57.170 2334 2444 I GestureDetector: handleMessage TAP
02-19 13:19:57.171 2334 2334 I GestureDetector: handleMessage TAP
02-19 13:19:57.245 1603 1760 D RenderEngine: [SEC_GC_CMN_SF_EFFECTS] drawLayersInternal,1279, Rendering layer at index 0
02-19 13:19:57.245 1603 1760 D RenderEngine: [SEC_GC_CMN_SF_EFFECTS] drawLayersInternal,1279, Rendering layer org.me.mobiexpensifyg/org.me.mobiexpensifyg.ExpensifyActivityBase$_21462#272730 at index 1
02-19 13:19:57.284 2334 3092 I SemWifiLinkQualityMonitor: Link stat: 2839 / 44 / 1.37 (220) / 650 / -47.0 || 100.0 : 650.00 / 0.5 : 0.73 / 0.55 : 0.02 / G (G) || 0.09 ms / 93.63 Mbps / N || 0 / N / 0 Y / 0 Y
02-19 13:19:57.285 2334 4863 D SemWifiUsabilityStatsMonitor: onWifiUsabilityStats - seqNum 53176, isSameBssidAndFreq true
02-19 13:19:57.346 1603 1760 D RenderEngine: [SEC_GC_CMN_SF_EFFECTS] drawLayersInternal,1279, Rendering layer at index 0
02-19 13:19:57.346 1603 1760 D RenderEngine: [SEC_GC_CMN_SF_EFFECTS] drawLayersInternal,1279, Rendering layer org.me.mobiexpensifyg/org.me.mobiexpensifyg.ExpensifyActivityBase$_21462#272730 at index 1
02-19 13:19:57.557 1603 1745 I VSyncReactor: Current= 120, Period= 24, hwcPeriod= 120
02-19 13:19:57.558 1603 1603 I HWComposer: [4630946213010294403] ActiveConfigToHWC, ID : 8
02-19 13:19:57.558 1603 1603 I LayerHistory: org.me.mobiexpensifyg/org.me.mobiexpensifyg.ExpensifyActivityBase$_21462#272730 Max (can't resolve refresh rate)
02-19 13:19:57.558 1603 1603 I SurfaceFlinger: Idle - choose 24.00 Hz
02-19 13:19:57.561 1516 1737 I SDM : HWCDisplay::SubmitDisplayConfig: [DispConfigs] config 0 => 8, hs_mode 3 => 3
02-19 13:19:57.561 1516 1737 I SDM : HWDeviceDRM::SetDisplaySwitchMode: [DispConfigs] check hs_mode 3
02-19 13:19:57.561 1516 1737 I SDM : HWDeviceDRM::SetDisplaySwitchMode: [DispConfigs] Set mode index:9 904x2316x24xcmdPHS, hs_mode(3), found_mode(1)
02-19 13:19:57.561 1516 1737 I SDM : HWDeviceDRM::UpdateMixerAttributes: Mixer WxH 904x2316-1 for Peripheral
02-19 13:19:57.562 1516 1737 I SDM : HWCDisplay::SubmitDisplayConfig: Active configuration changed from config 0 to 8
02-19 13:19:57.565 1603 1745 I VSyncReactor: Current= 120, Period= 24, hwcPeriod= 24
02-19 13:19:57.568 1603 1760 D RenderEngine: [SEC_GC_CMN_SF_EFFECTS] drawLayersInternal,1279, Rendering layer at index 0
02-19 13:19:57.568 1603 1760 D RenderEngine: [SEC_GC_CMN_SF_EFFECTS] drawLayersInternal,1279, Rendering layer org.me.mobiexpensifyg/org.me.mobiexpensifyg.ExpensifyActivityBase$_21462#272730 at index 1
02-19 13:19:57.742 2334 2918 D InputReader: Btn_touch(9): value=1 when=263098.487016
02-19 13:19:57.743 2334 2918 I InputReader: Touch event's action is 0x0 (id=6, t=0) [pCnt=1, s=0.1973 ] when=263098.487016
02-19 13:19:57.744 2334 2917 I InputDispatcher: Delivering touch to (3256): action: 0x4, f=0x0, d=0, '3c5e648', t=1
02-19 13:19:57.744 2334 2917 I InputDispatcher: Delivering touch to (21462): action: 0x0, f=0x0, d=0, '9a77eef', t=1
02-19 13:19:57.745 21462 21462 I ViewRootImpl@ccd3137[ExpensifyActivityBase]: ViewPostIme pointer 0
02-19 13:19:57.745 2334 2917 D PowerManagerService: [api] userActivityFromNative : touch displayId=0 eventTime=263098487
02-19 13:19:57.746 3685 3685 I HoneySpace.GestureInputHandler: inputConsumers = [com.honeyspace.gesture.inputconsumer.InputConsumer$Companion$NO_OP$1@58c8177]
02-19 13:19:57.747 3685 3685 I HoneySpace.InputSession: inputConsumers = NO_OP
02-19 13:19:57.747 3685 3685 I HoneySpace.InputSession: open
02-19 13:19:57.748 2334 2444 I GestureDetector: obtain mCurrentDownEvent. id: 641848043 caller: com.android.server.wm.SystemGesturesPointerEventListener.onPointerEvent:204 com.android.server.wm.PointerEventDispatcher.onInputEvent:53 android.view.InputEventReceiver.dispatchInputEvent:337
02-19 13:19:57.748 2334 2444 I GestureDetector: obtain mCurrentDownEvent. id: 641848043 caller: com.android.server.wm.SystemPerformancePointerEventListener.onPointerEvent:89 com.android.server.wm.PointerEventDispatcher.onInputEvent:53 android.view.InputEventReceiver.dispatchInputEvent:337
02-19 13:19:57.748 6194 6194 I SemDvfsHyPerManager: acquire hyper - TABoost/6194@27, type = 1090523139
02-19 13:19:57.749 1603 1603 I HWComposer: [4630946213010294403] ActiveConfigToHWC, ID : 0
02-19 13:19:57.750 1603 1603 I LayerHistory: org.me.mobiexpensifyg/org.me.mobiexpensifyg.ExpensifyActivityBase$_21462#272730 Max (can't resolve refresh rate)
02-19 13:19:57.750 1603 1603 I SurfaceFlinger: Touch Boost - choose 120.00 Hz
02-19 13:19:57.750 1492 1518 I HYPER-HAL: [RequestManager.cpp]releaseLocked(): Released ID : 19353558
02-19 13:19:57.750 1492 1518 I HYPER-HAL: [RequestManager.cpp]acquire(): Acquired ID : 19353558 [6194 / 27] HINT : list : [TABoost / 1] [TIMEOUT / 1500]
02-19 13:19:57.752 1516 1737 I SDM : HWCDisplay::SubmitDisplayConfig: [DispConfigs] config 8 => 0, hs_mode 3 => 3
02-19 13:19:57.752 1516 1737 I SDM : HWDeviceDRM::SetDisplaySwitchMode: [DispConfigs] check hs_mode 3
02-19 13:19:57.752 1516 1737 I SDM : HWDeviceDRM::SetDisplaySwitchMode: [DispConfigs] Set mode index:0 904x2316x120xcmdHS, hs_mode(3), found_mode(0)
02-19 13:19:57.752 1516 1737 I SDM : HWDeviceDRM::UpdateMixerAttributes: Mixer WxH 904x2316-1 for Peripheral
02-19 13:19:57.752 2334 2444 I GestureDetector: obtain mCurrentMotionEventRaw. action: 2 id: 151147439
02-19 13:19:57.752 2334 2444 I GestureDetector: obtain mCurrentMotionEventRaw. action: 2 id: 151147439
02-19 13:19:57.752 1516 1737 I SDM : HWCDisplay::SubmitDisplayConfig: Active configuration changed from config 8 to 0
02-19 13:19:57.756 1603 1760 D RenderEngine: [SEC_GC_CMN_SF_EFFECTS] drawLayersInternal,1279, Rendering layer at index 0
