02-19 13:19:30.623 21462 21786 I ViewRootImpl@ccd3137[ExpensifyActivityBase]: mWNT: t=0xb400007c23b17670 mBlastBufferQueue=0xb400007d13b6b4f0 fn= 258 mRenderHdrSdrRatio=1.0 caller= android.view.SyncRtSurfaceTransactionApplier.applyTransaction:96 android.view.SyncRtSurfaceTransactionApplier.lambda$scheduleApply$0:69 android.view.SyncRtSurfaceTransactionApplier.$r8$lambda$SgowXC58rj3PR958kHUfRgLZmvE:0
02-19 13:19:30.632 21462 21787 I ViewRootImpl@ccd3137[ExpensifyActivityBase]: mWNT: t=0xb400007c23b19610 mBlastBufferQueue=0xb400007d13b6b4f0 fn= 259 mRenderHdrSdrRatio=1.0 caller= android.view.SyncRtSurfaceTransactionApplier.applyTransaction:96 android.view.SyncRtSurfaceTransactionApplier.lambda$scheduleApply$0:69 android.view.SyncRtSurfaceTransactionApplier.$r8$lambda$SgowXC58rj3PR958kHUfRgLZmvE:0
02-19 13:19:30.633 1492 22306 I HYPER-HAL: [RequestManager.cpp]releaseLocked(): Released ID : 2793095
02-19 13:19:30.640 21462 21786 I ViewRootImpl@ccd3137[ExpensifyActivityBase]: mWNT: t=0xb400007c23ba3390 mBlastBufferQueue=0xb400007d13b6b4f0 fn= 260 mRenderHdrSdrRatio=1.0 caller= android.view.SyncRtSurfaceTransactionApplier.applyTransaction:96 android.view.SyncRtSurfaceTransactionApplier.lambda$scheduleApply$0:69 android.view.SyncRtSurfaceTransactionApplier.$r8$lambda$SgowXC58rj3PR958kHUfRgLZmvE:0
02-19 13:19:30.648 21462 21787 I ViewRootImpl@ccd3137[ExpensifyActivityBase]: mWNT: t=0xb400007c23b3cb30 mBlastBufferQueue=0xb400007d13b6b4f0 fn= 261 mRenderHdrSdrRatio=1.0 caller= android.view.SyncRtSurfaceTransactionApplier.applyTransaction:96 android.view.SyncRtSurfaceTransactionApplier.lambda$scheduleApply$0:69 android.view.SyncRtSurfaceTransactionApplier.$r8$lambda$SgowXC58rj3PR958kHUfRgLZmvE:0
02-19 13:19:30.651 1492 22314 I HYPER-HAL: [RequestManager.cpp]releaseLocked(): Released ID : 23746387
02-19 13:19:30.658 21462 21786 I ViewRootImpl@ccd3137[ExpensifyActivityBase]: mWNT: t=0xb400007c23b12810 mBlastBufferQueue=0xb400007d13b6b4f0 fn= 262 mRenderHdrSdrRatio=1.0 caller= android.view.SyncRtSurfaceTransactionApplier.applyTransaction:96 android.view.SyncRtSurfaceTransactionApplier.lambda$scheduleApply$0:69 android.view.SyncRtSurfaceTransactionApplier.$r8$lambda$SgowXC58rj3PR958kHUfRgLZmvE:0
02-19 13:19:30.663 21462 21787 I ViewRootImpl@ccd3137[ExpensifyActivityBase]: mWNT: t=0xb400007c23b4ab50 mBlastBufferQueue=0xb400007d13b6b4f0 fn= 263 mRenderHdrSdrRatio=1.0 caller= android.view.SyncRtSurfaceTransactionApplier.applyTransaction:96 android.view.SyncRtSurfaceTransactionApplier.lambda$scheduleApply$0:69 android.view.SyncRtSurfaceTransactionApplier.$r8$lambda$SgowXC58rj3PR958kHUfRgLZmvE:0
02-19 13:19:30.672 1603 1760 D RenderEngine: [SEC_GC_CMN_SF_EFFECTS] drawLayersInternal,1279, Rendering layer at index 0
02-19 13:19:30.672 1603 1760 D RenderEngine: [SEC_GC_CMN_SF_EFFECTS] drawLayersInternal,1279, Rendering layer org.me.mobiexpensifyg/org.me.mobiexpensifyg.ExpensifyActivityBase$_21462#272730 at index 1
02-19 13:19:30.673 1603 1760 D RenderEngine: [SEC_GC_CMN_SF_EFFECTS] drawLayersInternal,1279, Rendering layer InputMethod$_6890#272733 at index 2
02-19 13:19:30.677 21462 21786 I ViewRootImpl@ccd3137[ExpensifyActivityBase]: mWNT: t=0xb400007c23b9db90 mBlastBufferQueue=0xb400007d13b6b4f0 fn= 264 mRenderHdrSdrRatio=1.0 caller= android.view.SyncRtSurfaceTransactionApplier.applyTransaction:96 android.view.SyncRtSurfaceTransactionApplier.lambda$scheduleApply$0:69 android.view.SyncRtSurfaceTransactionApplier.$r8$lambda$SgowXC58rj3PR958kHUfRgLZmvE:0
02-19 13:19:30.677 21462 21462 I InsetsController: cancelAnimation: types=ime, animType=0, host=org.me.mobiexpensifyg/org.me.mobiexpensifyg.ExpensifyActivityBase, from=android.view.InsetsController.notifyFinished:1783 android.view.InsetsAnimationControlImpl.applyChangeInsets:312 android.view.InsetsController.lambda$new$3:926
02-19 13:19:30.678 21462 21462 I ImeTracker: org.me.mobiexpensifyg:86667dda: onShown
02-19 13:19:30.685 21462 21787 I ViewRootImpl@ccd3137[ExpensifyActivityBase]: mWNT: t=0xb400007c23b9cf30 mBlastBufferQueue=0xb400007d13b6b4f0 fn= 265 mRenderHdrSdrRatio=1.0 caller= android.view.SyncRtSurfaceTransactionApplier.applyTransaction:96 android.view.SyncRtSurfaceTransactionApplier.lambda$scheduleApply$0:69 android.view.SyncRtSurfaceTransactionApplier.$r8$lambda$SgowXC58rj3PR958kHUfRgLZmvE:0
02-19 13:19:30.686 21462 21787 I ViewRootImpl@ccd3137[ExpensifyActivityBase]: mWNT: t=0xb400007c23b97050 mBlastBufferQueue=0xb400007d13b6b4f0 fn= 265 mRenderHdrSdrRatio=1.0 caller= android.view.SyncRtSurfaceTransactionApplier.applyTransaction:96 android.view.SyncRtSurfaceTransactionApplier.lambda$scheduleApply$0:69 android.view.SyncRtSurfaceTransactionApplier.$r8$lambda$SgowXC58rj3PR958kHUfRgLZmvE:0
02-19 13:19:30.773 1603 1760 D RenderEngine: [SEC_GC_CMN_SF_EFFECTS] drawLayersInternal,1279, Rendering layer at index 0
02-19 13:19:30.774 1603 1760 D RenderEngine: [SEC_GC_CMN_SF_EFFECTS] drawLayersInternal,1279, Rendering layer org.me.mobiexpensifyg/org.me.mobiexpensifyg.ExpensifyActivityBase$_21462#272730 at index 1
02-19 13:19:30.774 1603 1760 D RenderEngine: [SEC_GC_CMN_SF_EFFECTS] drawLayersInternal,1279, Rendering layer InputMethod$_6890#272733 at index 2
02-19 13:19:30.796 2334 2918 D InputReader: Btn_touch(9): value=1 when=263071.540395
02-19 13:19:30.796 2334 2918 I InputReader: Touch event's action is 0x0 (id=6, t=0) [pCnt=1, s=0.1938 ] when=263071.540395
02-19 13:19:30.797 2334 2917 I InputDispatcher: Delivering touch to (3256): action: 0x4, f=0x0, d=0, '3c5e648', t=1
02-19 13:19:30.797 2334 2917 I InputDispatcher: Delivering touch to (21462): action: 0x0, f=0x0, d=0, '9a77eef', t=1
02-19 13:19:30.798 21462 21462 I ViewRootImpl@ccd3137[ExpensifyActivityBase]: ViewPostIme pointer 0
02-19 13:19:30.798 3685 3685 I HoneySpace.GestureInputHandler: inputConsumers = [com.honeyspace.gesture.inputconsumer.InputConsumer$Companion$NO_OP$1@58c8177]
02-19 13:19:30.798 2334 2917 D PowerManagerService: [api] userActivityFromNative : touch displayId=0 eventTime=263071540
02-19 13:19:30.798 3685 3685 I HoneySpace.InputSession: inputConsumers = NO_OP
02-19 13:19:30.799 3685 3685 I HoneySpace.InputSession: open
02-19 13:19:30.800 6194 6194 I SemDvfsHyPerManager: acquire hyper - TABoost/6194@27, type = 1090523139
02-19 13:19:30.801 2334 2444 I GestureDetector: obtain mCurrentDownEvent. id: 722734567 caller: com.android.server.wm.SystemGesturesPointerEventListener.onPointerEvent:204 com.android.server.wm.PointerEventDispatcher.onInputEvent:53 android.view.InputEventReceiver.dispatchInputEvent:337
02-19 13:19:30.801 1492 1518 I HYPER-HAL: [RequestManager.cpp]releaseLocked(): Released ID : 19353558
02-19 13:19:30.801 1492 1518 I HYPER-HAL: [RequestManager.cpp]acquire(): Acquired ID : 19353558 [6194 / 27] HINT : list : [TABoost / 1] [TIMEOUT / 1500]
02-19 13:19:30.801 2334 2444 I GestureDetector: obtain mCurrentDownEvent. id: 722734567 caller: com.android.server.wm.SystemPerformancePointerEventListener.onPointerEvent:89 com.android.server.wm.PointerEventDispatcher.onInputEvent:53 android.view.InputEventReceiver.dispatchInputEvent:337
02-19 13:19:30.821 2334 2444 I GestureDetector: obtain mCurrentMotionEventRaw. action: 2 id: 389933922
02-19 13:19:30.821 2334 2444 I GestureDetector: obtain mCurrentMotionEventRaw. action: 2 id: 389933922
02-19 13:19:30.828 2334 2918 D InputReader: Btn_touch(9): value=0 when=263071.572239
02-19 13:19:30.828 2334 2918 I InputReader: Touch event's action is 0x1 (id=6, t=0) [pCnt=1, s=] when=263071.572239
02-19 13:19:30.828 2334 2917 I InputDispatcher: Delivering touch to (21462): action: 0x1, f=0x0, d=0, '9a77eef', t=1
02-19 13:19:30.828 3685 3685 I HoneySpace.GestureInputHandler: reset
02-19 13:19:30.828 3685 3685 I HoneySpace.InputSession: close
02-19 13:19:30.829 21462 21462 I ViewRootImpl@ccd3137[ExpensifyActivityBase]: ViewPostIme pointer 1
02-19 13:19:30.834 1090 1090 D io_stats: !@ 8,0 r 16676330 409277931 w 28553131 386609088 d 6448974 549194788 f 0 3019220 iot 17351448 0 th 0 0 0 pt 0 inp 0 0 263071.579
02-19 13:19:30.840 21462 21462 I ImeTracker: org.me.mobiexpensifyg:b72dc9a6: onRequestHide at ORIGIN_CLIENT_HIDE_SOFT_INPUT reason HIDE_SOFT_INPUT
02-19 13:19:30.840 21462 21462 I InputMethodManager_LC: hsifw() - flag : 0
02-19 13:19:30.840 21462 21462 I InputMethodManager_LC: hsifw() - mService.hideSoftInput
02-19 13:19:30.840 2334 4248 D InputMethodManagerService: hideSoftInput
02-19 13:19:30.840 2334 4248 V InputMethodManagerService: Client requesting input be hidden
02-19 13:19:30.840 2334 4248 D InputMethodManagerService: setWindowStateInner, windowToken=android.os.BinderProxy@9c91fce, state=ImeTargetWindowState{ imeToken android.os.Binder@702fbb7 imeFocusChanged false hasEditorFocused true requestedImeVisible false imeDisplayId 0 softInputModeState STATE_UNSPECIFIED|ADJUST_RESIZE isStartInputByGainFocus false}
02-19 13:19:30.840 2334 4248 V InputMethodManagerService: Calling com.android.server.inputmethod.IInputMethodInvoker@3fc10de.hideSoftInput(0, android.os.BinderProxy@9c91fce, null) for reason: HIDE_SOFT_INPUT
02-19 13:19:30.841 2334 4248 I ActivityManager: Changes in 10189 5 to 7, 63 to 0
02-19 13:19:30.841 2334 4248 I ActivityManager: Changes in 10109 5 to 7, 56 to 0
02-19 13:19:30.842 6890 6890 I InputMethod: hideSoftInput(): flags=0
02-19 13:19:30.842 2334 4248 D InputMethodManagerService: isImeSwitcherDisabledPackage : false
02-19 13:19:30.842 2334 4248 I InputMethodManagerService: setImeWindowStatus: vis=0, backDisposition=0
02-19 13:19:30.843 6890 6890 I HBD : HoneyBoardService onFinishInputView finishingInput= false
02-19 13:19:30.843 2334 6167 V InputMethodManagerService: applyImeVisibility state=0
02-19 13:19:30.843 6890 6890 I HBD : b [UpdatePolicy] [post] a: 3 cl: 65538 kit: [0/0] vt: 0 ir: 1
02-19 13:19:30.844 1843 10347 I CameraService: onUidStateChanged: uid=10189, procState is changed. (5 -> 7)
02-19 13:19:30.845 6890 6890 I HBD : d processFinishInputView
02-19 13:19:30.845 6890 6890 I HBD : c load TMST TocuhLogic rune : true
02-19 13:19:30.845 6890 6890 I HBD : c1 stopRunningTimers
02-19 13:19:30.846 6890 6890 I HBD : h0 EBD reset pbc:0 pdc:0
02-19 13:19:30.846 6890 6890 I HBD : p historic wpmWordCount:319 wpmSessionTime:2448504 wpmPauseTime:377350 wpm:9
02-19 13:19:30.846 6890 6890 I HBD : p historic(rounded) wpmWordCount:319 wpmSessionTime:2448504 wpmPauseTime:377350 wpm:9
02-19 13:19:30.846 6890 6890 I HBD : j [AiWriter] unLoadOndeviceModel
02-19 13:19:30.846 6890 6890 I ScsApi@ToneConverter: release: false
02-19 13:19:30.846 6890 6890 I ScsApi@Corrector: release: false
02-19 13:19:30.846 6890 6890 I ScsApi@EmojiAugmentor: release: false
02-19 13:19:30.846 6890 6890 I ScsApi@NeuralTranslator: NeuralTranslator -- close() executed
02-19 13:19:30.846 6890 6890 I ScsApi@Translator: release: false
02-19 13:19:30.846 6890 6890 I ScsApi@WritingComposer: release: false
02-19 13:19:30.846 6890 6890 I ScsApi@Configuration: release: false
02-19 13:19:30.846 6890 6890 I HBD : d unbindCurrentHoneyBoard : text_board
02-19 13:19:30.846 6890 6890 I HBD : b onUnbind
02-19 13:19:30.846 6890 6890 I HBD : d expression state[false], searchState[0]
02-19 13:19:30.847 3256 3256 D NavigationBar: setImeWindowStatus displayId=0 vis=0 backDisposition=0 showImeSwitcher=false imeShown=false
02-19 13:19:30.847 6890 6890 I HBD : a clear BaseLanguageRepo
02-19 13:19:30.847 3256 3256 D Navbar.Store: --------------------handleEvent(0) OnNavBarIconHintChanged(iconHint=0) [Module] NavigationBar
02-19 13:19:30.847 3256 3256 D Navbar.Store: ----------------------[Band]SETUPWIZARD_PACK_SET_NAVBAR_ICON_HINT
02-19 13:19:30.847 3256 3256 D Navbar.Store: ----------------------[Band]VIS_PACK_REEVAULATE_NAVBAR
02-19 13:19:30.847 3256 3256 D Navbar.Store: ------------------------apply(0) NavBarStoreAction$ReevaluateNavBar
02-19 13:19:30.848 2334 3009 D ConnectivityService: Removing from current network [186 WIFI], leaving 189 requests.
02-19 13:19:30.848 3256 3256 D Navbar.Store: ------------------------handleEvent(0) OnUpdateRemoteViewContainer(leftContainer=android.widget.LinearLayout{cbd1822 V.E...... ........ 69,0-195,126 #7f0a05af app:id/left_remoteview}, rightContainer=android.widget.LinearLayout{629d2b3 I.E...... ......I. 709,0-835,126 #7f0a08d6 app:id/right_remoteview}, contextualButtonVisible=false, darkIntensity=0.0, displayId=0) [Module] SamsungNavigationBarView
02-19 13:19:30.848 3256 3256 D Navbar.Store: --------------------------[Band]REMOTE_VIEW_PACK_SET_REMOTEVIEW_CONTAINER
02-19 13:19:30.848 3256 3256 D Navbar.Store: ----------------------------apply(0) NavBarStoreAction$UpdateRemoteViewContainer
02-19 13:19:30.848 6890 6890 I HBD : d Grammarly stop session 1 ms
02-19 13:19:30.848 6890 6890 I HBD : e onFinishInputView
02-19 13:19:30.849 6890 6890 I HBD : a [StopHoneyVoiceListeningWithReleaseDecorator] stopListeningWithRelease()
02-19 13:19:30.849 6890 6890 I IceCone : e HoneyVoice stopListening by stopListeningWithRelease()
02-19 13:19:30.849 3256 3256 D Navbar.Store: ----------------------------apply(0) NavBarStoreAction$UpdateRemoteViewDarkIntensity
02-19 13:19:30.849 6890 6890 I HBD : HoneyBoardService [PF_CL][onFinishInputView] 6 ms
02-19 13:19:30.849 6890 6890 I HBD : d showInputView requested current = true, applyNow = false
02-19 13:19:30.849 6890 6890 I HBD : HoneyBoardService onWindowHidden
02-19 13:19:30.850 6890 6890 I HBD : HoneyBoardService [PF_CL][onWindowHidden] 1 ms
02-19 13:19:30.852 6890 6890 I HBD : [DirectWriting] DirectWriting hideWindow()
02-19 13:19:30.852 6890 6890 I HBD : [DirectWriting] DirectWriting no request Destroy. current state is jl.h@d47fb74
02-19 13:19:30.853 3256 3256 D Navbar.Store: --------------------handleEvent(0) OnSetGestureHintVisibility(recentVisible=true, homeVisible=true, backVisible=true) [Module] SamsungNavigationBarView
02-19 13:19:30.853 3256 3256 D Navbar.Store: ----------------------[Band]GESTURE_PACK_SET_HINT_VISIBILITY
02-19 13:19:30.853 3256 3256 D Navbar.Store: ----------------------[Band] (afterAction) GESTURE_PACK_SET_HINT_VISIBILITY
02-19 13:19:30.853 3256 3256 D Navbar.Store: ------------------------apply(0) NavBarStoreAction$UpdateGestureHintVisibility
02-19 13:19:30.853 3256 3256 D Navbar.Store: ------------------------NavBarStates(0) canShowGestureHint: true
02-19 13:19:30.853 2334 6167 V WindowManager: Relayout Window{1b8f22f u0 InputMethod}: viewVisibility=0 req=904x2229 ty=2011 d0
02-19 13:19:30.853 6890 6890 I BLASTBufferQueue_Java: update, w= 904 h= 2229 mName = ViewRootImpl@1cdd9d5[InputMethod] mNativeObject= 0xb400007d13bfd990 sc.mNativeObject= 0xb400007bd3c0d490 format= -2 caller= android.view.ViewRootImpl.updateBlastSurfaceIfNeeded:3074 android.view.ViewRootImpl.relayoutWindow:10224 android.view.ViewRootImpl.performTraversals:4167 android.view.ViewRootImpl.doTraversal:3345 android.view.ViewRootImpl$TraversalRunnable.run:11437 android.view.Choreographer$CallbackRecord.run:1690
02-19 13:19:30.853 6890 6890 I ViewRootImpl@1cdd9d5[InputMethod]: Relayout returned: old=(0,87,904,2316) new=(0,87,904,2316) relayoutAsync=true req=(904,2229)0 dur=0 res=0x0 s={true 0xb400007b33c213f0} ch=false seqId=171
02-19 13:19:30.853 3256 3256 D Navbar.Store: --------------------handleEvent(0) OnUpdateSysUiStateFlag(noArguments=true) [Module] SamsungNavigationBarView
02-19 13:19:30.853 3256 3256 D Navbar.Store: ----------------------[Band]GESTURE_PACK_UPDATE_SYSTEMUI_STATE_FLAG
02-19 13:19:30.853 3256 3256 D Navbar.Store: ----------------------[Band] (afterAction) GESTURE_PACK_UPDATE_SYSTEMUI_STATE_FLAG
02-19 13:19:30.853 3256 3256 D Navbar.Store: ----------------------NavBarStates(0) isGameMode: false
02-19 13:19:30.853 3256 3256 D Navbar.Store: ------------------------apply(0) NavBarStoreAction$UpdateSysUiFlags
02-19 13:19:30.853 3256 3256 D Navbar.Store: ------------------------set 68719476736 : false
02-19 13:19:30.853 3256 3256 D Navbar.Store: ------------------------set 4294967296 : false
02-19 13:19:30.853 3256 3256 D SysUiState: SysUiState changed: old=0x10060000 new=0x10020000
02-19 13:19:30.854 6890 6890 I ViewRootImpl@1cdd9d5[InputMethod]: registerCallbackForPendingTransactions
02-19 13:19:30.854 3685 21648 I HoneySpace.SystemUiRepository: systemUiFlags: allow_gesture|awake
02-19 13:19:30.855 2334 6167 V WindowManager: Relayout hash=1b8f22f, pid=0, syncId=-1: mAttrs={(0,0)(fillxfill) gr=BOTTOM CENTER_VERTICAL sim={adjust=pan} ty=INPUT_METHOD fmt=TRANSPARENT wanim=0x7f1401b1 preferredMinDisplayRefreshRate=60.0 receive insets ignoring z-order
02-19 13:19:30.855 2334 6167 V WindowManager: fl=81800108
02-19 13:19:30.855 2334 6167 V WindowManager: pfl=12000000
02-19 13:19:30.855 2334 6167 V WindowManager: bhv=DEFAULT
02-19 13:19:30.855 2334 6167 V WindowManager: fitTypes=STATUS_BARS NAVIGATION_BARS
02-19 13:19:30.855 2334 6167 V WindowManager: fitSides=LEFT TOP RIGHT
02-19 13:19:30.855 2334 6167 V WindowManager: fitIgnoreVis
02-19 13:19:30.855 2334 6167 V WindowManager: dimAmount=4.6816468E-4 dimDuration=150 naviIconColor=0}
02-19 13:19:30.855 3256 3256 D Navbar.Store: ------------------------NavBarStates(0) canUseNavBarBackgroundFrame: true
02-19 13:19:30.855 6194 6194 I SemDvfsHyPerManager: acquire hyper - BaseTABoost/6194@26, type = 1090523139
02-19 13:19:30.855 6194 22344 I SemDvfsHyPerManager: acquire hyper - SIOP_OVER_LIMIT/6194@10, type = 1610616833
02-19 13:19:30.855 6890 6890 I HBD : HoneyBoardService onTrimMemory 20
02-19 13:19:30.855 6890 14170 I ViewRootImpl@1cdd9d5[InputMethod]: mWNT: t=0xb400007c23bdc490 mBlastBufferQueue=0xb400007d13bfd990 fn= 4 mRenderHdrSdrRatio=1.0 caller= android.view.ViewRootImpl$6.onFrameDraw:5705 android.view.ViewRootImpl$2.onFrameDraw:2190 android.view.ThreadedRenderer$1.onFrameDraw:792
02-19 13:19:30.856 6890 6890 I HBD : d Init expand button state by global layout listener
02-19 13:19:30.856 1492 1518 I HYPER-HAL: [RequestManager.cpp]acquire(): Acquired ID : 19347336 [6194 / 26] HINT : list : [TABoost / 1]
02-19 13:19:30.856 1492 1518 I HYPER-HAL: [RequestManager.cpp]acquire(): Acquired ID : 19247920 [6194 / 10] HINT : list : [OverLimit / 2476800]
02-19 13:19:30.856 3256 3256 D NavigationBarController: setNavigationBarShortcut requestClass : com.samsung.android.honeyboard, remoteViews : null, position : 0, priority : 12
02-19 13:19:30.856 3256 3256 D Navbar.Store: --------------------handleEvent(0) OnSetRemoteView(requestClass=com.samsung.android.honeyboard, remoteViews=null, position=0, priority=12) [Module] NavigationBarController
02-19 13:19:30.856 3256 3256 D Navbar.Store: ----------------------[Band]REMOTE_VIEW_PACK_SET_NAVBAR_SHORTCUT_TO_MANAGER
02-19 13:19:30.856 3256 3256 D Navbar.Store: ------------------------apply(0) NavBarStoreAction$UpdateRemoteViewShortcut
02-19 13:19:30.856 3256 3256 D Navbar.Store: ----------------------[Band]GESTURE_PACK_UPDATE_GAMETOOLS_VISIBILITY
02-19 13:19:30.856 3256 3256 D Navbar.Store: ----------------------NavBarStates(0) isGameMode: false
02-19 13:19:30.856 3256 3256 D Navbar.Store: ------------------------apply(0) NavBarStoreAction$UpdateSysUiFlags
02-19 13:19:30.856 3256 3256 D Navbar.Store: ------------------------set 4294967296 : false
02-19 13:19:30.856 3256 3256 D Navbar.Store: ----------------------[Band]TASKBAR_PACK_SET_REMOTEVIEW
02-19 13:19:30.856 3256 3256 D Navbar.Store: ------------------------apply(0) NavBarStoreAction$UpdateTaskBarNavBarEvents
02-19 13:19:30.856 3256 3256 D TaskbarDelegate: handleNavigationBarEvent() TaskbarDelegate is not initialized.
02-19 13:19:30.856 3256 3256 D Navbar.Store: ----------------------[Band]REMOTE_VIEW_PACK_SET_NAVBAR_SHORTCUT_TO_MANAGER
02-19 13:19:30.856 3256 3256 D Navbar.Store: ------------------------apply(0) NavBarStoreAction$InvalidateRemoteView
02-19 13:19:30.856 3256 3256 D Navbar.Store: ------------------------handleEvent(0) OnUpdateRemoteViewContainer(leftContainer=android.widget.LinearLayout{cbd1822 V.E...... .......D 69,0-195,126 #7f0a05af app:id/left_remoteview}, rightContainer=android.widget.LinearLayout{629d2b3 I.E...... ......I. 709,0-835,126 #7f0a08d6 app:id/right_remoteview}, contextualButtonVisible=false, darkIntensity=0.0, displayId=0) [Module] SamsungNavigationBarView
02-19 13:19:30.856 3256 3256 D Navbar.Store: --------------------------[Band]REMOTE_VIEW_PACK_SET_REMOTEVIEW_CONTAINER
02-19 13:19:30.856 3256 3256 D Navbar.Store: ----------------------------apply(0) NavBarStoreAction$UpdateRemoteViewContainer
02-19 13:19:30.856 3256 3256 D Navbar.Store: ----------------------------apply(0) NavBarStoreAction$UpdateRemoteViewDarkIntensity
02-19 13:19:30.857 3256 3256 D FlexPanelInteractor: not support state, mMwEnabled=true, mIsTableMode=false, mDesktopMode=false, mIsImeShowing=false, mIsQuickPanelShowing=false, mIsTaskBarAppsEnabled=false, mIsGlobalActionVisible=false, mOnRecentsAnimation=false, isSupportRotation=false, isKeyguardShowing=false, isEmergencyMode=false
02-19 13:19:30.857 3256 3256 D FlexPanelInteractor: startFloatingIcon: extra=display_floating_icon_clear
02-19 13:19:30.858 21462 21462 I InsetsController: setRequestedVisibleTypes: visible=false, mask=ime, host=org.me.mobiexpensifyg/org.me.mobiexpensifyg.ExpensifyActivityBase, from=android.view.InsetsController.controlAnimationUnchecked:1476 android.view.InsetsController.applyAnimation:2040 android.view.InsetsController.applyAnimation:2003 android.view.InsetsController.hide:1434 android.view.ViewRootImpl$ViewRootHandler.handleMessageImpl:7310 android.view.ViewRootImpl$ViewRootHandler.handleMessage:7236 android.os.Handler.dispatchMessage:106 android.os.Looper.loopOnce:230 android.os.Looper.loop:319 android.app.ActivityThread.main:9063
02-19 13:19:30.859 21462 21462 I InsetsController: controlAnimationUncheckedInner: Added types=ime, animType=1, host=org.me.mobiexpensifyg/org.me.mobiexpensifyg.ExpensifyActivityBase, from=android.view.InsetsController.controlAnimationUnchecked:1480 android.view.InsetsController.applyAnimation:2040 android.view.InsetsController.applyAnimation:2003
02-19 13:19:30.859 3685 3813 I HoneySpace.TaskbarEventTracker: invokeEvent() called with: event = SystemUiStateChanged(stateFlags=268566528)
02-19 13:19:30.860 21462 21462 W WindowOnBackDispatcher: sendCancelIfRunning: isInProgress=falsecallback=ImeCallback=ImeOnBackInvokedCallback@96634296 Callback=android.window.IOnBackInvokedCallback$Stub$Proxy@be60294
02-19 13:19:30.860 6890 22343 I HBD : c1 requestCursorUpdates(0), 12
02-19 13:19:30.861 3256 3256 D Navbar.Store: ----------------------------NavBarStates(0) canUseNavBarBackgroundFrame: true
02-19 13:19:30.862 3685 6677 I HoneySpace.TaskbarVisibilityController: updateTaskbarEvent needToHide:false stateFlags:268566528,keyguardShowing:false
02-19 13:19:30.863 3685 6677 I HoneySpace.TaskbarVisibilityController: updateVisibility(0) isDock:false occlude:true needToHide:false hideFlag:false launcher:false recent:false minus:false homePackage:false AppPicker:false :: state 0 -> 1
02-19 13:19:30.864 3256 3256 D NavigationBarController: setNavigationBarShortcut requestClass : com.android.wm.shell.controlpanel.activity.FlexPanelActivity, remoteViews : null, position : 0, priority : 11
02-19 13:19:30.864 3256 3256 D Navbar.Store: --------------------handleEvent(0) OnSetRemoteView(requestClass=com.android.wm.shell.controlpanel.activity.FlexPanelActivity, remoteViews=null, position=0, priority=11) [Module] NavigationBarController
02-19 13:19:30.864 3256 3256 D Navbar.Store: ----------------------[Band]REMOTE_VIEW_PACK_SET_NAVBAR_SHORTCUT_TO_MANAGER
02-19 13:19:30.864 3256 3256 D Navbar.Store: ------------------------apply(0) NavBarStoreAction$UpdateRemoteViewShortcut
02-19 13:19:30.864 3256 3256 D Navbar.Store: ----------------------[Band]GESTURE_PACK_UPDATE_GAMETOOLS_VISIBILITY
02-19 13:19:30.864 3256 3256 D Navbar.Store: ----------------------NavBarStates(0) isGameMode: false
02-19 13:19:30.864 3256 3256 D Navbar.Store: ------------------------apply(0) NavBarStoreAction$UpdateSysUiFlags
02-19 13:19:30.864 3256 3256 D Navbar.Store: ------------------------set 4294967296 : false
02-19 13:19:30.864 3256 3256 D Navbar.Store: ----------------------[Band]TASKBAR_PACK_SET_REMOTEVIEW
02-19 13:19:30.864 3256 3256 D Navbar.Store: ------------------------apply(0) NavBarStoreAction$UpdateTaskBarNavBarEvents
02-19 13:19:30.864 3256 3256 D TaskbarDelegate: handleNavigationBarEvent() TaskbarDelegate is not initialized.
02-19 13:19:30.864 3256 3256 D Navbar.Store: ----------------------[Band]REMOTE_VIEW_PACK_SET_NAVBAR_SHORTCUT_TO_MANAGER
02-19 13:19:30.864 3256 3256 D Navbar.Store: ------------------------apply(0) NavBarStoreAction$InvalidateRemoteView
02-19 13:19:30.864 3256 3256 D Navbar.Store: ------------------------handleEvent(0) OnUpdateRemoteViewContainer(leftContainer=android.widget.LinearLayout{cbd1822 I.E...... ......ID 69,0-195,126 #7f0a05af app:id/left_remoteview}, rightContainer=android.widget.LinearLayout{629d2b3 I.E...... ......I. 709,0-835,126 #7f0a08d6 app:id/right_remoteview}, contextualButtonVisible=false, darkIntensity=0.0, displayId=0) [Module] SamsungNavigationBarView
02-19 13:19:30.864 3256 3256 D Navbar.Store: --------------------------[Band]REMOTE_VIEW_PACK_SET_REMOTEVIEW_CONTAINER
02-19 13:19:30.864 3256 3256 D Navbar.Store: ----------------------------apply(0) NavBarStoreAction$UpdateRemoteViewContainer
02-19 13:19:30.864 2334 7346 D InsetsSourceProvider: updateVisibility: serverVisible=true, clientVisible=false, source=InsetsSource: {3 mType=ime mFrame=[0,1366][904,2316] mVisible=false mFlags=[]}, controlTarget=Window{9a77eef u0 org.me.mobiexpensifyg/org.me.mobiexpensifyg.ExpensifyActivityBase}, from=com.android.server.wm.ImeInsetsSourceProvider.updateVisibility:154 com.android.server.wm.InsetsSourceProvider.setClientVisible:642 com.android.server.wm.ImeInsetsSourceProvider.setClientVisible:101 com.android.server.wm.InsetsSourceProvider.updateClientVisibility:629 com.android.server.wm.ImeInsetsSourceProvider.updateClientVisibility:173 com.android.server.wm.InsetsStateController.onInsetsModified:280 com.android.server.wm.InsetsPolicy.onInsetsModified:539 com.android.server.wm.Session.updateRequestedVisibleTypes:797 android.view.IWindowSession$Stub.onTransact:1145 com.android.server.wm.Session.onTransact:204
02-19 13:19:30.864 3256 3256 D Navbar.Store: ----------------------------apply(0) NavBarStoreAction$UpdateRemoteViewDarkIntensity
02-19 13:19:30.864 3256 3256 I ControlPanelService: startId : 17159
02-19 13:19:30.864 2334 7346 I WindowManager: Reparenting to leash, surface=Surface(name=3c5e648 NavigationBar0)/@0xe853047, leashParent=Surface(name=WindowToken{df798eb type=2019 android.os.BinderProxy@636ff65})/@0x1556074
02-19 13:19:30.865 1603 1747 I SurfaceFlinger: id=272734 createSurf, flag=24000, Surface(name=3c5e648 NavigationBar0)/@0xe853047 - animation-leash of insets_animation#272734
02-19 13:19:30.866 2334 7346 D WindowManager: makeSurface duration=1 leash=Surface(name=Surface(name=3c5e648 NavigationBar0)/@0xe853047 - animation-leash of insets_animation)/@0x5558442
02-19 13:19:30.866 2334 7346 D InsetsSourceProvider: updateControlForTarget: control=InsetsSourceControl: {80a80001 mType=navigationBars initiallyVisible mSurfacePosition=Point(0, 2190) mInsetsHint=Insets{left=0, top=0, right=0, bottom=39}}, target=Window{9a77eef u0 org.me.mobiexpensifyg/org.me.mobiexpensifyg.ExpensifyActivityBase}, from=com.android.server.wm.InsetsStateController.onControlTargetChanged:363 com.android.server.wm.InsetsStateController.onBarControlTargetChanged:332 com.android.server.wm.InsetsPolicy.updateBarControlTarget:173 com.android.server.wm.InsetsPolicy.updateSystemBars:843 com.android.server.wm.DisplayPolicy.updateSystemBarsLw:3484
02-19 13:19:30.866 2334 7346 D WindowManager: updateSystemBarAttributes: displayId=0, win=Window{9a77eef u0 org.me.mobiexpensifyg/org.me.mobiexpensifyg.ExpensifyActivityBase}, navColorWin=Window{9a77eef u0 org.me.mobiexpensifyg/org.me.mobiexpensifyg.ExpensifyActivityBase}, focusedCanBeNavColorWin=false, behavior=1, appearance=0, statusBarAppearanceRegions=[AppearanceRegion{ bounds=[0,0][904,2316]}], requestedVisibilities=-9, from=com.android.server.wm.InsetsStateController.onInsetsModified:286 com.android.server.wm.InsetsPolicy.onInsetsModified:539 com.android.server.wm.Session.updateRequestedVisibleTypes:797
02-19 13:19:30.867 21462 21786 I ViewRootImpl@ccd3137[ExpensifyActivityBase]: mWNT: t=0xb400007c23b9b0f0 mBlastBufferQueue=0xb400007d13b6b4f0 fn= 272 mRenderHdrSdrRatio=1.0 caller= android.view.SyncRtSurfaceTransactionApplier.applyTransaction:96 android.view.SyncRtSurfaceTransactionApplier.lambda$scheduleApply$0:69 android.view.SyncRtSurfaceTransactionApplier.$r8$lambda$SgowXC58rj3PR958kHUfRgLZmvE:0
02-19 13:19:30.868 3256 5725 I ViewRootImpl@fa0aba5[StatusBar]: Resizing android.view.ViewRootImpl@87766a0: frame = [0,0][904,87] reportDraw = false forceLayout = false syncSeqId = -1
02-19 13:19:30.868 21462 21472 I ViewRootImpl@ccd3137[ExpensifyActivityBase]: Resizing android.view.ViewRootImpl@ff429dd: frame = [0,0][904,2316] reportDraw = false forceLayout = false syncSeqId = -1
02-19 13:19:30.868 2334 7346 D CoreBackPreview: Window{9a77eef u0 org.me.mobiexpensifyg/org.me.mobiexpensifyg.ExpensifyActivityBase}: Setting back callback OnBackInvokedCallbackInfo{mCallback=android.window.IOnBackInvokedCallback$Stub$Proxy@c19c53, mPriority=0, mIsAnimationCallback=false}
02-19 13:19:30.868 21462 21462 I InsetsController: onStateChanged: host=org.me.mobiexpensifyg/org.me.mobiexpensifyg.ExpensifyActivityBase, from=android.view.ViewRootImpl$ViewRootHandler.handleMessageImpl:7279, state=InsetsState: {mDisplayFrame=Rect(0, 0 - 904, 2316), mDisplayCutout=DisplayCutout{insets=Rect(0, 87 - 0, 0) waterfall=Insets{left=0, top=0, right=0, bottom=0} boundingRect={Bounds=[Rect(0, 0 - 0, 0), Rect(418, 0 - 486, 87), Rect(0, 0 - 0, 0), Rect(0, 0 - 0, 0)]} cutoutPathParserInfo={CutoutPathParserInfo{displayWidth=904 displayHeight=2316 physicalDisplayWidth=904 physicalDisplayHeight=2316 density={2.625} cutoutSpec={M 0,0 H -12.95238095238095 V 33.14285714285714 H 12.95238095238095 V 0 H 0 Z @dp} rotation={0} scale={1.0} physicalPixelDisplaySizeRatio={1.0}}}}, mRoundedCorners=RoundedCorners{[RoundedCorner{position=TopLeft, radius=53, center=Point(53, 53)}, RoundedCorner{position=TopRight, radius=53, center=Point(851, 53)}, RoundedCorner{position=BottomRight, radius=53, center=Point(851, 2263)}, RoundedCorner{position=BottomLeft, radius=53, center=Point(53, 2263)}]} mRoundedCornerFrame=Rect(0, 0 - 904, 2316), mPrivacyIndicatorBounds=PrivacyIndicatorBounds {static bounds=Rect(788, 0 - 904, 87) rotation=0}, mDisplayShape=DisplayShape{ spec=-311912193 displayWidth=904 displayHeight=2316 physicalPixelDisplaySizeRatio=1.0 rotation=0 offsetX=0 offsetY=0 scale=1.0}, mSources= { InsetsSource: {80a80001 mType=navigationBars mFrame=[0,2277][904,2316] mVisible=true mFlags=[SUPPRESS_SCRIM]}, InsetsSource: {80a80004 mType=systemGestures mFrame=[0,0][78,2316] mVisible=true mFlags=[]}, InsetsSource: {80a80005 mType=mandatorySystemGestures mFrame=[0,2232][904,2316] mVisible=true mFlags=[]}, InsetsSource: {80a80006 mType=tappableElement mFrame=[0,0][0,0] mVisible=true mFlags=[]}, InsetsSource: {80a80024 mType=systemGestures mFrame=[826,0][904,2316] mVisible=true mFlags=[]}, InsetsSource: {d59c0000 mType=statusBars mFrame=[0,0][904,87] mVisible=true mFlags=[]}, InsetsSource: {d59c0005 mType=mandatorySystemGestures mFrame=[0,0][904,119] mVisible=true mFlags=[]}, InsetsSource: {d59c0006 mType=tappableElement mFrame=[0,0][904,87] mVisible=true mFlags=[]}, InsetsSource: {3 mType=ime mFrame=[0,1366][904,2316] mVisible=false mFlags=[]}, InsetsSource: {27 mType=displayCutout mFrame=[0,0][904,87] mVisible=true mFlags=[]} }
02-19 13:19:30.868 21462 21462 I InsetsSourceConsumer: applyRequestedVisibilityToControl: visible=true, type=navigationBars, host=org.me.mobiexpensifyg/org.me.mobiexpensifyg.ExpensifyActivityBase
02-19 13:19:30.869 21462 21462 I ViewRootImpl@ccd3137[ExpensifyActivityBase]: handleResized, msg = 4 frames=ClientWindowFrames{frame=[0,0][904,2316] display=[0,0][904,2316] parentFrame=[0,0][0,0]} forceNextWindowRelayout=false displayId=0 dragResizing=false compatScale=1.0 frameChanged=false attachedFrameChanged=false configChanged=false displayChanged=false compatScaleChanged=false
02-19 13:19:30.869 3256 3975 I ViewRootImpl@80857f2[NavigationBar0]: Resizing android.view.ViewRootImpl@47aa4f7: frame = [0,2190][904,2316] reportDraw = false forceLayout = false syncSeqId = -1
02-19 13:19:30.869 1603 1603 I Layer : Layer::reparent [3c5e648 NavigationBar0#261402] newParent : Surface(name=3c5e648 NavigationBar0)/@0xe853047 - animation-leash of insets_animation#272734 , isRemovedFromCurrentState : 0 -------------------------
02-19 13:19:30.869 1603 1603 I Layer : Layer::reparent [3c5e648 NavigationBar0#261402] End -------------------------
02-19 13:19:30.869 3256 3256 I ViewRootImpl@fa0aba5[StatusBar]: handleResized, msg = 4 frames=ClientWindowFrames{frame=[0,0][904,87] display=[0,0][904,2316] parentFrame=[0,0][0,0]} forceNextWindowRelayout=false displayId=0 dragResizing=false compatScale=1.0 frameChanged=false attachedFrameChanged=false configChanged=false displayChanged=false compatScaleChanged=false
02-19 13:19:30.869 3256 3256 I ViewRootImpl@80857f2[NavigationBar0]: handleResized, msg = 4 frames=ClientWindowFrames{frame=[0,2190][904,2316] display=[0,0][904,2316] parentFrame=[0,0][0,0]} forceNextWindowRelayout=false displayId=0 dragResizing=false compatScale=1.0 frameChanged=false attachedFrameChanged=false configChanged=false displayChanged=false compatScaleChanged=false
02-19 13:19:30.872 21462 21787 I ViewRootImpl@ccd3137[ExpensifyActivityBase]: mWNT: t=0xb400007c23baa190 mBlastBufferQueue=0xb400007d13b6b4f0 fn= 273 mRenderHdrSdrRatio=1.0 caller= android.view.SyncRtSurfaceTransactionApplier.applyTransaction:96 android.view.SyncRtSurfaceTransactionApplier.lambda$scheduleApply$0:69 android.view.SyncRtSurfaceTransactionApplier.$r8$lambda$SgowXC58rj3PR958kHUfRgLZmvE:0
02-19 13:19:30.878 21462 21786 I ViewRootImpl@ccd3137[ExpensifyActivityBase]: mWNT: t=0xb400007c23b378b0 mBlastBufferQueue=0xb400007d13b6b4f0 fn= 274 mRenderHdrSdrRatio=1.0 caller= android.view.SyncRtSurfaceTransactionApplier.applyTransaction:96 android.view.SyncRtSurfaceTransactionApplier.lambda$scheduleApply$0:69 android.view.SyncRtSurfaceTransactionApplier.$r8$lambda$SgowXC58rj3PR958kHUfRgLZmvE:0
02-19 13:19:30.880 1603 1760 D RenderEngine: [SEC_GC_CMN_SF_EFFECTS] drawLayersInternal,1279, Rendering layer at index 0
02-19 13:19:30.880 1603 1760 D RenderEngine: [SEC_GC_CMN_SF_EFFECTS] drawLayersInternal,1279, Rendering layer org.me.mobiexpensifyg/org.me.mobiexpensifyg.ExpensifyActivityBase$_21462#272730 at index 1
02-19 13:19:30.881 1603 1760 D RenderEngine: [SEC_GC_CMN_SF_EFFECTS] drawLayersInternal,1279, Rendering layer InputMethod$_6890#272733 at index 2
02-19 13:19:30.888 21462 21787 I ViewRootImpl@ccd3137[ExpensifyActivityBase]: mWNT: t=0xb400007c23b37330 mBlastBufferQueue=0xb400007d13b6b4f0 fn= 275 mRenderHdrSdrRatio=1.0 caller= android.view.SyncRtSurfaceTransactionApplier.applyTransaction:96 android.view.SyncRtSurfaceTransactionApplier.lambda$scheduleApply$0:69 android.view.SyncRtSurfaceTransactionApplier.$r8$lambda$SgowXC58rj3PR958kHUfRgLZmvE:0
02-19 13:19:30.897 21462 21786 I ViewRootImpl@ccd3137[ExpensifyActivityBase]: mWNT: t=0xb400007c23bb34b0 mBlastBufferQueue=0xb400007d13b6b4f0 fn= 276 mRenderHdrSdrRatio=1.0 caller= android.view.SyncRtSurfaceTransactionApplier.applyTransaction:96 android.view.SyncRtSurfaceTransactionApplier.lambda$scheduleApply$0:69 android.view.SyncRtSurfaceTransactionApplier.$r8$lambda$SgowXC58rj3PR958kHUfRgLZmvE:0
02-19 13:19:30.905 21462 21787 I ViewRootImpl@ccd3137[ExpensifyActivityBase]: mWNT: t=0xb400007c23ba6d50 mBlastBufferQueue=0xb400007d13b6b4f0 fn= 277 mRenderHdrSdrRatio=1.0 caller= android.view.SyncRtSurfaceTransactionApplier.applyTransaction:96 android.view.SyncRtSurfaceTransactionApplier.lambda$scheduleApply$0:69 android.view.SyncRtSurfaceTransactionApplier.$r8$lambda$SgowXC58rj3PR958kHUfRgLZmvE:0
02-19 13:19:30.913 21462 21786 I ViewRootImpl@ccd3137[ExpensifyActivityBase]: mWNT: t=0xb400007c23b9ed70 mBlastBufferQueue=0xb400007d13b6b4f0 fn= 278 mRenderHdrSdrRatio=1.0 caller= android.view.SyncRtSurfaceTransactionApplier.applyTransaction:96 android.view.SyncRtSurfaceTransactionApplier.lambda$scheduleApply$0:69 android.view.SyncRtSurfaceTransactionApplier.$r8$lambda$SgowXC58rj3PR958kHUfRgLZmvE:0
02-19 13:19:30.922 21462 21787 I ViewRootImpl@ccd3137[ExpensifyActivityBase]: mWNT: t=0xb400007c23b9d090 mBlastBufferQueue=0xb400007d13b6b4f0 fn= 279 mRenderHdrSdrRatio=1.0 caller= android.view.SyncRtSurfaceTransactionApplier.applyTransaction:96 android.view.SyncRtSurfaceTransactionApplier.lambda$scheduleApply$0:69 android.view.SyncRtSurfaceTransactionApplier.$r8$lambda$SgowXC58rj3PR958kHUfRgLZmvE:0
02-19 13:19:30.930 21462 21786 I ViewRootImpl@ccd3137[ExpensifyActivityBase]: mWNT: t=0xb400007c23b9da30 mBlastBufferQueue=0xb400007d13b6b4f0 fn= 280 mRenderHdrSdrRatio=1.0 caller= android.view.SyncRtSurfaceTransactionApplier.applyTransaction:96 android.view.SyncRtSurfaceTransactionApplier.lambda$scheduleApply$0:69 android.view.SyncRtSurfaceTransactionApplier.$r8$lambda$SgowXC58rj3PR958kHUfRgLZmvE:0
02-19 13:19:30.938 21462 21787 I ViewRootImpl@ccd3137[ExpensifyActivityBase]: mWNT: t=0xb400007c23b9a750 mBlastBufferQueue=0xb400007d13b6b4f0 fn= 281 mRenderHdrSdrRatio=1.0 caller= android.view.SyncRtSurfaceTransactionApplier.applyTransaction:96 android.view.SyncRtSurfaceTransactionApplier.lambda$scheduleApply$0:69 android.view.SyncRtSurfaceTransactionApplier.$r8$lambda$SgowXC58rj3PR958kHUfRgLZmvE:0
02-19 13:19:30.947 21462 21786 I ViewRootImpl@ccd3137[ExpensifyActivityBase]: mWNT: t=0xb400007c23c05b50 mBlastBufferQueue=0xb400007d13b6b4f0 fn= 282 mRenderHdrSdrRatio=1.0 caller= android.view.SyncRtSurfaceTransactionApplier.applyTransaction:96 android.view.SyncRtSurfaceTransactionApplier.lambda$scheduleApply$0:69 android.view.SyncRtSurfaceTransactionApplier.$r8$lambda$SgowXC58rj3PR958kHUfRgLZmvE:0
02-19 13:19:30.955 21462 21787 I ViewRootImpl@ccd3137[ExpensifyActivityBase]: mWNT: t=0xb400007c23c0b770 mBlastBufferQueue=0xb400007d13b6b4f0 fn= 283 mRenderHdrSdrRatio=1.0 caller= android.view.SyncRtSurfaceTransactionApplier.applyTransaction:96 android.view.SyncRtSurfaceTransactionApplier.lambda$scheduleApply$0:69 android.view.SyncRtSurfaceTransactionApplier.$r8$lambda$SgowXC58rj3PR958kHUfRgLZmvE:0
02-19 13:19:30.963 21462 21786 I ViewRootImpl@ccd3137[ExpensifyActivityBase]: mWNT: t=0xb400007c23b9e110 mBlastBufferQueue=0xb400007d13b6b4f0 fn= 284 mRenderHdrSdrRatio=1.0 caller= android.view.SyncRtSurfaceTransactionApplier.applyTransaction:96 android.view.SyncRtSurfaceTransactionApplier.lambda$scheduleApply$0:69 android.view.SyncRtSurfaceTransactionApplier.$r8$lambda$SgowXC58rj3PR958kHUfRgLZmvE:0
02-19 13:19:30.972 21462 21787 I ViewRootImpl@ccd3137[ExpensifyActivityBase]: mWNT: t=0xb400007c23c07570 mBlastBufferQueue=0xb400007d13b6b4f0 fn= 285 mRenderHdrSdrRatio=1.0 caller= android.view.SyncRtSurfaceTransactionApplier.applyTransaction:96 android.view.SyncRtSurfaceTransactionApplier.lambda$scheduleApply$0:69 android.view.SyncRtSurfaceTransactionApplier.$r8$lambda$SgowXC58rj3PR958kHUfRgLZmvE:0
02-19 13:19:30.980 21462 21786 I ViewRootImpl@ccd3137[ExpensifyActivityBase]: mWNT: t=0xb400007c23b9c010 mBlastBufferQueue=0xb400007d13b6b4f0 fn= 286 mRenderHdrSdrRatio=1.0 caller= android.view.SyncRtSurfaceTransactionApplier.applyTransaction:96 android.view.SyncRtSurfaceTransactionApplier.lambda$scheduleApply$0:69 android.view.SyncRtSurfaceTransactionApplier.$r8$lambda$SgowXC58rj3PR958kHUfRgLZmvE:0
02-19 13:19:30.989 21462 21787 I ViewRootImpl@ccd3137[ExpensifyActivityBase]: mWNT: t=0xb400007c23bab790 mBlastBufferQueue=0xb400007d13b6b4f0 fn= 287 mRenderHdrSdrRatio=1.0 caller= android.view.SyncRtSurfaceTransactionApplier.applyTransaction:96 android.view.SyncRtSurfaceTransactionApplier.lambda$scheduleApply$0:69 android.view.SyncRtSurfaceTransactionApplier.$r8$lambda$SgowXC58rj3PR958kHUfRgLZmvE:0
02-19 13:19:30.995 8712 21804 D AdvertisingIdClient: AdvertisingIdClient already created.
02-19 13:19:30.995 8712 21804 D AdvertisingIdClient: AdvertisingIdClient is not bounded. Starting to bind it...
02-19 13:19:30.998 21462 21786 I ViewRootImpl@ccd3137[ExpensifyActivityBase]: mWNT: t=0xb400007c23b987b0 mBlastBufferQueue=0xb400007d13b6b4f0 fn= 288 mRenderHdrSdrRatio=1.0 caller= android.view.SyncRtSurfaceTransactionApplier.applyTransaction:96 android.view.SyncRtSurfaceTransactionApplier.lambda$scheduleApply$0:69 android.view.SyncRtSurfaceTransactionApplier.$r8$lambda$SgowXC58rj3PR958kHUfRgLZmvE:0
02-19 13:19:31.000 1603 1760 D RenderEngine: [SEC_GC_CMN_SF_EFFECTS] drawLayersInternal,1279, Rendering layer at index 0
02-19 13:19:31.000 1603 1760 D RenderEngine: [SEC_GC_CMN_SF_EFFECTS] drawLayersInternal,1279, Rendering layer org.me.mobiexpensifyg/org.me.mobiexpensifyg.ExpensifyActivityBase$_21462#272730 at index 1
02-19 13:19:31.000 1603 1760 D RenderEngine: [SEC_GC_CMN_SF_EFFECTS] drawLayersInternal,1279, Rendering layer InputMethod$_6890#272733 at index 2
02-19 13:19:31.001 8712 21804 D AdvertisingIdClient: AdvertisingIdClient is bounded
02-19 13:19:31.001 8712 21804 I AdvertisingIdClient: shouldSendLog -1
02-19 13:19:31.002 8712 21804 I AdvertisingIdClient: GetInfoInternal elapse 7ms
02-19 13:19:31.006 21462 21787 I ViewRootImpl@ccd3137[ExpensifyActivityBase]: mWNT: t=0xb400007c23b9a8b0 mBlastBufferQueue=0xb400007d13b6b4f0 fn= 289 mRenderHdrSdrRatio=1.0 caller= android.view.SyncRtSurfaceTransactionApplier.applyTransaction:96 android.view.SyncRtSurfaceTransactionApplier.lambda$scheduleApply$0:69 android.view.SyncRtSurfaceTransactionApplier.$r8$lambda$SgowXC58rj3PR958kHUfRgLZmvE:0
02-19 13:19:31.006 8712 8712 I AdvertisingIdClient: getting error as 17: API: ClientTelemetry.API is not available on this device. Connection failed with: ConnectionResult{statusCode=API_DISABLED, resolution=null, message=null}
02-19 13:19:31.014 21462 21786 I ViewRootImpl@ccd3137[ExpensifyActivityBase]: mWNT: t=0xb400007c23b9c590 mBlastBufferQueue=0xb400007d13b6b4f0 fn= 290 mRenderHdrSdrRatio=1.0 caller= android.view.SyncRtSurfaceTransactionApplier.applyTransaction:96 android.view.SyncRtSurfaceTransactionApplier.lambda$scheduleApply$0:69 android.view.SyncRtSurfaceTransactionApplier.$r8$lambda$SgowXC58rj3PR958kHUfRgLZmvE:0
02-19 13:19:31.018 10290 21708 W NetworkScheduler: Error inserting flex_time=3076000 job_id=-1 period=6153000 source=16 requires_charging=0 preferred_network_type=1 target_class=com.google.android.gms.measurement.PackageMeasurementTaskService user_id=0 target_package=com.google.android.gms tag=Measurement.PackageMeasurementTaskService.UPLOAD_TASK_TAG task_type=0 required_idleness_state=0 service_kind=0 source_version=250660000 persistence_level=1 preferred_charging_state=1 required_network_type=0 runtime=1739942371015 retry_strategy={"maximum_backoff_seconds":{"3600":0},"initial_backoff_seconds":{"30":0},"retry_policy":{"0":0}} last_runtime=0 [CONTEXT service_id=218 ]
02-19 13:19:31.018 10290 21708 W NetworkScheduler: android.database.sqlite.SQLiteConstraintException: UNIQUE constraint failed: pending_ops.tag, pending_ops.target_class, pending_ops.target_package, pending_ops.user_id (code 2067 SQLITE_CONSTRAINT_UNIQUE[2067])
02-19 13:19:31.018 10290 21708 W NetworkScheduler: at android.database.sqlite.SQLiteConnection.nativeExecuteForLastInsertedRowId(Native Method)
02-19 13:19:31.018 10290 21708 W NetworkScheduler: at android.database.sqlite.SQLiteConnection.executeForLastInsertedRowId(SQLiteConnection.java:1294)
02-19 13:19:31.018 10290 21708 W NetworkScheduler: at android.database.sqlite.SQLiteSession.executeForLastInsertedRowId(SQLiteSession.java:790)
02-19 13:19:31.018 10290 21708 W NetworkScheduler: at android.database.sqlite.SQLiteStatement.executeInsert(SQLiteStatement.java:89)
02-19 13:19:31.018 10290 21708 W NetworkScheduler: at android.database.sqlite.SQLiteDatabase.insertWithOnConflict(SQLiteDatabase.java:2436)
02-19 13:19:31.018 10290 21708 W NetworkScheduler: at android.database.sqlite.SQLiteDatabase.insertOrThrow(SQLiteDatabase.java:2331)
02-19 13:19:31.018 10290 21708 W NetworkScheduler: at dqlt.d(:com.google.android.gms@250660029@25.06.60 (190400-724573135):727)
02-19 13:19:31.018 10290 21708 W NetworkScheduler: at dqjk.n(:com.google.android.gms@250660029@25.06.60 (190400-724573135):29)
02-19 13:19:31.018 10290 21708 W NetworkScheduler: at dqjk.u(:com.google.android.gms@250660029@25.06.60 (190400-724573135):364)
02-19 13:19:31.018 10290 21708 W NetworkScheduler: at dqjk.h(:com.google.android.gms@250660029@25.06.60 (190400-724573135):51)
02-19 13:19:31.018 10290 21708 W NetworkScheduler: at dqec.run(:com.google.android.gms@250660029@25.06.60 (190400-724573135):72)
02-19 13:19:31.018 10290 21708 W NetworkScheduler: at atdb.c(:com.google.android.gms@250660029@25.06.60 (190400-724573135):50)
02-19 13:19:31.018 10290 21708 W NetworkScheduler: at atdb.run(:com.google.android.gms@250660029@25.06.60 (190400-724573135):97)
02-19 13:19:31.018 10290 21708 W NetworkScheduler: at java.util.concurrent.ThreadPoolExecutor.runWorker(ThreadPoolExecutor.java:1145)
02-19 13:19:31.018 10290 21708 W NetworkScheduler: at java.util.concurrent.ThreadPoolExecutor$Worker.run(ThreadPoolExecutor.java:644)
02-19 13:19:31.018 10290 21708 W NetworkScheduler: at atin.run(:com.google.android.gms@250660029@25.06.60 (190400-724573135):8)
02-19 13:19:31.018 10290 21708 W NetworkScheduler: at java.lang.Thread.run(Thread.java:1012)
02-19 13:19:31.023 21462 21787 I ViewRootImpl@ccd3137[ExpensifyActivityBase]: mWNT: t=0xb400007c23b9cc70 mBlastBufferQueue=0xb400007d13b6b4f0 fn= 291 mRenderHdrSdrRatio=1.0 caller= android.view.SyncRtSurfaceTransactionApplier.applyTransaction:96 android.view.SyncRtSurfaceTransactionApplier.lambda$scheduleApply$0:69 android.view.SyncRtSurfaceTransactionApplier.$r8$lambda$SgowXC58rj3PR958kHUfRgLZmvE:0
02-19 13:19:31.030 21462 21786 I ViewRootImpl@ccd3137[ExpensifyActivityBase]: mWNT: t=0xb400007c23b15570 mBlastBufferQueue=0xb400007d13b6b4f0 fn= 292 mRenderHdrSdrRatio=1.0 caller= android.view.SyncRtSurfaceTransactionApplier.applyTransaction:96 android.view.SyncRtSurfaceTransactionApplier.lambda$scheduleApply$0:69 android.view.SyncRtSurfaceTransactionApplier.$r8$lambda$SgowXC58rj3PR958kHUfRgLZmvE:0
02-19 13:19:31.039 21462 21787 I ViewRootImpl@ccd3137[ExpensifyActivityBase]: mWNT: t=0xb400007c23bb43d0 mBlastBufferQueue=0xb400007d13b6b4f0 fn= 293 mRenderHdrSdrRatio=1.0 caller= android.view.SyncRtSurfaceTransactionApplier.applyTransaction:96 android.view.SyncRtSurfaceTransactionApplier.lambda$scheduleApply$0:69 android.view.SyncRtSurfaceTransactionApplier.$r8$lambda$SgowXC58rj3PR958kHUfRgLZmvE:0
02-19 13:19:31.048 21462 21786 I ViewRootImpl@ccd3137[ExpensifyActivityBase]: mWNT: t=0xb400007c23b3cb30 mBlastBufferQueue=0xb400007d13b6b4f0 fn= 294 mRenderHdrSdrRatio=1.0 caller= android.view.SyncRtSurfaceTransactionApplier.applyTransaction:96 android.view.SyncRtSurfaceTransactionApplier.lambda$scheduleApply$0:69 android.view.SyncRtSurfaceTransactionApplier.$r8$lambda$SgowXC58rj3PR958kHUfRgLZmvE:0
02-19 13:19:31.056 21462 21787 I ViewRootImpl@ccd3137[ExpensifyActivityBase]: mWNT: t=0xb400007c23b19610 mBlastBufferQueue=0xb400007d13b6b4f0 fn= 295 mRenderHdrSdrRatio=1.0 caller= android.view.SyncRtSurfaceTransactionApplier.applyTransaction:96 android.view.SyncRtSurfaceTransactionApplier.lambda$scheduleApply$0:69 android.view.SyncRtSurfaceTransactionApplier.$r8$lambda$SgowXC58rj3PR958kHUfRgLZmvE:0
02-19 13:19:31.064 21462 21786 I ViewRootImpl@ccd3137[ExpensifyActivityBase]: mWNT: t=0xb400007c23bfde30 mBlastBufferQueue=0xb400007d13b6b4f0 fn= 296 mRenderHdrSdrRatio=1.0 caller= android.view.SyncRtSurfaceTransactionApplier.applyTransaction:96 android.view.SyncRtSurfaceTransactionApplier.lambda$scheduleApply$0:69 android.view.SyncRtSurfaceTransactionApplier.$r8$lambda$SgowXC58rj3PR958kHUfRgLZmvE:0
02-19 13:19:31.073 21462 21787 I ViewRootImpl@ccd3137[ExpensifyActivityBase]: mWNT: t=0xb400007c23ba6670 mBlastBufferQueue=0xb400007d13b6b4f0 fn= 297 mRenderHdrSdrRatio=1.0 caller= android.view.SyncRtSurfaceTransactionApplier.applyTransaction:96 android.view.SyncRtSurfaceTransactionApplier.lambda$scheduleApply$0:69 android.view.SyncRtSurfaceTransactionApplier.$r8$lambda$SgowXC58rj3PR958kHUfRgLZmvE:0
02-19 13:19:31.077 2334 4248 D InputMethodManagerService: isImeSwitcherDisabledPackage : false
02-19 13:19:31.078 3256 3256 D NavigationBar: setImeWindowStatus displayId=0 vis=0 backDisposition=0 showImeSwitcher=false imeShown=false
02-19 13:19:31.081 21462 21786 I ViewRootImpl@ccd3137[ExpensifyActivityBase]: mWNT: t=0xb400007c23b97730 mBlastBufferQueue=0xb400007d13b6b4f0 fn= 298 mRenderHdrSdrRatio=1.0 caller= android.view.SyncRtSurfaceTransactionApplier.applyTransaction:96 android.view.SyncRtSurfaceTransactionApplier.lambda$scheduleApply$0:69 android.view.SyncRtSurfaceTransactionApplier.$r8$lambda$SgowXC58rj3PR958kHUfRgLZmvE:0
02-19 13:19:31.089 21462 21787 I ViewRootImpl@ccd3137[ExpensifyActivityBase]: mWNT: t=0xb400007c23b3a770 mBlastBufferQueue=0xb400007d13b6b4f0 fn= 299 mRenderHdrSdrRatio=1.0 caller= android.view.SyncRtSurfaceTransactionApplier.applyTransaction:96 android.view.SyncRtSurfaceTransactionApplier.lambda$scheduleApply$0:69 android.view.SyncRtSurfaceTransactionApplier.$r8$lambda$SgowXC58rj3PR958kHUfRgLZmvE:0
02-19 13:19:31.097 21462 21786 I ViewRootImpl@ccd3137[ExpensifyActivityBase]: mWNT: t=0xb400007c23b3d8f0 mBlastBufferQueue=0xb400007d13b6b4f0 fn= 300 mRenderHdrSdrRatio=1.0 caller= android.view.SyncRtSurfaceTransactionApplier.applyTransaction:96 android.view.SyncRtSurfaceTransactionApplier.lambda$scheduleApply$0:69 android.view.SyncRtSurfaceTransactionApplier.$r8$lambda$SgowXC58rj3PR958kHUfRgLZmvE:0
02-19 13:19:31.101 2334 2334 I GestureDetector: handleMessage TAP
02-19 13:19:31.101 2334 2444 I GestureDetector: handleMessage TAP
