02-25 11:58:44.647 1842 1842 D FaceWidgetDashBoardViewModel: reorderPages false
02-25 11:58:44.647 1842 1842 D FaceWidgetDashBoardObserver: onChanged pagesOrder=[servicebox_music, servicebox_alarm, com.samsung.android.app.routines#dashboard], mIsNeedReorder=false
02-25 11:58:44.647 1842 1842 D SecKeyguardStatusViewObserver: onChanged() FaceWidgetContainerLiveData{mIsContainerVisible=false, mClipLayoutVisibility=0, mRotation=0, mIsDashBoardVIRunning=false, mIsAdditionalInfoVisible=8, mAdditionalInfoGravity=17, mClockSideStartPadding=0, mClockSideEndPadding=0, mMusicSideStartPadding=30, mMusicSideEndPadding=30, mInfoSideStartPadding=0, mInfoSideEndPadding=0, mClipLayoutWidth = -1, mAdditionalInfoRemoteView=null, mHasCMAS=false, mIsAdditionalViewGoingToSleep=false, mConfig=CustomConfiguration{fontScale=1.15, screenLayout=268435810, orientation=1, screenWidthDp=384, screenHeightDp=783, smallestScreenWidthDp=384, densityDpi=450, uiMode=17, isRTL=false, mConfiguration={1.15 234mcc15mnc [en_GB,es_ES,fr_FR,da_DK] ldltr sw384dp w384dp h783dp 450dpi nrml long port finger -keyb/v/h -nav/h winConfig={ mBounds=Rect(0, 0 - 1080, 2408) mAppBounds=Rect(0, 65 - 1080, 2273) mMaxBounds=Rect(0, 0 - 1080, 2408) mDisplayRotation=ROTATION_0 mWindowingMode=fullscreen mDisplayWindowingMode=fullscreen mActivityType=undefined mAlwaysOnTop=undefined mRotation=ROTATION_0 mPopOver=undefined mOverlappingWithCutout=false mStageConfig=undefined mFreeformTaskPinningState=undefined mFreeformTranslucent=UNDEFINED} s.63 fontWeightAdjustment=0 ff=0 bf=0 bts=0 cst=1.0 nightDim=-1 themeSeq=0}}}
02-25 11:58:44.647 1842 1842 D FaceWidgetPagesController: onGravityChanged()
02-25 11:58:44.647 1842 1842 D FaceWidgetClockPage: setClockGravity() gravity = 49
02-25 11:58:44.647 1842 1842 D FaceWidgetClockPage: updateClockPadding
02-25 11:58:44.662 1385 2258 I ActivityManager: Killing 7613:com.samsung.android.sdm.config/u0a75 (adj 999): empty #25
02-25 11:58:44.669 1385 2258 I ActivityManager: Killing 29255:com.google.android.setupwizard/u0a204 (adj 935): empty #26
02-25 11:58:44.670 1385 2258 I ActivityManager: Killing 7626:com.google.android.apps.turbo:ssb/u0a181 (adj 999): empty #27
02-25 11:58:44.671 1385 2258 I ActivityManager: Killing 5073:com.google.android.apps.turbo:aab/u0a181 (adj 999): empty #28
02-25 11:58:44.674 1385 1429 I libprocessgroup: Successfully killed process cgroup uid 10075 pid 7613 in 6ms
02-25 11:58:44.675 1385 1550 I UMR : B|Compact com.samsung.android.app.routines(8131)
02-25 11:58:44.678 1385 1407 I system_server: Background concurrent copying GC freed 15MB AllocSpace bytes, 501(10MB) LOS objects, 25% free, 71MB/95MB, paused 426us,380us total 392.760ms
02-25 11:58:44.681 1385 1550 I UMR : E|Compact d_rss=-512KB
02-25 11:58:44.684 1385 1550 I UMR : B|Compact com.samsung.android.forest(8259)
02-25 11:58:44.693 804 804 I Zygote : Process 7613 exited due to signal 9 (Killed)
02-25 11:58:44.693 1385 1429 I libprocessgroup: Successfully killed process cgroup uid 10204 pid 29255 in 0ms
02-25 11:58:44.695 1385 1418 D DisplayManagerService: Drop pending events for gone uid 10075
02-25 11:58:44.697 2160 2160 D HidDeviceService: handleMessage(): msg.what=8
02-25 11:58:44.718 804 804 I Zygote : Process 7626 exited due to signal 9 (Killed)
02-25 11:58:44.718 1385 1429 I libprocessgroup: Successfully killed process cgroup uid 10181 pid 7626 in 0ms
02-25 11:58:44.718 804 804 I Zygote : Process 29255 exited due to signal 9 (Killed)
02-25 11:58:44.719 1385 1429 I libprocessgroup: Successfully killed process cgroup uid 10181 pid 5073 in 0ms
02-25 11:58:44.719 804 804 I Zygote : Process 5073 exited due to signal 9 (Killed)
02-25 11:58:44.720 1385 1418 D DisplayManagerService: Drop pending events for gone uid 10204
02-25 11:58:44.722 2160 2160 D HidDeviceService: handleMessage(): msg.what=8
02-25 11:58:44.747 1385 1550 I UMR : E|Compact d_rss=-38132KB
02-25 11:58:44.750 1385 1550 I UMR : B|Compact com.sec.android.app.clockpackage(8231)
02-25 11:58:44.753 1385 1418 D DisplayManagerService: Drop pending events for gone uid 10181
02-25 11:58:44.755 2160 2160 D HidDeviceService: handleMessage(): msg.what=8
02-25 11:58:44.810 1385 1550 I UMR : E|Compact d_rss=-38724KB
02-25 11:58:44.858 1385 1419 D KNOX_MDM_SettingsProvider: isChangeAllowed() : name = enabled_notification_listeners
02-25 11:58:45.269 1842 1842 D StatusBarIconController: ignoring old pipeline callbacks, because the new mobile icons are enabled
02-25 11:58:45.634 1842 1842 I AODNotificationManager: updateNotification()
02-25 11:58:45.646 1842 2047 I gralloc4: @set_metadata: update dataspace from GM (0x00000000 -> 0x08010000)
02-25 11:58:45.664 890 890 I BufferQueueProducer: [StatusBar$_1842#84](this:0xe96a90b8,id:-1,api:0,p:-1,c:890) queueBuffer: fps=0.21 dur=4683.92 max=4683.92 min=4683.92
02-25 11:58:45.668 817 872 I hwcomposer: [HWCDisplay] [Display_0 (type:1)] fps:0.213448,dur:4684.99,max:4684.99,min:4684.99
02-25 11:58:46.286 1793 1793 I wpa_supplicant: Heartbeat 7839
02-25 11:58:46.336 557 557 D io_stats: !@ 179,0 r 572461 18995798 w 366027 7304212 d 46020 7157188 f 0 0 iot 643520 0 th 0 0 0 pt 0 inp 0 0 78602.251
02-25 11:58:46.425 1385 1739 D WifiConnectivityMonitor.NetworkStatsAnalyzer: Backhaul result - RSSI:-60, CE:8, PE:7, TI:16, PTI:15, TW:1, PTW:0, Tx:36, Rx:136, TxS:18, RxS:15, RESULT:true, IC:0, ICT:5, WC:0, WCT:5, R:0, RC:0, IE:0, EC:0
02-25 11:58:46.539 1842 1842 D StatusBarIconController: ignoring old pipeline callbacks, because the new mobile icons are enabled
02-25 11:58:46.666 2160 2372 D BtGatt.GattService: onScanResult to scannerId: 3- eventType=0x1a, addressType=1, address=XX:XX:XX:XX:22:00, primaryPhy=1, secondaryPhy=0, advertisingSid=0xff, txPower=127, rssi=-57, periodicAdvInt=0x0
02-25 11:58:46.952 1385 3510 D SemWifiUsabilityStatsMonitor: onWifiUsabilityStats - seqNum 6518, isSameBssidAndFreq true
02-25 11:58:46.957 1385 1715 I SemWifiLinkQualityMonitor: Link stat: 0 / 0 / 1.00 (4) / 390 / -60.0 || 100.0 : 390.00 / 0.5 : 1.00 / 0.55 : 0.30 / G (G) || 0.12 ms / 64.85 Mbps / D || 0 / N / 0 Y / 0 Y
02-25 11:58:47.222 18220 7984 I NearbyMediums: Found Fast Ble Advertisements :
02-25 11:58:47.222 18220 7984 I NearbyMediums: BleAdvertisement { version=2, socketVersion=2, isFast=true, serviceIdHash=null, data=[ 0x23 0x45 0x53 0x53 0x51 0x11 0x32 0x61 0x28 0xcd 0xde 0x39 0x94 0x50 0x4b 0xa1 0x01 0xcc 0x5c 0xb1 0x3d 0x50 0xe2 ], deviceToken=[ 0x0e 0x51 ], rxAdvertisement=null } : 5 times.
02-25 11:58:47.222 18220 7984 I NearbyMediums: Total 5 fast advertisements from 1 unique advertisers.
02-25 11:58:47.830 1842 1842 D StatusBarIconController: ignoring old pipeline callbacks, because the new mobile icons are enabled
02-25 11:58:48.139 23117 23150 I Finsky : [103] agrc.q(56): SCH: jobFinished: 10-26. TimeElapsed: 150004ms.
02-25 11:58:48.142 23117 23150 E Finsky : [103] badt.a(68): SCH: Job 10-26 threw exception
02-25 11:58:48.142 23117 23150 E Finsky : com.google.common.util.concurrent.TimeoutFuture$TimeoutFutureException: Timed out: azfv@a9d90e7[status=PENDING, info=[inputFuture=[azfu@e74494[status=PENDING, setFuture=[azfu@7d57b3d[status=PENDING, setFuture=[azfu@fa03f32[status=PENDING, setFuture=[azfv@d285483[status=PENDING, info=[inputFuture=[azfd@43e1600[status=PENDING, info=[inputFuture=[azfv@d238e39[status=PENDING, info=[inputFuture=[azfv@68f1c7e[status=PENDING, info=[inputFuture=[azie@d11b5df[status=PENDING, info=[inputFuture=[ijr@f6e922c[status=PENDING, info=[tag=[Select and install splits (deferred installation)]]]], remaining delay=[450054 ms]]]], function=[aohl@ca5d4f5]]]], function=[nat@3fc828a]]]], exceptionType=[class java.lang.Exception], fallback=[nat@305d0fb]]]], function=[abav@c48a518]]]]]]]]]], function=[agra@5cbcb71]]]
02-25 11:58:48.154 23117 23169 I Finsky : [114] rrq.accept(58): SCH: Scheduling phonesky job Id: 1-1337, CT: 1740482938678, Constraints: [{ L: 41094213, D: 84294213, C: CHARGING_NONE, I: IDLE_NONE, N: NET_ANY, B: BATTERY_ANY }]
02-25 11:58:48.154 23117 23169 I Finsky : [114] rrq.accept(58): SCH: Scheduling phonesky job Id: 12-1, CT: 1740484723497, Constraints: [{ L: 15000, D: 86400000, C: CHARGING_NONE, I: IDLE_NONE, N: NET_ANY, B: BATTERY_ANY }]
02-25 11:58:48.155 23117 23169 I Finsky : [114] rrq.accept(58): SCH: Scheduling phonesky job Id: 34-223, CT: 1740445429397, Constraints: [{ L: 604800000, D: 2591999592, C: CHARGING_NONE, I: IDLE_NONE, N: NET_ANY, B: BATTERY_ANY }]
02-25 11:58:48.155 23117 23169 I Finsky : [114] rrq.accept(58): SCH: Scheduling phonesky job Id: 34-224, CT: 1740445414804, Constraints: [{ L: 79198170, D: 1375198170, C: CHARGING_NONE, I: IDLE_NONE, N: NET_ANY, B: BATTERY_ANY }]
02-25 11:58:48.159 23117 23180 I Finsky : [124] nat.apply(290): SCH: Scheduling 1 system job(s)
02-25 11:58:48.159 23117 23180 I Finsky : [124] agqy.b(244): SCH: Scheduling system job Id: 9798, L: 10338, D: 82504732, C: false, I: false, N: 1
02-25 11:58:48.162 1385 2262 D CompatibilityChangeReporter: Compat change id reported: 271850009; UID 10184; state: ENABLED
02-25 11:58:48.164 1385 2262 D CompatibilityChangeReporter: Compat change id reported: 253665015; UID 10184; state: ENABLED
02-25 11:58:48.165 1385 2262 D CompatibilityChangeReporter: Compat change id reported: 194532703; UID 10184; state: ENABLED
02-25 11:58:48.173 23117 8310 I Finsky : [323] agsu.a(24): SCH: job service finished with id 9792.
02-25 11:58:48.188 1385 1526 D CompatibilityChangeReporter: Compat change id reported: 265195908; UID 10184; state: ENABLED
02-25 11:58:48.193 1385 2084 I ActivityManager: Killing 7750:com.samsung.android.settingshelper/u0a128 (adj 999): empty #25
02-25 11:58:48.200 1385 1429 I libprocessgroup: Successfully killed process cgroup uid 10128 pid 7750 in 5ms
02-25 11:58:48.208 1385 1427 I SemDvfsHyPerManager: acquire hyper - APP_LAUNCH/1385@28, type = -999
02-25 11:58:48.208 827 855 I HYPER-HAL: [RequestManager.cpp]acquire(): Acquired ID : 999019 [1385 / 28] HINT : APP_LAUNCH list :
02-25 11:58:48.208 1385 2084 D ActivityTaskManager: startActivityAsUser: callingPid=8312, callingUid=2000, caller=com.android.server.wm.ActivityTaskManagerService.startActivityAsUser:1844 com.android.server.am.ActivityManagerService.startActivityAsUserWithFeature:3818 com.android.server.am.ActivityManagerShellCommand.runStartActivity:779 com.android.server.am.ActivityManagerShellCommand.onCommand:253 com.android.modules.utils.BasicShellCommandHandler.exec:97 android.os.ShellCommand.exec:38 com.android.server.am.ActivityManagerService.onShellCommand:11978
02-25 11:58:48.209 827 855 I mtkpower_client: perf_lock_acq, hdl:0, dur:0, num:2, tid:855
02-25 11:58:48.209 1385 1420 I ChimeraSystemEventListener: appLaunchIntent package name is: com.companyname.mauiapp3
02-25 11:58:48.209 1385 2084 I Pageboost: onAppLaunch : com.companyname.mauiapp3
02-25 11:58:48.209 827 855 I mtkpower_client: ret_hdl:1225
02-25 11:58:48.210 827 855 I mtkpower_client: perf_lock_acq, hdl:0, dur:0, num:2, tid:855
02-25 11:58:48.210 1385 1804 I Pageboost: Record App IO : com.companyname.mauiapp3 pid 0
02-25 11:58:48.210 832 884 I libPowerHal: [perfLockAcq] idx:0 hdl:1225 hint:-1 pid:827 duration:0 lock_user:vendor.samsung. => ret_hdl:1225
02-25 11:58:48.211 1385 2084 W ActivityTaskManager: callingPackage for (uid=2000, pid=8312) has no WPC
02-25 11:58:48.210 3151 3151 I SemDvfsHyPerManager: acquire hyper - APP_START_SHORT/3151@14, type = -999
02-25 11:58:48.212 1385 2084 D CompatibilityChangeReporter: Compat change id reported: 265464455; UID 10405; state: DISABLED
02-25 11:58:48.212 1385 2084 D CompatibilityChangeReporter: Compat change id reported: 265452344; UID 10405; state: DISABLED
02-25 11:58:48.212 1385 2084 D CompatibilityChangeReporter: Compat change id reported: 266124927; UID 10405; state: DISABLED
02-25 11:58:48.212 832 884 I libPowerHal: [PE] vendor.samsung. update cmd:300c000, param:15
02-25 11:58:48.212 1385 2084 D CompatibilityChangeReporter: Compat change id reported: 265451093; UID 10405; state: DISABLED
02-25 11:58:48.212 1385 2084 D CompatibilityChangeReporter: Compat change id reported: 265456536; UID 10405; state: DISABLED
02-25 11:58:48.212 1385 2084 D CompatibilityChangeReporter: Compat change id reported: 255940284; UID 10405; state: DISABLED
02-25 11:58:48.212 1385 2084 D CompatibilityChangeReporter: Compat change id reported: 236283604; UID 10405; state: DISABLED
02-25 11:58:48.212 1385 2084 D CompatibilityChangeReporter: Compat change id reported: 263959004; UID 10405; state: DISABLED
02-25 11:58:48.212 827 855 I mtkpower_client: ret_hdl:1226
02-25 11:58:48.212 1385 2084 D CompatibilityChangeReporter: Compat change id reported: 264304459; UID 10405; state: DISABLED
02-25 11:58:48.213 827 855 I mtkpower_client: perf_lock_acq, hdl:0, dur:0, num:2, tid:855
02-25 11:58:48.213 1385 2084 D CompatibilityChangeReporter: Compat change id reported: 264301586; UID 10405; state: DISABLED
02-25 11:58:48.213 1385 2084 D CompatibilityChangeReporter: Compat change id reported: 254631730; UID 10405; state: DISABLED
02-25 11:58:48.213 1385 2084 D CompatibilityChangeReporter: Compat change id reported: 273509367; UID 10405; state: DISABLED
02-25 11:58:48.213 1385 2084 D CompatibilityChangeReporter: Compat change id reported: 263259275; UID 10405; state: DISABLED
02-25 11:58:48.213 1385 2084 D CompatibilityChangeReporter: Compat change id reported: 174042980; UID 10405; state: DISABLED
02-25 11:58:48.213 1385 2084 D CompatibilityChangeReporter: Compat change id reported: 174042936; UID 10405; state: DISABLED
02-25 11:58:48.213 1385 2084 D CompatibilityChangeReporter: Compat change id reported: 181136395; UID 10405; state: DISABLED
02-25 11:58:48.214 832 884 I libPowerHal: [perfLockAcq] idx:1 hdl:1226 hint:-1 pid:827 duration:0 lock_user:vendor.samsung. => ret_hdl:1226
02-25 11:58:48.214 804 804 I Zygote : Process 7750 exited due to signal 9 (Killed)
02-25 11:58:48.214 832 884 I libPowerHal: [PE] (less) /proc/mcdi/state set +prefix:enable 0;
02-25 11:58:48.215 827 855 I mtkpower_client: ret_hdl:1227
02-25 11:58:48.215 827 855 I mtkpower_client: perf_lock_acq, hdl:0, dur:0, num:2, tid:855
02-25 11:58:48.215 832 884 I libPowerHal: [perfLockAcq] idx:2 hdl:1227 hint:-1 pid:827 duration:0 lock_user:vendor.samsung. => ret_hdl:1227
02-25 11:58:48.215 832 884 I libPowerHal: vendor.samsung.: cpu_ctrl set cpu freq: 1800000 -1 -1 -1
02-25 11:58:48.215 827 855 I mtkpower_client: ret_hdl:1228
02-25 11:58:48.216 832 884 I libPowerHal: [perfLockAcq] idx:3 hdl:1228 hint:-1 pid:827 duration:0 lock_user:vendor.samsung. => ret_hdl:1228
02-25 11:58:48.216 827 855 I HYPER-HAL: [RequestManager.cpp]acquire(): Acquired ID : 5010209 [3151 / 14] HINT : APP_START list : [TIMEOUT / 1500]
02-25 11:58:48.216 832 884 I libPowerHal: [PE] vendor.samsung. update cmd:1000000, param:0
02-25 11:58:48.216 832 884 I libPowerHal: [PE] vendor.samsung. update cmd:1000000 param:0
02-25 11:58:48.218 1385 2084 D CompatibilityChangeReporter: Compat change id reported: 194480991; UID 10405; state: ENABLED
02-25 11:58:48.218 1385 2084 D WindowManager: Transition is created, t=TransitionRecord{fc312c5 id=-1 type=OPEN flags=0x0}, caller=com.android.server.wm.TransitionController.createAndStartCollecting:1765 com.android.server.wm.ActivityStarter.startActivityUnchecked:2360 com.android.server.wm.ActivityStarter.executeRequest:1953 com.android.server.wm.ActivityStarter.execute:1093 com.android.server.wm.ActivityTaskManagerService.startActivityAsUser:1985
02-25 11:58:48.219 1385 2084 D WindowManager: SyncGroup is created, id=172, name=Transition, caller=com.android.server.wm.BLASTSyncEngine$SyncGroup.:0 com.android.server.wm.BLASTSyncEngine.prepareSyncSet:513 com.android.server.wm.BLASTSyncEngine.startSyncSet:518 com.android.server.wm.Transition.startCollecting:710 com.android.server.wm.TransitionController.moveToCollecting:360 com.android.server.wm.TransitionController.createAndStartCollecting:1766 com.android.server.wm.ActivityStarter.startActivityUnchecked:2360
02-25 11:58:48.219 1385 2084 W WindowManager: setSyncMethod, id=172, method=0, caller=com.android.server.wm.Transition.startCollecting:712 com.android.server.wm.TransitionController.moveToCollecting:360 com.android.server.wm.TransitionController.createAndStartCollecting:1766
02-25 11:58:48.219 1385 2084 V WindowManager: Start collecting in Transition: TransitionRecord{fc312c5 id=172 type=OPEN flags=0x0}, caller=com.android.server.wm.TransitionController.createAndStartCollecting:1766 com.android.server.wm.ActivityStarter.startActivityUnchecked:2360 com.android.server.wm.ActivityStarter.executeRequest:1953 com.android.server.wm.ActivityStarter.execute:1093 com.android.server.wm.ActivityTaskManagerService.startActivityAsUser:1985
02-25 11:58:48.219 1385 2084 V WindowManager: Collecting in transition 172: ActivityRecord{f25341a u0 com.companyname.mauiapp3/crc64e73e5e987e2fb5cd.MainActivity, caller=com.android.server.wm.Transition.collect:759 com.android.server.wm.TransitionController.collect:935 com.android.server.wm.ActivityStarter.startActivityUnchecked:2376 com.android.server.wm.ActivityStarter.executeRequest:1953 com.android.server.wm.ActivityStarter.execute:1093
02-25 11:58:48.219 1385 2084 D ActivityTaskManager: TaskLaunchParamsModifier:task=null activity=ActivityRecord{f25341a u0 com.companyname.mauiapp3/crc64e73e5e987e2fb5cd.MainActivity t-1} display-id=0 task-display-area-windowing-mode=1 suggested-display-area=DefaultTaskDisplayArea_d0@44923678
02-25 11:58:48.220 1385 2084 D ActivityTaskManager: TaskLaunchParamsModifier:task=null activity=ActivityRecord{f25341a u0 com.companyname.mauiapp3/crc64e73e5e987e2fb5cd.MainActivity t-1} display-id=0 task-display-area-windowing-mode=1 suggested-display-area=DefaultTaskDisplayArea_d0@44923678 non-freeform-task-display-area display-area=DefaultTaskDisplayArea_d0@44923678 default-portrait freeform-size-mismatch=Rect(81, 569 - 999, 1773)
02-25 11:58:48.221 1385 2410 I SemDvfsHyPerManager: acquire hyper - AMS_APP_SWITCH/1385@20, type = -999
02-25 11:58:48.221 827 855 I HYPER-HAL: [RequestManager.cpp]acquire(): Acquired ID : 987735 [1385 / 20] HINT : AMS_ACT_SWITCH list :
02-25 11:58:48.222 827 855 I mtkpower_client: perf_lock_rel, hdl:1225, tid:855
02-25 11:58:48.222 1385 2410 D ActivityManagerPerformance: AMP_acquire() APP_SWITCH
02-25 11:58:48.222 827 855 I mtkpower_client: perf_lock_acq, hdl:0, dur:0, num:2, tid:855
02-25 11:58:48.222 3151 3151 I SemDvfsHyPerManager: acquire hyper - APP_START_SHORT/3151@14, type = -999
02-25 11:58:48.222 890 915 E BufferQueueDebug: [Task=4614#1208](this:0xea07a8b8,id:-1,api:0,p:-1,c:-1) id info cannot be read from 'Task=4614#1208'
02-25 11:58:48.223 890 915 I BufferQueueDebug: [Task=4614#1208](this:0xea07a8b8,id:-1,api:0,p:-1,c:-1) BufferQueue core=(890:/system/bin/surfaceflinger)
02-25 11:58:48.223 832 884 I libPowerHal: [perfLockRel] hdl:1225, idx:0
02-25 11:58:48.223 832 884 I libPowerHal: [PD] vendor.samsung. update cmd:300c000 param:0
02-25 11:58:48.223 890 915 I SurfaceFlinger: id=1208 createSurf, flag=24004, Task=4614#1208
02-25 11:58:48.224 827 855 I mtkpower_client: ret_hdl:1229
02-25 11:58:48.224 827 855 I mtkpower_client: perf_lock_rel, hdl:1226, tid:855
02-25 11:58:48.224 832 884 I libPowerHal: [perfLockAcq] idx:4 hdl:1229 hint:-1 pid:827 duration:0 lock_user:vendor.samsung. => ret_hdl:1229
02-25 11:58:48.224 832 884 I libPowerHal: [PE] vendor.samsung. update cmd:300c000, param:15
02-25 11:58:48.225 827 855 I mtkpower_client: perf_lock_acq, hdl:0, dur:0, num:2, tid:855
02-25 11:58:48.225 1385 2084 D ActivityTaskManager: TaskLaunchParamsModifier:task=Task{ed34b4b #4614 type=standard A=10405:com.companyname.mauiapp3} activity=ActivityRecord{f25341a u0 com.companyname.mauiapp3/crc64e73e5e987e2fb5cd.MainActivity t-1} display-from-task=0 display-id=0 task-display-area-windowing-mode=1 suggested-display-area=DefaultTaskDisplayArea_d0@44923678 inherit-from-task=fullscreen non-freeform-task-display-area display-area=DefaultTaskDisplayArea_d0@44923678 default-portrait freeform-size-mismatch=Rect(81, 569 - 999, 1773)
02-25 11:58:48.225 832 884 I libPowerHal: [perfLockRel] hdl:1226, idx:1
02-25 11:58:48.225 832 884 I libPowerHal: [PD] vendor.samsung. update cmd:1c3c000, param:1
02-25 11:58:48.225 1385 2084 V WindowManager: Collecting in transition 172: Task{ed34b4b #4614 type=standard A=10405:com.companyname.mauiapp3}, caller=com.android.server.wm.Transition.collect:759 com.android.server.wm.Transition.collectExistenceChange:942 com.android.server.wm.TransitionController.collectExistenceChange:985 com.android.server.wm.ActivityStarter.setNewTask:4727 com.android.server.wm.ActivityStarter.startActivityInner:2944
02-25 11:58:48.225 832 884 I libPowerHal: [PD] (less) /proc/mcdi/state set +prefix:enable 1;
02-25 11:58:48.226 827 855 I mtkpower_client: ret_hdl:1230
02-25 11:58:48.226 832 884 I libPowerHal: [perfLockAcq] idx:0 hdl:1230 hint:-1 pid:827 duration:0 lock_user:vendor.samsung. => ret_hdl:1230
02-25 11:58:48.226 1385 2084 D CompatibilityChangeReporter: Compat change id reported: 184838306; UID 10405; state: DISABLED
02-25 11:58:48.226 832 884 I libPowerHal: [PE] (less) /proc/mcdi/state set +prefix:enable 0;
02-25 11:58:48.226 827 855 I mtkpower_client: perf_lock_rel, hdl:1227, tid:855
02-25 11:58:48.226 1385 2084 D CompatibilityChangeReporter: Compat change id reported: 185004937; UID 10405; state: DISABLED
02-25 11:58:48.226 827 855 I mtkpower_client: perf_lock_acq, hdl:0, dur:0, num:2, tid:855
02-25 11:58:48.226 832 884 I libPowerHal: [perfLockRel] hdl:1227, idx:2
02-25 11:58:48.226 890 915 E BufferQueueDebug: [ActivityRecord{f25341a u0 com.companyname.mauiapp3/crc64e73e5e987e2fb5cd.MainActivity t4614}#1209](this:0xe9d078b8,id:-1,api:0,p:-1,c:-1) id info cannot be read from 'ActivityRecord{f25341a u0 com.companyname.mauiapp3/crc64e73e5e987e2fb5cd.MainActivity t4614}#1209'
02-25 11:58:48.226 890 915 I BufferQueueDebug: [ActivityRecord{f25341a u0 com.companyname.mauiapp3/crc64e73e5e987e2fb5cd.MainActivity t4614}#1209](this:0xe9d078b8,id:-1,api:0,p:-1,c:-1) BufferQueue core=(890:/system/bin/surfaceflinger)
02-25 11:58:48.226 832 884 I libPowerHal: vendor.samsung.: cpu_ctrl set cpu freq: -1 -1 -1 -1
02-25 11:58:48.226 890 915 I SurfaceFlinger: id=1209 createSurf, flag=84004, ActivityRecord{f25341a u0 com.companyname.mauiapp3/crc64e73e5e987e2fb5cd.MainActivity t4614}#1209
02-25 11:58:48.227 827 855 I mtkpower_client: ret_hdl:1231
02-25 11:58:48.227 827 855 I mtkpower_client: perf_lock_rel, hdl:1228, tid:855
02-25 11:58:48.227 832 884 I libPowerHal: [perfLockAcq] idx:1 hdl:1231 hint:-1 pid:827 duration:0 lock_user:vendor.samsung. => ret_hdl:1231
02-25 11:58:48.227 832 884 I libPowerHal: vendor.samsung.: cpu_ctrl set cpu freq: 1800000 -1 -1 -1
02-25 11:58:48.227 827 855 I mtkpower_client: perf_lock_acq, hdl:0, dur:0, num:2, tid:855
02-25 11:58:48.228 832 884 I libPowerHal: [perfLockRel] hdl:1228, idx:3
02-25 11:58:48.228 832 884 I libPowerHal: [PD] vendor.samsung. update cmd:1000000, param:-1
02-25 11:58:48.228 1385 2084 D ActivityTaskManager: scheduleTopResumedActivityChanged, onTop=false, r=ActivityRecord{40f671 u0 com.sec.android.app.launcher/.activities.LauncherActivity t4561}, caller=com.android.server.wm.ActivityTaskSupervisor.updateTopResumedActivityIfNeeded:2826 com.android.server.wm.TaskDisplayArea.positionChildTaskAt:567 com.android.server.wm.TaskDisplayArea.positionChildAt:483 com.android.server.wm.Task.moveToFront:6077 com.android.server.wm.ActivityStarter.startActivityInner:2972 com.android.server.wm.ActivityStarter.startActivityUnchecked:2379
02-25 11:58:48.228 832 884 I libPowerHal: [PD] vendor.samsung. update cmd:1000000 param:-1
02-25 11:58:48.228 827 855 I mtkpower_client: ret_hdl:1232
02-25 11:58:48.229 832 884 I libPowerHal: [perfLockAcq] idx:2 hdl:1232 hint:-1 pid:827 duration:0 lock_user:vendor.samsung. => ret_hdl:1232
02-25 11:58:48.229 832 884 I libPowerHal: [PE] vendor.samsung. update cmd:1000000, param:0
02-25 11:58:48.229 827 855 I HYPER-HAL: [RequestManager.cpp]acquire(): Acquired ID : 5010209 [3151 / 14] HINT : APP_START list : [TIMEOUT / 1500]
02-25 11:58:48.229 832 847 I mtkpower@impl: [setMode] type:5, enabled:1
02-25 11:58:48.229 832 884 I libPowerHal: [PE] vendor.samsung. update cmd:1000000 param:0
02-25 11:58:48.229 1385 2084 V WindowManager: Checking theme of starting window: 0x7f10013f
02-25 11:58:48.229 1385 2084 V WindowManager: Translucent=false Floating=false ShowWallpaper=false Disable=false
02-25 11:58:48.229 1385 2084 D CompatibilityChangeReporter: Compat change id reported: 205907456; UID 10405; state: ENABLED
02-25 11:58:48.230 1385 2084 V WindowManager: Creating SplashScreenStartingData
02-25 11:58:48.230 1385 2084 D ActivityTaskManager: Add starting ActivityRecord{f25341a u0 com.companyname.mauiapp3/crc64e73e5e987e2fb5cd.MainActivity t4614}: typeParam=139 startingData=com.android.server.wm.SplashScreenStartingData@f471641
02-25 11:58:48.230 1385 2084 V WindowManager: Added starting ActivityRecord{f25341a u0 com.companyname.mauiapp3/crc64e73e5e987e2fb5cd.MainActivity t4614}: startingWindow=null startingView=com.android.server.wm.StartingSurfaceController$StartingSurface@15277e6
02-25 11:58:48.231 817 872 I hwcomposer: [HWCDisplay] [Display_0 (type:1)] fps:0.390132,dur:2563.24,max:2563.24,min:2563.24
02-25 11:58:48.233 1385 2084 V WindowManager: Collecting in transition 172: ActivityRecord{f25341a u0 com.companyname.mauiapp3/crc64e73e5e987e2fb5cd.MainActivity t4614}, caller=com.android.server.wm.Transition.collect:759 com.android.server.wm.Transition.collectExistenceChange:942 com.android.server.wm.TransitionController.collectExistenceChange:985 com.android.server.wm.ActivityStarter.handleStartResult:2557 com.android.server.wm.ActivityStarter.startActivityUnchecked:2384
02-25 11:58:48.233 1385 2084 V WindowManager: Requesting StartTransition: TransitionRecord{fc312c5 id=172 type=OPEN flags=0x0}, caller=com.android.server.wm.ActivityStarter.handleStartResult:2591 com.android.server.wm.ActivityStarter.startActivityUnchecked:2384 com.android.server.wm.ActivityStarter.executeRequest:1953 com.android.server.wm.ActivityStarter.execute:1093 com.android.server.wm.ActivityTaskManagerService.startActivityAsUser:1985
02-25 11:58:48.234 1385 2084 D CompatibilityChangeReporter: Compat change id reported: 194833441; UID 10405; state: ENABLED
02-25 11:58:48.234 1385 2084 I ActivityTaskManager: START u0 {act=android.intent.action.MAIN cat=[android.intent.category.LAUNCHER] flg=0x10000000 cmp=com.companyname.mauiapp3/crc64e73e5e987e2fb5cd.MainActivity} with LAUNCH_SINGLE_TOP from uid 2000 (BAL_ALLOW_PERMISSION) result code=0
02-25 11:58:48.234 1385 2084 I Pageboost: stop alp
02-25 11:58:48.234 1385 2084 I SemDvfsHyPerManager: acquire hyper - AMS_APP_LAUNCH/1385@15, type = -999
02-25 11:58:48.234 1842 1979 V WindowManagerShell: Transition requested: android.os.BinderProxy@e4d2439 TransitionRequestInfo { type = OPEN, triggerTask = TaskInfo{userId=0 taskId=4614 displayId=0 isRunning=true baseIntent=Intent { act=android.intent.action.MAIN cat=[android.intent.category.LAUNCHER] flg=0x10000000 cmp=com.companyname.mauiapp3/crc64e73e5e987e2fb5cd.MainActivity } baseActivity=ComponentInfo{com.companyname.mauiapp3/crc64e73e5e987e2fb5cd.MainActivity} topActivity=ComponentInfo{com.companyname.mauiapp3/crc64e73e5e987e2fb5cd.MainActivity} origActivity=null realActivity=ComponentInfo{com.companyname.mauiapp3/crc64e73e5e987e2fb5cd.MainActivity} numActivities=1 lastActiveTime=86665218 supportsMultiWindow=true resizeMode=1 isResizeable=true minWidth=-1 minHeight=-1 maxWidth=-1 maxHeight=-1 defaultMinSize=220 token=WCT{android.window.IWindowContainerToken$Stub$Proxy@4f7fa7e} topActivityType=1 pictureInPictureParams=null shouldDockBigOverlays=false launchIntoPipHostTaskId=-1 lastParentTaskIdBeforePip=-1 displayCutoutSafeInsets=Rect(0, 65 - 0, 0) topActivityInfo=ActivityInfo{75c3bdf crc64e73e5e987e2fb5cd.MainActivity} launchCookies=[] positionInParent=Point(0, 0) parentTaskId=-1 isFocused=false isVisible=false isVisibleRequested=false isSleeping=false topActivityInSizeCompat=false topActivityEligibleForLetterboxEducation= false topActivityLetterboxed= false isFromDoubleTap= false topActivityLetterboxVerticalPosition= -1 topActivityLetterboxHorizontalPosition= -1 topActivityLetterboxWidth=-1 topActivityLetterboxHeight=-1 locusId=null displayAreaFeatureId=1 cameraCompatControlState=hidden originallySupportedMultiWindow=true hasWallpaper=false topActivityInFixedAspectRatio=false rootAffinity=10405:com.companyname.mauiapp3 topActivityInDisplayCompat=false topActivityInBoundsCompat=false topActivityBounds=null singleTapFromLetterbox=false isTopTaskInStage=false topActivityUiMode=17 CoverLauncherWidgetTask=false CoverScreenTask=false isAllowedSeamlessRotation=false isTopTransparentActivity=false hasPopOver=false}, remoteTransition = null, displayChange = null }
02-25 11:58:48.234 827 855 I HYPER-HAL: [RequestManager.cpp]acquire(): Acquired ID : 980715 [1385 / 15] HINT : AMS_APP_LAUNCH list :
02-25 11:58:48.235 827 855 I mtkpower_client: perf_lock_rel, hdl:1229, tid:855
02-25 11:58:48.235 827 855 I mtkpower_client: perf_lock_acq, hdl:0, dur:0, num:2, tid:855
02-25 11:58:48.235 1385 2258 V WindowManager: Starting Transition 172, caller=com.android.server.wm.WindowOrganizerController.startTransition:384 com.android.server.wm.WindowOrganizerController.startTransition:315 android.window.IWindowOrganizerController$Stub.onTransact:257
02-25 11:58:48.235 1385 2258 V Transition: allReady query: used=true, override=false, defer=0, states=Display{#0 state=ON size=1080x2408 ROTATION_0}:false
02-25 11:58:48.235 832 884 I libPowerHal: [perfLockRel] hdl:1229, idx:4
02-25 11:58:48.235 832 884 I libPowerHal: [PD] vendor.samsung. update cmd:300c000 param:0
02-25 11:58:48.235 3151 3151 I SemDvfsHyPerManager: acquire hyper - APP_START/3151@16, type = -999
02-25 11:58:48.236 827 855 I mtkpower_client: ret_hdl:1233
02-25 11:58:48.236 827 855 I mtkpower_client: perf_lock_rel, hdl:1230, tid:855
02-25 11:58:48.236 832 884 I libPowerHal: [perfLockAcq] idx:3 hdl:1233 hint:-1 pid:827 duration:0 lock_user:vendor.samsung. => ret_hdl:1233
02-25 11:58:48.236 832 884 I libPowerHal: [PE] vendor.samsung. update cmd:300c000, param:15
02-25 11:58:48.237 827 855 I mtkpower_client: perf_lock_acq, hdl:0, dur:0, num:2, tid:855
02-25 11:58:48.237 832 884 I libPowerHal: [perfLockRel] hdl:1230, idx:0
02-25 11:58:48.237 832 884 I libPowerHal: [PD] vendor.samsung. update cmd:1c3c000, param:1
02-25 11:58:48.237 832 884 I libPowerHal: [PD] (less) /proc/mcdi/state set +prefix:enable 1;
02-25 11:58:48.238 827 855 I mtkpower_client: ret_hdl:1234
02-25 11:58:48.238 827 855 I mtkpower_client: perf_lock_rel, hdl:1231, tid:855
02-25 11:58:48.238 832 884 I libPowerHal: [perfLockAcq] idx:0 hdl:1234 hint:-1 pid:827 duration:0 lock_user:vendor.samsung. => ret_hdl:1234
02-25 11:58:48.238 832 884 I libPowerHal: [PE] (less) /proc/mcdi/state set +prefix:enable 0;
02-25 11:58:48.238 827 855 I mtkpower_client: perf_lock_acq, hdl:0, dur:0, num:2, tid:855
02-25 11:58:48.238 832 884 I libPowerHal: [perfLockRel] hdl:1231, idx:1
02-25 11:58:48.238 832 884 I libPowerHal: vendor.samsung.: cpu_ctrl set cpu freq: -1 -1 -1 -1
02-25 11:58:48.239 2218 2218 I HoneySpace.BackgroundManagerImpl: capturedBlurView: pause(com.sec.android.app.launcher.Launcher@d9450b1, 227823793)
02-25 11:58:48.239 2218 2218 I HoneySpace.Launcher: !@Boot_EBS_D: Launcher.onPause()
02-25 11:58:48.239 2218 2218 I HoneySpace.Launcher: updateLauncherShowing true -> false
02-25 11:58:48.239 2218 8198 I HoneySpace.SPayHandler: updateSpayHandler launcher activity is paused false
02-25 11:58:48.240 827 855 I mtkpower_client: ret_hdl:1235
02-25 11:58:48.240 827 855 I mtkpower_client: perf_lock_rel, hdl:1232, tid:855
02-25 11:58:48.240 832 884 I libPowerHal: [perfLockAcq] idx:4 hdl:1235 hint:-1 pid:827 duration:0 lock_user:vendor.samsung. => ret_hdl:1235
02-25 11:58:48.240 890 915 D SurfaceFlinger: [SF client] NEW(0xea1f38e0) for (1842:com.android.systemui)
02-25 11:58:48.241 832 884 I libPowerHal: vendor.samsung.: cpu_ctrl set cpu freq: 1800000 -1 -1 -1
02-25 11:58:48.242 1385 1412 V WindowManager: Collecting in transition 172: ActivityRecord{f25341a u0 com.companyname.mauiapp3/crc64e73e5e987e2fb5cd.MainActivity t4614}, caller=com.android.server.wm.Transition.collect:759 com.android.server.wm.TransitionController.collect:935 com.android.server.wm.ActivityRecord.setVisibility:6348 com.android.server.wm.ActivityRecord.setVisibility:6300 com.android.server.wm.EnsureActivitiesVisibleHelper.makeVisibleAndRestartIfNeeded:337
02-25 11:58:48.242 1385 1412 V WindowManager: Collecting in transition 172: ActivityRecord{40f671 u0 com.sec.android.app.launcher/.activities.LauncherActivity t4561}, caller=com.android.server.wm.Transition.collect:759 com.android.server.wm.TransitionController.collect:935 com.android.server.wm.ActivityRecord.setVisibility:6348 com.android.server.wm.ActivityRecord.setVisibility:6300 com.android.server.wm.ActivityRecord.makeInvisible:7137
02-25 11:58:48.242 1385 1412 D WindowManager: prepareSync , mPrepareSyncSeqId=0, win=Window{660cc0 u0 com.sec.android.app.launcher/com.sec.android.app.launcher.activities.LauncherActivity}
02-25 11:58:48.242 1385 1412 V WindowManager: Collecting in transition 172: WallpaperWindowToken{e54c4b8 token=android.os.Binder@d762b1b}, caller=com.android.server.wm.Transition.collect:759 com.android.server.wm.Transition.collect:847 com.android.server.wm.Transition.collect:759 com.android.server.wm.TransitionController.collect:935 com.android.server.wm.ActivityRecord.setVisibility:6348
02-25 11:58:48.243 1385 1412 D WindowManager: VisibleRequested updated, r=ActivityRecord{40f671 u0 com.sec.android.app.launcher/.activities.LauncherActivity t4561}
02-25 11:58:48.244 827 855 I mtkpower_client: perf_lock_acq, hdl:0, dur:0, num:2, tid:855
02-25 11:58:48.245 2218 2374 I HoneySpace.TopTaskSource: onTaskMovedToFront : taskId = 4614
02-25 11:58:48.245 832 884 I libPowerHal: [perfLockRel] hdl:1232, idx:2
02-25 11:58:48.245 832 884 I libPowerHal: [PD] vendor.samsung. update cmd:1000000, param:-1
02-25 11:58:48.245 832 884 I libPowerHal: [PD] vendor.samsung. update cmd:1000000 param:-1
02-25 11:58:48.247 2218 2376 I HoneySpace.TopTaskUseCase: topTasks 4614 ComponentInfo{com.companyname.mauiapp3/crc64e73e5e987e2fb5cd.MainActivity}
02-25 11:58:48.247 890 890 I BpBinder: onLastStrongRef automatically unlinking death recipients:
02-25 11:58:48.248 1842 2047 D NativeCustomFrequencyManager: [NativeCFMS] BpCustomFrequencyManager::BpCustomFrequencyManager()
02-25 11:58:48.252 7751 7751 E adbd : failed to connect to socket 'tcp:8848': Connection refused
02-25 11:58:48.253 827 855 I mtkpower_client: ret_hdl:1236
02-25 11:58:48.253 827 855 I HYPER-HAL: [RequestManager.cpp]acquire(): Acquired ID : 5016544 [3151 / 16] HINT : APP_START list :
02-25 11:58:48.254 832 884 I libPowerHal: [perfLockAcq] idx:1 hdl:1236 hint:-1 pid:827 duration:0 lock_user:vendor.samsung. => ret_hdl:1236
02-25 11:58:48.254 832 884 I libPowerHal: [PE] vendor.samsung. update cmd:1000000, param:0
02-25 11:58:48.254 832 884 I libPowerHal: [PE] vendor.samsung. update cmd:1000000 param:0
02-25 11:58:48.255 1385 1418 D DisplayManagerService: Drop pending events for gone uid 10128
02-25 11:58:48.257 2160 2160 D HidDeviceService: handleMessage(): msg.what=8
02-25 11:58:48.259 1385 2258 D InputTransport: Input channel constructed: 'ce7d65d', fd=829
02-25 11:58:48.259 1385 2258 D InputTransport: Input channel constructed: 'ce7d65d', fd=979
02-25 11:58:48.260 1385 2258 D InputTransport: Input channel constructed: 'ce7d65d', fd=1009
02-25 11:58:48.260 1385 2258 D WindowManager: prepareSync , mPrepareSyncSeqId=0, win=Window{ce7d65d u0 Splash Screen com.companyname.mauiapp3}
02-25 11:58:48.260 890 915 E BufferQueueDebug: [ce7d65d Splash Screen com.companyname.mauiapp3#1210](this:0xe9e4c0b8,id:-1,api:0,p:-1,c:-1) id info cannot be read from 'ce7d65d Splash Screen com.companyname.mauiapp3#1210'
02-25 11:58:48.260 890 915 I BufferQueueDebug: [ce7d65d Splash Screen com.companyname.mauiapp3#1210](this:0xe9e4c0b8,id:-1,api:0,p:-1,c:-1) BufferQueue core=(890:/system/bin/surfaceflinger)
02-25 11:58:48.261 890 915 I SurfaceFlinger: id=1210 createSurf, flag=84004, ce7d65d Splash Screen com.companyname.mauiapp3#1210
02-25 11:58:48.261 1385 2258 V WindowManager: addWindow: ActivityRecord{f25341a u0 com.companyname.mauiapp3/crc64e73e5e987e2fb5cd.MainActivity t4614} startingWindow=Window{ce7d65d u0 Splash Screen com.companyname.mauiapp3}
02-25 11:58:48.262 1385 2258 V WindowManager: rotationForOrientation(orient=SCREEN_ORIENTATION_UNSPECIFIED (-1), last=ROTATION_0 (0)); user=ROTATION_0 (0) USER_ROTATION_LOCKED
02-25 11:58:48.262 1385 2258 D WindowManager: rotationForOrientation, orientationSource=ActivityRecord{f25341a u0 com.companyname.mauiapp3/crc64e73e5e987e2fb5cd.MainActivity t4614}
02-25 11:58:48.262 1385 2258 V WindowManager: rotationForOrientation(orient=SCREEN_ORIENTATION_UNSPECIFIED (-1), last=ROTATION_0 (0)); user=ROTATION_0 (0) USER_ROTATION_LOCKED
02-25 11:58:48.262 1385 2258 D WindowManager: rotationForOrientation, orientationSource=ActivityRecord{f25341a u0 com.companyname.mauiapp3/crc64e73e5e987e2fb5cd.MainActivity t4614}
02-25 11:58:48.262 1385 2258 V WindowManager: Computed rotation=ROTATION_0 (0) for display id=0 based on lastOrientation=SCREEN_ORIENTATION_UNSPECIFIED (-1) and oldRotation=ROTATION_0 (0), caller=com.android.server.wm.DisplayRotation.updateOrientation:517 com.android.server.wm.DisplayContent.updateOrientation:2176 com.android.server.wm.DisplayContent.updateOrientation:2066 com.android.server.wm.WindowManagerService.addWindow:2007 com.android.server.wm.Session.addToDisplayAsUser:240 android.view.IWindowSession$Stub.onTransact:702
02-25 11:58:48.262 1385 2258 D InputTransport: Input channel destroyed: 'ce7d65d', fd=1009
02-25 11:58:48.264 1842 2011 I InsetsController: onStateChanged: host=Splash Screen com.companyname.mauiapp3, from=android.view.ViewRootImpl.setView:1753, state=InsetsState: {mDisplayFrame=Rect(0, 0 - 1080, 2408), mDisplayCutout=DisplayCutout{insets=Rect(0, 65 - 0, 0) waterfall=Insets{left=0, top=0, right=0, bottom=0} boundingRect={Bounds=[Rect(0, 0 - 0, 0), Rect(454, 0 - 626, 65), Rect(0, 0 - 0, 0), Rect(0, 0 - 0, 0)]} cutoutPathParserInfo={CutoutPathParserInfo{displayWidth=1080 displayHeight=2408 physicalDisplayWidth=1080 physicalDisplayHeight=2408 density={2.8125} cutoutSpec={M 0,0 H -30.57777777777778 V 23.11111111111111 H 30.57777777777778 V 0 H 0 Z @dp} rotation={0} scale={1.0} physicalPixelDisplaySizeRatio={1.0}}}}, mRoundedCorners=RoundedCorners{[RoundedCorner{position=TopLeft, radius=0, center=Point(0, 0)}, RoundedCorner{position=TopRight, radius=0, center=Point(0, 0)}, RoundedCorner{position=BottomRight, radius=0, center=Point(0, 0)}, RoundedCorner{position=BottomLeft, radius=0, center=Point(0, 0)}]} mRoundedCornerFrame=Rect(0, 0 - 1080, 2408), mPrivacyIndicatorBounds=PrivacyIndicatorBounds {static bounds=Rect(956, 0 - 1080, 70) rotation=0}, mDisplayShape=DisplayShape{ spec=-311912193 displayWidth=1080 displayHeight=2408 physicalPixelDisplaySizeRatio=1.0 rotation=0 offsetX=0 offsetY=0 scale=1.0}, mSources= { InsetsSource: {b0520000 mType=statusBars mFrame=[0,0][1080,70] mVisible=true mFlags=[]}, InsetsSource: {b0520005 mType=mandatorySystemGestures mFrame=[0,0][1080,99] mVisible=true mFlags=[]}, InsetsSource: {b0520006 mType=tappableElement mFrame=[0,0][1080,70] mVisible=true mFlags=[]}, InsetsSource: {da7b0001 mType=navigationBars mFrame=[0,2273][1080,2408] mVisible=true mFlags=[]}, InsetsSource: {da7b0004 mType=systemGestures mFrame=[0,0][0,0] mVisible=true mFlags=[]}, InsetsSource: {da7b0005 mType=mandatorySystemGestures mFrame=[0,2273][1080,2408] mVisible=true mFlags=[]}, InsetsSource: {da7b0006 mType=tappableElement mFrame=[0,2273][1080,2408] mVisible=true mFlags=[]}, InsetsSource: {da7b0024 mType=systemGestures mFrame=[0,0][0,0] mVisible=true mFlags=[]}, InsetsSource: {3 mType=ime mFrame=[0,0][0,0] mVisible=false mFlags=[]}, InsetsSource: {27 mType=displayCutout mFrame=[0,0][1080,65] mVisible=true mFlags=[]} }
02-25 11:58:48.265 1842 2011 I ViewRootImpl@3d22171[mauiapp3]: synced displayState. AttachInfo displayState=2
02-25 11:58:48.265 1842 2011 I ViewRootImpl@3d22171[mauiapp3]: setView = android.widget.FrameLayout@c9663ad TM=true
02-25 11:58:48.265 1842 2047 D OpenGLRenderer: HWUI - treat SMPTE_170M as sRGB
02-25 11:58:48.265 1385 4838 D InputDispatcher: Focus left window (0): 660cc0 com.sec.android.app.launcher/com.sec.android.app.launcher.activities.LauncherActivity
02-25 11:58:48.267 2218 2218 I ViewRootImpl@9bc818d[LauncherActivity]: handleWindowFocusChanged: 0 0 call from android.view.ViewRootImpl.-$$Nest$mhandleWindowFocusChanged:0
02-25 11:58:48.267 2218 2218 I ImeFocusController: onPreWindowFocus: skipped, hasWindowFocus=false mHasImeFocus=true
02-25 11:58:48.267 2218 2218 I ImeFocusController: onPostWindowFocus: skipped, hasWindowFocus=false mHasImeFocus=true
02-25 11:58:48.268 1385 1420 D CompatibilityChangeReporter: Compat change id reported: 135634846; UID 10405; state: DISABLED
02-25 11:58:48.269 1385 1428 D CompatibilityChangeReporter: Compat change id reported: 143937733; UID 10405; state: ENABLED
02-25 11:58:48.269 986 3856 I CameraService: onUidStateChanged: uid=10047, procState is changed. (0 -> 1)
02-25 11:58:48.271 1385 1420 D SGM:FgCheckThread: notePauseComponent(), received pkgName: com.sec.android.app.launcher, userId: 0
02-25 11:58:48.273 2218 6396 I HoneySpace.RecentTasks: onRecentTasksChanged
02-25 11:58:48.273 2218 8199 I HoneySpace.RecentTasks: onRecentTasksChanged
02-25 11:58:48.274 1385 1412 D CoreBackPreview: Window{ce7d65d u0 Splash Screen com.companyname.mauiapp3}: Setting back callback OnBackInvokedCallbackInfo{mCallback=android.window.IOnBackInvokedCallback$Stub$Proxy@9412dfc, mPriority=0, mIsAnimationCallback=false}
02-25 11:58:48.274 1385 4838 V WindowManager: Relayout Window{ce7d65d u0 Splash Screen com.companyname.mauiapp3}: viewVisibility=0 req=1080x2408 ty=3 d0
02-25 11:58:48.274 1385 1733 D SemWifiTransportLayerMonitor.TcpMonitorHandler: MSG_SAVE_PACKAGE_INFO
02-25 11:58:48.274 1385 1733 D SemWifiTransportLayerFileManager: saveWifiPackageInfoToFile
02-25 11:58:48.274 1385 1733 D SemWifiTransportLayerFileManager: writeWifiPackageInfoList
02-25 11:58:48.274 1385 4838 D RestrictionPolicy: isScreenCaptureEnabled : ret=true userId=0
02-25 11:58:48.275 890 915 E BufferQueueDebug: [Splash Screen com.companyname.mauiapp3$_1842#1211](this:0xe9de90b8,id:-1,api:0,p:-1,c:-1) id info cannot be read from 'Splash Screen com.companyname.mauiapp3$_1842#1211'
02-25 11:58:48.275 890 915 I BufferQueueDebug: [Splash Screen com.companyname.mauiapp3$_1842#1211](this:0xe9de90b8,id:-1,api:0,p:-1,c:-1) BufferQueue core=(890:/system/bin/surfaceflinger)
02-25 11:58:48.275 890 915 I SurfaceFlinger: id=1211 createSurf, flag=44004, Splash Screen com.companyname.mauiapp3$_1842#1211
02-25 11:58:48.276 1385 4838 D WindowManager: makeSurface duration=1 name=Splash Screen com.companyname.mauiapp3$_1842
02-25 11:58:48.279 804 804 D Zygote : Forked child process 8320
02-25 11:58:48.279 1385 4838 V WindowManager: Changing focus from Window{660cc0 u0 com.sec.android.app.launcher/com.sec.android.app.launcher.activities.LauncherActivity} to null displayId=0 Callers=com.android.server.wm.RootWindowContainer.updateFocusedWindowLocked:578 com.android.server.wm.WindowManagerService.updateFocusedWindowLocked:6881 com.android.server.wm.WindowManagerService.relayoutWindow:2755 com.android.server.wm.Session.relayout:282
02-25 11:58:48.280 1385 1428 I ActivityManager: Start proc 8320:com.companyname.mauiapp3/u0a405 for next-top-activity {com.companyname.mauiapp3/crc64e73e5e987e2fb5cd.MainActivity}
02-25 11:58:48.280 1385 4838 V WindowManager: rotationForOrientation(orient=SCREEN_ORIENTATION_UNSPECIFIED (-1), last=ROTATION_0 (0)); user=ROTATION_0 (0) USER_ROTATION_LOCKED
02-25 11:58:48.280 1385 1428 D DynamicHiddenApp_BGProtectManager: [SecIpm] it's a ML_TYPE_EMPTYPROCESS protected process com.companyname.mauiapp3
02-25 11:58:48.280 1385 4838 D WindowManager: rotationForOrientation, orientationSource=ActivityRecord{f25341a u0 com.companyname.mauiapp3/crc64e73e5e987e2fb5cd.MainActivity t4614}
02-25 11:58:48.281 1385 4838 V WindowManager: Relayout hash=ce7d65d, pid=1842, syncId=-1: mAttrs={(0,0)(fillxfill) sim={adjust=pan} ty=APPLICATION_STARTING fmt=TRANSLUCENT wanim=0x1030303
02-25 11:58:48.281 1385 4838 V WindowManager: fl=81030118
02-25 11:58:48.281 1385 4838 V WindowManager: pfl=16000010
02-25 11:58:48.281 1385 4838 V WindowManager: bhv=DEFAULT
02-25 11:58:48.281 1385 4838 V WindowManager: fitSides= naviIconColor=0}
02-25 11:58:48.283 1842 2011 D BufferQueueConsumer: [](id:73200000046,api:0,p:-1,c:1842) connect: controlledByApp=false
02-25 11:58:48.283 1842 2011 I BLASTBufferQueue_Java: new BLASTBufferQueue, mName= ViewRootImpl@3d22171[mauiapp3] mNativeObject= 0xe13b02c0 sc.mNativeObject= 0xb1f5f820 caller= android.view.ViewRootImpl.updateBlastSurfaceIfNeeded:3028 android.view.ViewRootImpl.relayoutWindow:10131 android.view.ViewRootImpl.performTraversals:4110 android.view.ViewRootImpl.doTraversal:3288 android.view.ViewRootImpl$TraversalRunnable.run:11344 android.view.Choreographer$CallbackRecord.run:1689 android.view.Choreographer$CallbackRecord.run:1698 android.view.Choreographer.doCallbacks:1153 android.view.Choreographer.doFrame:1079 android.view.Choreographer$FrameDisplayEventReceiver.run:1646
02-25 11:58:48.283 1842 2011 I BLASTBufferQueue_Java: update, w= 1080 h= 2408 mName = ViewRootImpl@3d22171[mauiapp3] mNativeObject= 0xe13b02c0 sc.mNativeObject= 0xb1f5f820 format= -3 caller= android.graphics.BLASTBufferQueue.:89 android.view.ViewRootImpl.updateBlastSurfaceIfNeeded:3028 android.view.ViewRootImpl.relayoutWindow:10131 android.view.ViewRootImpl.performTraversals:4110 android.view.ViewRootImpl.doTraversal:3288 android.view.ViewRootImpl$TraversalRunnable.run:11344
02-25 11:58:48.284 1842 2011 I ViewRootImpl@3d22171[mauiapp3]: Relayout returned: old=(0,0,1080,2408) new=(0,0,1080,2408) relayoutAsync=false req=(1080,2408)0 dur=9 res=0x403 s={true 0xc79ff000} ch=true seqId=0
02-25 11:58:48.284 1842 2011 D ViewRootImpl@3d22171[mauiapp3]: mThreadedRenderer.initialize() mSurface={isValid=true 0xc79ff000} hwInitialized=true
02-25 11:58:48.285 1842 2011 D ViewRootImpl@3d22171[mauiapp3]: reportNextDraw android.view.ViewRootImpl.performTraversals:4718 android.view.ViewRootImpl.doTraversal:3288 android.view.ViewRootImpl$TraversalRunnable.run:11344 android.view.Choreographer$CallbackRecord.run:1689 android.view.Choreographer$CallbackRecord.run:1698
02-25 11:58:48.285 1842 2011 I ViewRootImpl@3d22171[mauiapp3]: Setup new sync=wmsSync-ViewRootImpl@3d22171[mauiapp3]#22
02-25 11:58:48.285 1842 2011 I ViewRootImpl@3d22171[mauiapp3]: Creating new active sync group ViewRootImpl@3d22171[mauiapp3]#23
02-25 11:58:48.286 1842 2011 I ViewRootImpl@3d22171[mauiapp3]: registerCallbacksForSync syncBuffer=false
02-25 11:58:48.288 1842 2586 I ViewRootImpl@3d22171[mauiapp3]: Received frameDrawingCallback syncResult=0 frameNum=1.
02-25 11:58:48.288 1842 2586 I ViewRootImpl@3d22171[mauiapp3]: mWNT: t=0xade7dbc0 mBlastBufferQueue=0xe13b02c0 fn= 1 mRenderHdrSdrRatio=1.0 caller= android.view.ViewRootImpl$8.onFrameDraw:13841 android.view.ThreadedRenderer$1.onFrameDraw:792
02-25 11:58:48.288 1842 2586 I ViewRootImpl@3d22171[mauiapp3]: Setting up sync and frameCommitCallback
02-25 11:58:48.296 1842 2047 D BLASTBufferQueue: [ViewRootImpl@3d22171[mauiapp3]#70](f:0,a:0) onFrameAvailable the first frame is available
02-25 11:58:48.297 1842 2047 D BLASTBufferQueue: [ViewRootImpl@3d22171[mauiapp3]#70](f:0,a:1) acquireNextBufferLocked size=1080x2408 mFrameNumber=1 applyTransaction=true mTimestamp=78604211253300(auto) mPendingTransactions.size=0 graphicBufferId=7911329759939 transform=0
02-25 11:58:48.298 1842 2047 I ViewRootImpl@3d22171[mauiapp3]: Received frameCommittedCallback lastAttemptedDrawFrameNum=1 didProduceBuffer=true
02-25 11:58:48.299 1842 2047 D OpenGLRenderer: CFMS:: SetUp Pid : 1842 Tid : 2047
02-25 11:58:48.299 1842 2011 I ViewRootImpl@3d22171[mauiapp3]: reportDrawFinished seqId=0
02-25 11:58:48.300 1385 2084 D WindowManager: finishDrawingWindow: Window{ce7d65d u0 Splash Screen com.companyname.mauiapp3} mDrawState=DRAW_PENDING seqId=0
02-25 11:58:48.301 1385 2084 V WindowManager: Finishing drawing window Window{ce7d65d u0 Splash Screen com.companyname.mauiapp3}: mDrawState=DRAW_PENDING
02-25 11:58:48.301 1385 2084 V WindowManager: Draw state now committed in Window{ce7d65d u0 Splash Screen com.companyname.mauiapp3}
02-25 11:58:48.302 2160 2160 D HidDeviceService: handleMessage(): msg.what=8
02-25 11:58:48.302 1385 1526 D CompatibilityChangeReporter: Compat change id reported: 265195908; UID 10405; state: ENABLED
02-25 11:58:48.303 1385 1421 V Transition: allReady query: used=true, override=false, defer=0, states=Display{#0 state=ON size=1080x2408 ROTATION_0}:true
02-25 11:58:48.304 1385 1421 V WindowManager: SyncGroup 172: Finished!
02-25 11:58:48.304 1385 1421 V WindowManager: performShowLocked: mDrawState=HAS_DRAWN in Window{ce7d65d u0 Splash Screen com.companyname.mauiapp3}
02-25 11:58:48.305 1385 1421 D ChangeTransitionController: onTransactionReady: TransitionRecord{fc312c5 id=172 type=OPEN flags=0x0}
02-25 11:58:48.305 1385 1421 V WindowManager: Start calculating TransitionInfo based on participants: {ActivityRecord{40f671 u0 com.sec.android.app.launcher/.activities.LauncherActivity t4561}, WallpaperWindowToken{e54c4b8 token=android.os.Binder@d762b1b}, Task{ed34b4b #4614 type=standard A=10405:com.companyname.mauiapp3}, ActivityRecord{f25341a u0 com.companyname.mauiapp3/crc64e73e5e987e2fb5cd.MainActivity t4614}}
02-25 11:58:48.305 1385 1421 V WindowManager: Final targets: [Task{ed34b4b #4614 type=standard A=10405:com.companyname.mauiapp3}, Task{ae3a6ef #1 type=home}]
