02-25 11:58:48.720 1385 2084 V WindowManager: pfl=1e008040
02-25 11:58:48.720 1385 2084 V WindowManager: bhv=SHOW_TRANSIENT_BARS_BY_SWIPE
02-25 11:58:48.720 1385 2084 V WindowManager: fitSides= naviIconColor=0}
02-25 11:58:48.723 2218 2218 I ViewRootImpl@9bc818d[LauncherActivity]: Relayout returned: old=(0,0,1080,2408) new=(0,0,1080,2408) relayoutAsync=false req=(1080,2408)8 dur=8 res=0x402 s={false 0x0} ch=true seqId=0
02-25 11:58:48.725 890 890 I BufferQueueDebug: [Transition Root: Task=4614#1212](this:0xe8e590b8,id:-1,api:0,p:-1,c:890) onDestructor()
02-25 11:58:48.725 890 890 I Layer : id=1212 Destroyed Transition Root: Task=4614#1212
02-25 11:58:48.731 1842 2047 I gralloc4: @set_metadata: update dataspace from GM (0x00000000 -> 0x08010000)
02-25 11:58:48.758 8320 8320 D nativeloader: Configuring clns-4 for other apk /data/app/~~3yfPzEoCZ2wSfLep3-w0jg==/com.companyname.mauiapp3-ALrbfwtu1T-qdPwQ3rJyew==/base.apk. target_sdk_version=35, uses_libraries=, library_path=/data/app/~~3yfPzEoCZ2wSfLep3-w0jg==/com.companyname.mauiapp3-ALrbfwtu1T-qdPwQ3rJyew==/lib/arm:/data/app/~~3yfPzEoCZ2wSfLep3-w0jg==/com.companyname.mauiapp3-ALrbfwtu1T-qdPwQ3rJyew==/base.apk!/lib/armeabi-v7a, permitted_path=/data:/mnt/expand:/data/user/0/com.companyname.mauiapp3
02-25 11:58:48.760 7751 7751 E adbd : failed to connect to socket 'tcp:8848': Connection refused
02-25 11:58:48.770 8320 8320 D nativeloader: Load libframework-connectivity-jni.so using APEX ns com_android_tethering for caller /apex/com.android.tethering/javalib/framework-connectivity.jar: ok
02-25 11:58:48.773 1385 2084 D VpnManagerService: Exception: java.lang.NullPointerException: Attempt to invoke interface method 'int com.samsung.android.knox.zt.networktrust.filter.IKnoxNetworkFilterService.getKnoxNwFilterHttpProxyPort(int, java.lang.String)' on a null object reference
02-25 11:58:48.773 1385 2084 D VpnManagerService: at com.android.server.VpnManagerService.getKnoxNwFilterHttpProxyPort(VpnManagerService.java:1945)
02-25 11:58:48.773 1385 2084 D VpnManagerService: at android.net.IVpnManager$Stub.onTransact(IVpnManager.java:1075)
02-25 11:58:48.773 1385 2084 D VpnManagerService: at android.os.Binder.execTransactInternal(Binder.java:1375)
02-25 11:58:48.773 1385 2084 D VpnManagerService: at android.os.Binder.execTransact(Binder.java:1311)
02-25 11:58:48.776 8320 8320 V GraphicsEnvironment: Currently set values for:
02-25 11:58:48.776 8320 8320 V GraphicsEnvironment: angle_gl_driver_selection_pkgs=[]
02-25 11:58:48.776 8320 8320 V GraphicsEnvironment: angle_gl_driver_selection_values=[]
02-25 11:58:48.777 8320 8320 V GraphicsEnvironment: ANGLE GameManagerService for com.companyname.mauiapp3: false
02-25 11:58:48.777 8320 8320 V GraphicsEnvironment: com.companyname.mauiapp3 is not listed in per-application setting
02-25 11:58:48.777 8320 8320 V GraphicsEnvironment: Neither updatable production driver nor prerelease driver is supported.
02-25 11:58:48.823 2218 2251 I id.app.launcher: NativeAlloc concurrent copying GC freed 2788KB AllocSpace bytes, 3(836KB) LOS objects, 49% free, 8890KB/17MB, paused 161us,59us total 101.320ms
02-25 11:58:48.846 21306 21332 V CpEventLog(u0): cp_state: [ contacts = {contacts=2, raw_contacts=2, data=4, account={secphone(1)=0, google(2)=0, sim(3)=0, sim2(4)=2, agg(5)=0, duo(8)=0}, trash=0, trash_acc={}, trash_sync=0, database=contacts2.db} ]
02-25 11:58:48.846 21306 21332 V CpEventLog(u0): cp_state: [ aggregated = {[4]=2} ]
02-25 11:58:48.846 21306 21332 V CpEventLog(u0): cp_state: [ request = {ALL(0)={avg=4, cnt=13, dur=58, ops={query=13}}, system(1385)={avg=4, cnt=9, dur=39, ops={query=9}}, contacts(7570)={avg=4, cnt=4, dur=19, ops={query=4}}} ]
02-25 11:58:48.846 21306 21332 V CpEventLog(u0): cp_state: [ calls = {types={[1000]=1}, database=calllog.db} ]
02-25 11:58:48.846 21306 21332 V CpEventLog(u0): cp_state: [ profile = {contacts=0, raw_contacts=0, data=0, account={secphone(1)=0, google(2)=0, sim(3)=0, sim2(4)=0, agg(5)=0, duo(8)=0}, trash=0, trash_acc={}, trash_sync=0, database=profile.db} ]
02-25 11:58:48.846 21306 21332 V CpEventLog(u0): cp_state: [ sa_profile = {contacts=1, raw_contacts=1, data=1, account={secphone(1)=1, google(2)=0, sim(3)=0, sim2(4)=0, agg(5)=0, duo(8)=0}, trash=0, trash_acc={}, trash_sync=0, database=profile_sa.db} ]
02-25 11:58:48.846 21306 21332 V CpEventLog(u0): cp_state: [ etc = {binders=0, country_iso=GB, version=15.0.65, db_version=1708, csc=/BTE} ]
02-25 11:58:48.846 21306 21332 V CpEventLog(u0): cp_state: ------------------------------------------------------------------------------
02-25 11:58:48.870 1385 2084 D CompatibilityChangeReporter: Compat change id reported: 161145287; UID 10405; state: ENABLED
02-25 11:58:48.895 8320 8320 D nativeloader: Load /data/app/~~3yfPzEoCZ2wSfLep3-w0jg==/com.companyname.mauiapp3-ALrbfwtu1T-qdPwQ3rJyew==/lib/arm/libmonosgen-2.0.so using ns clns-4 from class loader (caller=/data/app/~~3yfPzEoCZ2wSfLep3-w0jg==/com.companyname.mauiapp3-ALrbfwtu1T-qdPwQ3rJyew==/base.apk!classes2.dex): ok
02-25 11:58:48.896 8320 8320 D nativeloader: Load /data/app/~~3yfPzEoCZ2wSfLep3-w0jg==/com.companyname.mauiapp3-ALrbfwtu1T-qdPwQ3rJyew==/lib/arm/libxamarin-app.so using ns clns-4 from class loader (caller=/data/app/~~3yfPzEoCZ2wSfLep3-w0jg==/com.companyname.mauiapp3-ALrbfwtu1T-qdPwQ3rJyew==/base.apk!classes2.dex): ok
02-25 11:58:48.897 8320 8320 D nativeloader: Load /data/app/~~3yfPzEoCZ2wSfLep3-w0jg==/com.companyname.mauiapp3-ALrbfwtu1T-qdPwQ3rJyew==/lib/arm/libSystem.Security.Cryptography.Native.Android.so using ns clns-4 from class loader (caller=/data/app/~~3yfPzEoCZ2wSfLep3-w0jg==/com.companyname.mauiapp3-ALrbfwtu1T-qdPwQ3rJyew==/base.apk!classes2.dex): ok
02-25 11:58:48.898 8320 8320 D DOTNET : AndroidCryptoNative_InitLibraryOnLoad: jint AndroidCryptoNative_InitLibraryOnLoad(JavaVM *, void *) in /__w/1/s/src/native/libs/System.Security.Cryptography.Native.Android/pal_jni.c
02-25 11:58:48.898 8320 8320 D DOTNET : GetOptionalClassGRef: optional class com/android/org/conscrypt/OpenSSLEngineImpl was not found
02-25 11:58:48.902 8320 8320 D nativeloader: Load /data/app/~~3yfPzEoCZ2wSfLep3-w0jg==/com.companyname.mauiapp3-ALrbfwtu1T-qdPwQ3rJyew==/lib/arm/libmonodroid.so using ns clns-4 from class loader (caller=/data/app/~~3yfPzEoCZ2wSfLep3-w0jg==/com.companyname.mauiapp3-ALrbfwtu1T-qdPwQ3rJyew==/base.apk!classes2.dex): ok
02-25 11:58:48.904 8320 8320 W monodroid: Failed to create directory '/data/user/0/com.companyname.mauiapp3/files/.__override__/armeabi-v7a'. File exists
02-25 11:58:48.904 8320 8320 W monodroid: Creating public update directory: `/data/user/0/com.companyname.mauiapp3/files/.__override__/armeabi-v7a`
02-25 11:58:48.905 8320 8320 W nyname.mauiapp3: Attempt to remove non-JNI local reference
02-25 11:58:48.905 8320 8320 W monodroid-debug: Trying to initialize the debugger with options: --debugger-agent=transport=dt_socket,loglevel=0,address=127.0.0.1:8848,server=y,embedding=1,timeout=3
02-25 11:58:48.919 8320 8320 E mono : debugger-agent: Timed out waiting to connect.
02-25 11:58:48.945 8320 8320 W RefBase : RefBase: Explicit destruction, weak count = 0 (in 0xe58b28bc). Use sp<> to manage this object.
02-25 11:58:48.993 818 852 E BatteryDump: !@new_battery_dump : 4304,0,1500,1724,100,245,245,240,0,0,263,0,0,Full,NO_CHARGING,None,Good,PDIC,0,Normal,0,0,13800,0x0,0x10000,0x0,0,0,0000,0000,00000000,0,0,0,0,17,4297,9990,990,0,
02-25 11:58:48.994 818 818 I android.hardware.health@2.1-service-samsung: updateLrpSysfs: write: 264
02-25 11:58:48.995 1385 1572 D BatteryService: Sending ACTION_BATTERY_CHANGED: level:100, status:5, health:2, remain:0, ac:true, usb:false, wireless:false, pogo:false, misc:0x10000, charge_type:1, charger_type:0, voltage:4304, temperature:245, online:19, charging_status:0, cycle_count:0, current_avg:0, ps:false, hvc:false, capacity:280000, current_event:0x0, current_now:0, mcc:0, mcv:0, cc:5000000, present:true, scale:100, technology:Li-ion
02-25 11:58:48.997 1385 1755 I DeviceBatteryInfoService: action: android.intent.action.BATTERY_CHANGED
02-25 11:58:48.997 1385 1755 I DeviceBatteryInfoService: phone battery level: 100
02-25 11:58:48.997 1385 1755 I DeviceBatteryInfoService: phone battery status: 5
02-25 11:58:48.999 1385 1615 D MotionRecognitionService: [SAR] onReceive : ACTION_BATTERY_CHANGED, Plugged: 1
02-25 11:58:49.000 1802 1802 D SemBigDataInfoController: Intent: android.intent.action.BATTERY_CHANGED
02-25 11:58:49.001 1802 1802 D SemBigDataInfoController: Intent: android.intent.action.BATTERY_CHANGED
02-25 11:58:49.002 1842 1842 I AODBatteryManager: updateBatteryData: ACTION_BATTERY_CHANGED
02-25 11:58:49.002 1842 1842 I AODBatteryManager: getChargeEstimateTime: not charging
02-25 11:58:49.002 1842 1842 I AODBatteryManager: saveBatteryData : AOD BatteryData [mBatteryLevel=100, mBatteryStatus=FULL, mBatteryPlugType=AC, mBatteryPlugged=true, mRemainingChargeTime=0, mBatteryChargingType=0, mBatteryChargerType=NORMAL, mBatteryOnline=NOT_DEFINED, mBatterySwellingMode=NONE, mBatteryProtectMode=false, mBatteryProtectModeType=0, mSleepChargingEvent=null, mSleepChargingEventFinishTime=null]
02-25 11:58:49.002 1842 1842 I PowerUI : mBootCompleted = true | mFullyConnected = true
02-25 11:58:49.002 1842 1842 I PowerUI : BATTERY_HEALTH_CHECK extraHealth=2 mBatteryMiscEvent=65536
02-25 11:58:49.002 1842 1842 I PowerUI : dismissAdaptiveProtectionNotification
02-25 11:58:49.002 1842 1842 D SecPowerUI.Notification: SecBatteryStatsSnapshot{batteryLevel=100, currentBatteryMode=0, chargingTime=0, chargingType=0, batteryHealth=2, automaticTestMode=false, isHiccupState=false, optChargingFinishTime=}
02-25 11:58:49.003 1385 2084 D KNOX_MDM_SettingsProvider: isChangeAllowed() : name = key_sleep_charging
02-25 11:58:49.003 1385 2084 D KNOX_MDM_SettingsProvider: edmUri: content://com.sec.knox.provider/RestrictionPolicy3
02-25 11:58:49.003 1385 2084 D KNOX_MDM_SettingsProvider: projectionArgs: isSettingsChangesAllowed
02-25 11:58:49.003 1385 2084 D KNOX_MDM_SettingsProvider: selectionArgs: false
02-25 11:58:49.003 1385 2084 D KNOX_MDM_SettingsProvider: selectionArgs: 10047
02-25 11:58:49.003 1385 2084 D SecContentProvider: query(), uri = 17 selection = isSettingsChangesAllowed
02-25 11:58:49.003 1385 2084 D SecContentProvider: called from android.uid.systemui:10047
02-25 11:58:49.003 1385 2084 D RestrictionPolicy: isSettingsChangesAllowedAsUser, userId 0 : true
02-25 11:58:49.003 1385 2084 D KNOX_MDM_SettingsProvider: ret = 1
02-25 11:58:49.004 1842 1842 W PowerUI : Plug reason
02-25 11:58:49.004 1842 1842 W PowerUI : Skip charging animation - by plug status
02-25 11:58:49.004 1842 1842 D PowerUI : priorPlugType = 1 mPlugType = 1 priorBatteryStatus = 5 mBatteryStatus = 5
02-25 11:58:49.004 1842 5521 D SecPowerUI.Notification: dismissing low battery warning: level=100
02-25 11:58:49.004 1842 1842 W PowerUI : Plug reason
02-25 11:58:49.004 1842 5521 D SecPowerUI.Notification: updateNotification mWarning=false mPlaySound=false
02-25 11:58:49.004 1842 1842 W PowerUI : Skip charging sound - by plug status
02-25 11:58:49.004 1842 1842 I PowerUI : oldMisalign : false, curMisalign : false
02-25 11:58:49.004 1842 5521 D SecPowerUI.Notification: SecBatteryStatsSnapshot{batteryLevel=100, currentBatteryMode=0, chargingTime=0, chargingType=0, batteryHealth=2, automaticTestMode=false, isHiccupState=false, optChargingFinishTime=}
02-25 11:58:49.004 1842 1842 D SecPowerUI.Notification: dismissSlowByChargerConnectionInfoPopUp()
02-25 11:58:49.004 1842 1842 D SecPowerUI.Notification: dismissChargingNotification()
02-25 11:58:49.004 1842 1842 D SecPowerUI.Notification: SecBatteryStatsSnapshot{batteryLevel=100, currentBatteryMode=0, chargingTime=0, chargingType=0, batteryHealth=2, automaticTestMode=false, isHiccupState=false, optChargingFinishTime=}
02-25 11:58:49.004 1842 1842 D PowerUI : Battery swelling mode - priorBatterySwellingMode = 0 mBatterySwellingMode = 0 mBatteryStatus = 5
02-25 11:58:49.004 1842 1842 I PowerUI : mBatteryMiscEvent = 65536
02-25 11:58:49.004 1842 5521 D SecPowerUI.Notification: 1. restoreScreenTimeOut - saved_value : :
02-25 11:58:49.004 1842 5521 E SecPowerUI.Notification: no saved value, so we do nothing !!
02-25 11:58:49.004 1842 1842 I PowerUI : checkBatteryProtectionNotification : 5, pb value : 0, plugType : 1, level : 100
02-25 11:58:49.004 1842 1842 D SecPowerUI.Notification: SecBatteryStatsSnapshot{batteryLevel=100, currentBatteryMode=0, chargingTime=0, chargingType=0, batteryHealth=2, automaticTestMode=false, isHiccupState=false, optChargingFinishTime=}
02-25 11:58:49.005 1842 1842 D SamsungBatteryMeterDrawable: onBatteryLevelChanged isSomethingChanged: false
02-25 11:58:49.005 1842 1842 D SamsungBatteryMeterDrawable: onBatteryLevelChanged isSomethingChanged: false
02-25 11:58:49.005 1842 1842 D SamsungBatteryMeterDrawable: onBatteryLevelChanged isSomethingChanged: false
02-25 11:58:49.005 1842 1842 D KeyguardUpdateMonitor: handleBatteryUpdate
02-25 11:58:49.006 7734 7734 I [SCPMV2][SystemMonitorReceiver]: onReceive: android.intent.action.BATTERY_CHANGED
02-25 11:58:49.087 8320 8320 D RefBase : #00 pc 0000b1af /system/lib/libutils.so (android::RefBase::~RefBase()+106) (BuildId: 3a5e8e87595bdc03e4e7d198dce7883e)
02-25 11:58:49.087 8320 8320 D RefBase : #01 pc 000afced /apex/com.android.runtime/lib/bionic/libc.so (__cxa_finalize+96) (BuildId: ac29b057fca6aa7ac9a9161d7c6d401f)
02-25 11:58:49.087 8320 8320 D RefBase : #02 pc 000a5bdd /apex/com.android.runtime/lib/bionic/libc.so (exit+10) (BuildId: ac29b057fca6aa7ac9a9161d7c6d401f)
02-25 11:58:49.087 8320 8320 D RefBase : #03 pc 00016bf1 /data/app/~~3yfPzEoCZ2wSfLep3-w0jg==/com.companyname.mauiapp3-ALrbfwtu1T-qdPwQ3rJyew==/lib/arm/libmono-component-debugger.so (BuildId: eb12a3bfa55a6f1401f5eef5e056e8369c4fd99e)
02-25 11:58:49.087 8320 8320 D RefBase : #04 pc 0000ae45 /data/app/~~3yfPzEoCZ2wSfLep3-w0jg==/com.companyname.mauiapp3-ALrbfwtu1T-qdPwQ3rJyew==/lib/arm/libmono-component-debugger.so (BuildId: eb12a3bfa55a6f1401f5eef5e056e8369c4fd99e)
02-25 11:58:49.087 8320 8320 D RefBase : #05 pc 00079e05 /data/app/~~3yfPzEoCZ2wSfLep3-w0jg==/com.companyname.mauiapp3-ALrbfwtu1T-qdPwQ3rJyew==/lib/arm/libmonosgen-2.0.so (BuildId: 15bceab9be34c1880d9c8d9ce2dac856c2b05fef)
02-25 11:58:49.087 8320 8320 D RefBase : #06 pc 000bb28d /data/app/~~3yfPzEoCZ2wSfLep3-w0jg==/com.companyname.mauiapp3-ALrbfwtu1T-qdPwQ3rJyew==/lib/arm/libmonosgen-2.0.so (mono_jit_init_version+6) (BuildId: 15bceab9be34c1880d9c8d9ce2dac856c2b05fef)
02-25 11:58:49.087 8320 8320 D RefBase : #07 pc 000213b1 /data/app/~~3yfPzEoCZ2wSfLep3-w0jg==/com.companyname.mauiapp3-ALrbfwtu1T-qdPwQ3rJyew==/lib/arm/libmonodroid.so (xamarin::android::internal::MonodroidRuntime::create_domain(_JNIEnv*, xamarin::android::jstring_array_wrapper&, bool, bool)+132) (BuildId: 57347e182a7644428dd7b8c2e9a696cd4626487a)
02-25 11:58:49.087 8320 8320 D RefBase : #08 pc 0002452f /data/app/~~3yfPzEoCZ2wSfLep3-w0jg==/com.companyname.mauiapp3-ALrbfwtu1T-qdPwQ3rJyew==/lib/arm/libmonodroid.so (xamarin::android::internal::MonodroidRuntime::create_and_initialize_domain(_JNIEnv*, _jclass*, xamarin::android::jstring_array_wrapper&, xamarin::android::jstring_array_wrapper&, _jobjectArray*, xamarin::android::jstring_array_wrapper&, _jobject*, bool, bool, bool)+26) (BuildId: 57347e182a7644428dd7b8c2e9a696cd4626487a)
02-25 11:58:49.087 8320 8320 D RefBase : #09 pc 0002d343 /data/app/~~3yfPzEoCZ2wSfLep3-w0jg==/com.companyname.mauiapp3-ALrbfwtu1T-qdPwQ3rJyew==/lib/arm/libmonodroid.so (xamarin::android::internal::MonodroidRuntime::Java_mono_android_Runtime_initInternal(_JNIEnv*, _jclass*, _jstring*, _jobjectArray*, _jstring*, _jobjectArray*, int, _jobject*, _jobjectArray*, unsigned char, unsigned char)+3122) (BuildId: 57347e182a7644428dd7b8c2e9a696cd4626487a)
02-25 11:58:49.087 8320 8320 D RefBase : #10 pc 00024f13 /data/app/~~3yfPzEoCZ2wSfLep3-w0jg==/com.companyname.mauiapp3-ALrbfwtu1T-qdPwQ3rJyew==/lib/arm/libmonodroid.so (Java_mono_android_Runtime_initInternal+70) (BuildId: 57347e182a7644428dd7b8c2e9a696cd4626487a)
02-25 11:58:49.087 8320 8320 D RefBase : #11 pc 000abdad /apex/com.android.art/lib/libart.so (art_quick_generic_jni_trampoline+44) (BuildId: d808a4632ec52b3694263adbd3626ecc)
02-25 11:58:49.087 8320 8320 D RefBase : #12 pc 000a4975 /apex/com.android.art/lib/libart.so (art_quick_invoke_stub_internal+68) (BuildId: d808a4632ec52b3694263adbd3626ecc)
02-25 11:58:49.087 8320 8320 D RefBase : #13 pc 005ad2d1 /apex/com.android.art/lib/libart.so (art_quick_invoke_static_stub+246) (BuildId: d808a4632ec52b3694263adbd3626ecc)
02-25 11:58:49.087 8320 8320 D RefBase : #14 pc 0020919f /apex/com.android.art/lib/libart.so (art::ArtMethod::Invoke(art::Thread*, unsigned int*, unsigned int, art::JValue*, char const*)+162) (BuildId: d808a4632ec52b3694263adbd3626ecc)
02-25 11:58:49.087 8320 8320 D RefBase : #15 pc 00314627 /apex/com.android.art/lib/libart.so (art::interpreter::ArtInterpreterToCompiledCodeBridge(art::Thread*, art::ArtMethod*, art::ShadowFrame*, unsigned short, art::JValue*)+270) (BuildId: d808a4632ec52b3694263adbd3626ecc)
02-25 11:58:49.087 8320 8320 D RefBase : #16 pc 00312d83 /apex/com.android.art/lib/libart.so (bool art::interpreter::DoCall(art::ArtMethod*, art::Thread*, art::ShadowFrame&, art::Instruction const*, unsigned short, bool, art::JValue*)+1430) (BuildId: d808a4632ec52b3694263adbd3626ecc)
02-25 11:58:49.087 8320 8320 D RefBase : #17 pc 000b23a1 /apex/com.android.art/lib/libart.so (void art::interpreter::ExecuteSwitchImplCpp(art::interpreter::SwitchImplContext*)+15008) (BuildId: d808a4632ec52b3694263adbd3626ecc)
02-25 11:58:49.087 8320 8320 D RefBase : #18 pc 000ac875 /apex/com.android.art/lib/libart.so (ExecuteSwitchImplAsm+4) (BuildId: d808a4632ec52b3694263adbd3626ecc)
02-25 11:58:49.087 8320 8320 D RefBase : #19 pc 0033720c [anon:dalvik-classes2.dex extracted in memory from /data/app/~~3yfPzEoCZ2wSfLep3-w0jg==/com.companyname.mauiapp3-ALrbfwtu1T-qdPwQ3rJyew==/base.apk] (mono.MonoPackageManager.LoadApplication)
02-25 11:58:49.087 8320 8320 D RefBase : #20 pc 0030c137 /apex/com.android.art/lib/libart.so (art::interpreter::Execute(art::Thread*, art::CodeItemDataAccessor const&, art::ShadowFrame&, art::JValue, bool, bool) (.__uniq.112435418011751916792819755956732575238)+302) (BuildId: d808a4632ec52b3694263adbd3626ecc)
02-25 11:58:49.087 8320 8320 D RefBase : #21 pc 00311c65 /apex/com.android.art/lib/libart.so (art::interpreter::ArtInterpreterToInterpreterBridge(art::Thread*, art::CodeItemDataAccessor const&, art::ShadowFrame*, art::JValue*)+76) (BuildId: d808a4632ec52b3694263adbd3626ecc)
02-25 11:58:49.087 8320 8320 D RefBase : #22 pc 003124bf /apex/com.android.art/lib/libart.so (bool art::interpreter::DoCall(art::ArtMethod*, art::Thread*, art::ShadowFrame&, art::Instruction const*, unsigned short, bool, art::JValue*)+1514) (BuildId: d808a4632ec52b3694263adbd3626ecc)
02-25 11:58:49.087 8320 8320 D RefBase : #23 pc 000b21a1 /apex/com.android.art/lib/libart.so (void art::interpreter::ExecuteSwitchImplCpp(art::interpreter::SwitchImplContext*)+14496) (BuildId: d808a4632ec52b3694263adbd3626ecc)
02-25 11:58:49.087 8320 8320 D RefBase : #24 pc 000ac875 /apex/com.android.art/lib/libart.so (ExecuteSwitchImplAsm+4) (BuildId: d808a4632ec52b3694263adbd3626ecc)
02-25 11:58:49.087 8320 8320 D RefBase : #25 pc 003374c0 [anon:dalvik-classes2.dex extracted in memory from /data/app/~~3yfPzEoCZ2wSfLep3-w0jg==/com.companyname.mauiapp3-ALrbfwtu1T-qdPwQ3rJyew==/base.apk] (mono.MonoRuntimeProvider.attachInfo)
02-25 11:58:49.087 8320 8320 D RefBase : #26 pc 0030c137 /apex/com.android.art/lib/libart.so (art::interpreter::Execute(art::Thread*, art::CodeItemDataAccessor const&, art::ShadowFrame&, art::JValue, bool, bool) (.__uniq.112435418011751916792819755956732575238)+302) (BuildId: d808a4632ec52b3694263adbd3626ecc)
02-25 11:58:49.087 8320 8320 D RefBase : #27 pc 00311c65 /apex/com.android.art/lib/libart.so (art::interpreter::ArtInterpreterToInterpreterBridge(art::Thread*, art::CodeItemDataAccessor const&, art::ShadowFrame*, art::JValue*)+76) (BuildId: d808a4632ec52b3694263adbd3626ecc)
02-25 11:58:49.087 8320 8320 D RefBase : #28 pc 003124bf /apex/com.android.art/lib/libart.so (bool art::interpreter::DoCall(art::ArtMethod*, art::Thread*, art::ShadowFrame&, art::Instruction const*, unsigned short, bool, art::JValue*)+1514) (BuildId: d808a4632ec52b3694263adbd3626ecc)
02-25 11:58:49.087 8320 8320 D RefBase : #29 pc 000b1eed /apex/com.android.art/lib/libart.so (void art::interpreter::ExecuteSwitchImplCpp(art::interpreter::SwitchImplContext*)+13804) (BuildId: d808a4632ec52b3694263adbd3626ecc)
02-25 11:58:49.087 8320 8320 D RefBase : #30 pc 000ac875 /apex/com.android.art/lib/libart.so (ExecuteSwitchImplAsm+4) (BuildId: d808a4632ec52b3694263adbd3626ecc)
02-25 11:58:49.087 8320 8320 D RefBase : #31 pc 001c90e4 /system/framework/framework.jar (android.app.ActivityThread.installProvider)
02-25 11:58:49.087 8320 8320 D RefBase : #32 pc 0030c137 /apex/com.android.art/lib/libart.so (art::interpreter::Execute(art::Thread*, art::CodeItemDataAccessor const&, art::ShadowFrame&, art::JValue, bool, bool) (.__uniq.112435418011751916792819755956732575238)+302) (BuildId: d808a4632ec52b3694263adbd3626ecc)
02-25 11:58:49.087 8320 8320 D RefBase : #33 pc 00311c65 /apex/com.android.art/lib/libart.so (art::interpreter::ArtInterpreterToInterpreterBridge(art::Thread*, art::CodeItemDataAccessor const&, art::ShadowFrame*, art::JValue*)+76) (BuildId: d808a4632ec52b3694263adbd3626ecc)
02-25 11:58:49.087 8320 8320 D RefBase : #34 pc 00312d6f /apex/com.android.art/lib/libart.so (bool art::interpreter::DoCall(art::ArtMethod*, art::Thread*, art::ShadowFrame&, art::Instruction const*, unsigned short, bool, art::JValue*)+1410) (BuildId: d808a4632ec52b3694263adbd3626ecc)
02-25 11:58:49.087 8320 8320 D RefBase : #35 pc 000b1e4f /apex/com.android.art/lib/libart.so (void art::interpreter::ExecuteSwitchImplCpp(art::interpreter::SwitchImplContext*)+13646) (BuildId: d808a4632ec52b3694263adbd3626ecc)
02-25 11:58:49.087 8320 8320 D RefBase : #36 pc 000ac875 /apex/com.android.art/lib/libart.so (ExecuteSwitchImplAsm+4) (BuildId: d808a4632ec52b3694263adbd3626ecc)
02-25 11:58:49.087 8320 8320 D RefBase : #37 pc 001d283c /system/framework/framework.jar (android.app.ActivityThread.installContentProviders)
02-25 11:58:49.087 8320 8320 D RefBase : #38 pc 0030c137 /apex/com.android.art/lib/libart.so (art::interpreter::Execute(art::Thread*, art::CodeItemDataAccessor const&, art::ShadowFrame&, art::JValue, bool, bool) (.__uniq.112435418011751916792819755956732575238)+302) (BuildId: d808a4632ec52b3694263adbd3626ecc)
02-25 11:58:49.087 8320 8320 D RefBase : #39 pc 00311c65 /apex/com.android.art/lib/libart.so (art::interpreter::ArtInterpreterToInterpreterBridge(art::Thread*, art::CodeItemDataAccessor const&, art::ShadowFrame*, art::JValue*)+76) (BuildId: d808a4632ec52b3694263adbd3626ecc)
02-25 11:58:49.087 8320 8320 D RefBase : #40 pc 003124bf /apex/com.android.art/lib/libart.so (bool art::interpreter::DoCall(art::ArtMethod*, art::Thread*, art::ShadowFrame&, art::Instruction const*, unsigned short, bool, art::JValue*)+1514) (BuildId: d808a4632ec52b3694263adbd3626ecc)
02-25 11:58:49.088 8320 8320 D RefBase : #41 pc 000b1eed /apex/com.android.art/lib/libart.so (void art::interpreter::ExecuteSwitchImplCpp(art::interpreter::SwitchImplContext*)+13804) (BuildId: d808a4632ec52b3694263adbd3626ecc)
02-25 11:58:49.088 8320 8320 D RefBase : #42 pc 000ac875 /apex/com.android.art/lib/libart.so (ExecuteSwitchImplAsm+4) (BuildId: d808a4632ec52b3694263adbd3626ecc)
02-25 11:58:49.088 8320 8320 D RefBase : #43 pc 001ce92c /system/framework/framework.jar (android.app.ActivityThread.handleBindApplication)
02-25 11:58:49.088 8320 8320 D RefBase : #44 pc 0030c137 /apex/com.android.art/lib/libart.so (art::interpreter::Execute(art::Thread*, art::CodeItemDataAccessor const&, art::ShadowFrame&, art::JValue, bool, bool) (.__uniq.112435418011751916792819755956732575238)+302) (BuildId: d808a4632ec52b3694263adbd3626ecc)
02-25 11:58:49.088 8320 8320 D RefBase : #45 pc 00311c65 /apex/com.android.art/lib/libart.so (art::interpreter::ArtInterpreterToInterpreterBridge(art::Thread*, art::CodeItemDataAccessor const&, art::ShadowFrame*, art::JValue*)+76) (BuildId: d808a4632ec52b3694263adbd3626ecc)
02-25 11:58:49.088 8320 8320 D RefBase : #46 pc 003124bf /apex/com.android.art/lib/libart.so (bool art::interpreter::DoCall(art::ArtMethod*, art::Thread*, art::ShadowFrame&, art::Instruction const*, unsigned short, bool, art::JValue*)+1514) (BuildId: d808a4632ec52b3694263adbd3626ecc)
02-25 11:58:49.088 8320 8320 D RefBase : #47 pc 000b1eed /apex/com.android.art/lib/libart.so (void art::interpreter::ExecuteSwitchImplCpp(art::interpreter::SwitchImplContext*)+13804) (BuildId: d808a4632ec52b3694263adbd3626ecc)
02-25 11:58:49.088 8320 8320 D RefBase : #48 pc 000ac875 /apex/com.android.art/lib/libart.so (ExecuteSwitchImplAsm+4) (BuildId: d808a4632ec52b3694263adbd3626ecc)
02-25 11:58:49.088 8320 8320 D RefBase : #49 pc 001cb970 /system/framework/framework.jar (android.app.ActivityThread.-$$Nest$mhandleBindApplication)
02-25 11:58:49.088 8320 8320 D RefBase : #50 pc 0030c137 /apex/com.android.art/lib/libart.so (art::interpreter::Execute(art::Thread*, art::CodeItemDataAccessor const&, art::ShadowFrame&, art::JValue, bool, bool) (.__uniq.112435418011751916792819755956732575238)+302) (BuildId: d808a4632ec52b3694263adbd3626ecc)
02-25 11:58:49.088 8320 8320 D RefBase : #51 pc 00311c65 /apex/com.android.art/lib/libart.so (art::interpreter::ArtInterpreterToInterpreterBridge(art::Thread*, art::CodeItemDataAccessor const&, art::ShadowFrame*, art::JValue*)+76) (BuildId: d808a4632ec52b3694263adbd3626ecc)
02-25 11:58:49.088 8320 8320 D RefBase : #52 pc 003124bf /apex/com.android.art/lib/libart.so (bool art::interpreter::DoCall(art::ArtMethod*, art::Thread*, art::ShadowFrame&, art::Instruction const*, unsigned short, bool, art::JValue*)+1514) (BuildId: d808a4632ec52b3694263adbd3626ecc)
02-25 11:58:49.088 8320 8320 D RefBase : #53 pc 000b21a1 /apex/com.android.art/lib/libart.so (void art::interpreter::ExecuteSwitchImplCpp(art::interpreter::SwitchImplContext*)+14496) (BuildId: d808a4632ec52b3694263adbd3626ecc)
02-25 11:58:49.088 8320 8320 D RefBase : #54 pc 000ac875 /apex/com.android.art/lib/libart.so (ExecuteSwitchImplAsm+4) (BuildId: d808a4632ec52b3694263adbd3626ecc)
02-25 11:58:49.088 8320 8320 D RefBase : #55 pc 001c70d0 /system/framework/framework.jar (android.app.ActivityThread$H.handleMessage)
02-25 11:58:49.088 8320 8320 D RefBase : #56 pc 0030c137 /apex/com.android.art/lib/libart.so (art::interpreter::Execute(art::Thread*, art::CodeItemDataAccessor const&, art::ShadowFrame&, art::JValue, bool, bool) (.__uniq.112435418011751916792819755956732575238)+302) (BuildId: d808a4632ec52b3694263adbd3626ecc)
02-25 11:58:49.088 8320 8320 D RefBase : #57 pc 00311c65 /apex/com.android.art/lib/libart.so (art::interpreter::ArtInterpreterToInterpreterBridge(art::Thread*, art::CodeItemDataAccessor const&, art::ShadowFrame*, art::JValue*)+76) (BuildId: d808a4632ec52b3694263adbd3626ecc)
02-25 11:58:49.088 8320 8320 D RefBase : #58 pc 003124bf /apex/com.android.art/lib/libart.so (bool art::interpreter::DoCall(art::ArtMethod*, art::Thread*, art::ShadowFrame&, art::Instruction const*, unsigned short, bool, art::JValue*)+1514) (BuildId: d808a4632ec52b3694263adbd3626ecc)
02-25 11:58:49.088 8320 8320 D RefBase : #59 pc 000b1eed /apex/com.android.art/lib/libart.so (void art::interpreter::ExecuteSwitchImplCpp(art::interpreter::SwitchImplContext*)+13804) (BuildId: d808a4632ec52b3694263adbd3626ecc)
02-25 11:58:49.088 8320 8320 D RefBase : #60 pc 000ac875 /apex/com.android.art/lib/libart.so (ExecuteSwitchImplAsm+4) (BuildId: d808a4632ec52b3694263adbd3626ecc)
02-25 11:58:49.088 8320 8320 D RefBase : #61 pc 002047a8 /system/framework/framework.jar (android.os.Handler.dispatchMessage)
02-25 11:58:49.088 8320 8320 D RefBase : #62 pc 0030c137 /apex/com.android.art/lib/libart.so (art::interpreter::Execute(art::Thread*, art::CodeItemDataAccessor const&, art::ShadowFrame&, art::JValue, bool, bool) (.__uniq.112435418011751916792819755956732575238)+302) (BuildId: d808a4632ec52b3694263adbd3626ecc)
02-25 11:58:49.088 8320 8320 D RefBase : #63 pc 00311c65 /apex/com.android.art/lib/libart.so (art::interpreter::ArtInterpreterToInterpreterBridge(art::Thread*, art::CodeItemDataAccessor const&, art::ShadowFrame*, art::JValue*)+76) (BuildId: d808a4632ec52b3694263adbd3626ecc)
02-25 11:58:49.088 8320 8320 D RefBase : #64 pc 003124bf /apex/com.android.art/lib/libart.so (bool art::interpreter::DoCall(art::ArtMethod*, art::Thread*, art::ShadowFrame&, art::Instruction const*, unsigned short, bool, art::JValue*)+1514) (BuildId: d808a4632ec52b3694263adbd3626ecc)
02-25 11:58:49.088 8320 8320 D RefBase : #65 pc 000b1eed /apex/com.android.art/lib/libart.so (void art::interpreter::ExecuteSwitchImplCpp(art::interpreter::SwitchImplContext*)+13804) (BuildId: d808a4632ec52b3694263adbd3626ecc)
02-25 11:58:49.088 8320 8320 D RefBase : #66 pc 000ac875 /apex/com.android.art/lib/libart.so (ExecuteSwitchImplAsm+4) (BuildId: d808a4632ec52b3694263adbd3626ecc)
02-25 11:58:49.088 8320 8320 D RefBase : #67 pc 00238b08 /system/framework/framework.jar (android.os.Looper.loopOnce)
02-25 11:58:49.088 8320 8320 D RefBase : #68 pc 0030c137 /apex/com.android.art/lib/libart.so (art::interpreter::Execute(art::Thread*, art::CodeItemDataAccessor const&, art::ShadowFrame&, art::JValue, bool, bool) (.__uniq.112435418011751916792819755956732575238)+302) (BuildId: d808a4632ec52b3694263adbd3626ecc)
02-25 11:58:49.088 8320 8320 D RefBase : #69 pc 00311c65 /apex/com.android.art/lib/libart.so (art::interpreter::ArtInterpreterToInterpreterBridge(art::Thread*, art::CodeItemDataAccessor const&, art::ShadowFrame*, art::JValue*)+76) (BuildId: d808a4632ec52b3694263adbd3626ecc)
02-25 11:58:49.088 8320 8320 D RefBase : #70 pc 003124bf /apex/com.android.art/lib/libart.so (bool art::interpreter::DoCall(art::ArtMethod*, art::Thread*, art::ShadowFrame&, art::Instruction const*, unsigned short, bool, art::JValue*)+1514) (BuildId: d808a4632ec52b3694263adbd3626ecc)
02-25 11:58:49.088 8320 8320 D RefBase : #71 pc 000b21a1 /apex/com.android.art/lib/libart.so (void art::interpreter::ExecuteSwitchImplCpp(art::interpreter::SwitchImplContext*)+14496) (BuildId: d808a4632ec52b3694263adbd3626ecc)
02-25 11:58:49.088 8320 8320 D RefBase : #72 pc 000ac875 /apex/com.android.art/lib/libart.so (ExecuteSwitchImplAsm+4) (BuildId: d808a4632ec52b3694263adbd3626ecc)
02-25 11:58:49.088 8320 8320 D RefBase : #73 pc 00239344 /system/framework/framework.jar (android.os.Looper.loop)
02-25 11:58:49.088 8320 8320 D RefBase : #74 pc 0030c137 /apex/com.android.art/lib/libart.so (art::interpreter::Execute(art::Thread*, art::CodeItemDataAccessor const&, art::ShadowFrame&, art::JValue, bool, bool) (.__uniq.112435418011751916792819755956732575238)+302) (BuildId: d808a4632ec52b3694263adbd3626ecc)
02-25 11:58:49.088 8320 8320 D RefBase : #75 pc 00311c65 /apex/com.android.art/lib/libart.so (art::interpreter::ArtInterpreterToInterpreterBridge(art::Thread*, art::CodeItemDataAccessor const&, art::ShadowFrame*, art::JValue*)+76) (BuildId: d808a4632ec52b3694263adbd3626ecc)
02-25 11:58:49.088 8320 8320 D RefBase : #76 pc 003124bf /apex/com.android.art/lib/libart.so (bool art::interpreter::DoCall(art::ArtMethod*, art::Thread*, art::ShadowFrame&, art::Instruction const*, unsigned short, bool, art::JValue*)+1514) (BuildId: d808a4632ec52b3694263adbd3626ecc)
02-25 11:58:49.088 8320 8320 D RefBase : #77 pc 000b21a1 /apex/com.android.art/lib/libart.so (void art::interpreter::ExecuteSwitchImplCpp(art::interpreter::SwitchImplContext*)+14496) (BuildId: d808a4632ec52b3694263adbd3626ecc)
02-25 11:58:49.088 8320 8320 D RefBase : #78 pc 000ac875 /apex/com.android.art/lib/libart.so (ExecuteSwitchImplAsm+4) (BuildId: d808a4632ec52b3694263adbd3626ecc)
02-25 11:58:49.088 8320 8320 D RefBase : #79 pc 001d2a88 /system/framework/framework.jar (android.app.ActivityThread.main)
02-25 11:58:49.088 8320 8320 D RefBase : #80 pc 0030c137 /apex/com.android.art/lib/libart.so (art::interpreter::Execute(art::Thread*, art::CodeItemDataAccessor const&, art::ShadowFrame&, art::JValue, bool, bool) (.__uniq.112435418011751916792819755956732575238)+302) (BuildId: d808a4632ec52b3694263adbd3626ecc)
02-25 11:58:49.088 8320 8320 D RefBase : #81 pc 00311bf5 /apex/com.android.art/lib/libart.so (art::interpreter::EnterInterpreterFromEntryPoint(art::Thread*, art::CodeItemDataAccessor const&, art::ShadowFrame*)+184) (BuildId: d808a4632ec52b3694263adbd3626ecc)
02-25 11:58:49.088 8320 8320 D RefBase : #82 pc 0059e90f /apex/com.android.art/lib/libart.so (artQuickToInterpreterBridge+538) (BuildId: d808a4632ec52b3694263adbd3626ecc)
02-25 11:58:49.088 8320 8320 D RefBase : #83 pc 000abe53 /apex/com.android.art/lib/libart.so (art_quick_to_interpreter_bridge+34) (BuildId: d808a4632ec52b3694263adbd3626ecc)
02-25 11:58:49.088 8320 8320 D RefBase : #84 pc 000a4975 /apex/com.android.art/lib/libart.so (art_quick_invoke_stub_internal+68) (BuildId: d808a4632ec52b3694263adbd3626ecc)
02-25 11:58:49.088 8320 8320 D RefBase : #85 pc 005ad2d1 /apex/com.android.art/lib/libart.so (art_quick_invoke_static_stub+246) (BuildId: d808a4632ec52b3694263adbd3626ecc)
02-25 11:58:49.088 8320 8320 D RefBase : #86 pc 0020919f /apex/com.android.art/lib/libart.so (art::ArtMethod::Invoke(art::Thread*, unsigned int*, unsigned int, art::JValue*, char const*)+162) (BuildId: d808a4632ec52b3694263adbd3626ecc)
02-25 11:58:49.088 8320 8320 D RefBase : #87 pc 004dda85 /apex/com.android.art/lib/libart.so (_jobject* art::InvokeMethod<(art::PointerSize)4>(art::ScopedObjectAccessAlreadyRunnable const&, _jobject*, _jobject*, _jobject*, unsigned int)+1488) (BuildId: d808a4632ec52b3694263adbd3626ecc)
02-25 11:58:49.088 8320 8320 D RefBase : #88 pc 0046d303 /apex/com.android.art/lib/libart.so (art::Method_invoke(_JNIEnv*, _jobject*, _jobject*, _jobjectArray*) (.__uniq.165753521025965369065708152063621506277)+22) (BuildId: d808a4632ec52b3694263adbd3626ecc)
02-25 11:58:49.088 8320 8320 D RefBase : #89 pc 000abdad /apex/com.android.art/lib/libart.so (art_quick_generic_jni_trampoline+44) (BuildId: d808a4632ec52b3694263adbd3626ecc)
02-25 11:58:49.088 8320 8320 D RefBase : #90 pc 000a4975 /apex/com.android.art/lib/libart.so (art_quick_invoke_stub_internal+68) (BuildId: d808a4632ec52b3694263adbd3626ecc)
02-25 11:58:49.088 8320 8320 D RefBase : #91 pc 005ad1d1 /apex/com.android.art/lib/libart.so (art_quick_invoke_stub+248) (BuildId: d808a4632ec52b3694263adbd3626ecc)
02-25 11:58:49.088 8320 8320 D RefBase : #92 pc 00209175 /apex/com.android.art/lib/libart.so (art::ArtMethod::Invoke(art::Thread*, unsigned int*, unsigned int, art::JValue*, char const*)+120) (BuildId: d808a4632ec52b3694263adbd3626ecc)
02-25 11:58:49.088 8320 8320 D RefBase : #93 pc 00314627 /apex/com.android.art/lib/libart.so (art::interpreter::ArtInterpreterToCompiledCodeBridge(art::Thread*, art::ArtMethod*, art::ShadowFrame*, unsigned short, art::JValue*)+270) (BuildId: d808a4632ec52b3694263adbd3626ecc)
02-25 11:58:49.088 8320 8320 D RefBase : #94 pc 003124d7 /apex/com.android.art/lib/libart.so (bool art::interpreter::DoCall(art::ArtMethod*, art::Thread*, art::ShadowFrame&, art::Instruction const*, unsigned short, bool, art::JValue*)+1538) (BuildId: d808a4632ec52b3694263adbd3626ecc)
02-25 11:58:49.088 8320 8320 D RefBase : #95 pc 000b1eed /apex/com.android.art/lib/libart.so (void art::interpreter::ExecuteSwitchImplCpp(art::interpreter::SwitchImplContext*)+13804) (BuildId: d808a4632ec52b3694263adbd3626ecc)
02-25 11:58:49.088 8320 8320 D RefBase : #96 pc 000ac875 /apex/com.android.art/lib/libart.so (ExecuteSwitchImplAsm+4) (BuildId: d808a4632ec52b3694263adbd3626ecc)
02-25 11:58:49.088 8320 8320 D RefBase : #97 pc 0026ae60 /system/framework/framework.jar (com.android.internal.os.RuntimeInit$MethodAndArgsCaller.run)
02-25 11:58:49.088 8320 8320 D RefBase : #98 pc 0030c137 /apex/com.android.art/lib/libart.so (art::interpreter::Execute(art::Thread*, art::CodeItemDataAccessor const&, art::ShadowFrame&, art::JValue, bool, bool) (.__uniq.112435418011751916792819755956732575238)+302) (BuildId: d808a4632ec52b3694263adbd3626ecc)
02-25 11:58:49.088 8320 8320 D RefBase : #99 pc 00311bf5 /apex/com.android.art/lib/libart.so (art::interpreter::EnterInterpreterFromEntryPoint(art::Thread*, art::CodeItemDataAccessor const&, art::ShadowFrame*)+184) (BuildId: d808a4632ec52b3694263adbd3626ecc)
02-25 11:58:49.088 8320 8320 D RefBase : #100 pc 0059e90f /apex/com.android.art/lib/libart.so (artQuickToInterpreterBridge+538) (BuildId: d808a4632ec52b3694263adbd3626ecc)
02-25 11:58:49.088 8320 8320 D RefBase : #101 pc 000abe53 /apex/com.android.art/lib/libart.so (art_quick_to_interpreter_bridge+34) (BuildId: d808a4632ec52b3694263adbd3626ecc)
02-25 11:58:49.088 8320 8320 D RefBase : #102 pc 00cc0635 /data/misc/apexdata/com.android.art/dalvik-cache/arm/boot.oat (com.android.internal.os.ZygoteInit.main+3124)
02-25 11:58:49.088 8320 8320 D RefBase : #103 pc 000a4975 /apex/com.android.art/lib/libart.so (art_quick_invoke_stub_internal+68) (BuildId: d808a4632ec52b3694263adbd3626ecc)
02-25 11:58:49.088 8320 8320 D RefBase : #104 pc 005ad2d1 /apex/com.android.art/lib/libart.so (art_quick_invoke_static_stub+246) (BuildId: d808a4632ec52b3694263adbd3626ecc)
02-25 11:58:49.088 8320 8320 D RefBase : #105 pc 0020919f /apex/com.android.art/lib/libart.so (art::ArtMethod::Invoke(art::Thread*, unsigned int*, unsigned int, art::JValue*, char const*)+162) (BuildId: d808a4632ec52b3694263adbd3626ecc)
02-25 11:58:49.088 8320 8320 D RefBase : #106 pc 004df1ef /apex/com.android.art/lib/libart.so (art::JValue art::InvokeWithVarArgs<_jmethodID*>(art::ScopedObjectAccessAlreadyRunnable const&, _jobject*, _jmethodID*, std::__va_list)+362) (BuildId: d808a4632ec52b3694263adbd3626ecc)
02-25 11:58:49.088 8320 8320 D RefBase : #107 pc 003f3ea1 /apex/com.android.art/lib/libart.so (art::JNI::CallStaticVoidMethodV(_JNIEnv*, _jclass*, _jmethodID*, std::__va_list)+400) (BuildId: d808a4632ec52b3694263adbd3626ecc)
02-25 11:58:49.088 8320 8320 D RefBase : #108 pc 00089979 /system/lib/libandroid_runtime.so (_JNIEnv::CallStaticVoidMethod(_jclass*, _jmethodID*, ...)+20) (BuildId: 5b21e338c4372a6c58bc9d881504f417)
02-25 11:58:49.088 8320 8320 D RefBase : #109 pc 000928fd /system/lib/libandroid_runtime.so (android::AndroidRuntime::start(char const*, android::Vector const&, bool)+512) (BuildId: 5b21e338c4372a6c58bc9d881504f417)
02-25 11:58:49.088 8320 8320 D RefBase : #110 pc 00002547 /system/bin/app_process32 (main+982) (BuildId: 518f3945cf61e7eeaf79c722821f237c)
02-25 11:58:49.088 8320 8320 D RefBase : #111 pc 0005bde5 /apex/com.android.runtime/lib/bionic/libc.so (__libc_init+60) (BuildId: ac29b057fca6aa7ac9a9161d7c6d401f)
02-25 11:58:49.093 7751 7751 I adbd : Remote process closed the socket (on MSG_PEEK)
02-25 11:58:49.100 1901 1947 I EPDG -- SIM1 IwlanNetworkService: requestNetworkRegistrationInfo for domain 2
02-25 11:58:49.100 1901 2155 I EPDG -- SIM1 IwlanNetworkService: Calling onRequestNetworkRegistrationInfoComplete.resultCode = 0, netState = NetworkRegistrationInfo{ domain=PS transportType=WLAN registrationState=UNKNOWN networkRegistrationState=UNKNOWN roamingType=NOT_ROAMING accessNetworkTechnology=IWLAN rejectCause=0 emergencyEnabled=false availableServices=[] cellIdentity=null voiceSpecificInfo=null dataSpecificInfo=null nrState=**** rRplmn= isUsingCarrierAggregation=false}
02-25 11:58:49.105 1842 1842 D StatusBarIconController: ignoring old pipeline callbacks, because the new mobile icons are enabled
02-25 11:58:49.107 804 804 I Zygote : Process 8320 exited cleanly (1)
02-25 11:58:49.111 1068 1330 D SemNativeCarrierFeature_vendor: getInstance
02-25 11:58:49.114 1385 2084 I ActivityManager: Process com.companyname.mauiapp3 (pid 8320) has died: fg TOP (189,1544)
02-25 11:58:49.114 1385 1429 I libprocessgroup: Successfully killed process cgroup uid 10405 pid 8320 in 0ms
02-25 11:58:49.116 1385 1418 D DisplayManagerService: Drop pending events for gone uid 10405
02-25 11:58:49.117 1385 2084 D WindowManager: Transition is created, t=TransitionRecord{59dc026 id=-1 type=CLOSE flags=0x0}, caller=com.android.server.wm.TransitionController.createTransition:339 com.android.server.wm.TransitionController.requestCloseTransitionIfNeeded:920 com.android.server.wm.ActivityRecord.handleAppDied:5124 com.android.server.wm.WindowProcessController.handleAppDied:1478 com.android.server.wm.ActivityTaskManagerService$LocalService.handleAppDied:7843
02-25 11:58:49.117 1385 2084 D WindowManager: SyncGroup is created, id=173, name=Transition, caller=com.android.server.wm.BLASTSyncEngine$SyncGroup.:0 com.android.server.wm.BLASTSyncEngine.prepareSyncSet:513 com.android.server.wm.BLASTSyncEngine.startSyncSet:518 com.android.server.wm.Transition.startCollecting:710 com.android.server.wm.TransitionController.moveToCollecting:360 com.android.server.wm.TransitionController.createTransition:341 com.android.server.wm.TransitionController.requestCloseTransitionIfNeeded:920
02-25 11:58:49.118 1385 2084 W WindowManager: setSyncMethod, id=173, method=0, caller=com.android.server.wm.Transition.startCollecting:712 com.android.server.wm.TransitionController.moveToCollecting:360 com.android.server.wm.TransitionController.createTransition:341
02-25 11:58:49.118 1068 1330 D SemNativeCarrierFeature_vendor: getInstance
02-25 11:58:49.118 1385 2084 V WindowManager: Start collecting in Transition: TransitionRecord{59dc026 id=173 type=CLOSE flags=0x0}, caller=com.android.server.wm.TransitionController.createTransition:341 com.android.server.wm.TransitionController.requestCloseTransitionIfNeeded:920 com.android.server.wm.ActivityRecord.handleAppDied:5124 com.android.server.wm.WindowProcessController.handleAppDied:1478 com.android.server.wm.ActivityTaskManagerService$LocalService.handleAppDied:7843
02-25 11:58:49.118 1385 2084 V WindowManager: Requesting StartTransition: TransitionRecord{59dc026 id=173 type=CLOSE flags=0x0}, caller=com.android.server.wm.TransitionController.requestCloseTransitionIfNeeded:920 com.android.server.wm.ActivityRecord.handleAppDied:5124 com.android.server.wm.WindowProcessController.handleAppDied:1478 com.android.server.wm.ActivityTaskManagerService$LocalService.handleAppDied:7843 com.android.server.am.ActivityManagerService.handleAppDiedLocked:3975
02-25 11:58:49.118 2160 2160 D HidDeviceService: handleMessage(): msg.what=8
02-25 11:58:49.119 1385 2084 V WindowManager: Collecting in transition 173: ActivityRecord{f25341a u0 com.companyname.mauiapp3/crc64e73e5e987e2fb5cd.MainActivity t4614}, caller=com.android.server.wm.Transition.collect:759 com.android.server.wm.Transition.collectExistenceChange:942 com.android.server.wm.TransitionController.collectExistenceChange:985 com.android.server.wm.TransitionController.requestCloseTransitionIfNeeded:923 com.android.server.wm.ActivityRecord.handleAppDied:5124
02-25 11:58:49.119 1842 1979 V WindowManagerShell: Transition requested: android.os.BinderProxy@53ebcb6 TransitionRequestInfo { type = CLOSE, triggerTask = null, remoteTransition = null, displayChange = null }
02-25 11:58:49.119 1385 2084 D WindowManager: prepareSync , mPrepareSyncSeqId=0, win=Window{ce7d65d u0 Splash Screen com.companyname.mauiapp3}
02-25 11:58:49.120 1385 2084 V WindowManager: Checking theme of starting window: 0x7f10013f
02-25 11:58:49.120 1385 2084 V WindowManager: Translucent=false Floating=false ShowWallpaper=false Disable=false
02-25 11:58:49.121 1385 4838 V WindowManager: Starting Transition 173, caller=com.android.server.wm.WindowOrganizerController.startTransition:384 com.android.server.wm.WindowOrganizerController.startTransition:315 android.window.IWindowOrganizerController$Stub.onTransact:257
02-25 11:58:49.121 1385 4838 V Transition: allReady query: used=false, override=false, defer=0, states=Display{#0 state=ON size=1080x2408 ROTATION_0}:false
02-25 11:58:49.136 1385 1420 D CompatibilityChangeReporter: Compat change id reported: 135634846; UID 10405; state: DISABLED
02-25 11:58:49.137 1385 1428 D CompatibilityChangeReporter: Compat change id reported: 143937733; UID 10405; state: ENABLED
02-25 11:58:49.143 804 804 D Zygote : Forked child process 8342
02-25 11:58:49.144 1385 1428 I ActivityManager: Start proc 8342:com.companyname.mauiapp3/u0a405 for top-activity {com.companyname.mauiapp3/crc64e73e5e987e2fb5cd.MainActivity}
02-25 11:58:49.144 1385 1428 D DynamicHiddenApp_BGProtectManager: [SecIpm] it's a ML_TYPE_EMPTYPROCESS protected process com.companyname.mauiapp3
02-25 11:58:49.157 8342 8342 I nyname.mauiapp3: Late-enabling -Xcheck:jni
02-25 11:58:49.182 8342 8342 I nyname.mauiapp3: Using CollectorTypeCC GC.
02-25 11:58:49.185 7751 7769 I adbd : jdwp connection from 8342
02-25 11:58:49.191 8342 8342 D nativeloader: Load libframework-connectivity-tiramisu-jni.so using APEX ns com_android_tethering for caller /apex/com.android.tethering/javalib/framework-connectivity-t.jar: ok
02-25 11:58:49.195 8342 8342 D ActivityThread: setConscryptValidator
02-25 11:58:49.195 8342 8342 D ActivityThread: setConscryptValidator - put
02-25 11:58:49.204 1385 2084 V WindowManager: rotationForOrientation(orient=SCREEN_ORIENTATION_UNSPECIFIED (-1), last=ROTATION_0 (0)); user=ROTATION_0 (0) USER_ROTATION_LOCKED
02-25 11:58:49.204 1385 2084 D WindowManager: rotationForOrientation, orientationSource=ActivityRecord{f25341a u0 com.companyname.mauiapp3/crc64e73e5e987e2fb5cd.MainActivity t4614}
02-25 11:58:49.204 1385 2084 V WindowManager: rotationForOrientation(orient=SCREEN_ORIENTATION_UNSPECIFIED (-1), last=ROTATION_0 (0)); user=ROTATION_0 (0) USER_ROTATION_LOCKED
02-25 11:58:49.204 1385 2084 D WindowManager: rotationForOrientation, orientationSource=ActivityRecord{f25341a u0 com.companyname.mauiapp3/crc64e73e5e987e2fb5cd.MainActivity t4614}
02-25 11:58:49.205 1385 2084 V WindowManager: Computed rotation=ROTATION_0 (0) for display id=0 based on lastOrientation=SCREEN_ORIENTATION_UNSPECIFIED (-1) and oldRotation=ROTATION_0 (0), caller=com.android.server.wm.DisplayRotation.updateOrientation:517 com.android.server.wm.DisplayContent.updateOrientation:2176 com.android.server.wm.DisplayContent.updateOrientation:2092 com.android.server.wm.RootWindowContainer.ensureVisibilityAndConfig:2091 com.android.server.wm.ActivityTaskSupervisor.realStartActivityLocked:932 com.android.server.wm.RootWindowContainer$AttachApplicationHelper.test:4352
02-25 11:58:49.205 1385 2084 V WindowManager: rotationForOrientation(orient=SCREEN_ORIENTATION_UNSPECIFIED (-1), last=ROTATION_0 (0)); user=ROTATION_0 (0) USER_ROTATION_LOCKED
02-25 11:58:49.205 1385 2084 D WindowManager: rotationForOrientation, orientationSource=ActivityRecord{f25341a u0 com.companyname.mauiapp3/crc64e73e5e987e2fb5cd.MainActivity t4614}
02-25 11:58:49.206 1385 2084 D SGM:PkgDataHelper: notifyAppCreate(), pkgName: com.companyname.mauiapp3, userId: 0, sendRet: true
02-25 11:58:49.206 1385 1587 D SGM:FgCheckThread: onLooperPrepared(), msg: MSG_APP_CREATE, pkgName: com.companyname.mauiapp3, userId: 0
02-25 11:58:49.207 1385 2084 D ActivityTaskManager: scheduleTopResumedActivityChanged, onTop=true, r=ActivityRecord{f25341a u0 com.companyname.mauiapp3/crc64e73e5e987e2fb5cd.MainActivity t4614}, caller=com.android.server.wm.ActivityTaskSupervisor.scheduleTopResumedActivityStateIfNeeded:2857 com.android.server.wm.ActivityTaskSupervisor.updateTopResumedActivityIfNeeded:2849 com.android.server.wm.TaskFragment.setResumedActivity:579 com.android.server.wm.TaskFragment.onActivityStateChanged:903 com.android.server.wm.ActivityRecord.setState:6811 com.android.server.wm.Task.minimalResumeActivityLocked:6192
02-25 11:58:49.208 1385 2084 V Transition: allReady query: used=true, override=false, defer=0, states=Display{#0 state=ON size=1080x2408 ROTATION_0}:true
02-25 11:58:49.210 1385 1420 D SGM:FgCheckThread: noteResumeComponent(), received pkgName: com.companyname.mauiapp3, userId: 0
02-25 11:58:49.210 1385 1420 I GameSDK@LifeCycle: noteResumeComponent(): package name : com.companyname.mauiapp3
02-25 11:58:49.210 1385 1587 D SGM:FgCheckThread: onLooperPrepared(), msg: MSG_APP_RESUME, pkgName: com.companyname.mauiapp3, userid: 0
02-25 11:58:49.210 1385 1587 D SGM:FgCheckThread: handleResume().
02-25 11:58:49.211 1385 1587 D SGM:FgCheckThread: sendFocusOutConditionally() - mPrevNotiPkg: (unknown), userId: 0
02-25 11:58:49.211 1385 1587 D SGM:FgCheckThread: handleResume(). pkgName: com.companyname.mauiapp3, userId: 0, isTunableApp: null
02-25 11:58:49.211 1385 1587 D SGM:FgCheckThread: notifyFocusInOut(). of pkg: com.companyname.mauiapp3, type: 4, isTunableApp: false, userId: 0
02-25 11:58:49.211 1385 1587 D SGM:FgCheckThread: notifyFocusInOut(). unexpected mPrevNotiType: -1
02-25 11:58:49.211 1385 1587 D SGM:SystemHelper: callReleaseBlock needReleaseBlock:false
02-25 11:58:49.214 1385 1421 V WindowManager: SyncGroup 173: Finished!
02-25 11:58:49.214 1385 1421 D ChangeTransitionController: onTransactionReady: TransitionRecord{59dc026 id=173 type=CLOSE flags=0x0}
02-25 11:58:49.215 1385 1421 V WindowManager: Start calculating TransitionInfo based on participants: {ActivityRecord{f25341a u0 com.companyname.mauiapp3/crc64e73e5e987e2fb5cd.MainActivity t4614}}
02-25 11:58:49.215 1385 1421 V WindowManager: Final targets: []
02-25 11:58:49.215 1385 1421 I SurfaceControl: show, t=StartTransaction_SyncId<173>, sc=Surface(name=ActivityRecord{f25341a u0 com.companyname.mauiapp3/crc64e73e5e987e2fb5cd.MainActivity t4614})/@0x6d6bdd5, caller=com.android.server.wm.Transition.onTransactionReady:1992 com.android.server.wm.BLASTSyncEngine$SyncGroup.finishNow:315 com.android.server.wm.BLASTSyncEngine$SyncGroup.tryFinish:242 com.android.server.wm.BLASTSyncEngine$SyncGroup.-$$Nest$mtryFinish:0 com.android.server.wm.BLASTSyncEngine.onSurfacePlacement:675 com.android.server.wm.RootWindowContainer.performSurfacePlacementNoTrace:990
