02-25 11:58:50.273 1842 2465 I WallpaperService: dispatchAppVisibility: system, visible=true
02-25 11:58:50.273 2218 8197 I HoneySpace.SPayHandler: same state show=true currentDefaultPage=false
02-25 11:58:50.273 1842 2139 I WallpaperService: updateSurface system forceRelayout=false forceReport=false redrawNeeded=false myWidth=1080 myHeight=2400 fixedSize=true x = 0 y = 0 mWidth=1080 mHeight=2400
02-25 11:58:50.273 2218 2373 I HoneySpace.TaskbarEventTracker: invokeEvent() called with: event = SystemUiStateChanged(stateFlags=268435456)
02-25 11:58:50.273 1842 2139 I WallpaperService: reportVisibility: visibility changed. visible=true
02-25 11:58:50.273 1842 2139 I ImageWallpaper[CanvasEngine_d0_w1]: onVisibilityChanged: visible=true , displayId=0
02-25 11:58:50.273 1385 1421 V WindowManager: SyncGroup 175: Finished!
02-25 11:58:50.273 2218 2218 I ViewRootImpl@9bc818d[LauncherActivity]: Setup new sync=wmsSync-ViewRootImpl@9bc818d[LauncherActivity]#84
02-25 11:58:50.273 2218 2218 I ViewRootImpl@9bc818d[LauncherActivity]: Creating new active sync group ViewRootImpl@9bc818d[LauncherActivity]#85
02-25 11:58:50.273 15173 15173 I cjtj : onResume
02-25 11:58:50.273 1385 1421 V WindowManager: performShowLocked: mDrawState=HAS_DRAWN in Window{660cc0 u0 com.sec.android.app.launcher/com.sec.android.app.launcher.activities.LauncherActivity}
02-25 11:58:50.273 2218 2218 I ViewRootImpl@9bc818d[LauncherActivity]: registerCallbacksForSync syncBuffer=false
02-25 11:58:50.273 1385 1421 D ChangeTransitionController: onTransactionReady: TransitionRecord{63e6ace id=175 type=CLOSE flags=0x0}
02-25 11:58:50.274 1385 1421 V WindowManager: Start calculating TransitionInfo based on participants: {ActivityRecord{40f671 u0 com.sec.android.app.launcher/.activities.LauncherActivity t4561}, WallpaperWindowToken{e54c4b8 token=android.os.Binder@d762b1b}, Task{ed34b4b #4614 type=standard A=10405:com.companyname.mauiapp3}, ActivityRecord{f25341a u0 com.companyname.mauiapp3/crc64e73e5e987e2fb5cd.MainActivity t4614 f} isExiting}}
02-25 11:58:50.274 1385 1421 V WindowManager: Final targets: [Task{ed34b4b #4614 type=standard A=10405:com.companyname.mauiapp3}, Task{ae3a6ef #1 type=home}]
02-25 11:58:50.274 2218 3464 I ViewRootImpl@9bc818d[LauncherActivity]: Received frameDrawingCallback syncResult=0 frameNum=2.
02-25 11:58:50.274 890 915 E BufferQueueDebug: [Transition Root: Task=4614#1218](this:0xe71d38b8,id:-1,api:0,p:-1,c:-1) id info cannot be read from 'Transition Root: Task=4614#1218'
02-25 11:58:50.274 2218 3464 I ViewRootImpl@9bc818d[LauncherActivity]: mWNT: t=0xe7efa580 mBlastBufferQueue=0xe7fbae40 fn= 2 mRenderHdrSdrRatio=1.0 caller= android.view.ViewRootImpl$8.onFrameDraw:13841 android.view.ThreadedRenderer$1.onFrameDraw:792
02-25 11:58:50.274 2218 3464 I ViewRootImpl@9bc818d[LauncherActivity]: Setting up sync and frameCommitCallback
02-25 11:58:50.274 2218 3330 I ViewRootImpl@9bc818d[LauncherActivity]: Received frameCommittedCallback lastAttemptedDrawFrameNum=2 didProduceBuffer=false
02-25 11:58:50.274 890 915 I BufferQueueDebug: [Transition Root: Task=4614#1218](this:0xe71d38b8,id:-1,api:0,p:-1,c:-1) BufferQueue core=(890:/system/bin/surfaceflinger)
02-25 11:58:50.274 890 915 I SurfaceFlinger: id=1218 createSurf, flag=84004, Transition Root: Task=4614#1218
02-25 11:58:50.274 2218 3330 I BLASTBufferQueue_Java: gatherPendingTransactions, mName= ViewRootImpl@9bc818d[LauncherActivity] mNativeObject= 0xe7fbae40 frameNumber= 2 caller= android.view.ViewRootImpl$8.lambda$onFrameDraw$1:13914 android.view.ViewRootImpl$8.$r8$lambda$6frSHsGsDhUEo8Wl9hChpniTVZ0:0 android.view.ViewRootImpl$8$$ExternalSyntheticLambda1.onFrameCommit:9 android.view.ThreadedRenderer$1.lambda$onFrameDraw$0:804 android.view.ThreadedRenderer$1$$ExternalSyntheticLambda0.onFrameCommit:2
02-25 11:58:50.275 2218 2218 I ViewRootImpl@9bc818d[LauncherActivity]: reportDrawFinished seqId=0
02-25 11:58:50.275 2218 2218 I InsetsSourceConsumer: applyRequestedVisibilityToControl: visible=true, type=navigationBars, host=com.sec.android.app.launcher/com.sec.android.app.launcher.activities.LauncherActivity
02-25 11:58:50.276 2218 2218 I InsetsSourceConsumer: applyRequestedVisibilityToControl: visible=true, type=statusBars, host=com.sec.android.app.launcher/com.sec.android.app.launcher.activities.LauncherActivity
02-25 11:58:50.276 1385 1421 I SurfaceControl: show, t=StartTransaction_SyncId<175>, sc=Surface(name=ActivityRecord{40f671 u0 com.sec.android.app.launcher/.activities.LauncherActivity t4561})/@0xe577352, caller=com.android.server.wm.Transition.onTransactionReady:1992 com.android.server.wm.BLASTSyncEngine$SyncGroup.finishNow:315 com.android.server.wm.BLASTSyncEngine$SyncGroup.tryFinish:242 com.android.server.wm.BLASTSyncEngine$SyncGroup.-$$Nest$mtryFinish:0 com.android.server.wm.BLASTSyncEngine.onSurfacePlacement:675 com.android.server.wm.RootWindowContainer.performSurfacePlacementNoTrace:990
02-25 11:58:50.276 1385 1421 I SurfaceControl: show, t=StartTransaction_SyncId<175>, sc=Surface(name=Task=4561)/@0x3cb4623, caller=com.android.server.wm.Transition.onTransactionReady:2009 com.android.server.wm.BLASTSyncEngine$SyncGroup.finishNow:315 com.android.server.wm.BLASTSyncEngine$SyncGroup.tryFinish:242 com.android.server.wm.BLASTSyncEngine$SyncGroup.-$$Nest$mtryFinish:0 com.android.server.wm.BLASTSyncEngine.onSurfacePlacement:675 com.android.server.wm.RootWindowContainer.performSurfacePlacementNoTrace:990
02-25 11:58:50.276 1842 1842 D NavigationModeController: getCurrentUserContext: contextUser=0 currentUser=0
02-25 11:58:50.276 1385 1421 D RestrictionPolicy: isScreenCaptureEnabled : ret=true userId=0
02-25 11:58:50.276 2218 2218 I ViewRootImpl@9bc818d[LauncherActivity]: handleResized, msg = 5 frames=ClientWindowFrames{frame=[0,0][1080,2408] display=[0,0][1080,2408] parentFrame=[0,0][0,0]} forceNextWindowRelayout=false displayId=0 dragResizing=false compatScale=1.0 frameChanged=false attachedFrameChanged=false configChanged=false displayChanged=false compatScaleChanged=false
02-25 11:58:50.276 2218 2218 I ViewRootImpl@9bc818d[LauncherActivity]: handleResized mSyncSeqId = 0
02-25 11:58:50.276 1385 1421 D RestrictionPolicy: isScreenCaptureEnabled : ret=true userId=0
02-25 11:58:50.277 1385 1421 D ScreenCapture: [Capture_TEST] : setIsScreenShotBySystem false
02-25 11:58:50.277 890 890 E BufferQueueDebug: [Screenshot Parent#1219](this:0xe9d110b8,id:-1,api:0,p:-1,c:-1) id info cannot be read from 'Screenshot Parent#1219'
02-25 11:58:50.277 890 890 I BufferQueueDebug: [Screenshot Parent#1219](this:0xe9d110b8,id:-1,api:0,p:-1,c:-1) BufferQueue core=(890:/system/bin/surfaceflinger)
02-25 11:58:50.279 1842 1842 D NavigationModeController: getCurrentUserContext: contextUser=0 currentUser=0
02-25 11:58:50.280 2218 2218 I ViewRootImpl@9bc818d[LauncherActivity]: Setup new sync=wmsSync-ViewRootImpl@9bc818d[LauncherActivity]#86
02-25 11:58:50.280 2218 2218 I ViewRootImpl@9bc818d[LauncherActivity]: Creating new active sync group ViewRootImpl@9bc818d[LauncherActivity]#87
02-25 11:58:50.280 2218 2218 I ViewRootImpl@9bc818d[LauncherActivity]: registerCallbacksForSync syncBuffer=false
02-25 11:58:50.281 2218 3464 I ViewRootImpl@9bc818d[LauncherActivity]: Received frameDrawingCallback syncResult=0 frameNum=2.
02-25 11:58:50.281 2218 3464 I ViewRootImpl@9bc818d[LauncherActivity]: mWNT: t=0xe33bbfc0 mBlastBufferQueue=0xe7fbae40 fn= 2 mRenderHdrSdrRatio=1.0 caller= android.view.ViewRootImpl$8.onFrameDraw:13841 android.view.ThreadedRenderer$1.onFrameDraw:792
02-25 11:58:50.281 2218 3464 I ViewRootImpl@9bc818d[LauncherActivity]: Setting up sync and frameCommitCallback
02-25 11:58:50.281 2218 3330 I ViewRootImpl@9bc818d[LauncherActivity]: Received frameCommittedCallback lastAttemptedDrawFrameNum=2 didProduceBuffer=false
02-25 11:58:50.281 1842 1842 D NavigationModeController: getCurrentUserContext: contextUser=0 currentUser=0
02-25 11:58:50.281 2218 3330 I BLASTBufferQueue_Java: gatherPendingTransactions, mName= ViewRootImpl@9bc818d[LauncherActivity] mNativeObject= 0xe7fbae40 frameNumber= 2 caller= android.view.ViewRootImpl$8.lambda$onFrameDraw$1:13914 android.view.ViewRootImpl$8.$r8$lambda$6frSHsGsDhUEo8Wl9hChpniTVZ0:0 android.view.ViewRootImpl$8$$ExternalSyntheticLambda1.onFrameCommit:9 android.view.ThreadedRenderer$1.lambda$onFrameDraw$0:804 android.view.ThreadedRenderer$1$$ExternalSyntheticLambda0.onFrameCommit:2
02-25 11:58:50.282 2218 2218 I ViewRootImpl@9bc818d[LauncherActivity]: reportDrawFinished seqId=0
02-25 11:58:50.283 890 890 I BufferQueueDebug: [Screenshot Parent#1219](this:0xe9d110b8,id:-1,api:0,p:-1,c:890) onDestructor()
02-25 11:58:50.283 890 890 I Layer : id=1219 Destroyed Screenshot Parent#1219
02-25 11:58:50.284 890 890 D Layer : [com.sec.android.app.launcher/com.sec.android.app.launcher.activities.LauncherActivity$_2218#1200] frameNumber is overwritten with lower number. (mDrawingState.frameNumber: 62, bufferData.frameNumber: 0)
02-25 11:58:50.284 890 890 I BufferQueueProducer: [com.sec.android.app.launcher/com.sec.android.app.launcher.activities.LauncherActivity$_2218#1200](this:0xe96bc8b8,id:-1,api:0,p:-1,c:890) queueBuffer: fps=0.02 dur=49167.81 max=49167.81 min=49167.81
02-25 11:58:50.285 890 890 I gralloc4: @set_metadata: update dataspace from GM (0x08010000 -> 0x00000000)
02-25 11:58:50.285 890 890 I BpBinder: onLastStrongRef automatically unlinking death recipients:
02-25 11:58:50.285 1842 1842 D NavigationModeController: getCurrentUserContext: contextUser=0 currentUser=0
02-25 11:58:50.286 1385 1421 V WindowManager: Calling onTransitionReady: {id=175 t=CLOSE f=0x0 trk=0 r=[0@Point(0, 0)] c=[
02-25 11:58:50.286 1385 1421 V WindowManager: {WCT{RemoteToken{141cb78 Task{ed34b4b #4614 type=standard A=10405:com.companyname.mauiapp3}}} m=CLOSE f=NONE leash=Surface(name=Task=4614)/@0xf03e9ea sb=Rect(0, 0 - 1080, 2408) eb=Rect(0, 0 - 1080, 2408) d=0 inset=Rect(0, 0 - 0, 0)},
02-25 11:58:50.286 1385 1421 V WindowManager: {WCT{RemoteToken{c55729e Task{ae3a6ef #1 type=home}}} m=TO_FRONT f=SHOW_WALLPAPER|EDGE_EXTENSION_RESTRICTION leash=Surface(name=Task=1)/@0x3b44cf8 sb=Rect(0, 0 - 1080, 2408) eb=Rect(0, 0 - 1080, 2408) d=0 inset=Rect(0, 70 - 0, 135)}
02-25 11:58:50.286 1385 1421 V WindowManager: ]}
02-25 11:58:50.289 1385 1417 V WindowManager: Sent Transition #175 createdAt=02-25 11:58:50.220 via request=TransitionRequestInfo { type = CLOSE, triggerTask = TaskInfo{userId=0 taskId=4614 displayId=0 isRunning=false baseIntent=Intent { act=android.intent.action.MAIN cat=[android.intent.category.LAUNCHER] flg=0x10000000 cmp=com.companyname.mauiapp3/crc64e73e5e987e2fb5cd.MainActivity } baseActivity=null topActivity=null origActivity=null realActivity=ComponentInfo{com.companyname.mauiapp3/crc64e73e5e987e2fb5cd.MainActivity} numActivities=0 lastActiveTime=86667051 supportsMultiWindow=true resizeMode=1 isResizeable=true minWidth=-1 minHeight=-1 maxWidth=-1 maxHeight=-1 defaultMinSize=220 token=WCT{RemoteToken{141cb78 Task{ed34b4b #4614 type=standard A=10405:com.companyname.mauiapp3}}} topActivityType=1 pictureInPictureParams=null shouldDockBigOverlays=false launchIntoPipHostTaskId=-1 lastParentTaskIdBeforePip=-1 displayCutoutSafeInsets=Rect(0, 65 - 0, 0) topActivityInfo=null launchCookies=[] positionInParent=Point(0, 0) parentTaskId=-1 isFocused=true isVisible=true isVisibleRequested=true isSleeping=false topActivityInSizeCompat=false topActivityEligibleForLetterboxEducation= false topActivityLetterboxed= false isFromDoubleTap= false topActivityLetterboxVerticalPosition= -1 topActivityLetterboxHorizontalPosition= -1 topActivityLetterboxWidth=-1 topActivityLetterboxHeight=-1 locusId=null displayAreaFeatureId=1 cameraCompatControlState=hidden originallySupportedMultiWindow=true hasWallpaper=false topActivityInFixedAspectRatio=false rootAffinity=10405:com.companyname.mauiapp3 topActivityInDisplayCompat=false topActivityInBoundsCompat=false topActivityBounds=null singleTapFromLetterbox=false isTopTaskInStage=false CoverLauncherWidgetTask=false CoverScreenTask=false isAllowedSeamlessRotation=false isTopTransparentActivity=false hasPopOver=false}, remoteTransition = null, displayChange = null }
02-25 11:58:50.289 1385 1417 V WindowManager: startWCT=WindowContainerTransaction { changes = {} hops = [] errorCallbackToken=null taskFragmentOrganizer=null }
02-25 11:58:50.289 1385 1417 V WindowManager: info={id=175 t=CLOSE f=0x0 trk=0 r=[0@Point(0, 0)] c=[
02-25 11:58:50.289 1385 1417 V WindowManager: {WCT{RemoteToken{141cb78 Task{ed34b4b #4614 type=standard A=10405:com.companyname.mauiapp3}}} m=CLOSE f=NONE leash=Surface(name=Task=4614)/@0xf03e9ea sb=Rect(0, 0 - 1080, 2408) eb=Rect(0, 0 - 1080, 2408) d=0 inset=Rect(0, 0 - 0, 0)},
02-25 11:58:50.289 1385 1417 V WindowManager: {WCT{RemoteToken{c55729e Task{ae3a6ef #1 type=home}}} m=TO_FRONT f=SHOW_WALLPAPER|EDGE_EXTENSION_RESTRICTION leash=Surface(name=Task=1)/@0x3b44cf8 sb=Rect(0, 0 - 1080, 2408) eb=Rect(0, 0 - 1080, 2408) d=0 inset=Rect(0, 70 - 0, 135)}
02-25 11:58:50.289 1385 1417 V WindowManager: ]}
02-25 11:58:50.289 817 872 I hwcomposer: [DBQ] (q2:0xf5f50380) Buffer queue is created with size(3), m_id(256)
02-25 11:58:50.289 1842 1979 V WindowManagerShell: onTransitionReady android.os.BinderProxy@3d33c8d: {id=175 t=CLOSE f=0x0 trk=0 r=[0@Point(0, 0)] c=[{WCT{android.window.IWindowContainerToken$Stub$Proxy@78734a8} m=CLOSE f=NONE leash=Surface(name=Task=4614)/@0x6a048bc sb=Rect(0, 0 - 1080, 2408) eb=Rect(0, 0 - 1080, 2408) d=0 inset=Rect(0, 0 - 0, 0)},{WCT{android.window.IWindowContainerToken$Stub$Proxy@88ccbc1} m=TO_FRONT f=SHOW_WALLPAPER|EDGE_EXTENSION_RESTRICTION leash=Surface(name=Task=1)/@0x5d07045 sb=Rect(0, 0 - 1080, 2408) eb=Rect(0, 0 - 1080, 2408) d=0 inset=Rect(0, 70 - 0, 135)}]}
02-25 11:58:50.289 817 872 I hwcomposer: [DBQ] (q2:0xf5f50380) Reallocate Slot(0), pool(0 -> 0) size(0 -> 10402560) secure(0 -> 0)
02-25 11:58:50.289 1842 1979 I SurfaceControl: show, t=StartTransaction_SyncId<175>, sc=Surface(name=Task=1)/@0x5d07045, caller=com.android.wm.shell.transition.Transitions.dispatchReady:687 com.android.wm.shell.transition.Transitions.onTransitionReady:119 com.android.wm.shell.transition.Transitions$TransitionPlayerImpl$$ExternalSyntheticLambda0.run:13 android.os.Handler.handleCallback:958 android.os.Handler.dispatchMessage:99 android.os.Looper.loopOnce:230
02-25 11:58:50.289 1842 1979 I SurfaceControl: show, t=FinishTransaction_SyncId<175>, sc=Surface(name=Task=1)/@0x5d07045, caller=com.android.wm.shell.transition.Transitions.dispatchReady:744 com.android.wm.shell.transition.Transitions.onTransitionReady:119 com.android.wm.shell.transition.Transitions$TransitionPlayerImpl$$ExternalSyntheticLambda0.run:13 android.os.Handler.handleCallback:958 android.os.Handler.dispatchMessage:99 android.os.Looper.loopOnce:230
02-25 11:58:50.290 1842 1979 I SurfaceControl: hide, t=FinishTransaction_SyncId<175>, sc=Surface(name=Task=4614)/@0x6a048bc, caller=com.android.wm.shell.transition.Transitions.dispatchReady:682 com.android.wm.shell.transition.Transitions.onTransitionReady:119 com.android.wm.shell.transition.Transitions$TransitionPlayerImpl$$ExternalSyntheticLambda0.run:13 android.os.Handler.handleCallback:958 android.os.Handler.dispatchMessage:99 android.os.Looper.loopOnce:230
02-25 11:58:50.290 1842 1979 V WindowManagerShell: Playing animation for (#175)android.os.BinderProxy@3d33c8d@0
02-25 11:58:50.290 1842 1979 I SurfaceControl: show, t=StartTransaction_SyncId<175>, sc=Surface(name=Transition Root: Task=4614)/@0xf8da4cb, caller=com.android.wm.shell.transition.Transitions.playTransition:80 com.android.wm.shell.transition.Transitions.processReadyQueue:195 com.android.wm.shell.transition.Transitions.dispatchReady:762 com.android.wm.shell.transition.Transitions.onTransitionReady:119 com.android.wm.shell.transition.Transitions$TransitionPlayerImpl$$ExternalSyntheticLambda0.run:13 android.os.Handler.handleCallback:958
02-25 11:58:50.290 1842 1979 V WindowManagerShell: try handler com.android.wm.shell.transition.DefaultMixedHandler@7845d6f
02-25 11:58:50.290 1842 1979 V WindowManagerShell: try handler com.android.wm.shell.keyguard.KeyguardTransitionHandler@aadca7c
02-25 11:58:50.290 1842 1979 V WindowManagerShell: try handler com.android.wm.shell.activityembedding.ActivityEmbeddingController@e8bb8a3
02-25 11:58:50.290 1842 1979 V WindowManagerShell: try handler com.android.wm.shell.recents.RecentsTransitionHandler@4d177a0
02-25 11:58:50.290 1842 1979 V ShellRecents: RecentsTransitionHandler.startAnimation: no controller found
02-25 11:58:50.290 1842 1979 V WindowManagerShell: try handler com.android.wm.shell.pip.PipTransition@562df59
02-25 11:58:50.290 1842 1979 V WindowManagerShell: try handler com.android.wm.shell.splitscreen.StageCoordinator@2fc671e
02-25 11:58:50.290 1842 1979 V WindowManagerShell: try handler com.android.wm.shell.transition.RemoteTransitionHandler@c173bff
02-25 11:58:50.290 1842 1979 V WindowManagerShell: Transition doesn't have explicit remote, search filters for match for {id=175 t=CLOSE f=0x0 trk=0 r=[0@Point(0, 0)] c=[{WCT{android.window.IWindowContainerToken$Stub$Proxy@78734a8} m=CLOSE f=NONE leash=Surface(name=Task=4614)/@0x6a048bc sb=Rect(0, 0 - 1080, 2408) eb=Rect(0, 0 - 1080, 2408) d=0 inset=Rect(0, 0 - 0, 0)},{WCT{android.window.IWindowContainerToken$Stub$Proxy@88ccbc1} m=TO_FRONT f=SHOW_WALLPAPER|EDGE_EXTENSION_RESTRICTION leash=Surface(name=Task=1)/@0x5d07045 sb=Rect(0, 0 - 1080, 2408) eb=Rect(0, 0 - 1080, 2408) d=0 inset=Rect(0, 70 - 0, 135)}]}
02-25 11:58:50.290 1842 1979 V WindowManagerShell: Checking filter Pair{{types=[] flags=0x0] notFlags=0x100 checks=[{atype=home independent=true modes=[OPEN,TO_FRONT] flags=NONE mustBeTask=false order=TOP topActivity=ComponentInfo{com.sec.android.app.launcher/com.sec.android.app.launcher.Launcher}},{atype=recents independent=true modes=[CLOSE,TO_BACK] flags=NONE mustBeTask=false order=ANY topActivity=null}]} RemoteTransition { remoteTransition = android.window.IRemoteTransition$Stub$Proxy@666dcc, appThread = android.app.IApplicationThread$Stub$Proxy@8d91815, debugName = QuickstepLaunchHomeFromRecents }}
02-25 11:58:50.290 1842 1979 V WindowManagerShell: Checking filter Pair{{types=[] flags=0x0] notFlags=0x100 checks=[{atype=home independent=true modes=[OPEN,TO_FRONT] flags=NONE mustBeTask=false order=TOP topActivity=ComponentInfo{com.sec.android.app.launcher/com.sec.android.app.launcher.Launcher}},{atype=standard independent=true modes=[CLOSE,TO_BACK] flags=NONE mustBeTask=false order=ANY topActivity=null}]} RemoteTransition { remoteTransition = android.window.IRemoteTransition$Stub$Proxy@f03d72a, appThread = android.app.IApplicationThread$Stub$Proxy@4ad991b, debugName = QuickstepLaunchHome }}
02-25 11:58:50.290 1842 1979 V WindowManagerShell: Delegate animation for #175 to null
02-25 11:58:50.290 1842 1979 V WindowManagerShell: try handler com.android.wm.shell.transition.DefaultTransitionHandler@8729ab8
02-25 11:58:50.290 1842 1979 V WindowManagerShell: start default transition animation, info = {id=175 t=CLOSE f=0x0 trk=0 r=[0@Point(0, 0)] c=[{WCT{android.window.IWindowContainerToken$Stub$Proxy@78734a8} m=CLOSE f=NONE leash=Surface(name=Task=4614)/@0x6a048bc sb=Rect(0, 0 - 1080, 2408) eb=Rect(0, 0 - 1080, 2408) d=0 inset=Rect(0, 0 - 0, 0)},{WCT{android.window.IWindowContainerToken$Stub$Proxy@88ccbc1} m=TO_FRONT f=SHOW_WALLPAPER|EDGE_EXTENSION_RESTRICTION leash=Surface(name=Task=1)/@0x5d07045 sb=Rect(0, 0 - 1080, 2408) eb=Rect(0, 0 - 1080, 2408) d=0 inset=Rect(0, 70 - 0, 135)}]}
02-25 11:58:50.291 1385 1412 D WindowManager: finishDrawingWindow: Window{660cc0 u0 com.sec.android.app.launcher/com.sec.android.app.launcher.activities.LauncherActivity} mDrawState=HAS_DRAWN seqId=0
02-25 11:58:50.291 817 872 I hwcomposer: [DBQ] (q2:0xf5f50380) Alloc Slot(0), handle=0xf6304e00 c=0 w=1080 h=2408 p=1088 ys=1088 vs=2408 f=2 sec=0 sh=0, usage=0x800
02-25 11:58:50.291 1842 1979 V WindowManagerShell: loadAnimation: anim=android.view.animation.AnimationSet@55962fd animAttr=0x10 type=CLOSE isEntrance=true
02-25 11:58:50.292 1842 1979 V WindowManagerShell: loadAnimation: anim=android.view.animation.AnimationSet@92be243 animAttr=0x11 type=CLOSE isEntrance=false
02-25 11:58:50.292 1842 1979 I SurfaceControl: apply is called, name=StartTransaction_SyncId<175>, caller=android.view.SurfaceControl$Transaction.apply:2921 com.android.wm.shell.transition.DefaultTransitionHandler.startAnimation:3226 com.android.wm.shell.transition.Transitions.dispatchTransition:80 com.android.wm.shell.transition.Transitions.playTransition:793 com.android.wm.shell.transition.Transitions.processReadyQueue:195 com.android.wm.shell.transition.Transitions.dispatchReady:762
02-25 11:58:50.292 817 1023 E PQ : [PQ][PQSessionManager] PQSessionManager::getPQSession m_PQSupport == 0
02-25 11:58:50.292 890 890 D SurfaceFlinger: Display 0 HWC layers:
02-25 11:58:50.292 890 890 D SurfaceFlinger: DEVICE | 0xebe2b380 | 0100 | RGBA_8888 | 2.0 0.0 1078.0 2400.0 | 0 0 1080 2408 | Wallpaper BBQ wrapper 5_system#70
02-25 11:58:50.292 890 890 D SurfaceFlinger: DEVICE | 0xea377f00 | 0100 | RGBA_8888 | 0.0 0.0 1080.0 2408.0 | 0 0 1080 2408 | Splash Screen com.companyname.mauiapp3$_1842#1211
02-25 11:58:50.292 890 890 D SurfaceFlinger: DEVICE | 0xebe2c580 | 0100 | RGBA_8888 | 0.0 0.0 1080.0 70.0 | 0 0 1080 70 | StatusBar$_1842#84
02-25 11:58:50.292 890 890 D SurfaceFlinger: DEVICE | 0xebe2ca00 | 0100 | RGBA_8888 | 0.0 0.0 1080.0 135.0 | 0 2273 1080 2408 | NavigationBar0$_1842#80
02-25 11:58:50.292 890 890 D SurfaceFlinger:
02-25 11:58:50.293 1842 1979 V WindowManagerShell: animated by com.android.wm.shell.transition.DefaultTransitionHandler@8729ab8
02-25 11:58:50.293 1385 1412 D WindowManager: finishDrawingWindow: Window{660cc0 u0 com.sec.android.app.launcher/com.sec.android.app.launcher.activities.LauncherActivity} mDrawState=HAS_DRAWN seqId=0
02-25 11:58:50.298 2218 2376 I HoneySpace.TopTaskUseCase: topTasks 4561 ComponentInfo{com.sec.android.app.launcher/com.sec.android.app.launcher.Launcher}
02-25 11:58:50.298 1842 1842 I BLASTBufferQueue_Java: update, w= 1080 h= 135 mName = ViewRootImpl@4308862[NavigationBar0] mNativeObject= 0xe228ee00 sc.mNativeObject= 0xe24aeae0 format= -3 caller= android.view.ViewRootImpl.updateBlastSurfaceIfNeeded:3017 android.view.ViewRootImpl.relayoutWindow:10131 android.view.ViewRootImpl.performTraversals:4110 android.view.ViewRootImpl.doTraversal:3288 android.view.ViewRootImpl$TraversalRunnable.run:11344 android.view.Choreographer$CallbackRecord.run:1689
02-25 11:58:50.298 1842 1842 I ViewRootImpl@4308862[NavigationBar0]: Relayout returned: old=(0,2273,1080,2408) new=(0,2273,1080,2408) relayoutAsync=true req=(1080,135)0 dur=1 res=0x0 s={true 0xabd0e000} ch=false seqId=0
02-25 11:58:50.299 890 890 I Layer : Layer [com.sec.android.app.launcher/com.sec.android.app.launcher.activities.LauncherActivity$_2218#1200] hidden!! flag(0)
02-25 11:58:50.299 1842 1842 I ViewRootImpl@4308862[NavigationBar0]: registerCallbackForPendingTransactions
02-25 11:58:50.299 1385 2262 V WindowManager: Relayout Window{90ab329 u0 NavigationBar0}: viewVisibility=0 req=1080x135 ty=2019 d0
02-25 11:58:50.299 890 890 I gralloc4: @set_metadata: update dataspace from GM (0x00000000 -> 0x08010000)
02-25 11:58:50.299 1842 2586 I ViewRootImpl@4308862[NavigationBar0]: mWNT: t=0xa0e568e0 mBlastBufferQueue=0xe228ee00 fn= 658 mRenderHdrSdrRatio=1.0 caller= android.view.ViewRootImpl$6.onFrameDraw:5635 android.view.ViewRootImpl$2.onFrameDraw:2146 android.view.ThreadedRenderer$1.onFrameDraw:792
02-25 11:58:50.302 1385 1412 V WindowManager: Schedule remove starting ActivityRecord{f25341a u0 com.companyname.mauiapp3/crc64e73e5e987e2fb5cd.MainActivity t4614 f} isExiting} startingWindow=Window{ce7d65d u0 Splash Screen com.companyname.mauiapp3} animate=true Callers=com.android.server.wm.ActivityRecord.onSyncTransactionCommitted:3487 com.android.server.wm.BLASTSyncEngine$SyncGroup$1CommitCallback.onCommitted:281 com.android.server.wm.BLASTSyncEngine$SyncGroup.lambda$finishNow$1:311 com.android.server.wm.BLASTSyncEngine$SyncGroup.$r8$lambda$8cESpvbvKLrMuuR5UoSdRfNsZpY:0 com.android.server.wm.BLASTSyncEngine$SyncGroup$$ExternalSyntheticLambda1.onTransactionCommitted:0
02-25 11:58:50.302 1842 1979 D ShellTaskOrganizer: removeStartingWindow, removalInfo=StartingWindowRemovalInfo{taskId=4614 frame=null playRevealAnimation=false roundedCornerRadius=0.0 deferRemoveForImeMode=0 windowlessSurface=false removeImmediately=false}
02-25 11:58:50.303 1842 2047 I gralloc4: @set_metadata: update dataspace from GM (0x00000000 -> 0x08010000)
02-25 11:58:50.311 1385 1658 V MdnieScenarioControlService: mAclOffEnabled : false
02-25 11:58:50.311 1385 2262 V WindowManager: Relayout hash=90ab329, pid=0, syncId=-1: mAttrs={(0,0)(fillx135) gr=BOTTOM CENTER_VERTICAL sim={adjust=pan} layoutInDisplayCutoutMode=always ty=NAVIGATION_BAR fmt=TRANSLUCENT
02-25 11:58:50.311 1385 2262 V WindowManager: fl=20840028
02-25 11:58:50.311 1385 2262 V WindowManager: pfl=33001000
02-25 11:58:50.311 1385 2262 V WindowManager: bhv=DEFAULT
02-25 11:58:50.311 1385 2262 V WindowManager: providedInsets:
02-25 11:58:50.311 1385 2262 V WindowManager: InsetsFrameProvider: {id=#da7b0001, index=0, type=navigationBars, source=FRAME, flags=[], insetsSize=Insets{left=0, top=0, right=0, bottom=135}, insetsSizeOverrides=[TypedInsetsSize: {windowType=INPUT_METHOD, insetsSize=null}]}
02-25 11:58:50.311 1385 2262 V WindowManager: InsetsFrameProvider: {id=#da7b0006, index=0, type=tappableElement, source=FRAME, flags=[]}
02-25 11:58:50.311 1385 2262 V WindowManager: InsetsFrameProvider: {id=#da7b0005, index=0, type=mandatorySystemGestures, source=FRAME, flags=[]}
02-25 11:58:50.311 1385 2262 V WindowManager: InsetsFrameProvider: {id=#da7b0004, index=0, type=systemGestures, source=DISPLAY, flags=[], insetsSize=Insets{left=0, top=0, right=0, bottom=0}, mMinimalInsetsSizeInDisplayCutoutSafe=Insets{left=0, top=0, right=0, bottom=0}}
02-25 11:58:50.311 1385 2262 V WindowManager: InsetsFrameProvider: {id=#da7b0024, index=1, type=systemGestures, source=DISPLAY, flags=[], insetsSize=Insets{left=0, top=0, right=0, bottom=0}, mMinimalInsetsSizeInDisplayCutoutSafe=Insets{left=0, top=0, right=0, bottom=0}}
02-25 11:58:50.311 1385 2262 V WindowManager: paramsForRotation:
02-25 11:58:50.311 1385 2262 V WindowManager: ROTATION_0={(0,0)(fillx135) gr=BOTTOM CENTER_VERTICAL layoutInDisplayCutoutMode=always ty=NAVIGATION_BAR fmt=TRANSLUCENT
02-25 11:58:50.311 1385 2262 V WindowManager: fl=20840028
02-25 11:58:50.311 1385 2262 V WindowManager: pfl=31001000
02-25 11:58:50.311 1385 2262 V WindowManager: bhv=DEFAULT
02-25 11:58:50.311 1385 2262 V WindowManager: providedInsets:
02-25 11:58:50.311 1385 2262 V WindowManager: InsetsFrameProvider: {id=#da7b0001, index=0, type=navigationBars, source=FRAME, flags=[], insetsSize=Insets{left=0, top=0, right=0, bottom=135}, insetsSizeOverrides=[TypedInsetsSize: {windowType=INPUT_METHOD, insetsSize=null}]}
02-25 11:58:50.311 1385 2262 V WindowManager: InsetsFrameProvider: {id=#da7b0006, index=0, type=tappableElement, source=FRAME, flags=[]}
02-25 11:58:50.311 1385 2262 V WindowManager: InsetsFrameProvider: {id=#da7b0005, index=0, type=mandatorySystemGestures, source=FRAME, flags=[]}
02-25 11:58:50.311 1385 2262 V WindowManager: InsetsFrameProvider: {id=#da7b0004, index=0, type=systemGestures, source=DISPLAY, flags=[], insetsSize=Insets{left=0, top=0, right=0, bottom=0}, mMinimalInsetsSizeInDisplayCutoutSafe=Insets{left=0, top=0, right=0, bottom=0}}
02-25 11:58:50.311 1385 2262 V WindowManager: InsetsFrameProvider: {id=#da7b0024, index=1, type=systemGestures, source=DISPLAY, flags=[], insetsSize=Insets{left=0, top=0, right=0, bottom=0}, mMinimalInsetsSizeInDisplayCutoutSafe=Insets{left=0, top=0, right=0, bottom=0}} naviIconColor=0}
02-25 11:58:50.311 1385 2262 V WindowManager: ROTATION_90={(0,0)(135xfill) gr=RIGHT CENTER_HORIZONTAL layoutInDisplayCutoutMode=always ty=NAVIGATION_BAR fmt=TRANSLUCENT
02-25 11:58:50.311 1385 2262 V WindowManager: fl=20840028
02-25 11:58:50.311 1385 2262 V WindowManager: pfl=31001000
02-25 11:58:50.311 1385 2262 V WindowManager: bhv=DEFAULT
02-25 11:58:50.311 1385 2262 V WindowManager: providedInsets:
02-25 11:58:50.311 1385 2262 V WindowManager: InsetsFrameProvider: {id=#da7b0001, index=0, type=navigationBars, source=FRAME, flags=[], insetsSizeOverrides=[TypedInsetsSize: {windowType=INPUT_METHOD, insetsSize=null}]}
02-25 11:58:50.311 1385 2262 V WindowManager: InsetsFrameProvider: {id=#da7b0006, index=0, type=tappableElement, source=FRAME, flags=[]}
02-25 11:58:50.311 1385 2262 V WindowManager: InsetsFrameProvider: {id=#da7b0005, index=0, type=mandatorySystemGestures, source=FRAME, flags=[]}
02-25 11:58:50.311 1385 2262 V WindowManager: InsetsFrameProvider: {id=#da7b0004, index=0, type=systemGestures, source=DISPLAY, flags=[], insetsSize=Insets{left=0, top=0, right=0, bottom=0}, mMinimalInsetsSizeInDisplayCutoutSafe=Insets{left=0, top=0, right=0, bottom=0}}
02-25 11:58:50.311 1385 2262 V WindowManager: InsetsFrameProvider: {id=#da7b0024, index=1, type=systemGestures, source=DISPLAY, flags=[], insetsSize=Insets{left=0, top=0, right=0, bottom=0}, mMinimalInsetsSizeInDisplayCutoutSafe=Insets{left=0, top=0, right=0, bottom=0}} naviIconColor=0}
02-25 11:58:50.311 1385 2262 V WindowManager: ROTATION_180={(0,0)(fillx135) gr=BOTTOM CENTER_VERTICAL layoutInDisplayCutoutMode=always ty=NAVIGATION_BAR fmt=TRANSLUCENT
02-25 11:58:50.311 1385 2262 V WindowManager: fl=20840028
02-25 11:58:50.311 1385 2262 V WindowManager: pfl=31001000
02-25 11:58:50.311 1385 2262 V WindowManager: bhv=DEFAULT
02-25 11:58:50.311 1385 2262 V WindowManager: providedInsets:
02-25 11:58:50.311 1385 2262 V WindowManager: InsetsFrameProvider: {id=#da7b0001, index=0, type=navigationBars, source=FRAME, flags=[], insetsSize=Insets{left=0, top=0, right=0, bottom=135}, insetsSizeOverrides=[TypedInsetsSize: {windowType=INPUT_METHOD, insetsSize=null}]}
02-25 11:58:50.311 1385 2262 V WindowManager: InsetsFrameProvider: {id=#da7b0006, index=0, type=tappableElement, source=FRAME, flags=[]}
02-25 11:58:50.311 1385 2262 V WindowManager: InsetsFrameProvider: {id=#da7b0005, index=0, type=mandatorySystemGestures, source=FRAME, flags=[]}
02-25 11:58:50.311 1385 2262 V WindowManager: InsetsFrameProvider: {id=#da7b0004, index=0, type=systemGestures, source=DISPLAY, flags=[], insetsSize=Insets{left=0, top=0, right=0, bottom=0}, mMinimalInsetsSizeInDisplayCutoutSafe=Insets{left=0, top=0, right=0, bottom=0}}
02-25 11:58:50.311 1385 2262 V WindowManager: InsetsFrameProvider: {id=#da7b0024, index=1, type=systemGestures, source=DISPLAY, flags=[], insetsSize=Insets{left=0, top=0, right=0, bottom=0}, mMinimalInsetsSizeInDisplayCutoutSafe=Insets{left=0, top=0, right=0, bottom=0}} naviIconColor=0}
02-25 11:58:50.311 1385 2262 V WindowManager: ROTATION_270={(0,0)(135xfill) gr=LEFT CENTER_HORIZONTAL layoutInDisplayCutoutMode=always ty=NAVIGATION_BAR fmt=TRANSLUCENT
02-25 11:58:50.311 1385 2262 V WindowManager: fl=20840028
02-25 11:58:50.311 1385 2262 V WindowManager: pfl=31001000
02-25 11:58:50.311 1385 2262 V WindowManager: bhv=DEFAULT
02-25 11:58:50.311 1385 2262 V WindowManager: providedInsets:
02-25 11:58:50.311 1385 2262 V WindowManager: InsetsFrameProvider: {id=#da7b0001, index=0, type=navigationBars, source=FRAME, flags=[], insetsSizeOverrides=[TypedInsetsSize: {windowType=INPUT_METHOD, insetsSize=null}]}
02-25 11:58:50.311 1385 2262 V WindowManager: InsetsFrameProvider: {id=#da7b0006, index=0, type=tappableElement, source=FRAME, flags=[]}
02-25 11:58:50.311 1385 2262 V WindowManager: InsetsFrameProvider: {id=#da7b0005, index=0, type=mandatorySystemGestures, source=FRAME, flags=[]}
02-25 11:58:50.311 1385 2262 V WindowManager: InsetsFrameProvider: {id=#da7b0004, index=0, type=systemGestures, source=DISPLAY, flags=[], insetsSize=Insets{left=0, top=0, right=0, bottom=0}, mMinimalInsetsSizeInDisplayCutoutSafe=Insets{left=0, top=0, right=0, bottom=0}}
02-25 11:58:50.311 1385 2262 V WindowManager: InsetsFrameProvider: {id=#da7b0024, index=1, type=systemGestures, source=DISPLAY, flags=[], insetsSize=Insets{left=0, top=0, right=0, bottom=0}, mMinimalInsetsSizeInDisplayCutoutSafe=Insets{left=0, top=0, right=0, bottom=0}} naviIconColor=0} naviIconColor=0}
02-25 11:58:50.314 1385 2262 V WindowManager: Relayout Window{ce7d65d u0 Splash Screen com.companyname.mauiapp3}: viewVisibility=8 req=1080x2408 ty=3 d0
02-25 11:58:50.315 890 890 I BufferQueueProducer: [NavigationBar0$_1842#80](this:0xe96e38b8,id:-1,api:0,p:-1,c:890) queueBuffer: fps=1.02 dur=1958.34 max=1573.55 min=384.79
02-25 11:58:50.317 986 3856 I CameraService: onUidStateChanged: uid=10047, procState is changed. (1 -> 0)
02-25 11:58:50.318 1385 2262 V WindowManager: Relayout hash=ce7d65d, pid=1842, syncId=-1: mAttrs={(0,0)(fillxfill) sim={adjust=pan} ty=APPLICATION_STARTING fmt=TRANSLUCENT wanim=0x1030303 alpha=0.0
02-25 11:58:50.318 1385 2262 V WindowManager: fl=81030118
02-25 11:58:50.318 1385 2262 V WindowManager: pfl=16000010
02-25 11:58:50.318 1385 2262 V WindowManager: bhv=DEFAULT
02-25 11:58:50.318 1385 2262 V WindowManager: fitSides= naviIconColor=0}
02-25 11:58:50.319 1842 2011 D BLASTBufferQueue: [ViewRootImpl@3d22171[mauiapp3]#70](f:0,a:1) destructor()
02-25 11:58:50.319 1842 2011 D BufferQueueConsumer: [ViewRootImpl@3d22171[mauiapp3]#70(BLAST Consumer)70](id:73200000046,api:0,p:-1,c:1842) disconnect
02-25 11:58:50.319 1842 2011 I ViewRootImpl@3d22171[mauiapp3]: Relayout returned: old=(0,0,1080,2408) new=(0,0,1080,2408) relayoutAsync=false req=(1080,2408)8 dur=5 res=0x402 s={false 0x0} ch=true seqId=0
02-25 11:58:50.319 1842 2047 I gralloc4: @set_metadata: update dataspace from GM (0x00000000 -> 0x08010000)
02-25 11:58:50.319 1842 2011 W WindowOnBackDispatcher: sendCancelIfRunning: isInProgress=falsecallback=android.view.ViewRootImpl$$ExternalSyntheticLambda19@33556e2
02-25 11:58:50.320 1842 2011 I ViewRootImpl@3d22171[mauiapp3]: dispatchDetachedFromWindow
02-25 11:58:50.320 1385 2084 D WindowManager: Starting window removed Window{ce7d65d u0 Splash Screen com.companyname.mauiapp3 EXITING}
02-25 11:58:50.320 1385 2084 D InputTransport: Input channel destroyed: 'ce7d65d', fd=829
02-25 11:58:50.320 1385 2084 W InputManager-JNI: Input channel object 'ce7d65d Splash Screen com.companyname.mauiapp3 (client)' was disposed without first being removed with the input manager!
02-25 11:58:50.320 1385 2084 D InputTransport: Input channel destroyed: 'ce7d65d', fd=979
02-25 11:58:50.321 1385 2084 V WindowManager: Remove Window{ce7d65d u0 Splash Screen com.companyname.mauiapp3 EXITING}: mSurfaceController=Surface(name=Splash Screen com.companyname.mauiapp3$_1842)/@0x53ec9d6 mAnimatingExit=true mRemoveOnExit=false mHasSurface=true surfaceShowing=true animating=false app-animation=false mDisplayFrozen=false callers=com.android.server.wm.WindowManagerService.removeWindow:2148 com.android.server.wm.Session.remove:257 android.view.IWindowSession$Stub.onTransact:747 com.android.server.wm.Session.onTransact:204 android.os.Binder.execTransactInternal:1380 android.os.Binder.execTransact:1311
02-25 11:58:50.321 1385 2084 I WindowManager: Destroying surface Surface(name=Splash Screen com.companyname.mauiapp3$_1842)/@0x53ec9d6 called by com.android.server.wm.WindowStateAnimator.destroySurface:799 com.android.server.wm.WindowStateAnimator.destroySurfaceLocked:472 com.android.server.wm.WindowState.removeImmediately:2937 com.android.server.wm.WindowState.removeIfPossible:3214 com.android.server.wm.WindowManagerService.removeWindow:2148 com.android.server.wm.Session.remove:257 android.view.IWindowSession$Stub.onTransact:747 com.android.server.wm.Session.onTransact:204
02-25 11:58:50.324 1842 2011 D InputTransport: Input channel destroyed: 'ce7d65d', fd=593
02-25 11:58:50.325 1385 1412 W WindowManager: Failed looking up window session=Session{91e52f3 1842:u0a10047} callers=com.android.server.wm.WindowManagerService.windowForClientLocked:6719 com.android.server.wm.Session.setOnBackInvokedCallbackInfo:1117 android.view.IWindowSession$Stub.onTransact:1325
02-25 11:58:50.325 1385 1412 I WindowManager: setOnBackInvokedCallback(): No window state for package:com.android.systemui
02-25 11:58:50.332 890 890 I Layer : id=1211 removeFromCurrentState Splash Screen com.companyname.mauiapp3$_1842#1211 (122)
02-25 11:58:50.332 890 890 I Layer : id=1210 removeFromCurrentState ce7d65d Splash Screen com.companyname.mauiapp3#1210 (122)
02-25 11:58:50.332 890 890 I SurfaceFlinger: id=1211 Removed Splash Screen com.companyname.mauiapp3$_1842#1211 (122)
02-25 11:58:50.334 890 890 D SurfaceFlinger: Display 0 HWC layers:
02-25 11:58:50.334 890 890 D SurfaceFlinger: DEVICE | 0xebe2b380 | 0100 | RGBA_8888 | 2.0 0.0 1078.0 2400.0 | 0 0 1080 2408 | Wallpaper BBQ wrapper 5_system#70
02-25 11:58:50.334 890 890 D SurfaceFlinger: DEVICE | 0xebe2c580 | 0100 | RGBA_8888 | 0.0 0.0 1080.0 70.0 | 0 0 1080 70 | StatusBar$_1842#84
02-25 11:58:50.334 890 890 D SurfaceFlinger: DEVICE | 0xebe2ac00 | 0100 | RGBA_8888 | 0.0 0.0 1080.0 135.0 | 0 2273 1080 2408 | NavigationBar0$_1842#80
02-25 11:58:50.334 890 890 D SurfaceFlinger:
02-25 11:58:50.337 557 557 D io_stats: !@ 179,0 r 572514 18996366 w 366136 7315840 d 46020 7157188 f 0 0 iot 643608 0 th 0 0 0 pt 0 inp 0 0 78606.252
02-25 11:58:50.348 890 890 I BufferQueueDebug: [Splash Screen com.companyname.mauiapp3$_1842#1211](this:0xe9de90b8,id:-1,api:0,p:-1,c:890) onDestructor()
02-25 11:58:50.348 890 890 I Layer : id=1211 Destroyed Splash Screen com.companyname.mauiapp3$_1842#1211
02-25 11:58:50.382 1385 1412 D InputDispatcher: Focus entered window (0): 660cc0 com.sec.android.app.launcher/com.sec.android.app.launcher.activities.LauncherActivity
02-25 11:58:50.383 2218 2218 I ViewRootImpl@9bc818d[LauncherActivity]: handleWindowFocusChanged: 1 0 call from android.view.ViewRootImpl.-$$Nest$mhandleWindowFocusChanged:0
02-25 11:58:50.385 2218 2218 I InputMethodManager: startInputInner - IInputMethodManagerGlobalInvoker.startInputOrWindowGainedFocus
02-25 11:58:50.386 1385 1412 D InputMethodManagerService: setWindowStateInner, windowToken=android.os.BinderProxy@92eee43, state=ImeTargetWindowState{ imeToken null imeFocusChanged false hasEditorFocused false requestedImeVisible false imeDisplayId 0 softInputModeState STATE_UNSPECIFIED|ADJUST_NOTHING isStartInputByGainFocus true}
02-25 11:58:50.386 1385 1412 V InputMethodManagerService: Same window without editor will hide input
02-25 11:58:50.386 1385 1412 V InputMethodManagerService: applyImeVisibility state=5
02-25 11:58:50.386 1385 1412 I ImeTracker: com.sec.android.app.launcher:bacda931: onRequestHide at ORIGIN_SERVER_HIDE_INPUT reason HIDE_SAME_WINDOW_FOCUSED_WITHOUT_EDITOR
02-25 11:58:50.386 1385 1412 D InputMethodManagerService: setWindowStateInner, windowToken=android.os.BinderProxy@92eee43, state=ImeTargetWindowState{ imeToken android.os.Binder@620042d imeFocusChanged false hasEditorFocused false requestedImeVisible false imeDisplayId 0 softInputModeState STATE_UNSPECIFIED|ADJUST_NOTHING isStartInputByGainFocus true}
02-25 11:58:50.387 1385 1412 I ImeTracker: com.sec.android.app.launcher:bacda931: onCancelled at PHASE_SERVER_SHOULD_HIDE
02-25 11:58:50.387 1385 1412 V InputMethodManagerService: hideCurrentInputLocked : canceled, shouldHideSoftInput=false, mInputShown=false, mImeWindowVis=0
02-25 11:58:50.387 1385 1412 D InputMethodManagerService: mDesktopModeManager null!
02-25 11:58:50.387 1385 1412 V InputMethodManagerService: getDisplayIdOfInputMethodWindowToBeAdded: displayId=0
02-25 11:58:50.387 890 890 I BufferQueueProducer: [FramebufferSurface](this:0xebf709e4,id:-1,api:1,p:890,c:890) queueBuffer: fps=9.47 dur=2006.66 max=1706.93 min=16.06
02-25 11:58:50.387 1385 1412 D InputMethodManagerService: isImeSwitcherDisabledPackage : false
02-25 11:58:50.388 1385 1412 D InputMethodManagerService: checkDisplayOfStartInputAndUpdateKeyboard: displayId=0, mFocusedDisplayId=0
02-25 11:58:50.388 1385 1412 D InputTransport: Input channel constructed: 'ClientS', fd=823
02-25 11:58:50.388 1385 1412 D InputTransport: Input channel destroyed: 'ClientS', fd=823
02-25 11:58:50.389 890 890 D SurfaceFlinger: Display 0 HWC layers:
02-25 11:58:50.389 890 890 D SurfaceFlinger: DEVICE | 0xebe2b380 | 0100 | RGBA_8888 | 2.0 0.0 1078.0 2400.0 | 0 0 1080 2408 | Wallpaper BBQ wrapper 5_system#70
02-25 11:58:50.389 890 890 D SurfaceFlinger: CLIENT | 0xeb101080 | 0100 | RGBA_8888 | 269.0 600.0 811.0 1808.0 | 0 0 1080 2408 | com.sec.android.app.launcher/com.sec[...]tivities.LauncherActivity$_2218#1200
02-25 11:58:50.389 890 890 D SurfaceFlinger: DEVICE | 0xebe2c580 | 0100 | RGBA_8888 | 0.0 0.0 1080.0 70.0 | 0 0 1080 70 | StatusBar$_1842#84
02-25 11:58:50.389 890 890 D SurfaceFlinger: DEVICE | 0xebe2ac00 | 0100 | RGBA_8888 | 0.0 0.0 1080.0 135.0 | 0 2273 1080 2408 | NavigationBar0$_1842#80
02-25 11:58:50.389 890 890 D SurfaceFlinger:
02-25 11:58:50.390 5459 5459 I HBD : HoneyBoardService onFinishInput
02-25 11:58:50.390 5459 5459 I HBD : a IC have been unbinding, RemoteInputConnection{idHash=#e261fce}
02-25 11:58:50.390 5459 5459 I HBD : HoneyBoardService [PF_CL][onFinishInput] 0 ms
02-25 11:58:50.390 5459 5459 I HBD : HoneyBoardService [IMI] onStartInput - caller pid : 2218 , caller uid : 10102
02-25 11:58:50.390 5459 5459 I HBD : k updateConfigs
02-25 11:58:50.390 5459 5459 I HBD : k isEnabledNightMode : false
02-25 11:58:50.390 5459 5459 I HBD : a IC have been binding, RemoteInputConnection{idHash=#e261fce}
02-25 11:58:50.390 5459 5459 I HBD : h [EditorInputType]setPrivateImeOptionsToTable privateImeOptions ( null )
02-25 11:58:50.390 5459 5459 I HBD : b incognitoMode : false
02-25 11:58:50.390 5459 5459 I HBD : b needOff = true , isForceOff = false, isNullInputClass : true
02-25 11:58:50.391 5459 5459 I HBD : h getDefaultInputRange : UNKNOWN
02-25 11:58:50.391 5459 5459 I HBD : h getDefaultInputRange : UNKNOWN
02-25 11:58:50.391 5459 5459 I HBD : h getDefaultInputRange : UNKNOWN
02-25 11:58:50.391 5459 5459 I HBD : b needOff = true , isForceOff = false, isNullInputClass : true
02-25 11:58:50.391 5459 5459 I HBD : b update cached prediction status : false
02-25 11:58:50.391 5459 5459 I HBD : h getDefaultInputRange : UNKNOWN
02-25 11:58:50.391 5459 5459 I HBD : a currentState : 0
02-25 11:58:50.392 5459 5459 I HBD : a [UpdatePolicy] [post] a: 0 cl: 65538 kit: [0/0] vt: 0 ir: 1
02-25 11:58:50.393 5459 5459 I HBD : a [NRIC] resetNoResponseState
02-25 11:58:50.393 5459 5459 I HBD : b needOff = true , isForceOff = false, isNullInputClass : true
02-25 11:58:50.393 5459 5459 I HBD : b update cached prediction status : false
02-25 11:58:50.393 5459 5459 I HBD : b [AiWriter] setContact : com.sec.android.app.launcher
02-25 11:58:50.393 5459 5459 I HBD : HoneyBoardService [PF_OP][onStartInput] 3 ms
02-25 11:58:50.423 1842 1867 I ndroid.systemui: Background concurrent copying GC freed 20MB AllocSpace bytes, 106(2120KB) LOS objects, 49% free, 23MB/47MB, paused 146us,97us total 176.176ms
02-25 11:58:50.428 890 2379 I SurfaceFlinger: id=1137 Removed ActivityRecord{7bf72f1 u0 com.android.settings/.SubSettings t4583}#1137 (121)
02-25 11:58:50.428 890 2379 I SurfaceFlinger: id=1086 Removed Task=4612#1086 (121)
02-25 11:58:50.428 890 915 I SurfaceFlinger: id=1060 Removed ActivityRecord{a5168fb u0 com.android.settings/.SubSettings t4583}#1060 (121)
02-25 11:58:50.429 890 915 I SurfaceFlinger: id=1045 Removed ActivityRecord{6edafc2 u0 com.android.settings/.SubSettings t4583}#1045 (121)
02-25 11:58:50.429 890 2379 I SurfaceFlinger: id=1019 Removed ActivityRecord{aab7484 u0 com.android.settings/.SubSettings t4583}#1019 (121)
02-25 11:58:50.429 890 915 I SurfaceFlinger: id=996 Removed Task=4611#996 (121)
02-25 11:58:50.429 890 915 I SurfaceFlinger: id=960 Removed Task=4609#960 (121)
02-25 11:58:50.429 890 915 I SurfaceFlinger: id=947 Removed Task=4608#947 (121)
02-25 11:58:50.431 890 890 I BufferQueueDebug: [ActivityRecord{7bf72f1 u0 com.android.settings/.SubSettings t4583}#1137](this:0xe8eb60b8,id:-1,api:0,p:-1,c:890) onDestructor()
02-25 11:58:50.431 890 890 I Layer : id=1137 Destroyed ActivityRecord{7bf72f1 u0 com.android.settings/.SubSettings t4583}#1137
02-25 11:58:50.431 890 890 I BufferQueueDebug: [50c4c7b ActivityRecordInputSink com.android.settings/.SubSettings#1143](this:0xebb6f0b8,id:-1,api:0,p:-1,c:890) onDestructor()
02-25 11:58:50.431 890 890 I Layer : id=1143 Destroyed 50c4c7b ActivityRecordInputSink com.android.settings/.SubSettings#1143
02-25 11:58:50.431 1842 1869 W System : A resource failed to call release.
02-25 11:58:50.431 1842 1869 W System : A resource failed to call release.
02-25 11:58:50.431 890 890 I BufferQueueDebug: [Task=4611#996](this:0xe959b8b8,id:-1,api:0,p:-1,c:890) onDestructor()
02-25 11:58:50.431 890 890 I Layer : id=996 Destroyed Task=4611#996
02-25 11:58:50.431 890 890 I BufferQueueDebug: [Task=4612#1086](this:0xe95c10b8,id:-1,api:0,p:-1,c:890) onDestructor()
02-25 11:58:50.431 890 890 I Layer : id=1086 Destroyed Task=4612#1086
02-25 11:58:50.431 890 890 I BufferQueueDebug: [ActivityRecord{aab7484 u0 com.android.settings/.SubSettings t4583}#1019](this:0xe95e30b8,id:-1,api:0,p:-1,c:890) onDestructor()
02-25 11:58:50.431 890 890 I Layer : id=1019 Destroyed ActivityRecord{aab7484 u0 com.android.settings/.SubSettings t4583}#1019
02-25 11:58:50.431 890 915 D SurfaceFlinger: [SF client] REMOVE (0xea1f38e0) for (1842:com.android.systemui)
02-25 11:58:50.431 890 890 I BufferQueueDebug: [a083116 ActivityRecordInputSink com.android.settings/.SubSettings#1025](this:0xe96b08b8,id:-1,api:0,p:-1,c:890) onDestructor()
02-25 11:58:50.431 890 890 I Layer : id=1025 Destroyed a083116 ActivityRecordInputSink com.android.settings/.SubSettings#1025
02-25 11:58:50.431 890 890 I BufferQueueDebug: [Task=4608#947](this:0xe96390b8,id:-1,api:0,p:-1,c:890) onDestructor()
02-25 11:58:50.431 890 890 I Layer : id=947 Destroyed Task=4608#947
02-25 11:58:50.431 890 890 I BufferQueueDebug: [ActivityRecord{6edafc2 u0 com.android.settings/.SubSettings t4583}#1045](this:0xe9deb8b8,id:-1,api:0,p:-1,c:890) onDestructor()
02-25 11:58:50.431 890 890 I Layer : id=1045 Destroyed ActivityRecord{6edafc2 u0 com.android.settings/.SubSettings t4583}#1045
02-25 11:58:50.431 890 890 I BufferQueueDebug: [cf7ea4 ActivityRecordInputSink com.android.settings/.SubSettings#1051](this:0xe91808b8,id:-1,api:0,p:-1,c:890) onDestructor()
02-25 11:58:50.431 890 890 I Layer : id=1051 Destroyed cf7ea4 ActivityRecordInputSink com.android.settings/.SubSettings#1051
02-25 11:58:50.431 890 890 I BufferQueueDebug: [Task=4609#960](this:0xea1828b8,id:-1,api:0,p:-1,c:890) onDestructor()
02-25 11:58:50.431 890 890 I Layer : id=960 Destroyed Task=4609#960
02-25 11:58:50.431 890 890 I BufferQueueDebug: [ActivityRecord{a5168fb u0 com.android.settings/.SubSettings t4583}#1060](this:0xeacf30b8,id:-1,api:0,p:-1,c:890) onDestructor()
02-25 11:58:50.432 890 890 I Layer : id=1060 Destroyed ActivityRecord{a5168fb u0 com.android.settings/.SubSettings t4583}#1060
02-25 11:58:50.432 890 890 I BufferQueueDebug: [b31acf5 ActivityRecordInputSink com.android.settings/.SubSettings#1066](this:0xe96f50b8,id:-1,api:0,p:-1,c:890) onDestructor()
02-25 11:58:50.432 890 890 I Layer : id=1066 Destroyed b31acf5 ActivityRecordInputSink com.android.settings/.SubSettings#1066
02-25 11:58:50.434 1842 1869 W System : A resource failed to call release.
02-25 11:58:50.434 1842 1869 W System : A resource failed to call release.
02-25 11:58:50.434 1842 1869 W System : A resource failed to call release.
02-25 11:58:50.435 1842 1869 W System : A resource failed to call release.
02-25 11:58:50.435 1842 1869 W System : A resource failed to call release.
02-25 11:58:50.435 1842 1869 W System : A resource failed to call release.
02-25 11:58:50.435 1842 1869 W System : A resource failed to call release.
02-25 11:58:50.435 1842 1869 W System : A resource failed to call release.
02-25 11:58:50.435 1842 1869 W System : A resource failed to call release.
02-25 11:58:50.438 1842 1869 W System : A resource failed to call release.
02-25 11:58:50.438 1842 1869 W System : A resource failed to call release.
02-25 11:58:50.438 1842 1869 W System : A resource failed to call release.
02-25 11:58:50.438 1842 1869 W System : A resource failed to call release.
02-25 11:58:50.438 1842 1869 W System : A resource failed to call release.
02-25 11:58:50.477 7751 7751 E adbd : failed to connect to socket 'tcp:8848': Connection refused
02-25 11:58:50.718 1385 1426 I ActivityManager: Changes in 10045 5 to 15, 56 to 0
02-25 11:58:50.719 2160 2160 D HidDeviceService: handleMessage(): msg.what=8
02-25 11:58:50.799 1842 1979 V WindowManagerShell: Transition animation finished (aborted=false), notifying core (#175)android.os.BinderProxy@3d33c8d@0
02-25 11:58:50.800 1842 1979 I SurfaceControl: apply is called, name=FinishTransaction_SyncId<175>, caller=android.view.SurfaceControl$Transaction.apply:2921 com.android.wm.shell.transition.Transitions.onFinish:302 com.android.wm.shell.transition.Transitions$$ExternalSyntheticLambda6.onTransitionFinished:15 com.android.wm.shell.transition.DefaultTransitionHandler$$ExternalSyntheticLambda5.run:125 com.android.wm.shell.transition.DefaultTransitionHandler$$ExternalSyntheticLambda3.run:52 android.os.Handler.handleCallback:958
02-25 11:58:50.801 1385 2262 V WindowManager: Finish Transition: TransitionRecord{63e6ace id=175 type=CLOSE flags=0x0}, caller=com.android.server.wm.WindowOrganizerController.finishTransition:456 android.window.IWindowOrganizerController$Stub.onTransact:286 com.android.server.wm.WindowOrganizerController.onTransact:219
02-25 11:58:50.801 1385 1417 V WindowManager: Finish Transition #175: created at
02-25 11:58:50.220 collect-started=0.58ms request-sent=1.047ms started=25.668ms ready=25.595ms sent=65.279ms finished=580.277ms
02-25 11:58:50.802 2218 2218 I HoneySpace.Launcher: onEnterAnimationComplete
02-25 11:58:50.802 890 916 I SurfaceFlinger: id=1215 Removed d05e53c ActivityRecordInputSink com.companyname.mauiapp3/crc64e73e5e987e2fb5cd.MainActivity#1215 (109)
