02-25 11:58:43.925 7570 7841 I SimDataSource: [C] getSimIcon(0) simIcon: 2131232029, iconIdx: 11
02-25 11:58:43.926 1385 4844 D SecContentProvider: query(), uri = 30 selection = isLocalContactStorageAllowed
02-25 11:58:43.927 1385 2258 D CompatibilityChangeReporter: Compat change id reported: 261072174; UID 10047; state: ENABLED
02-25 11:58:43.927 1385 4844 D SecContentProvider: called from com.samsung.android.app.contacts
02-25 11:58:43.927 1385 4844 D RestrictionPolicy: isLocalContactStorageAllowed
02-25 11:58:43.927 1385 4844 D RestrictionPolicy: isLocalContactStorageAllowed(0) : true
02-25 11:58:43.927 18220 18220 D WearableService: Creating wearable service asynchronously.
02-25 11:58:43.929 1385 2262 D SecContentProvider2: query(), uri = 18 selection = isCopyContactToSimAllowed
02-25 11:58:43.930 1385 2262 D SecContentProvider2: isCopyContactToSimAllowed = true
02-25 11:58:43.931 1385 4838 D CompatibilityChangeReporter: Compat change id reported: 161145287; UID 10047; state: ENABLED
02-25 11:58:43.933 17839 7254 I Icing : Indexing com.google.android.gms-apps from com.google.android.gms
02-25 11:58:43.933 7570 7841 I SimModel: [C] CompleteActiveSubscriptionInfoList : 1
02-25 11:58:43.933 7570 7841 I AccountTypeLoader: [C] add sim2 account(support:true, opportunistic:false)
02-25 11:58:43.933 7570 7841 I EsimUtil: [C] Esim is not supported
02-25 11:58:43.933 7570 7841 I TelephonyDataSource: [C] isMultiSimModel multiSimConfig : dsds
02-25 11:58:43.933 7570 7841 I SimModel: [C] isMultiSimModel : true
02-25 11:58:43.934 804 804 I Zygote : Process 7356 exited due to signal 9 (Killed)
02-25 11:58:43.935 7570 7841 I SimModel: [C] CompleteActiveSubscriptionInfoList : 1
02-25 11:58:43.935 7570 7841 I SimDataSource: [C] getSimIconIndex() iccTypeSlot : 0,2
02-25 11:58:43.935 7570 7841 I SimDataSource: [C] getSimIconIndex() [1] nIndex : 1
02-25 11:58:43.935 7570 7841 I SimDataSource: [C] getSimIcon(1) simIcon: 2131232030, iconIdx: 1
02-25 11:58:43.936 1385 1412 D SecContentProvider: query(), uri = 30 selection = isLocalContactStorageAllowed
02-25 11:58:43.937 1385 1412 D SecContentProvider: called from com.samsung.android.app.contacts
02-25 11:58:43.937 1385 1412 D RestrictionPolicy: isLocalContactStorageAllowed
02-25 11:58:43.937 1385 1412 D RestrictionPolicy: isLocalContactStorageAllowed(0) : true
02-25 11:58:43.938 8131 8131 I SEP_UNION_SemUnionManager: getUnionService(semeventdelegator)
02-25 11:58:43.938 8131 8131 I Routine@Core[4.6.01.5]: LifestyleModeTileHelper: observeModeInfo
02-25 11:58:43.939 1385 1412 D SecContentProvider2: query(), uri = 18 selection = isCopyContactToSimAllowed
02-25 11:58:43.939 1385 1412 D SecContentProvider2: isCopyContactToSimAllowed = true
02-25 11:58:43.940 1385 1418 D DisplayManagerService: Drop pending events for gone uid 10082
02-25 11:58:43.940 1385 3510 D SemWifiUsabilityStatsMonitor: onWifiUsabilityStats - seqNum 6517, isSameBssidAndFreq true
02-25 11:58:43.940 7570 7841 I AccountTypeLoader: [C] add syncable account types
02-25 11:58:43.941 8131 8131 I Routine@Core[4.6.01.5]: ModeMetaObserver: register
02-25 11:58:43.941 1385 1715 I SemWifiLinkQualityMonitor: Link stat: 0 / 0 / 1.00 (30) / 390 / -60.0 || 100.0 : 390.00 / 0.5 : 1.00 / 0.55 : 0.30 / G (G) || 0.12 ms / 64.85 Mbps / D || 0 / N / 0 Y / 0 Y
02-25 11:58:43.942 1385 2084 D SEP_UNION_SemDeviceInfoManagerService: Register intent = com.samsung.android.scs.ai.search.ACTION_UPDATE_INDEX, package = com.samsung.android.app.routines, userId = 0, flag = 0, conditions = null
02-25 11:58:43.942 1385 2084 D SEP_UNION_SemDeviceInfoManagerService: Same PendingIntent is in com.samsung.android.app.routines
02-25 11:58:43.943 2160 2160 D HidDeviceService: handleMessage(): msg.what=8
02-25 11:58:43.944 8131 8131 I Routine@Sdk[3.1.6]: RoutineSdkImpl: setHandler - conditionHandler initialized
02-25 11:58:43.944 8131 8131 I Routine@Sdk[3.1.6]: RoutineSdkImpl: setHandler - actionHandler initialized
02-25 11:58:43.944 8131 8131 I Routine@Core[4.6.01.5]: LifestyleModeTileHelper: setLifestyleModeTile
02-25 11:58:43.944 1385 2258 D PackageManager: setEnabledSetting : userId = 0 packageName = com.samsung.android.app.routines cmp = com.samsung.android.app.routines.LifestyleModeTile newState = 1 callingPackage = com.samsung.android.app.routines
02-25 11:58:43.945 1385 2258 D ApplicationPolicy: getApplicationStateEnabled : pkg = com.samsung.android.app.routines userId : 0
02-25 11:58:43.945 1385 2258 D ApplicationPolicy: getApplicationComponentState : pkg = com.samsung.android.app.routines userId : 0
02-25 11:58:43.947 1385 2262 I ActivityManager: Flag disabled. Ignoring finishAttachApplication from uid: 10047. pid: 8131
02-25 11:58:43.948 8131 8131 I Routine@Core[4.6.01.5]: RoutineService: onCreate
02-25 11:58:43.948 8131 8131 I Routine@Core[4.6.01.5]: ServiceExt: setServiceForeground: isForeground=true, reason=ROUTINE_SERVICE
02-25 11:58:43.950 8131 8131 I Routine@Core[4.6.01.5]: RoutineService: onStartCommand: com.samsung.android.routine.ACTION_PACKAGE_CHANGED
02-25 11:58:43.950 8131 8131 I Routine@Core[4.6.01.5]: MetadataLoaderImpl: collectInBackground - packageName:com.companyname.mauiapp3
02-25 11:58:43.951 8131 8131 I Routine@Core[4.6.01.5]: MetadataSyncBacklog: add: null + com.companyname.mauiapp3
02-25 11:58:43.951 8131 8131 I Routine@Core[4.6.01.5]: Pref: putSharedPrefsData: key=meta_loading_target_package_name, data.size=24
02-25 11:58:43.953 1385 1412 D CompatibilityChangeReporter: Compat change id reported: 253665015; UID 10047; state: ENABLED
02-25 11:58:43.954 1385 1412 D CompatibilityChangeReporter: Compat change id reported: 194532703; UID 10047; state: ENABLED
02-25 11:58:43.962 17839 7254 I Icing : Indexing done com.google.android.gms-apps
02-25 11:58:43.966 18220 18250 I Wear_Controller: Wearable module requires a companion app to be installed.
02-25 11:58:43.966 18220 18250 I WearableService: onCreate: Wearable Services not starting. Wear is not available on this device.
02-25 11:58:43.967 8131 8131 I Routine@Core[4.6.01.5]: ServiceExt: setServiceForeground: isForeground=true, reason=PRELOAD_CONDITION_SERVICE
02-25 11:58:43.972 8131 8131 I AbstractProxyReflection: Create proxy instance for interface : android.hardware.input.InputManager$SemOnSwitchEventChangedListener
02-25 11:58:43.973 8131 8131 I Routine@Core[4.6.01.5]: WatchingConditions: clear
02-25 11:58:43.973 8131 8131 I Routine@Core[4.6.01.5]: Pref: removeSharedPrefsData() key=condition_launch_app_data_resume_pkg
02-25 11:58:43.974 8131 8131 I Routine@Core[4.6.01.5]: AppLifecycleWatcher: updateUsageStateWatcher: 0
02-25 11:58:43.977 7570 7841 I AccountTypeLoader: [C] > added: accountType : com.google, dataSet : null
02-25 11:58:43.977 7570 7841 I ExternalAccountType: [C] loadContactsXml : com.google.android.apps.tachyon
02-25 11:58:43.979 7570 7841 I ExternalAccountType: [C] Metadata loaded from: com.google.android.apps.tachyon, com.google.android.apps.tachyon.contacts.sync.SyncService, android.provider.CONTACTS_STRUCTURE
02-25 11:58:43.979 7570 7841 I AccountTypeLoader: [C] > added: resource packageName : com.google.android.apps.tachyon, sync adapter packageName : com.google.android.apps.tachyon, isExtension : false
02-25 11:58:43.980 1842 1842 D StatusBarIconController: ignoring old pipeline callbacks, because the new mobile icons are enabled
02-25 11:58:43.981 7570 7841 I AccountTypeLoader: [C] > added: accountType : com.google.android.gm.exchange, dataSet : null
02-25 11:58:43.982 7570 7841 I AccountTypeLoader: [C] > added: accountType : com.osp.app.signin, dataSet : null
02-25 11:58:43.983 7570 7841 I AccountTypeLoader: [C] > added: accountType : com.samsung.android.coreapps, dataSet : null
02-25 11:58:43.983 7570 7841 I ExternalAccountType: [C] loadContactsXml : com.google.android.apps.plus
02-25 11:58:43.984 7570 7841 E ExternalAccountType: [C] Package was found, but that doesn't contain the CONTACTS_STRUCTURE metadata
02-25 11:58:43.985 7570 7841 I AccountTypeLoader: [C] add syncable accounts (table:false, UIM:false, Samsung:false)
02-25 11:58:43.986 7570 7841 I AccountTypeLoader: [C] > added account: com.google
02-25 11:58:43.986 7570 7841 I AccountTypeLoader: [C] > added account: com.google.android.apps.tachyon
02-25 11:58:43.988 8131 8131 I AbstractProxyReflection: initializeProxyReflectionByClass Create proxy instance for class : com.samsung.android.app.usage.IUsageStatsWatcher$Stub
02-25 11:58:43.988 8131 8131 I Routine@Core[4.6.01.5]: ActivityWatcherForSolo: unregister
02-25 11:58:43.989 8131 8131 I Routine@Core[4.6.01.5]: WatchingConditions: clear
02-25 11:58:43.989 8131 8131 I Routine@Core[4.6.01.5]: Pref: removeSharedPrefsData() key=condition_launch_app_data_resume_pkg
02-25 11:58:43.990 8131 8131 I Routine@Core[4.6.01.5]: PreloadConditionService: onEnd: tag=launch_app, stop service.
02-25 11:58:43.990 8131 8131 I Routine@Core[4.6.01.5]: ServiceExt: setServiceForeground: isForeground=false, reason=PRELOAD_CONDITION_SERVICE
02-25 11:58:43.995 8131 8131 I Routine@Core[4.6.01.5]: WatchingConditions: clear
02-25 11:58:43.995 8131 8131 I Routine@Core[4.6.01.5]: Pref: removeSharedPrefsData() key=condition_launch_game_data_resume_pkg
02-25 11:58:43.995 8131 8131 I Routine@Core[4.6.01.5]: AppLifecycleWatcher: updateUsageStateWatcher: 0
02-25 11:58:43.996 8131 8131 I AbstractProxyReflection: initializeProxyReflectionByClass Create proxy instance for class : com.samsung.android.app.usage.IUsageStatsWatcher$Stub
02-25 11:58:43.996 8131 8131 I Routine@Core[4.6.01.5]: ActivityWatcherForSolo: unregister
02-25 11:58:43.996 8131 8131 I Routine@Core[4.6.01.5]: WatchingConditions: clear
02-25 11:58:43.996 8131 8131 I Routine@Core[4.6.01.5]: Pref: removeSharedPrefsData() key=condition_launch_game_data_resume_pkg
02-25 11:58:43.997 8131 8131 I Routine@Core[4.6.01.5]: PreloadConditionService: onEnd: tag=launch_game, stop service.
02-25 11:58:43.997 8131 8131 I Routine@Core[4.6.01.5]: ServiceExt: setServiceForeground: isForeground=false, reason=PRELOAD_CONDITION_SERVICE
02-25 11:58:44.004 7570 7841 I AccountTypeModel: [C] Accounts change = false, types change = true, loaded = true
02-25 11:58:44.004 7570 7841 I AccountTypeModel: [C] account reload finish: 3
02-25 11:58:44.007 8131 8131 I Routine@Core[4.6.01.5]: MediaConditionUtils: isNeedToUnregister: result(true)
02-25 11:58:44.007 8131 8131 I Routine@Core[4.6.01.5]: MediaPlayConditionImpl: reloadCondition: isRunning(false)
02-25 11:58:44.007 8131 8131 I Routine@Core[4.6.01.5]: MediaPlayConditionImpl: unregisterMediaSessionListener
02-25 11:58:44.010 8131 8131 W System.err: android.hardware.input.InputManager InvocationTargetException encountered invoking semUnregisterOnSwitchEventChangedListenerjava.lang.reflect.InvocationTargetException
02-25 11:58:44.011 8131 8131 E Routine@Core[4.6.01.5]: android.hardware.input.InputManager: invokeNormalMethod: java.lang.reflect.InvocationTargetException
02-25 11:58:44.012 8131 8131 I Routine@Core[4.6.01.5]: MetadataLoaderJobService: onCreate
02-25 11:58:44.012 8131 8131 I Routine@Core[4.6.01.5]: Pref: putSharedPrefsData: key=pref_metaloader_loading, data.size=5
02-25 11:58:44.015 8131 8131 I Routine@Core[4.6.01.5]: RoutineService: onDestroy
02-25 11:58:44.015 8131 8131 I Routine@Core[4.6.01.5]: ServiceExt: setServiceForeground: isForeground=false, reason=ROUTINE_SERVICE
02-25 11:58:44.015 8131 8131 I Routine@Core[4.6.01.5]: PreloadConditionService: onDestroy
02-25 11:58:44.015 8131 8131 I Routine@Core[4.6.01.5]: ServiceExt: setServiceForeground: isForeground=false, reason=PRELOAD_CONDITION_SERVICE
02-25 11:58:44.016 8131 8131 I Routine@Core[4.6.01.5]: ActivityWatcherForSolo: unregister
02-25 11:58:44.016 8131 8131 I Routine@Core[4.6.01.5]: WatchingConditions: clear
02-25 11:58:44.016 8131 8131 I Routine@Core[4.6.01.5]: Pref: removeSharedPrefsData() key=condition_launch_app_data_resume_pkg
02-25 11:58:44.016 8131 8131 I Routine@Core[4.6.01.5]: PreloadConditionService: onEnd: tag=launch_app, stop service.
02-25 11:58:44.016 8131 8131 I Routine@Core[4.6.01.5]: ServiceExt: setServiceForeground: isForeground=false, reason=PRELOAD_CONDITION_SERVICE
02-25 11:58:44.017 8131 8131 I Routine@Core[4.6.01.5]: ActivityWatcherForSolo: unregister
02-25 11:58:44.017 8131 8131 I Routine@Core[4.6.01.5]: WatchingConditions: clear
02-25 11:58:44.017 8131 8131 I Routine@Core[4.6.01.5]: Pref: removeSharedPrefsData() key=condition_launch_game_data_resume_pkg
02-25 11:58:44.017 8131 8131 I Routine@Core[4.6.01.5]: PreloadConditionService: onEnd: tag=launch_game, stop service.
02-25 11:58:44.017 8131 8131 I Routine@Core[4.6.01.5]: ServiceExt: setServiceForeground: isForeground=false, reason=PRELOAD_CONDITION_SERVICE
02-25 11:58:44.018 18220 32566 W WearableService: onGetService: Wear is not available on this device.
02-25 11:58:44.018 8131 8131 I Routine@Core[4.6.01.5]: MetadataLoaderJobService: onStartJob: collectPackageInBG - com.companyname.mauiapp3
02-25 11:58:44.019 8131 8131 I Routine@Core[4.6.01.5]: MetadataSyncHistory: latest : 4.6.01.5, currentVersion : 4.6.01.5
02-25 11:58:44.019 8131 8131 I Routine@Core[4.6.01.5]: MetadataSyncHistory: latest : 4.6.01.5, currentVersion : 4.6.01.5
02-25 11:58:44.019 8131 8131 I Routine@Core[4.6.01.5]: MetadataLoaderJobService: packageName : com.companyname.mauiapp3, forced : true
02-25 11:58:44.021 8131 8209 E Routine@Core[4.6.01.5]: WearDataLayerHelper: getNodeOfCompanionWatchSupportModeMirror: onFailure - com.google.android.gms.common.api.ApiException: 17: API: Wearable.API is not available on this device. Connection failed with: ConnectionResult{statusCode=API_UNAVAILABLE, resolution=null, message=null}
02-25 11:58:44.021 8131 8209 E Routine@Core[4.6.01.5]: WearDataLayerHelper: getNodeOfCompanionWatchSupportModeMirror return null
02-25 11:58:44.021 8131 8209 I Routine@Core[4.6.01.5]: WearDataLayerHelper: getNodeOfCompanionWatchSupportModeMirror: first node - null
02-25 11:58:44.021 8131 8218 I Routine@Core[4.6.01.5]: MetadataLoadManager: asyncCollectPackage
02-25 11:58:44.021 8131 8209 I Routine@Core[4.6.01.5]: ModeLocalDataSource: putCompanionWatchSupportModeMirror, isSupported: false
02-25 11:58:44.022 8131 8209 I Routine@Core[4.6.01.5]: Routine@Core[4.6.01.5]: GlobalSettingsAdapterImpl: putStringIgnoreEquals - ($)
02-25 11:58:44.023 8131 8209 W Routine@Core[4.6.01.5]: GlobalSettingsAdapterImpl: putStringIgnoreEquals, it is the same as the current value
02-25 11:58:44.023 8131 8209 I Routine@Core[4.6.01.5]: ModeManagerImpl: checkCapability, isSupported: false
02-25 11:58:44.023 8131 8209 I Routine@Core[4.6.01.5]: ModeManagerImpl: updateState, isSupported: false
02-25 11:58:44.025 8131 8131 I Routine@Core[4.6.01.5]: Pref: putSharedPrefsData: key=routine_meta_data_loading_statue, data.size=8
02-25 11:58:44.026 8131 8218 I Routine@Core[4.6.01.5]: MetadataLoadManager: collect: com.companyname.mauiapp3
02-25 11:58:44.026 8131 8218 I Routine@Core[4.6.01.5]: MetadataLoadManager: collectWithCollectors - com.companyname.mauiapp3
02-25 11:58:44.030 8131 8218 I Routine@Core[4.6.01.5]: MetadataLoadManager: doPostCollectionTasks - packageName:com.companyname.mauiapp3
02-25 11:58:44.030 8131 8218 I Routine@Core[4.6.01.5]: MetaUpdater: update
02-25 11:58:44.030 1385 1412 D CompatibilityChangeReporter: Compat change id reported: 135634846; UID 10047; state: DISABLED
02-25 11:58:44.031 1385 1428 D CompatibilityChangeReporter: Compat change id reported: 143937733; UID 10047; state: ENABLED
02-25 11:58:44.031 8131 8131 I Routine@Core[4.6.01.5]: DatabaseJobIntentService: Stop no more task
02-25 11:58:44.043 804 804 D Zygote : Forked child process 8219
02-25 11:58:44.044 1385 1428 I ActivityManager: Start proc 8219:com.samsung.android.app.routines:RoutineUIProcess/u0a47 for service {com.samsung.android.app.routines/com.samsung.android.app.routines.domainmodel.notification.NotificationUpdateService}
02-25 11:58:44.045 8131 8218 I Routine@Core[4.6.01.5]: SupportStateUpdater: update
02-25 11:58:44.045 8131 8218 I Routine@Core[4.6.01.5]: ConflictItemConverter: convertConflictActions - 0
02-25 11:58:44.047 8131 8218 I Routine@Core[4.6.01.5]: Pref: removeSharedPrefsData() key=meta_loading_target_package_name
02-25 11:58:44.049 8131 8161 I Routine@Core[4.6.01.5]: ModeOrderObserver: ModeOrderObserver:onChange: uri content://com.samsung.android.app.routines.routineprovider/preference
02-25 11:58:44.054 8131 8131 I Routine@Core[4.6.01.5]: MetadataLoaderJobService: metadataLoadingFinished: collectPackageInBG - com.companyname.mauiapp3
02-25 11:58:44.059 8131 8131 I Routine@Core[4.6.01.5]: Pref: putSharedPrefsData: key=routine_meta_data_loading_statue, data.size=8
02-25 11:58:44.062 8131 8131 I Routine@Core[4.6.01.5]: DatabaseJobIntentService: Stop no more task
02-25 11:58:44.067 8131 8131 I Routine@Core[4.6.01.5]: RoutineService: onCreate
02-25 11:58:44.067 8131 8131 I Routine@Core[4.6.01.5]: ServiceExt: setServiceForeground: isForeground=true, reason=ROUTINE_SERVICE
02-25 11:58:44.069 8219 8219 I outineUIProcess: Using CollectorTypeCC GC.
02-25 11:58:44.069 8131 8131 I Routine@Core[4.6.01.5]: RoutineService: onStartCommand: com.samsung.android.app.routine.ACTION_METADATA_LOADING_FINISHED
02-25 11:58:44.069 8131 8131 I Routine@Core[4.6.01.5]: RoutineDataMigrator: migration - begin
02-25 11:58:44.072 8219 8219 E outineUIProcess: Not starting debugger since process cannot load the jdwp agent.
02-25 11:58:44.089 8131 8131 I Routine@Core[4.6.01.5]: MigrationParser: getMigrationData rawMigrationData : [vibrate_once]
02-25 11:58:44.089 8131 8131 I Routine@Core[4.6.01.5]: RoutineDataMigrator: isAvailableToMigrate() newPackageName:com.samsung.android.app.routines, newTag:read_notifications, isAvailableToMigrate:true
02-25 11:58:44.089 8131 8131 I Routine@Core[4.6.01.5]: RoutineDataMigrator: isAvailableToMigrate() newPackageName:com.samsung.android.app.routines, newTag:flashlight, isAvailableToMigrate:true
02-25 11:58:44.089 8131 8131 I Routine@Core[4.6.01.5]: RoutineDataMigrator: isAvailableToMigrate() newPackageName:com.samsung.android.app.routines, newTag:message_received, isAvailableToMigrate:true
02-25 11:58:44.090 8131 8131 I Routine@Core[4.6.01.5]: RoutineDataMigrator: isAvailableToMigrate() newPackageName:com.samsung.android.app.routines, newTag:message_received, isAvailableToMigrate:true
02-25 11:58:44.090 8131 8131 I Routine@Core[4.6.01.5]: RoutineDataMigrator: isAvailableToMigrate() newPackageName:com.samsung.android.app.aodservice, newTag:aod_main_setting, isAvailableToMigrate:false
02-25 11:58:44.090 8131 8131 I Routine@Core[4.6.01.5]: RoutineDataMigrator: isAvailableToMigrate() newPackageName:com.android.settings, newTag:sec_eye_comfort_shield_routine, isAvailableToMigrate:true
02-25 11:58:44.090 8131 8131 I Routine@Core[4.6.01.5]: RoutineDataMigrator: isAvailableToMigrate() newPackageName:com.samsung.android.app.routines, newTag:control_smartthings_not_reversible, isAvailableToMigrate:false
02-25 11:58:44.090 8131 8131 I Routine@Core[4.6.01.5]: RoutineDataMigrator: isAvailableToMigrate() newPackageName:com.samsung.android.app.routines, newTag:control_smartthings_not_reversible, isAvailableToMigrate:false
02-25 11:58:44.090 8131 8131 I Routine@Core[4.6.01.5]: RoutineDataMigrator: isAvailableToMigrate() newPackageName:com.samsung.android.app.routines, newTag:command://com.samsung.accessibility.command/ColorCorrectionRoutine, isAvailableToMigrate:false
02-25 11:58:44.090 8131 8131 I Routine@Core[4.6.01.5]: RoutineDataMigrator: isAvailableToMigrate() newPackageName:com.samsung.android.lool, newTag:dc_power_mode_action, isAvailableToMigrate:true
02-25 11:58:44.090 8131 8131 I Routine@Core[4.6.01.5]: RoutineDataMigrator: isAvailableToMigrate() newPackageName:com.samsung.accessibility, newTag:accessibility_amplify_ambient_sound, isAvailableToMigrate:false
02-25 11:58:44.090 8131 8131 I Routine@Core[4.6.01.5]: RoutineDataMigrator: isAvailableToMigrate() newPackageName:com.android.settings, newTag:accessibility_camera_flash, isAvailableToMigrate:true
02-25 11:58:44.090 8131 8131 I Routine@Core[4.6.01.5]: RoutineDataMigrator: isAvailableToMigrate() newPackageName:com.android.settings, newTag:accessibility_color_correction, isAvailableToMigrate:true
02-25 11:58:44.090 8131 8131 I Routine@Core[4.6.01.5]: RoutineDataMigrator: isAvailableToMigrate() newPackageName:com.android.settings, newTag:accessibility_color_filter, isAvailableToMigrate:true
02-25 11:58:44.090 8131 8131 I Routine@Core[4.6.01.5]: RoutineDataMigrator: isAvailableToMigrate() newPackageName:com.android.settings, newTag:accessibility_color_inversion, isAvailableToMigrate:true
02-25 11:58:44.090 8131 8131 I Routine@Core[4.6.01.5]: RoutineDataMigrator: isAvailableToMigrate() newPackageName:com.android.settings, newTag:accessibility_extra_dim, isAvailableToMigrate:false
02-25 11:58:44.092 8131 8131 I Routine@Core[4.6.01.5]: RoutineDataMigrator: isAvailableToMigrate() newPackageName:com.android.settings, newTag:accessibility_live_caption, isAvailableToMigrate:false
02-25 11:58:44.092 8131 8131 I Routine@Core[4.6.01.5]: RoutineDataMigrator: isAvailableToMigrate() newPackageName:com.android.settings, newTag:accessibility_mono_audio, isAvailableToMigrate:true
02-25 11:58:44.092 8131 8131 I Routine@Core[4.6.01.5]: RoutineDataMigrator: isAvailableToMigrate() newPackageName:com.android.settings, newTag:accessibility_mute_all_sounds, isAvailableToMigrate:true
02-25 11:58:44.092 8131 8131 I Routine@Core[4.6.01.5]: RoutineDataMigrator: isAvailableToMigrate() newPackageName:com.android.settings, newTag:accessibility_screen_flash, isAvailableToMigrate:true
02-25 11:58:44.092 8131 8131 I Routine@Core[4.6.01.5]: RoutineDataMigrator: isAvailableToMigrate() newPackageName:com.android.settings, newTag:accessibility_sound_balance, isAvailableToMigrate:true
02-25 11:58:44.094 8131 8131 I Routine@Core[4.6.01.5]: RoutineDataMigrator: isAvailableToMigrate() newPackageName:com.samsung.android.waterplugin, newTag:watch_theater_mode, isAvailableToMigrate:false
02-25 11:58:44.094 8131 8131 I Routine@Core[4.6.01.5]: RoutineDataMigrator: isAvailableToMigrate() newPackageName:com.samsung.android.heartplugin, newTag:watch_theater_mode, isAvailableToMigrate:false
02-25 11:58:44.095 8131 8131 I Routine@Core[4.6.01.5]: RoutineDataMigrator: isAvailableToMigrate() newPackageName:com.samsung.android.lool, newTag:dc_enhanced_processing, isAvailableToMigrate:false
02-25 11:58:44.095 8131 8131 I Routine@Core[4.6.01.5]: RoutineDataMigrator: isAvailableToMigrate() newPackageName:com.samsung.android.lool, newTag:dc_fast_cable_charging, isAvailableToMigrate:true
02-25 11:58:44.095 8131 8131 I Routine@Core[4.6.01.5]: RoutineDataMigrator: isAvailableToMigrate() newPackageName:com.samsung.android.lool, newTag:dc_fast_wireless_charging, isAvailableToMigrate:false
02-25 11:58:44.095 8131 8131 I Routine@Core[4.6.01.5]: RoutineDataMigrator: isAvailableToMigrate() newPackageName:com.samsung.android.lool, newTag:dc_processing_speed, isAvailableToMigrate:false
02-25 11:58:44.095 8131 8131 I Routine@Core[4.6.01.5]: RoutineDataMigrator: isAvailableToMigrate() newPackageName:com.samsung.android.lool, newTag:dc_protect_battery, isAvailableToMigrate:true
02-25 11:58:44.095 8131 8131 I Routine@Core[4.6.01.5]: RoutineDataMigrator: isAvailableToMigrate() newPackageName:com.samsung.android.lool, newTag:dc_super_fast_cable_charging, isAvailableToMigrate:false
02-25 11:58:44.095 8131 8131 I Routine@Core[4.6.01.5]: RoutineDataMigrator: isAvailableToMigrate() newPackageName:com.samsung.android.sm_cn, newTag:dc_enhanced_processing, isAvailableToMigrate:false
02-25 11:58:44.095 8131 8131 I Routine@Core[4.6.01.5]: RoutineDataMigrator: isAvailableToMigrate() newPackageName:com.samsung.android.sm_cn, newTag:dc_fast_cable_charging, isAvailableToMigrate:false
02-25 11:58:44.095 8131 8131 I Routine@Core[4.6.01.5]: RoutineDataMigrator: isAvailableToMigrate() newPackageName:com.samsung.android.sm_cn, newTag:dc_fast_wireless_charging, isAvailableToMigrate:false
02-25 11:58:44.095 8131 8131 I Routine@Core[4.6.01.5]: RoutineDataMigrator: isAvailableToMigrate() newPackageName:com.samsung.android.sm_cn, newTag:dc_power_mode_action, isAvailableToMigrate:false
02-25 11:58:44.095 8131 8131 I Routine@Core[4.6.01.5]: RoutineDataMigrator: isAvailableToMigrate() newPackageName:com.samsung.android.sm_cn, newTag:dc_processing_speed, isAvailableToMigrate:false
02-25 11:58:44.095 8131 8131 I Routine@Core[4.6.01.5]: RoutineDataMigrator: isAvailableToMigrate() newPackageName:com.samsung.android.sm_cn, newTag:dc_protect_battery, isAvailableToMigrate:false
02-25 11:58:44.095 8131 8131 I Routine@Core[4.6.01.5]: RoutineDataMigrator: isAvailableToMigrate() newPackageName:com.samsung.android.sm_cn, newTag:dc_super_fast_cable_charging, isAvailableToMigrate:false
02-25 11:58:44.095 8131 8131 I Routine@Core[4.6.01.5]: RoutineDataMigrator: isAvailableToMigrate() newPackageName:com.samsung.android.app.dressroom, newTag:change_lock_screen_wallpaper_profile, isAvailableToMigrate:true
02-25 11:58:44.095 8131 8131 I Routine@Core[4.6.01.5]: RoutineDataMigrator: deprecateOldTag() should not deprecate oldTag(lockscreen_shortcut
02-25 11:58:44.095 8131 8131 I Routine@Core[4.6.01.5]: RoutineDataMigrator: isAvailableToMigrate() newPackageName:com.samsung.android.app.routines, newTag:nfc_on_off, isAvailableToMigrate:true
02-25 11:58:44.095 8131 8131 I Routine@Core[4.6.01.5]: RoutineDataMigrator: isAvailableToMigrate() newPackageName:com.sec.android.app.launcher, newTag:edge_panel, isAvailableToMigrate:false
02-25 11:58:44.095 8131 8131 I Routine@Core[4.6.01.5]: RoutineDataMigrator: isAvailableToMigrate() newPackageName:com.samsung.android.app.routines, newTag:vibrate_once, isAvailableToMigrate:true
02-25 11:58:44.095 8131 8131 I Routine@Core[4.6.01.5]: RoutineDataMigrator: isAvailableToMigrate() newPackageName:com.samsung.android.app.routines, newTag:show_action_list, isAvailableToMigrate:true
02-25 11:58:44.095 8131 8131 I Routine@Core[4.6.01.5]: RoutineDataMigrator: deprecateOldTag() should not deprecate oldTag(show_action_list
02-25 11:58:44.097 8131 8131 I Routine@Core[4.6.01.5]: RoutineDataMigrator: migration - end, results = []
02-25 11:58:44.104 8131 8131 I Routine@Core[4.6.01.5]: SleepScheduleInfoRequester: getMigrationDataAboutSleepSchedule
02-25 11:58:44.108 1385 2262 D CompatibilityChangeReporter: Compat change id reported: 135634846; UID 10133; state: DISABLED
02-25 11:58:44.108 1385 1428 D CompatibilityChangeReporter: Compat change id reported: 143937733; UID 10133; state: ENABLED
02-25 11:58:44.121 804 804 D Zygote : Forked child process 8231
02-25 11:58:44.122 1385 1428 I ActivityManager: Start proc 8231:com.sec.android.app.clockpackage/u0a133 for content provider {com.sec.android.app.clockpackage/com.sec.android.app.clockpackage.alarm.model.AlarmProvider}
02-25 11:58:44.136 1385 2262 D VpnManagerService: Exception: java.lang.NullPointerException: Attempt to invoke interface method 'int com.samsung.android.knox.zt.networktrust.filter.IKnoxNetworkFilterService.getKnoxNwFilterHttpProxyPort(int, java.lang.String)' on a null object reference
02-25 11:58:44.136 1385 2262 D VpnManagerService: at com.android.server.VpnManagerService.getKnoxNwFilterHttpProxyPort(VpnManagerService.java:1945)
02-25 11:58:44.136 1385 2262 D VpnManagerService: at android.net.IVpnManager$Stub.onTransact(IVpnManager.java:1075)
02-25 11:58:44.136 1385 2262 D VpnManagerService: at android.os.Binder.execTransactInternal(Binder.java:1375)
02-25 11:58:44.136 1385 2262 D VpnManagerService: at android.os.Binder.execTransact(Binder.java:1311)
02-25 11:58:44.145 8231 8231 I pp.clockpackage: Using CollectorTypeCC GC.
02-25 11:58:44.149 8231 8231 E pp.clockpackage: Not starting debugger since process cannot load the jdwp agent.
02-25 11:58:44.151 8219 8219 I Routine : attachBaseContext
02-25 11:58:44.151 8219 8219 I Routine : injectImplementation
02-25 11:58:44.157 1385 1412 D CompatibilityChangeReporter: Compat change id reported: 168419799; UID 10133; state: DISABLED
02-25 11:58:44.157 1385 1412 D CompatibilityChangeReporter: Compat change id reported: 273564678; UID 10133; state: DISABLED
02-25 11:58:44.162 2160 2160 D HidDeviceService: handleMessage(): msg.what=8
02-25 11:58:44.163 1385 1526 D CompatibilityChangeReporter: Compat change id reported: 265195908; UID 10133; state: ENABLED
02-25 11:58:44.169 1385 1412 D CompatibilityChangeReporter: Compat change id reported: 170503758; UID 10133; state: ENABLED
02-25 11:58:44.193 1385 1412 D VpnManagerService: Exception: java.lang.NullPointerException: Attempt to invoke interface method 'int com.samsung.android.knox.zt.networktrust.filter.IKnoxNetworkFilterService.getKnoxNwFilterHttpProxyPort(int, java.lang.String)' on a null object reference
02-25 11:58:44.193 1385 1412 D VpnManagerService: at com.android.server.VpnManagerService.getKnoxNwFilterHttpProxyPort(VpnManagerService.java:1945)
02-25 11:58:44.193 1385 1412 D VpnManagerService: at android.net.IVpnManager$Stub.onTransact(IVpnManager.java:1075)
02-25 11:58:44.193 1385 1412 D VpnManagerService: at android.os.Binder.execTransactInternal(Binder.java:1375)
02-25 11:58:44.193 1385 1412 D VpnManagerService: at android.os.Binder.execTransact(Binder.java:1311)
02-25 11:58:44.209 8231 8231 I StateUtils: isDirectBootMode On : true
02-25 11:58:44.211 1385 1426 D PackageSettings: ++ writeStateForUserSyncLPr(0)
02-25 11:58:44.211 1385 1426 W PackageSettings: -- writeStateForUserSyncLPr(0)
02-25 11:58:44.227 8231 8231 I StateUtils: isDirectBootMode On : true
02-25 11:58:44.231 2218 8198 I SearchEngineAppSuggestion: packageUpdateEvent: com.honeyspace.sdk.source.entity.PackageOperation$Changed@fdb92e5
02-25 11:58:44.231 2218 8198 I SearchEngineAppSuggestion: package changed: com.companyname.mauiapp3
02-25 11:58:44.232 2218 8198 I SearchEngine: query: reTriggered SUGGESTED_APPS 52
02-25 11:58:44.233 2218 8198 I SearchEngine: isComponentInApps() packageName : no.nordicsemi.android.mcp / className : no.nordicsemi.android.mcp.MainActivity / userId : 0 / enable true / enabledSetting 4
02-25 11:58:44.233 2218 8198 I HoneySpace.SuggestAppDecor: cellX : 4
02-25 11:58:44.234 2218 8198 I ResultDataManager: Results: keys=SUGGESTED_APPS, SUGGESTED_TAG, SUGGESTED_DIRECTORY, HISTORY_KEYWORD
02-25 11:58:44.234 8231 8231 I ClockSettingsSearchProvider: onCreate()
02-25 11:58:44.234 8231 8231 I ClockSettingsSearchProvider: secQueryGetFingerprint
02-25 11:58:44.237 8231 8231 I CapsuleProvider_1.0.26: onCreate
02-25 11:58:44.247 8219 8219 I Routine@Ui[4.6.01.5]: Routine: Routine:onCreate: sIsDebugLevelMid=false, secLevel=false
02-25 11:58:44.249 1385 2262 D PackageManager: setEnabledSetting : userId = 0 packageName = com.sec.android.app.clockpackage cmp = androidx.work.impl.background.systemjob.SystemJobService newState = 1 callingPackage = com.sec.android.app.clockpackage
02-25 11:58:44.253 1385 2262 D ApplicationPolicy: getApplicationStateEnabled : pkg = com.sec.android.app.clockpackage userId : 0
02-25 11:58:44.254 1385 2262 D ApplicationPolicy: getApplicationComponentState : pkg = com.sec.android.app.clockpackage userId : 0
02-25 11:58:44.259 8219 8219 I Routine@Ui[4.6.01.5]: RoutinesAppWidgetProviderPolicyImpl: getAvailableAppWidgetProviderComponentName - [old : 0, new : 0]
02-25 11:58:44.259 8219 8219 I Routine@Ui[4.6.01.5]: RoutinesAppWidgetProviderPolicyImpl: getAvailableComponentName - don't have any widget ids.
02-25 11:58:44.259 8219 8219 I Routine@Ui[4.6.01.5]: SALogger: setConfiguration start
02-25 11:58:44.260 8219 8219 I Routine@Ui[4.6.01.5]: SALogger: registerSharedPreferences()
02-25 11:58:44.260 8219 8219 I Routine@Ui[4.6.01.5]: SALogger: setConfiguration done
02-25 11:58:44.262 8219 8246 E DIAGMON_SDK: DMA Client is not exist
02-25 11:58:44.263 8219 8219 E DIAGMON_SDK: DMA Client is not exist
02-25 11:58:44.263 8219 8219 I DIAGMON_SDK[605066]: DiagMonAgent type: 0
02-25 11:58:44.263 8219 8219 E DIAGMON_SDK: DMA Client is not exist
02-25 11:58:44.264 8219 8219 W DIAGMON_SDK[605066]: It is not supported : NO_DMA
02-25 11:58:44.264 8219 8219 W DIAGMON_SDK[605066]: UncaughtExceptionLogging can't be enabled because Configuration is null
02-25 11:58:44.264 8219 8219 I CapsuleProvider_1.0.25: releasing initialize wait lock.
02-25 11:58:44.264 8219 8219 I a_1.0.25: initialized
02-25 11:58:44.264 8231 8241 I ProviderCallHandler: execute getMigrationDataAboutSleepSchedule by com.samsung.android.app.routines
02-25 11:58:44.264 8231 8241 I ProviderCallHandler: getMigrationDataAboutSleepSchedule
02-25 11:58:44.265 8231 8231 I StateUtils: isDirectBootMode On : true
02-25 11:58:44.265 8231 8241 I RoutineUtil: isRoutinePackageEnabled true
02-25 11:58:44.266 8231 8231 I StateUtils: isUserUnlockedDevice : true
02-25 11:58:44.266 8231 8249 E DIAGMON_SDK: DMA Client is not exist
02-25 11:58:44.266 8231 8250 I NotificationChannelUtils: createAllChannels
02-25 11:58:44.269 1385 2262 I ActivityManager: Flag disabled. Ignoring finishAttachApplication from uid: 10133. pid: 8231
02-25 11:58:44.271 8219 8219 I Routine@Sdk[3.1.6]: RoutineSdkImpl: setHandler - conditionHandler initialized
02-25 11:58:44.271 8219 8219 I Routine@Sdk[3.1.6]: RoutineSdkImpl: setHandler - actionHandler initialized
02-25 11:58:44.271 8219 8219 I Routine@Ui[4.6.01.5]: LifestyleModeTileHelper: setLifestyleModeTile
02-25 11:58:44.272 1385 1412 D PackageManager: setEnabledSetting : userId = 0 packageName = com.samsung.android.app.routines cmp = com.samsung.android.app.routines.LifestyleModeTile newState = 1 callingPackage = com.samsung.android.app.routines
02-25 11:58:44.272 1385 1412 D ApplicationPolicy: getApplicationStateEnabled : pkg = com.samsung.android.app.routines userId : 0
02-25 11:58:44.272 8231 8241 I RoutineUtil: startSmartThingsDataMigration-> migration request without restore
02-25 11:58:44.272 8231 8241 I RoutineUtil: startSmartThingsDataMigration-> start smartthings migration
02-25 11:58:44.273 1385 1412 D ApplicationPolicy: getApplicationComponentState : pkg = com.samsung.android.app.routines userId : 0
02-25 11:58:44.273 8219 8251 I Routine@Ui[4.6.01.5]: Pref: putSharedPrefsData: key=debug_mode_features, data.size=427
02-25 11:58:44.274 1385 2262 I ActivityManager: Flag disabled. Ignoring finishAttachApplication from uid: 10047. pid: 8219
02-25 11:58:44.276 8219 8251 I Routine@Ui[4.6.01.5]: DebugModeRepository: initialized.
02-25 11:58:44.277 8231 8250 E DIAGMON_SDK[605067][clj47h9zhd] : DMA Client is not exist
02-25 11:58:44.277 8231 8250 W DIAGMON_SDK[605067]: It is not supported : NO_DMA
02-25 11:58:44.277 8231 8250 W DIAGMON_SDK[605067]: UncaughtExceptionLogging can't be enabled because Configuration is null
02-25 11:58:44.278 8231 8250 I [RoutineSdk3.0-3.0.0]: RoutineSdkImpl: setHandler - conditionHandler initialized
02-25 11:58:44.278 8231 8250 I [RoutineSdk3.0-3.0.0]: RoutineSdkImpl: setHandler - actionHandler initialized
02-25 11:58:44.279 8219 8219 I Routine@Ui[4.6.01.5]: MetadataSyncHistory: latest : 4.6.01.5, currentVersion : 4.6.01.5
02-25 11:58:44.284 8219 8219 I Routine@Ui[4.6.01.5]: MetadataSyncHistory: latest : 4.6.01.5, currentVersion : 4.6.01.5
02-25 11:58:44.302 8231 8241 I RoutineUtil: startSmartThingsDataMigration-> bedtimeConfigData: null
02-25 11:58:44.302 8231 8241 I RoutineUtil: startSmartThingsDataMigration-> wakeUpConfigData: null
02-25 11:58:44.302 8231 8241 I RoutineUtil: startSmartThingsDataMigration-> bedtimeMasterSwitch: false
02-25 11:58:44.303 8231 8241 I RoutineUtil: startSmartThingsDataMigration-> wakeuptimeMasterSwitch: false
02-25 11:58:44.303 8231 8241 I RoutineUtil: startSmartThingsDataMigration-> bedTimeSelectedItem: -1
02-25 11:58:44.303 8231 8241 I RoutineUtil: startSmartThingsDataMigration-> wakeupTimeSelectedItem: 0
02-25 11:58:44.303 8231 8241 I RoutineUtil: startSmartThingsDataMigration-> bedtimeMode: true
02-25 11:58:44.304 8131 8131 I Routine@Core[4.6.01.5]: SleepScheduleInfoRequester: getMigrationDataAboutSleepSchedule : isSourceSos(false)
02-25 11:58:44.304 8131 8131 I Routine@Core[4.6.01.5]: SleepScheduleInfoRequester: getMigrationDataAboutSleepSchedule : sleepScheduleList([])
02-25 11:58:44.304 8131 8131 I Routine@Core[4.6.01.5]: SleepScheduleInfoRequester: getMigrationDataAboutSleepSchedule : isBedTimeSynced(true)
02-25 11:58:44.304 8131 8131 I Routine@Core[4.6.01.5]: SleepScheduleMigrator: migrateSleepMode: MigrationResultState is NOT YET, try migration
02-25 11:58:44.304 8131 8131 I Routine@Core[4.6.01.5]: SleepScheduleMigrator: migrateSleepMode: try migration dwb data is separate thread
02-25 11:58:44.305 8131 8209 I Routine@Core[4.6.01.5]: SleepScheduleMigrator: migrateDWBData
02-25 11:58:44.306 8131 8131 I Routine@Core[4.6.01.5]: SmartThingsMetadataUpdater: calculate: isEnabled=false
02-25 11:58:44.309 8131 8131 I Routine@Core[4.6.01.5]: LifestyleModeMigrator: migrate
02-25 11:58:44.311 1385 2262 D CompatibilityChangeReporter: Compat change id reported: 135634846; UID 1000; state: DISABLED
02-25 11:58:44.315 8131 8131 I Routine@Core[4.6.01.5]: InstanceCleaner: clean() - begin
02-25 11:58:44.324 804 804 D Zygote : Forked child process 8259
02-25 11:58:44.325 1385 1428 I ActivityManager: Start proc 8259:com.samsung.android.forest/1000 for content provider {com.samsung.android.forest/com.samsung.android.forest.common.database.provider.DwbContentProvider}
02-25 11:58:44.328 8131 8131 E Routine@Core[4.6.01.5]: InstanceCleaner: deleteRoutines: id=[]
02-25 11:58:44.329 8131 8131 I Routine@Core[4.6.01.5]: InstanceCleaner: clean() - listToDelete is Empty !
02-25 11:58:44.329 8131 8131 I Routine@Core[4.6.01.5]: InstanceCleaner: clean() - end
02-25 11:58:44.334 557 557 D io_stats: !@ 179,0 r 571965 18988394 w 366020 7304096 d 46020 7157188 f 0 0 iot 643452 0 th 0 0 0 pt 0 inp 0 0 78600.250
02-25 11:58:44.352 8259 8259 I .android.forest: Using CollectorTypeCC GC.
02-25 11:58:44.357 8131 8131 I Routine@Core[4.6.01.5]: ServiceExt: setServiceForeground: isForeground=true, reason=PRELOAD_CONDITION_SERVICE
02-25 11:58:44.357 8259 8259 E .android.forest: Not starting debugger since process cannot load the jdwp agent.
02-25 11:58:44.360 8131 8131 I AbstractProxyReflection: Create proxy instance for interface : android.hardware.input.InputManager$SemOnSwitchEventChangedListener
02-25 11:58:44.362 8131 8131 I Routine@Core[4.6.01.5]: WatchingConditions: clear
02-25 11:58:44.362 8131 8131 I Routine@Core[4.6.01.5]: Pref: removeSharedPrefsData() key=condition_launch_app_data_resume_pkg
02-25 11:58:44.363 8131 8131 I Routine@Core[4.6.01.5]: AppLifecycleWatcher: updateUsageStateWatcher: 0
02-25 11:58:44.365 8131 8131 I AbstractProxyReflection: initializeProxyReflectionByClass Create proxy instance for class : com.samsung.android.app.usage.IUsageStatsWatcher$Stub
02-25 11:58:44.365 8131 8131 I Routine@Core[4.6.01.5]: ActivityWatcherForSolo: unregister
02-25 11:58:44.366 8131 8131 I Routine@Core[4.6.01.5]: WatchingConditions: clear
02-25 11:58:44.366 8131 8131 I Routine@Core[4.6.01.5]: Pref: removeSharedPrefsData() key=condition_launch_app_data_resume_pkg
02-25 11:58:44.366 8131 8131 I Routine@Core[4.6.01.5]: PreloadConditionService: onEnd: tag=launch_app, stop service.
02-25 11:58:44.366 8131 8131 I Routine@Core[4.6.01.5]: ServiceExt: setServiceForeground: isForeground=false, reason=PRELOAD_CONDITION_SERVICE
02-25 11:58:44.371 1385 2262 D CompatibilityChangeReporter: Compat change id reported: 168419799; UID 1000; state: DISABLED
02-25 11:58:44.371 1385 2262 D CompatibilityChangeReporter: Compat change id reported: 273564678; UID 1000; state: DISABLED
02-25 11:58:44.372 1842 1842 I AppWidgetSupplier: Add tile provider size : 14
02-25 11:58:44.373 1842 1842 I AppWidgetDataProvider: updatePackageChangeData type 1 , pack type 1 , pkg com.companyname.mauiapp3
02-25 11:58:44.388 8131 8131 I Routine@Core[4.6.01.5]: WatchingConditions: clear
02-25 11:58:44.388 8131 8131 I Routine@Core[4.6.01.5]: Pref: removeSharedPrefsData() key=condition_launch_game_data_resume_pkg
02-25 11:58:44.389 8131 8131 I Routine@Core[4.6.01.5]: AppLifecycleWatcher: updateUsageStateWatcher: 0
02-25 11:58:44.390 8131 8131 I AbstractProxyReflection: initializeProxyReflectionByClass Create proxy instance for class : com.samsung.android.app.usage.IUsageStatsWatcher$Stub
02-25 11:58:44.390 8131 8131 I Routine@Core[4.6.01.5]: ActivityWatcherForSolo: unregister
02-25 11:58:44.392 8131 8131 I Routine@Core[4.6.01.5]: WatchingConditions: clear
02-25 11:58:44.392 8131 8131 I Routine@Core[4.6.01.5]: Pref: removeSharedPrefsData() key=condition_launch_game_data_resume_pkg
02-25 11:58:44.392 8131 8131 I Routine@Core[4.6.01.5]: PreloadConditionService: onEnd: tag=launch_game, stop service.
02-25 11:58:44.392 8131 8131 I Routine@Core[4.6.01.5]: ServiceExt: setServiceForeground: isForeground=false, reason=PRELOAD_CONDITION_SERVICE
02-25 11:58:44.410 8131 8131 I Routine@Core[4.6.01.5]: MediaConditionUtils: isNeedToUnregister: result(true)
02-25 11:58:44.411 8131 8131 I Routine@Core[4.6.01.5]: MediaPlayConditionImpl: reloadCondition: isRunning(false)
02-25 11:58:44.411 8131 8131 I Routine@Core[4.6.01.5]: MediaPlayConditionImpl: unregisterMediaSessionListener
02-25 11:58:44.417 8131 8131 W System.err: android.hardware.input.InputManager InvocationTargetException encountered invoking semUnregisterOnSwitchEventChangedListenerjava.lang.reflect.InvocationTargetException
02-25 11:58:44.417 8131 8131 E Routine@Core[4.6.01.5]: android.hardware.input.InputManager: invokeNormalMethod: java.lang.reflect.InvocationTargetException
02-25 11:58:44.419 8131 8131 I Routine@Core[4.6.01.5]: RoutineService: onDestroy
02-25 11:58:44.419 8131 8131 I Routine@Core[4.6.01.5]: ServiceExt: setServiceForeground: isForeground=false, reason=ROUTINE_SERVICE
02-25 11:58:44.420 8131 8131 I Routine@Core[4.6.01.5]: MetadataLoaderJobService: onDestroy
02-25 11:58:44.420 8131 8131 I Routine@Core[4.6.01.5]: PreloadConditionService: onDestroy
02-25 11:58:44.420 8131 8131 I Routine@Core[4.6.01.5]: ServiceExt: setServiceForeground: isForeground=false, reason=PRELOAD_CONDITION_SERVICE
02-25 11:58:44.421 8131 8131 I Routine@Core[4.6.01.5]: ActivityWatcherForSolo: unregister
02-25 11:58:44.422 8131 8131 I Routine@Core[4.6.01.5]: WatchingConditions: clear
02-25 11:58:44.422 8131 8131 I Routine@Core[4.6.01.5]: Pref: removeSharedPrefsData() key=condition_launch_app_data_resume_pkg
02-25 11:58:44.422 8131 8131 I Routine@Core[4.6.01.5]: PreloadConditionService: onEnd: tag=launch_app, stop service.
02-25 11:58:44.422 8131 8131 I Routine@Core[4.6.01.5]: ServiceExt: setServiceForeground: isForeground=false, reason=PRELOAD_CONDITION_SERVICE
02-25 11:58:44.423 8131 8131 I Routine@Core[4.6.01.5]: ActivityWatcherForSolo: unregister
02-25 11:58:44.424 8131 8131 I Routine@Core[4.6.01.5]: WatchingConditions: clear
02-25 11:58:44.424 8131 8131 I Routine@Core[4.6.01.5]: Pref: removeSharedPrefsData() key=condition_launch_game_data_resume_pkg
02-25 11:58:44.424 8131 8131 I Routine@Core[4.6.01.5]: PreloadConditionService: onEnd: tag=launch_game, stop service.
02-25 11:58:44.425 8131 8131 I Routine@Core[4.6.01.5]: ServiceExt: setServiceForeground: isForeground=false, reason=PRELOAD_CONDITION_SERVICE
02-25 11:58:44.447 1385 2258 D VpnManagerService: Exception: java.lang.NullPointerException: Attempt to invoke interface method 'int com.samsung.android.knox.zt.networktrust.filter.IKnoxNetworkFilterService.getKnoxNwFilterHttpProxyPort(int, java.lang.String)' on a null object reference
02-25 11:58:44.447 1385 2258 D VpnManagerService: at com.android.server.VpnManagerService.getKnoxNwFilterHttpProxyPort(VpnManagerService.java:1945)
02-25 11:58:44.447 1385 2258 D VpnManagerService: at android.net.IVpnManager$Stub.onTransact(IVpnManager.java:1075)
02-25 11:58:44.447 1385 2258 D VpnManagerService: at android.os.Binder.execTransactInternal(Binder.java:1375)
02-25 11:58:44.447 1385 2258 D VpnManagerService: at android.os.Binder.execTransact(Binder.java:1311)
02-25 11:58:44.474 8259 8259 I DWBThread: all 16 persistence tables built.
02-25 11:58:44.475 8259 8259 I DWBThread: onCreate
02-25 11:58:44.478 1385 1661 I SearchManagerService: _updateSearchables
02-25 11:58:44.515 8073 8074 I AidlLazyServiceRegistrar: Process has 1 (of 1 available) client(s) in use after notification artd has clients: 1
02-25 11:58:44.528 1210 1210 D connsyslogger: Open FIFO for close
02-25 11:58:44.529 1385 1661 W SearchableInfo: Invalid searchable metadata for com.samsung.android.messaging/.ui.view.main.picker.contact.ContactPickerActivity: Search label must be a resource reference.
02-25 11:58:44.539 8259 8259 I DWBThread: when(FIRST_DAY_OF_WEEK=1, day=2025-03-03)
02-25 11:58:44.542 8259 8259 I DWBThread: com.samsung.android.forest.promovence.NOTIFY_WEEKLY_REPORT: shouldWeNotify=true
02-25 11:58:44.547 8259 8259 I DWBThread: when(FIRST_DAY_OF_WEEK=1, day=2025-03-03T09:00Z[Europe/London])
02-25 11:58:44.551 8259 8259 I DWBThread: changeLocale to GB
02-25 11:58:44.553 8259 8259 I DWBThread: ComponentInfo{com.samsung.android.forest/com.samsung.android.forest.launcher.LauncherActivity} is 0
02-25 11:58:44.557 8259 8259 E DWBThread: App icon disabled, so return addDynamicShortcuts
02-25 11:58:44.561 8259 8259 I DWBThread: secQueryGetFingerprint :en_GB
02-25 11:58:44.570 8259 8259 I DWBThread: onCreate called
02-25 11:58:44.574 8131 8209 I Routine@Core[4.6.01.5]: SleepScheduleMigrator: migrateDWBData: do not have Migration data about DWB
02-25 11:58:44.581 8259 8259 E DIAGMON_SDK[605065][g5xty0ulcd] : DMA Client is not exist
02-25 11:58:44.581 8259 8282 E DIAGMON_SDK[605065][g5xty0ulcd] : DMA Client is not exist
02-25 11:58:44.581 8259 8259 W DIAGMON_SDK[605065]: It is not supported : NO_DMA
02-25 11:58:44.581 8259 8259 W DIAGMON_SDK[605065]: UncaughtExceptionLogging can't be enabled because Configuration is null
02-25 11:58:44.584 1385 2258 I ActivityManager: Flag disabled. Ignoring finishAttachApplication from uid: 1000. pid: 8259
02-25 11:58:44.591 8219 8255 I Routine@Ui[4.6.01.5]: RunningNotificationGenerator: computeEnabledRoutine : routineList.size=0, routineNotiInfoList=0
02-25 11:58:44.592 8219 8255 I Routine@Ui[4.6.01.5]: RunningNotificationUpdater: update
02-25 11:58:44.592 8219 8255 I Routine@Ui[4.6.01.5]: Pref: putSharedPrefsData: key=update_noti_time, data.size=13
02-25 11:58:44.610 1385 1661 I SearchManagerService: _updateSearchables completed.
02-25 11:58:44.613 1842 1842 D BubblesManager: onNotificationChannelModified : pkg=com.samsung.android.app.routines ,modificationType:3
02-25 11:58:44.619 1842 1842 D BubblesManager: onNotificationChannelModified : pkg=com.samsung.android.app.routines ,modificationType:1
02-25 11:58:44.621 8219 8255 I Routine@Ui[4.6.01.5]: RunningNotificationUpdater: updateNotificationImpl: no running routines, then noti cancel
02-25 11:58:44.622 8219 8255 I Routine@Ui[4.6.01.5]: FaceWidgetUpdater: update: 1
02-25 11:58:44.624 1385 1654 I ActivityManager: Changes in 10045 19 to 5, 0 to 56
02-25 11:58:44.626 2160 2160 D HidDeviceService: handleMessage(): msg.what=8
02-25 11:58:44.628 8219 8255 I Routine@Ui[4.6.01.5]: Pref: putSharedPrefsData: key=facewidget_routine, data.size=0
02-25 11:58:44.640 8219 8255 I Routine@Ui[4.6.01.5]: Pref: putSharedPrefsData: key=running_face_widget_ids, data=null
02-25 11:58:44.642 8219 8255 I Routine@Ui[4.6.01.5]: RoutineFaceWidgetUpdateImpl: updateFaceWidget: changeCurrentPage=false
02-25 11:58:44.644 8219 8255 I Routine@Ui[4.6.01.5]: NotificationUpdateService: Stop no more task
02-25 11:58:44.646 1842 1842 D FaceWidgetRemoteViewsManager: updateRemoteViewsResponseMap(FaceWidgetKey{packageName='com.samsung.android.app.routines#dashboard', location=FULLSCREEN}) removed response map
02-25 11:58:44.646 1842 1842 D FaceWidgetRemoteViewsManager: updateRemoteViewsResponseMap(FaceWidgetKey{packageName='com.samsung.android.app.routines#dashboard', location=LOCKSCREEN}) removed response map
02-25 11:58:44.646 1842 1842 D FaceWidgetRemoteViewsManager: onUpdateFaceWidgetRemoteViews() item = FaceWidgetRemoteViewsItem [com.samsung.android.app.routines, FaceWidgetRemoteInfo [pkgName - com.samsung.android.app.routines, packageNamePageId - com.samsung.android.app.routines#dashboard, pageId - dashboard, isShowing - true, remoteviews - [(LOCKSCREEN,android.widget.RemoteViews@e1a9294),(FULLSCREEN,android.widget.RemoteViews@c71b13d),,,,,], additionalView - null] com.samsung.android.app.facewidget.pages.remoteview.c@2973d32] com.samsung.android.app.facewidget.pages.remoteview.d@67556e7
02-25 11:58:44.646 1842 1842 D FaceWidgetRemoteViewsManager: updateFaceWidgetRemoteViewsPage() info = FaceWidgetRemoteInfo [pkgName - com.samsung.android.app.routines, packageNamePageId - com.samsung.android.app.routines#dashboard, pageId - dashboard, isShowing - true, remoteviews - [(LOCKSCREEN,android.widget.RemoteViews@e1a9294),(FULLSCREEN,android.widget.RemoteViews@c71b13d),,,,,], additionalView - null] com.samsung.android.app.facewidget.pages.remoteview.c@2973d32
02-25 11:58:44.646 1842 1842 D FaceWidgetRemoteViewsItem: updateFaceWidgetRemoteViewsInfo FaceWidgetRemoteInfo [pkgName - com.samsung.android.app.routines, packageNamePageId - com.samsung.android.app.routines#dashboard, pageId - dashboard, isShowing - true, remoteviews - [(LOCKSCREEN,android.widget.RemoteViews@e1a9294),(FULLSCREEN,android.widget.RemoteViews@c71b13d),,,,,], additionalView - null] com.samsung.android.app.facewidget.pages.remoteview.c@2973d32
02-25 11:58:44.646 1842 1842 D FaceWidgetRemoteViewsItem: updateFaceWidgetRemoteViewsInfo FaceWidgetRemoteInfo [pkgName - com.samsung.android.app.routines, packageNamePageId - com.samsung.android.app.routines#dashboard, pageId - dashboard, isShowing - true, remoteviews - [(LOCKSCREEN,android.widget.RemoteViews@e1a9294),(FULLSCREEN,android.widget.RemoteViews@c71b13d),,,,,], additionalView - null] com.samsung.android.app.facewidget.pages.remoteview.c@2973d32
02-25 11:58:44.646 1842 1842 D FaceWidgetViewModel: updateAdditionalInfoView no view
02-25 11:58:44.646 1842 1842 D FaceWidgetViewModel: updateInfoParameters(additional info) isAODState = false, clockSidePadding = (0, 0), musicSidePadding = (30, 30)
