02-25 11:58:49.215 1385 1421 I SurfaceControl: show, t=StartTransaction_SyncId<173>, sc=Surface(name=Task=4614)/@0xf03e9ea, caller=com.android.server.wm.Transition.onTransactionReady:2009 com.android.server.wm.BLASTSyncEngine$SyncGroup.finishNow:315 com.android.server.wm.BLASTSyncEngine$SyncGroup.tryFinish:242 com.android.server.wm.BLASTSyncEngine$SyncGroup.-$$Nest$mtryFinish:0 com.android.server.wm.BLASTSyncEngine.onSurfacePlacement:675 com.android.server.wm.RootWindowContainer.performSurfacePlacementNoTrace:990
02-25 11:58:49.215 1385 1421 I SurfaceControl: show, t=StartTransaction_SyncId<173>, sc=Surface(name=DefaultTaskDisplayArea_d0)/@0x479ac5b, caller=com.android.server.wm.Transition.onTransactionReady:2009 com.android.server.wm.BLASTSyncEngine$SyncGroup.finishNow:315 com.android.server.wm.BLASTSyncEngine$SyncGroup.tryFinish:242 com.android.server.wm.BLASTSyncEngine$SyncGroup.-$$Nest$mtryFinish:0 com.android.server.wm.BLASTSyncEngine.onSurfacePlacement:675 com.android.server.wm.RootWindowContainer.performSurfacePlacementNoTrace:990
02-25 11:58:49.215 1385 1421 I SurfaceControl: show, t=StartTransaction_SyncId<173>, sc=Surface(name=FullscreenMagnification:2:12)/@0x8821ebc, caller=com.android.server.wm.Transition.onTransactionReady:2009 com.android.server.wm.BLASTSyncEngine$SyncGroup.finishNow:315 com.android.server.wm.BLASTSyncEngine$SyncGroup.tryFinish:242 com.android.server.wm.BLASTSyncEngine$SyncGroup.-$$Nest$mtryFinish:0 com.android.server.wm.BLASTSyncEngine.onSurfacePlacement:675 com.android.server.wm.RootWindowContainer.performSurfacePlacementNoTrace:990
02-25 11:58:49.215 1385 1421 I SurfaceControl: show, t=StartTransaction_SyncId<173>, sc=Surface(name=OneHanded:0:14)/@0x2afc99a, caller=com.android.server.wm.Transition.onTransactionReady:2009 com.android.server.wm.BLASTSyncEngine$SyncGroup.finishNow:315 com.android.server.wm.BLASTSyncEngine$SyncGroup.tryFinish:242 com.android.server.wm.BLASTSyncEngine$SyncGroup.-$$Nest$mtryFinish:0 com.android.server.wm.BLASTSyncEngine.onSurfacePlacement:675 com.android.server.wm.RootWindowContainer.performSurfacePlacementNoTrace:990
02-25 11:58:49.215 1385 1421 I SurfaceControl: show, t=StartTransaction_SyncId<173>, sc=Surface(name=HideDisplayCutout:0:14)/@0x58cc9c1, caller=com.android.server.wm.Transition.onTransactionReady:2009 com.android.server.wm.BLASTSyncEngine$SyncGroup.finishNow:315 com.android.server.wm.BLASTSyncEngine$SyncGroup.tryFinish:242 com.android.server.wm.BLASTSyncEngine$SyncGroup.-$$Nest$mtryFinish:0 com.android.server.wm.BLASTSyncEngine.onSurfacePlacement:675 com.android.server.wm.RootWindowContainer.performSurfacePlacementNoTrace:990
02-25 11:58:49.216 1385 1421 I SurfaceControl: show, t=StartTransaction_SyncId<173>, sc=Surface(name=WindowedMagnification:0:31)/@0x8fd5472, caller=com.android.server.wm.Transition.onTransactionReady:2009 com.android.server.wm.BLASTSyncEngine$SyncGroup.finishNow:315 com.android.server.wm.BLASTSyncEngine$SyncGroup.tryFinish:242 com.android.server.wm.BLASTSyncEngine$SyncGroup.-$$Nest$mtryFinish:0 com.android.server.wm.BLASTSyncEngine.onSurfacePlacement:675 com.android.server.wm.RootWindowContainer.performSurfacePlacementNoTrace:990
02-25 11:58:49.216 1385 1421 I SurfaceControl: show, t=StartTransaction_SyncId<173>, sc=Surface(name=Display 0 name="Built-in Screen")/@0xaf58954, caller=com.android.server.wm.Transition.onTransactionReady:2009 com.android.server.wm.BLASTSyncEngine$SyncGroup.finishNow:315 com.android.server.wm.BLASTSyncEngine$SyncGroup.tryFinish:242 com.android.server.wm.BLASTSyncEngine$SyncGroup.-$$Nest$mtryFinish:0 com.android.server.wm.BLASTSyncEngine.onSurfacePlacement:675 com.android.server.wm.RootWindowContainer.performSurfacePlacementNoTrace:990
02-25 11:58:49.216 1385 1421 V WindowManager: Calling onTransitionReady: {id=173 t=CLOSE f=0x0 trk=0 r=[] c=[]}
02-25 11:58:49.217 1385 1417 V WindowManager: Sent Transition #173 createdAt=02-25 11:58:49.116 via request=TransitionRequestInfo { type = CLOSE, triggerTask = null, remoteTransition = null, displayChange = null }
02-25 11:58:49.217 1385 1417 V WindowManager: startWCT=WindowContainerTransaction { changes = {} hops = [] errorCallbackToken=null taskFragmentOrganizer=null }
02-25 11:58:49.217 1385 1417 V WindowManager: info={id=173 t=CLOSE f=0x0 trk=0 r=[] c=[]}
02-25 11:58:49.217 1842 1979 V WindowManagerShell: onTransitionReady android.os.BinderProxy@53ebcb6: {id=173 t=CLOSE f=0x0 trk=0 r=[] c=[]}
02-25 11:58:49.218 1842 24593 I ViewRootImpl@3d22171[mauiapp3]: Resizing android.view.ViewRootImpl@3f9fdb7: frame = [0,0][1080,2408] reportDraw = false forceLayout = false syncSeqId = -1
02-25 11:58:49.218 1842 1979 V WindowManagerShell: No transition roots in (#173)android.os.BinderProxy@53ebcb6@0 so abort
02-25 11:58:49.218 1842 2011 I ViewRootImpl@3d22171[mauiapp3]: handleResized, msg = 4 frames=ClientWindowFrames{frame=[0,0][1080,2408] display=[0,0][1080,2408] parentFrame=[0,0][0,0]} forceNextWindowRelayout=false displayId=0 dragResizing=false compatScale=1.0 frameChanged=false attachedFrameChanged=false configChanged=false displayChanged=false compatScaleChanged=false
02-25 11:58:49.218 1842 1979 I SurfaceControl: apply is called, name=StartTransaction_SyncId<173>, caller=android.view.SurfaceControl$Transaction.apply:2921 com.android.wm.shell.transition.Transitions.processReadyQueue:188 com.android.wm.shell.transition.Transitions.onAbort:72 com.android.wm.shell.transition.Transitions.dispatchReady:213 com.android.wm.shell.transition.Transitions.onTransitionReady:119 com.android.wm.shell.transition.Transitions$TransitionPlayerImpl$$ExternalSyntheticLambda0.run:13
02-25 11:58:49.219 1385 1420 I ActivityManager: Changes in 10405 20 to 2, 0 to 63
02-25 11:58:49.220 1842 1979 V WindowManagerShell: Transition animation finished (aborted=true), notifying core (#173)android.os.BinderProxy@53ebcb6@0
02-25 11:58:49.220 1842 1979 I SurfaceControl: apply is called, name=FinishTransaction_SyncId<173>, caller=android.view.SurfaceControl$Transaction.apply:2921 com.android.wm.shell.transition.Transitions.onFinish:302 com.android.wm.shell.transition.Transitions.processReadyQueue:191 com.android.wm.shell.transition.Transitions.onAbort:72 com.android.wm.shell.transition.Transitions.dispatchReady:213 com.android.wm.shell.transition.Transitions.onTransitionReady:119
02-25 11:58:49.221 2160 2160 D HidDeviceService: handleMessage(): msg.what=8
02-25 11:58:49.221 1385 2084 V WindowManager: Finish Transition: TransitionRecord{59dc026 id=173 type=CLOSE flags=0x0}, caller=com.android.server.wm.WindowOrganizerController.finishTransition:456 android.window.IWindowOrganizerController$Stub.onTransact:286 com.android.server.wm.WindowOrganizerController.onTransact:219
02-25 11:58:49.221 1385 1417 V WindowManager: Finish Transition #173: created at
02-25 11:58:49.116 collect-started=2.018ms request-sent=2.563ms started=5.219ms ready=91.828ms sent=100.198ms finished=104.96ms
02-25 11:58:49.222 1842 1979 V WindowManagerShell: Track 0 became idle
02-25 11:58:49.222 1842 1979 V WindowManagerShell: All active transition animations finished
02-25 11:58:49.224 8342 8342 D CompatibilityChangeReporter: Compat change id reported: 171979766; UID 10405; state: ENABLED
02-25 11:58:49.225 8342 8342 D CompatibilityChangeReporter: Compat change id reported: 242716250; UID 10405; state: ENABLED
02-25 11:58:49.232 1385 1418 D PkgPredictorService-SecIpmManagerServiceImpl: onForegroundActivitiesChanged pid:8342 uid:10405
02-25 11:58:49.242 8342 8342 W ziparchive: Unable to open '/data/app/~~3yfPzEoCZ2wSfLep3-w0jg==/com.companyname.mauiapp3-ALrbfwtu1T-qdPwQ3rJyew==/base.dm': No such file or directory
02-25 11:58:49.243 8342 8342 W ziparchive: Unable to open '/data/app/~~3yfPzEoCZ2wSfLep3-w0jg==/com.companyname.mauiapp3-ALrbfwtu1T-qdPwQ3rJyew==/base.dm': No such file or directory
02-25 11:58:49.245 817 872 I hwcomposer: [HWCDisplay] [Display_0 (type:1)] fps:30.572437,dur:1013.99,max:502.47,min:12.95
02-25 11:58:49.267 7751 7751 E adbd : failed to connect to socket 'tcp:8848': Connection refused
02-25 11:58:49.316 827 8315 I mtkpower_client: perf_lock_rel, hdl:1233, tid:8315
02-25 11:58:49.316 827 8315 I mtkpower_client: perf_lock_acq, hdl:0, dur:0, num:2, tid:8315
02-25 11:58:49.317 832 884 I libPowerHal: [perfLockRel] hdl:1233, idx:3
02-25 11:58:49.317 832 884 I libPowerHal: [PD] vendor.samsung. update cmd:300c000 param:0
02-25 11:58:49.318 827 8315 I mtkpower_client: ret_hdl:1237
02-25 11:58:49.318 832 884 I libPowerHal: [perfLockAcq] idx:2 hdl:1237 hint:-1 pid:827 duration:0 lock_user:vendor.samsung. => ret_hdl:1237
02-25 11:58:49.318 832 884 I libPowerHal: [PE] vendor.samsung. update cmd:300c000, param:15
02-25 11:58:49.318 827 8315 I mtkpower_client: perf_lock_rel, hdl:1234, tid:8315
02-25 11:58:49.318 827 8315 I mtkpower_client: perf_lock_acq, hdl:0, dur:0, num:2, tid:8315
02-25 11:58:49.319 832 884 I libPowerHal: [perfLockRel] hdl:1234, idx:0
02-25 11:58:49.319 832 884 I libPowerHal: [PD] vendor.samsung. update cmd:1c3c000, param:1
02-25 11:58:49.319 832 884 I libPowerHal: [PD] (less) /proc/mcdi/state set +prefix:enable 1;
02-25 11:58:49.320 827 8315 I mtkpower_client: ret_hdl:1238
02-25 11:58:49.320 827 8315 I mtkpower_client: perf_lock_rel, hdl:1235, tid:8315
02-25 11:58:49.320 832 884 I libPowerHal: [perfLockAcq] idx:0 hdl:1238 hint:-1 pid:827 duration:0 lock_user:vendor.samsung. => ret_hdl:1238
02-25 11:58:49.320 832 884 I libPowerHal: [PE] (less) /proc/mcdi/state set +prefix:enable 0;
02-25 11:58:49.320 827 8315 I mtkpower_client: perf_lock_acq, hdl:0, dur:0, num:2, tid:8315
02-25 11:58:49.321 832 884 I libPowerHal: [perfLockRel] hdl:1235, idx:4
02-25 11:58:49.321 832 884 I libPowerHal: vendor.samsung.: cpu_ctrl set cpu freq: -1 -1 -1 -1
02-25 11:58:49.322 827 8315 I mtkpower_client: ret_hdl:1239
02-25 11:58:49.322 827 8315 I mtkpower_client: perf_lock_rel, hdl:1236, tid:8315
02-25 11:58:49.322 832 884 I libPowerHal: [perfLockAcq] idx:3 hdl:1239 hint:-1 pid:827 duration:0 lock_user:vendor.samsung. => ret_hdl:1239
02-25 11:58:49.322 832 884 I libPowerHal: vendor.samsung.: cpu_ctrl set cpu freq: 1800000 -1 -1 -1
02-25 11:58:49.322 827 8315 I mtkpower_client: perf_lock_acq, hdl:0, dur:0, num:2, tid:8315
02-25 11:58:49.322 832 884 I libPowerHal: [perfLockRel] hdl:1236, idx:1
02-25 11:58:49.322 832 884 I libPowerHal: [PD] vendor.samsung. update cmd:1000000, param:-1
02-25 11:58:49.323 832 884 I libPowerHal: [PD] vendor.samsung. update cmd:1000000 param:-1
02-25 11:58:49.323 827 8315 I mtkpower_client: ret_hdl:1240
02-25 11:58:49.323 832 884 I libPowerHal: [perfLockAcq] idx:1 hdl:1240 hint:-1 pid:827 duration:0 lock_user:vendor.samsung. => ret_hdl:1240
02-25 11:58:49.323 832 884 I libPowerHal: [PE] vendor.samsung. update cmd:1000000, param:0
02-25 11:58:49.323 832 884 I libPowerHal: [PE] vendor.samsung. update cmd:1000000 param:0
02-25 11:58:49.323 827 8315 I HYPER-HAL: [RequestManager.cpp]releaseLocked(): Released ID : 999019
02-25 11:58:49.363 1385 1658 D MdnieScenarioControlService: packageName : com.companyname.mauiapp3 className : crc64e73e5e987e2fb5cd.MainActivity
02-25 11:58:49.364 1385 1658 V MdnieScenarioControlService: setUIMode from UI function(3)
02-25 11:58:49.464 1385 1658 V MdnieScenarioControlService: mAclOffEnabled : false
02-25 11:58:49.515 8342 8342 D nativeloader: Configuring clns-4 for other apk /data/app/~~3yfPzEoCZ2wSfLep3-w0jg==/com.companyname.mauiapp3-ALrbfwtu1T-qdPwQ3rJyew==/base.apk. target_sdk_version=35, uses_libraries=, library_path=/data/app/~~3yfPzEoCZ2wSfLep3-w0jg==/com.companyname.mauiapp3-ALrbfwtu1T-qdPwQ3rJyew==/lib/arm:/data/app/~~3yfPzEoCZ2wSfLep3-w0jg==/com.companyname.mauiapp3-ALrbfwtu1T-qdPwQ3rJyew==/base.apk!/lib/armeabi-v7a, permitted_path=/data:/mnt/expand:/data/user/0/com.companyname.mauiapp3
02-25 11:58:49.527 8342 8342 D nativeloader: Load libframework-connectivity-jni.so using APEX ns com_android_tethering for caller /apex/com.android.tethering/javalib/framework-connectivity.jar: ok
02-25 11:58:49.528 1210 1210 D connsyslogger: Open FIFO for close
02-25 11:58:49.530 1385 4838 D VpnManagerService: Exception: java.lang.NullPointerException: Attempt to invoke interface method 'int com.samsung.android.knox.zt.networktrust.filter.IKnoxNetworkFilterService.getKnoxNwFilterHttpProxyPort(int, java.lang.String)' on a null object reference
02-25 11:58:49.530 1385 4838 D VpnManagerService: at com.android.server.VpnManagerService.getKnoxNwFilterHttpProxyPort(VpnManagerService.java:1945)
02-25 11:58:49.530 1385 4838 D VpnManagerService: at android.net.IVpnManager$Stub.onTransact(IVpnManager.java:1075)
02-25 11:58:49.530 1385 4838 D VpnManagerService: at android.os.Binder.execTransactInternal(Binder.java:1375)
02-25 11:58:49.530 1385 4838 D VpnManagerService: at android.os.Binder.execTransact(Binder.java:1311)
02-25 11:58:49.534 8342 8342 V GraphicsEnvironment: Currently set values for:
02-25 11:58:49.534 8342 8342 V GraphicsEnvironment: angle_gl_driver_selection_pkgs=[]
02-25 11:58:49.534 8342 8342 V GraphicsEnvironment: angle_gl_driver_selection_values=[]
02-25 11:58:49.534 8342 8342 V GraphicsEnvironment: ANGLE GameManagerService for com.companyname.mauiapp3: false
02-25 11:58:49.535 8342 8342 V GraphicsEnvironment: com.companyname.mauiapp3 is not listed in per-application setting
02-25 11:58:49.535 8342 8342 V GraphicsEnvironment: Neither updatable production driver nor prerelease driver is supported.
02-25 11:58:49.644 8342 8342 D nativeloader: Load /data/app/~~3yfPzEoCZ2wSfLep3-w0jg==/com.companyname.mauiapp3-ALrbfwtu1T-qdPwQ3rJyew==/lib/arm/libmonosgen-2.0.so using ns clns-4 from class loader (caller=/data/app/~~3yfPzEoCZ2wSfLep3-w0jg==/com.companyname.mauiapp3-ALrbfwtu1T-qdPwQ3rJyew==/base.apk!classes2.dex): ok
02-25 11:58:49.646 8342 8342 D nativeloader: Load /data/app/~~3yfPzEoCZ2wSfLep3-w0jg==/com.companyname.mauiapp3-ALrbfwtu1T-qdPwQ3rJyew==/lib/arm/libxamarin-app.so using ns clns-4 from class loader (caller=/data/app/~~3yfPzEoCZ2wSfLep3-w0jg==/com.companyname.mauiapp3-ALrbfwtu1T-qdPwQ3rJyew==/base.apk!classes2.dex): ok
02-25 11:58:49.647 8342 8342 D nativeloader: Load /data/app/~~3yfPzEoCZ2wSfLep3-w0jg==/com.companyname.mauiapp3-ALrbfwtu1T-qdPwQ3rJyew==/lib/arm/libSystem.Security.Cryptography.Native.Android.so using ns clns-4 from class loader (caller=/data/app/~~3yfPzEoCZ2wSfLep3-w0jg==/com.companyname.mauiapp3-ALrbfwtu1T-qdPwQ3rJyew==/base.apk!classes2.dex): ok
02-25 11:58:49.647 8342 8342 D DOTNET : AndroidCryptoNative_InitLibraryOnLoad: jint AndroidCryptoNative_InitLibraryOnLoad(JavaVM *, void *) in /__w/1/s/src/native/libs/System.Security.Cryptography.Native.Android/pal_jni.c
02-25 11:58:49.648 8342 8342 D DOTNET : GetOptionalClassGRef: optional class com/android/org/conscrypt/OpenSSLEngineImpl was not found
02-25 11:58:49.651 8342 8342 D nativeloader: Load /data/app/~~3yfPzEoCZ2wSfLep3-w0jg==/com.companyname.mauiapp3-ALrbfwtu1T-qdPwQ3rJyew==/lib/arm/libmonodroid.so using ns clns-4 from class loader (caller=/data/app/~~3yfPzEoCZ2wSfLep3-w0jg==/com.companyname.mauiapp3-ALrbfwtu1T-qdPwQ3rJyew==/base.apk!classes2.dex): ok
02-25 11:58:49.652 8342 8342 W monodroid: Failed to create directory '/data/user/0/com.companyname.mauiapp3/files/.__override__/armeabi-v7a'. File exists
02-25 11:58:49.652 8342 8342 W monodroid: Creating public update directory: `/data/user/0/com.companyname.mauiapp3/files/.__override__/armeabi-v7a`
02-25 11:58:49.653 8342 8342 W nyname.mauiapp3: Attempt to remove non-JNI local reference
02-25 11:58:49.653 8342 8342 W monodroid-debug: Trying to initialize the debugger with options: --debugger-agent=transport=dt_socket,loglevel=0,address=127.0.0.1:8848,server=y,embedding=1,timeout=3
02-25 11:58:49.666 8342 8342 E mono : debugger-agent: Timed out waiting to connect.
02-25 11:58:49.709 8342 8342 W RefBase : RefBase: Explicit destruction, weak count = 0 (in 0xe58b28bc). Use sp<> to manage this object.
02-25 11:58:49.729 827 8316 I HYPER-HAL: [RequestManager.cpp]releaseLocked(): Released ID : 5010209
02-25 11:58:49.753 827 8318 I mtkpower_client: perf_lock_rel, hdl:1237, tid:8318
02-25 11:58:49.754 827 8318 I mtkpower_client: perf_lock_acq, hdl:0, dur:0, num:2, tid:8318
02-25 11:58:49.754 832 884 I libPowerHal: [perfLockRel] hdl:1237, idx:2
02-25 11:58:49.754 832 884 I libPowerHal: [PD] vendor.samsung. update cmd:300c000 param:0
02-25 11:58:49.755 827 8318 I mtkpower_client: ret_hdl:1241
02-25 11:58:49.755 832 884 I libPowerHal: [perfLockAcq] idx:4 hdl:1241 hint:-1 pid:827 duration:0 lock_user:vendor.samsung. => ret_hdl:1241
02-25 11:58:49.755 832 884 I libPowerHal: [PE] vendor.samsung. update cmd:300c000, param:15
02-25 11:58:49.755 827 8318 I mtkpower_client: perf_lock_rel, hdl:1238, tid:8318
02-25 11:58:49.755 827 8318 I mtkpower_client: perf_lock_acq, hdl:0, dur:0, num:2, tid:8318
02-25 11:58:49.756 832 884 I libPowerHal: [perfLockRel] hdl:1238, idx:0
02-25 11:58:49.756 832 884 I libPowerHal: [PD] vendor.samsung. update cmd:1c3c000, param:1
02-25 11:58:49.756 832 884 I libPowerHal: [PD] (less) /proc/mcdi/state set +prefix:enable 1;
02-25 11:58:49.756 827 8318 I mtkpower_client: ret_hdl:1242
02-25 11:58:49.757 832 884 I libPowerHal: [perfLockAcq] idx:2 hdl:1242 hint:-1 pid:827 duration:0 lock_user:vendor.samsung. => ret_hdl:1242
02-25 11:58:49.757 827 8318 I mtkpower_client: perf_lock_rel, hdl:1239, tid:8318
02-25 11:58:49.757 832 884 I libPowerHal: [PE] (less) /proc/mcdi/state set +prefix:enable 0;
02-25 11:58:49.757 827 8318 I mtkpower_client: perf_lock_acq, hdl:0, dur:0, num:2, tid:8318
02-25 11:58:49.757 832 884 I libPowerHal: [perfLockRel] hdl:1239, idx:3
02-25 11:58:49.757 832 884 I libPowerHal: vendor.samsung.: cpu_ctrl set cpu freq: -1 -1 -1 -1
02-25 11:58:49.758 827 8318 I mtkpower_client: ret_hdl:1243
02-25 11:58:49.758 832 884 I libPowerHal: [perfLockAcq] idx:0 hdl:1243 hint:-1 pid:827 duration:0 lock_user:vendor.samsung. => ret_hdl:1243
02-25 11:58:49.758 827 8318 I mtkpower_client: perf_lock_rel, hdl:1240, tid:8318
02-25 11:58:49.758 832 884 I libPowerHal: vendor.samsung.: cpu_ctrl set cpu freq: 1800000 -1 -1 -1
02-25 11:58:49.759 827 8318 I mtkpower_client: perf_lock_acq, hdl:0, dur:0, num:2, tid:8318
02-25 11:58:49.759 832 884 I libPowerHal: [perfLockRel] hdl:1240, idx:1
02-25 11:58:49.759 832 884 I libPowerHal: [PD] vendor.samsung. update cmd:1000000, param:-1
02-25 11:58:49.759 832 884 I libPowerHal: [PD] vendor.samsung. update cmd:1000000 param:-1
02-25 11:58:49.760 827 8318 I mtkpower_client: ret_hdl:1244
02-25 11:58:49.760 832 884 I libPowerHal: [perfLockAcq] idx:3 hdl:1244 hint:-1 pid:827 duration:0 lock_user:vendor.samsung. => ret_hdl:1244
02-25 11:58:49.760 832 884 I libPowerHal: [PE] vendor.samsung. update cmd:1000000, param:0
02-25 11:58:49.760 832 884 I libPowerHal: [PE] vendor.samsung. update cmd:1000000 param:0
02-25 11:58:49.760 827 8318 I HYPER-HAL: [RequestManager.cpp]releaseLocked(): Released ID : 980715
02-25 11:58:49.942 8342 8342 D RefBase : #00 pc 0000b1af /system/lib/libutils.so (android::RefBase::~RefBase()+106) (BuildId: 3a5e8e87595bdc03e4e7d198dce7883e)
02-25 11:58:49.942 8342 8342 D RefBase : #01 pc 000afced /apex/com.android.runtime/lib/bionic/libc.so (__cxa_finalize+96) (BuildId: ac29b057fca6aa7ac9a9161d7c6d401f)
02-25 11:58:49.942 8342 8342 D RefBase : #02 pc 000a5bdd /apex/com.android.runtime/lib/bionic/libc.so (exit+10) (BuildId: ac29b057fca6aa7ac9a9161d7c6d401f)
02-25 11:58:49.942 8342 8342 D RefBase : #03 pc 00016bf1 /data/app/~~3yfPzEoCZ2wSfLep3-w0jg==/com.companyname.mauiapp3-ALrbfwtu1T-qdPwQ3rJyew==/lib/arm/libmono-component-debugger.so (BuildId: eb12a3bfa55a6f1401f5eef5e056e8369c4fd99e)
02-25 11:58:49.942 8342 8342 D RefBase : #04 pc 0000ae45 /data/app/~~3yfPzEoCZ2wSfLep3-w0jg==/com.companyname.mauiapp3-ALrbfwtu1T-qdPwQ3rJyew==/lib/arm/libmono-component-debugger.so (BuildId: eb12a3bfa55a6f1401f5eef5e056e8369c4fd99e)
02-25 11:58:49.942 8342 8342 D RefBase : #05 pc 00079e05 /data/app/~~3yfPzEoCZ2wSfLep3-w0jg==/com.companyname.mauiapp3-ALrbfwtu1T-qdPwQ3rJyew==/lib/arm/libmonosgen-2.0.so (BuildId: 15bceab9be34c1880d9c8d9ce2dac856c2b05fef)
02-25 11:58:49.942 8342 8342 D RefBase : #06 pc 000bb28d /data/app/~~3yfPzEoCZ2wSfLep3-w0jg==/com.companyname.mauiapp3-ALrbfwtu1T-qdPwQ3rJyew==/lib/arm/libmonosgen-2.0.so (mono_jit_init_version+6) (BuildId: 15bceab9be34c1880d9c8d9ce2dac856c2b05fef)
02-25 11:58:49.942 8342 8342 D RefBase : #07 pc 000213b1 /data/app/~~3yfPzEoCZ2wSfLep3-w0jg==/com.companyname.mauiapp3-ALrbfwtu1T-qdPwQ3rJyew==/lib/arm/libmonodroid.so (xamarin::android::internal::MonodroidRuntime::create_domain(_JNIEnv*, xamarin::android::jstring_array_wrapper&, bool, bool)+132) (BuildId: 57347e182a7644428dd7b8c2e9a696cd4626487a)
02-25 11:58:49.942 8342 8342 D RefBase : #08 pc 0002452f /data/app/~~3yfPzEoCZ2wSfLep3-w0jg==/com.companyname.mauiapp3-ALrbfwtu1T-qdPwQ3rJyew==/lib/arm/libmonodroid.so (xamarin::android::internal::MonodroidRuntime::create_and_initialize_domain(_JNIEnv*, _jclass*, xamarin::android::jstring_array_wrapper&, xamarin::android::jstring_array_wrapper&, _jobjectArray*, xamarin::android::jstring_array_wrapper&, _jobject*, bool, bool, bool)+26) (BuildId: 57347e182a7644428dd7b8c2e9a696cd4626487a)
02-25 11:58:49.942 8342 8342 D RefBase : #09 pc 0002d343 /data/app/~~3yfPzEoCZ2wSfLep3-w0jg==/com.companyname.mauiapp3-ALrbfwtu1T-qdPwQ3rJyew==/lib/arm/libmonodroid.so (xamarin::android::internal::MonodroidRuntime::Java_mono_android_Runtime_initInternal(_JNIEnv*, _jclass*, _jstring*, _jobjectArray*, _jstring*, _jobjectArray*, int, _jobject*, _jobjectArray*, unsigned char, unsigned char)+3122) (BuildId: 57347e182a7644428dd7b8c2e9a696cd4626487a)
02-25 11:58:49.942 8342 8342 D RefBase : #10 pc 00024f13 /data/app/~~3yfPzEoCZ2wSfLep3-w0jg==/com.companyname.mauiapp3-ALrbfwtu1T-qdPwQ3rJyew==/lib/arm/libmonodroid.so (Java_mono_android_Runtime_initInternal+70) (BuildId: 57347e182a7644428dd7b8c2e9a696cd4626487a)
02-25 11:58:49.942 8342 8342 D RefBase : #11 pc 000abdad /apex/com.android.art/lib/libart.so (art_quick_generic_jni_trampoline+44) (BuildId: d808a4632ec52b3694263adbd3626ecc)
02-25 11:58:49.942 8342 8342 D RefBase : #12 pc 000a4975 /apex/com.android.art/lib/libart.so (art_quick_invoke_stub_internal+68) (BuildId: d808a4632ec52b3694263adbd3626ecc)
02-25 11:58:49.942 8342 8342 D RefBase : #13 pc 005ad2d1 /apex/com.android.art/lib/libart.so (art_quick_invoke_static_stub+246) (BuildId: d808a4632ec52b3694263adbd3626ecc)
02-25 11:58:49.942 8342 8342 D RefBase : #14 pc 0020919f /apex/com.android.art/lib/libart.so (art::ArtMethod::Invoke(art::Thread*, unsigned int*, unsigned int, art::JValue*, char const*)+162) (BuildId: d808a4632ec52b3694263adbd3626ecc)
02-25 11:58:49.942 8342 8342 D RefBase : #15 pc 00314627 /apex/com.android.art/lib/libart.so (art::interpreter::ArtInterpreterToCompiledCodeBridge(art::Thread*, art::ArtMethod*, art::ShadowFrame*, unsigned short, art::JValue*)+270) (BuildId: d808a4632ec52b3694263adbd3626ecc)
02-25 11:58:49.942 8342 8342 D RefBase : #16 pc 00312d83 /apex/com.android.art/lib/libart.so (bool art::interpreter::DoCall(art::ArtMethod*, art::Thread*, art::ShadowFrame&, art::Instruction const*, unsigned short, bool, art::JValue*)+1430) (BuildId: d808a4632ec52b3694263adbd3626ecc)
02-25 11:58:49.942 8342 8342 D RefBase : #17 pc 000b23a1 /apex/com.android.art/lib/libart.so (void art::interpreter::ExecuteSwitchImplCpp(art::interpreter::SwitchImplContext*)+15008) (BuildId: d808a4632ec52b3694263adbd3626ecc)
02-25 11:58:49.942 8342 8342 D RefBase : #18 pc 000ac875 /apex/com.android.art/lib/libart.so (ExecuteSwitchImplAsm+4) (BuildId: d808a4632ec52b3694263adbd3626ecc)
02-25 11:58:49.942 8342 8342 D RefBase : #19 pc 0033720c [anon:dalvik-classes2.dex extracted in memory from /data/app/~~3yfPzEoCZ2wSfLep3-w0jg==/com.companyname.mauiapp3-ALrbfwtu1T-qdPwQ3rJyew==/base.apk] (mono.MonoPackageManager.LoadApplication)
02-25 11:58:49.942 8342 8342 D RefBase : #20 pc 0030c137 /apex/com.android.art/lib/libart.so (art::interpreter::Execute(art::Thread*, art::CodeItemDataAccessor const&, art::ShadowFrame&, art::JValue, bool, bool) (.__uniq.112435418011751916792819755956732575238)+302) (BuildId: d808a4632ec52b3694263adbd3626ecc)
02-25 11:58:49.942 8342 8342 D RefBase : #21 pc 00311c65 /apex/com.android.art/lib/libart.so (art::interpreter::ArtInterpreterToInterpreterBridge(art::Thread*, art::CodeItemDataAccessor const&, art::ShadowFrame*, art::JValue*)+76) (BuildId: d808a4632ec52b3694263adbd3626ecc)
02-25 11:58:49.942 8342 8342 D RefBase : #22 pc 003124bf /apex/com.android.art/lib/libart.so (bool art::interpreter::DoCall(art::ArtMethod*, art::Thread*, art::ShadowFrame&, art::Instruction const*, unsigned short, bool, art::JValue*)+1514) (BuildId: d808a4632ec52b3694263adbd3626ecc)
02-25 11:58:49.942 8342 8342 D RefBase : #23 pc 000b21a1 /apex/com.android.art/lib/libart.so (void art::interpreter::ExecuteSwitchImplCpp(art::interpreter::SwitchImplContext*)+14496) (BuildId: d808a4632ec52b3694263adbd3626ecc)
02-25 11:58:49.942 8342 8342 D RefBase : #24 pc 000ac875 /apex/com.android.art/lib/libart.so (ExecuteSwitchImplAsm+4) (BuildId: d808a4632ec52b3694263adbd3626ecc)
02-25 11:58:49.942 8342 8342 D RefBase : #25 pc 003374c0 [anon:dalvik-classes2.dex extracted in memory from /data/app/~~3yfPzEoCZ2wSfLep3-w0jg==/com.companyname.mauiapp3-ALrbfwtu1T-qdPwQ3rJyew==/base.apk] (mono.MonoRuntimeProvider.attachInfo)
02-25 11:58:49.942 8342 8342 D RefBase : #26 pc 0030c137 /apex/com.android.art/lib/libart.so (art::interpreter::Execute(art::Thread*, art::CodeItemDataAccessor const&, art::ShadowFrame&, art::JValue, bool, bool) (.__uniq.112435418011751916792819755956732575238)+302) (BuildId: d808a4632ec52b3694263adbd3626ecc)
02-25 11:58:49.942 8342 8342 D RefBase : #27 pc 00311c65 /apex/com.android.art/lib/libart.so (art::interpreter::ArtInterpreterToInterpreterBridge(art::Thread*, art::CodeItemDataAccessor const&, art::ShadowFrame*, art::JValue*)+76) (BuildId: d808a4632ec52b3694263adbd3626ecc)
02-25 11:58:49.942 8342 8342 D RefBase : #28 pc 003124bf /apex/com.android.art/lib/libart.so (bool art::interpreter::DoCall(art::ArtMethod*, art::Thread*, art::ShadowFrame&, art::Instruction const*, unsigned short, bool, art::JValue*)+1514) (BuildId: d808a4632ec52b3694263adbd3626ecc)
02-25 11:58:49.942 8342 8342 D RefBase : #29 pc 000b1eed /apex/com.android.art/lib/libart.so (void art::interpreter::ExecuteSwitchImplCpp(art::interpreter::SwitchImplContext*)+13804) (BuildId: d808a4632ec52b3694263adbd3626ecc)
02-25 11:58:49.942 8342 8342 D RefBase : #30 pc 000ac875 /apex/com.android.art/lib/libart.so (ExecuteSwitchImplAsm+4) (BuildId: d808a4632ec52b3694263adbd3626ecc)
02-25 11:58:49.942 8342 8342 D RefBase : #31 pc 001c90e4 /system/framework/framework.jar (android.app.ActivityThread.installProvider)
02-25 11:58:49.942 8342 8342 D RefBase : #32 pc 0030c137 /apex/com.android.art/lib/libart.so (art::interpreter::Execute(art::Thread*, art::CodeItemDataAccessor const&, art::ShadowFrame&, art::JValue, bool, bool) (.__uniq.112435418011751916792819755956732575238)+302) (BuildId: d808a4632ec52b3694263adbd3626ecc)
02-25 11:58:49.942 8342 8342 D RefBase : #33 pc 00311c65 /apex/com.android.art/lib/libart.so (art::interpreter::ArtInterpreterToInterpreterBridge(art::Thread*, art::CodeItemDataAccessor const&, art::ShadowFrame*, art::JValue*)+76) (BuildId: d808a4632ec52b3694263adbd3626ecc)
02-25 11:58:49.942 8342 8342 D RefBase : #34 pc 00312d6f /apex/com.android.art/lib/libart.so (bool art::interpreter::DoCall(art::ArtMethod*, art::Thread*, art::ShadowFrame&, art::Instruction const*, unsigned short, bool, art::JValue*)+1410) (BuildId: d808a4632ec52b3694263adbd3626ecc)
02-25 11:58:49.942 8342 8342 D RefBase : #35 pc 000b1e4f /apex/com.android.art/lib/libart.so (void art::interpreter::ExecuteSwitchImplCpp(art::interpreter::SwitchImplContext*)+13646) (BuildId: d808a4632ec52b3694263adbd3626ecc)
02-25 11:58:49.942 8342 8342 D RefBase : #36 pc 000ac875 /apex/com.android.art/lib/libart.so (ExecuteSwitchImplAsm+4) (BuildId: d808a4632ec52b3694263adbd3626ecc)
02-25 11:58:49.942 8342 8342 D RefBase : #37 pc 001d283c /system/framework/framework.jar (android.app.ActivityThread.installContentProviders)
02-25 11:58:49.942 8342 8342 D RefBase : #38 pc 0030c137 /apex/com.android.art/lib/libart.so (art::interpreter::Execute(art::Thread*, art::CodeItemDataAccessor const&, art::ShadowFrame&, art::JValue, bool, bool) (.__uniq.112435418011751916792819755956732575238)+302) (BuildId: d808a4632ec52b3694263adbd3626ecc)
02-25 11:58:49.942 8342 8342 D RefBase : #39 pc 00311c65 /apex/com.android.art/lib/libart.so (art::interpreter::ArtInterpreterToInterpreterBridge(art::Thread*, art::CodeItemDataAccessor const&, art::ShadowFrame*, art::JValue*)+76) (BuildId: d808a4632ec52b3694263adbd3626ecc)
02-25 11:58:49.942 8342 8342 D RefBase : #40 pc 003124bf /apex/com.android.art/lib/libart.so (bool art::interpreter::DoCall(art::ArtMethod*, art::Thread*, art::ShadowFrame&, art::Instruction const*, unsigned short, bool, art::JValue*)+1514) (BuildId: d808a4632ec52b3694263adbd3626ecc)
02-25 11:58:49.942 8342 8342 D RefBase : #41 pc 000b1eed /apex/com.android.art/lib/libart.so (void art::interpreter::ExecuteSwitchImplCpp(art::interpreter::SwitchImplContext*)+13804) (BuildId: d808a4632ec52b3694263adbd3626ecc)
02-25 11:58:49.942 8342 8342 D RefBase : #42 pc 000ac875 /apex/com.android.art/lib/libart.so (ExecuteSwitchImplAsm+4) (BuildId: d808a4632ec52b3694263adbd3626ecc)
02-25 11:58:49.942 8342 8342 D RefBase : #43 pc 001ce92c /system/framework/framework.jar (android.app.ActivityThread.handleBindApplication)
02-25 11:58:49.942 8342 8342 D RefBase : #44 pc 0030c137 /apex/com.android.art/lib/libart.so (art::interpreter::Execute(art::Thread*, art::CodeItemDataAccessor const&, art::ShadowFrame&, art::JValue, bool, bool) (.__uniq.112435418011751916792819755956732575238)+302) (BuildId: d808a4632ec52b3694263adbd3626ecc)
02-25 11:58:49.942 8342 8342 D RefBase : #45 pc 00311c65 /apex/com.android.art/lib/libart.so (art::interpreter::ArtInterpreterToInterpreterBridge(art::Thread*, art::CodeItemDataAccessor const&, art::ShadowFrame*, art::JValue*)+76) (BuildId: d808a4632ec52b3694263adbd3626ecc)
02-25 11:58:49.942 8342 8342 D RefBase : #46 pc 003124bf /apex/com.android.art/lib/libart.so (bool art::interpreter::DoCall(art::ArtMethod*, art::Thread*, art::ShadowFrame&, art::Instruction const*, unsigned short, bool, art::JValue*)+1514) (BuildId: d808a4632ec52b3694263adbd3626ecc)
02-25 11:58:49.942 8342 8342 D RefBase : #47 pc 000b1eed /apex/com.android.art/lib/libart.so (void art::interpreter::ExecuteSwitchImplCpp(art::interpreter::SwitchImplContext*)+13804) (BuildId: d808a4632ec52b3694263adbd3626ecc)
02-25 11:58:49.942 8342 8342 D RefBase : #48 pc 000ac875 /apex/com.android.art/lib/libart.so (ExecuteSwitchImplAsm+4) (BuildId: d808a4632ec52b3694263adbd3626ecc)
02-25 11:58:49.942 8342 8342 D RefBase : #49 pc 001cb970 /system/framework/framework.jar (android.app.ActivityThread.-$$Nest$mhandleBindApplication)
02-25 11:58:49.942 8342 8342 D RefBase : #50 pc 0030c137 /apex/com.android.art/lib/libart.so (art::interpreter::Execute(art::Thread*, art::CodeItemDataAccessor const&, art::ShadowFrame&, art::JValue, bool, bool) (.__uniq.112435418011751916792819755956732575238)+302) (BuildId: d808a4632ec52b3694263adbd3626ecc)
02-25 11:58:49.942 8342 8342 D RefBase : #51 pc 00311c65 /apex/com.android.art/lib/libart.so (art::interpreter::ArtInterpreterToInterpreterBridge(art::Thread*, art::CodeItemDataAccessor const&, art::ShadowFrame*, art::JValue*)+76) (BuildId: d808a4632ec52b3694263adbd3626ecc)
02-25 11:58:49.942 8342 8342 D RefBase : #52 pc 003124bf /apex/com.android.art/lib/libart.so (bool art::interpreter::DoCall(art::ArtMethod*, art::Thread*, art::ShadowFrame&, art::Instruction const*, unsigned short, bool, art::JValue*)+1514) (BuildId: d808a4632ec52b3694263adbd3626ecc)
02-25 11:58:49.942 8342 8342 D RefBase : #53 pc 000b21a1 /apex/com.android.art/lib/libart.so (void art::interpreter::ExecuteSwitchImplCpp(art::interpreter::SwitchImplContext*)+14496) (BuildId: d808a4632ec52b3694263adbd3626ecc)
02-25 11:58:49.942 8342 8342 D RefBase : #54 pc 000ac875 /apex/com.android.art/lib/libart.so (ExecuteSwitchImplAsm+4) (BuildId: d808a4632ec52b3694263adbd3626ecc)
02-25 11:58:49.942 8342 8342 D RefBase : #55 pc 001c70d0 /system/framework/framework.jar (android.app.ActivityThread$H.handleMessage)
02-25 11:58:49.942 8342 8342 D RefBase : #56 pc 0030c137 /apex/com.android.art/lib/libart.so (art::interpreter::Execute(art::Thread*, art::CodeItemDataAccessor const&, art::ShadowFrame&, art::JValue, bool, bool) (.__uniq.112435418011751916792819755956732575238)+302) (BuildId: d808a4632ec52b3694263adbd3626ecc)
02-25 11:58:49.942 8342 8342 D RefBase : #57 pc 00311c65 /apex/com.android.art/lib/libart.so (art::interpreter::ArtInterpreterToInterpreterBridge(art::Thread*, art::CodeItemDataAccessor const&, art::ShadowFrame*, art::JValue*)+76) (BuildId: d808a4632ec52b3694263adbd3626ecc)
02-25 11:58:49.942 8342 8342 D RefBase : #58 pc 003124bf /apex/com.android.art/lib/libart.so (bool art::interpreter::DoCall(art::ArtMethod*, art::Thread*, art::ShadowFrame&, art::Instruction const*, unsigned short, bool, art::JValue*)+1514) (BuildId: d808a4632ec52b3694263adbd3626ecc)
02-25 11:58:49.942 8342 8342 D RefBase : #59 pc 000b1eed /apex/com.android.art/lib/libart.so (void art::interpreter::ExecuteSwitchImplCpp(art::interpreter::SwitchImplContext*)+13804) (BuildId: d808a4632ec52b3694263adbd3626ecc)
02-25 11:58:49.942 8342 8342 D RefBase : #60 pc 000ac875 /apex/com.android.art/lib/libart.so (ExecuteSwitchImplAsm+4) (BuildId: d808a4632ec52b3694263adbd3626ecc)
02-25 11:58:49.942 8342 8342 D RefBase : #61 pc 002047a8 /system/framework/framework.jar (android.os.Handler.dispatchMessage)
02-25 11:58:49.942 8342 8342 D RefBase : #62 pc 0030c137 /apex/com.android.art/lib/libart.so (art::interpreter::Execute(art::Thread*, art::CodeItemDataAccessor const&, art::ShadowFrame&, art::JValue, bool, bool) (.__uniq.112435418011751916792819755956732575238)+302) (BuildId: d808a4632ec52b3694263adbd3626ecc)
02-25 11:58:49.942 8342 8342 D RefBase : #63 pc 00311c65 /apex/com.android.art/lib/libart.so (art::interpreter::ArtInterpreterToInterpreterBridge(art::Thread*, art::CodeItemDataAccessor const&, art::ShadowFrame*, art::JValue*)+76) (BuildId: d808a4632ec52b3694263adbd3626ecc)
02-25 11:58:49.942 8342 8342 D RefBase : #64 pc 003124bf /apex/com.android.art/lib/libart.so (bool art::interpreter::DoCall(art::ArtMethod*, art::Thread*, art::ShadowFrame&, art::Instruction const*, unsigned short, bool, art::JValue*)+1514) (BuildId: d808a4632ec52b3694263adbd3626ecc)
02-25 11:58:49.942 8342 8342 D RefBase : #65 pc 000b1eed /apex/com.android.art/lib/libart.so (void art::interpreter::ExecuteSwitchImplCpp(art::interpreter::SwitchImplContext*)+13804) (BuildId: d808a4632ec52b3694263adbd3626ecc)
02-25 11:58:49.942 8342 8342 D RefBase : #66 pc 000ac875 /apex/com.android.art/lib/libart.so (ExecuteSwitchImplAsm+4) (BuildId: d808a4632ec52b3694263adbd3626ecc)
02-25 11:58:49.942 8342 8342 D RefBase : #67 pc 00238b08 /system/framework/framework.jar (android.os.Looper.loopOnce)
02-25 11:58:49.942 8342 8342 D RefBase : #68 pc 0030c137 /apex/com.android.art/lib/libart.so (art::interpreter::Execute(art::Thread*, art::CodeItemDataAccessor const&, art::ShadowFrame&, art::JValue, bool, bool) (.__uniq.112435418011751916792819755956732575238)+302) (BuildId: d808a4632ec52b3694263adbd3626ecc)
02-25 11:58:49.942 8342 8342 D RefBase : #69 pc 00311c65 /apex/com.android.art/lib/libart.so (art::interpreter::ArtInterpreterToInterpreterBridge(art::Thread*, art::CodeItemDataAccessor const&, art::ShadowFrame*, art::JValue*)+76) (BuildId: d808a4632ec52b3694263adbd3626ecc)
02-25 11:58:49.942 8342 8342 D RefBase : #70 pc 003124bf /apex/com.android.art/lib/libart.so (bool art::interpreter::DoCall(art::ArtMethod*, art::Thread*, art::ShadowFrame&, art::Instruction const*, unsigned short, bool, art::JValue*)+1514) (BuildId: d808a4632ec52b3694263adbd3626ecc)
02-25 11:58:49.942 8342 8342 D RefBase : #71 pc 000b21a1 /apex/com.android.art/lib/libart.so (void art::interpreter::ExecuteSwitchImplCpp(art::interpreter::SwitchImplContext*)+14496) (BuildId: d808a4632ec52b3694263adbd3626ecc)
02-25 11:58:49.942 8342 8342 D RefBase : #72 pc 000ac875 /apex/com.android.art/lib/libart.so (ExecuteSwitchImplAsm+4) (BuildId: d808a4632ec52b3694263adbd3626ecc)
02-25 11:58:49.942 8342 8342 D RefBase : #73 pc 00239344 /system/framework/framework.jar (android.os.Looper.loop)
02-25 11:58:49.942 8342 8342 D RefBase : #74 pc 0030c137 /apex/com.android.art/lib/libart.so (art::interpreter::Execute(art::Thread*, art::CodeItemDataAccessor const&, art::ShadowFrame&, art::JValue, bool, bool) (.__uniq.112435418011751916792819755956732575238)+302) (BuildId: d808a4632ec52b3694263adbd3626ecc)
02-25 11:58:49.942 8342 8342 D RefBase : #75 pc 00311c65 /apex/com.android.art/lib/libart.so (art::interpreter::ArtInterpreterToInterpreterBridge(art::Thread*, art::CodeItemDataAccessor const&, art::ShadowFrame*, art::JValue*)+76) (BuildId: d808a4632ec52b3694263adbd3626ecc)
02-25 11:58:49.942 8342 8342 D RefBase : #76 pc 003124bf /apex/com.android.art/lib/libart.so (bool art::interpreter::DoCall(art::ArtMethod*, art::Thread*, art::ShadowFrame&, art::Instruction const*, unsigned short, bool, art::JValue*)+1514) (BuildId: d808a4632ec52b3694263adbd3626ecc)
02-25 11:58:49.942 8342 8342 D RefBase : #77 pc 000b21a1 /apex/com.android.art/lib/libart.so (void art::interpreter::ExecuteSwitchImplCpp(art::interpreter::SwitchImplContext*)+14496) (BuildId: d808a4632ec52b3694263adbd3626ecc)
02-25 11:58:49.942 8342 8342 D RefBase : #78 pc 000ac875 /apex/com.android.art/lib/libart.so (ExecuteSwitchImplAsm+4) (BuildId: d808a4632ec52b3694263adbd3626ecc)
02-25 11:58:49.942 8342 8342 D RefBase : #79 pc 001d2a88 /system/framework/framework.jar (android.app.ActivityThread.main)
02-25 11:58:49.942 8342 8342 D RefBase : #80 pc 0030c137 /apex/com.android.art/lib/libart.so (art::interpreter::Execute(art::Thread*, art::CodeItemDataAccessor const&, art::ShadowFrame&, art::JValue, bool, bool) (.__uniq.112435418011751916792819755956732575238)+302) (BuildId: d808a4632ec52b3694263adbd3626ecc)
02-25 11:58:49.942 8342 8342 D RefBase : #81 pc 00311bf5 /apex/com.android.art/lib/libart.so (art::interpreter::EnterInterpreterFromEntryPoint(art::Thread*, art::CodeItemDataAccessor const&, art::ShadowFrame*)+184) (BuildId: d808a4632ec52b3694263adbd3626ecc)
02-25 11:58:49.942 8342 8342 D RefBase : #82 pc 0059e90f /apex/com.android.art/lib/libart.so (artQuickToInterpreterBridge+538) (BuildId: d808a4632ec52b3694263adbd3626ecc)
02-25 11:58:49.942 8342 8342 D RefBase : #83 pc 000abe53 /apex/com.android.art/lib/libart.so (art_quick_to_interpreter_bridge+34) (BuildId: d808a4632ec52b3694263adbd3626ecc)
02-25 11:58:49.942 8342 8342 D RefBase : #84 pc 000a4975 /apex/com.android.art/lib/libart.so (art_quick_invoke_stub_internal+68) (BuildId: d808a4632ec52b3694263adbd3626ecc)
02-25 11:58:49.942 8342 8342 D RefBase : #85 pc 005ad2d1 /apex/com.android.art/lib/libart.so (art_quick_invoke_static_stub+246) (BuildId: d808a4632ec52b3694263adbd3626ecc)
02-25 11:58:49.942 8342 8342 D RefBase : #86 pc 0020919f /apex/com.android.art/lib/libart.so (art::ArtMethod::Invoke(art::Thread*, unsigned int*, unsigned int, art::JValue*, char const*)+162) (BuildId: d808a4632ec52b3694263adbd3626ecc)
02-25 11:58:49.942 8342 8342 D RefBase : #87 pc 004dda85 /apex/com.android.art/lib/libart.so (_jobject* art::InvokeMethod<(art::PointerSize)4>(art::ScopedObjectAccessAlreadyRunnable const&, _jobject*, _jobject*, _jobject*, unsigned int)+1488) (BuildId: d808a4632ec52b3694263adbd3626ecc)
02-25 11:58:49.942 8342 8342 D RefBase : #88 pc 0046d303 /apex/com.android.art/lib/libart.so (art::Method_invoke(_JNIEnv*, _jobject*, _jobject*, _jobjectArray*) (.__uniq.165753521025965369065708152063621506277)+22) (BuildId: d808a4632ec52b3694263adbd3626ecc)
02-25 11:58:49.942 8342 8342 D RefBase : #89 pc 000abdad /apex/com.android.art/lib/libart.so (art_quick_generic_jni_trampoline+44) (BuildId: d808a4632ec52b3694263adbd3626ecc)
02-25 11:58:49.942 8342 8342 D RefBase : #90 pc 000a4975 /apex/com.android.art/lib/libart.so (art_quick_invoke_stub_internal+68) (BuildId: d808a4632ec52b3694263adbd3626ecc)
02-25 11:58:49.942 8342 8342 D RefBase : #91 pc 005ad1d1 /apex/com.android.art/lib/libart.so (art_quick_invoke_stub+248) (BuildId: d808a4632ec52b3694263adbd3626ecc)
02-25 11:58:49.942 8342 8342 D RefBase : #92 pc 00209175 /apex/com.android.art/lib/libart.so (art::ArtMethod::Invoke(art::Thread*, unsigned int*, unsigned int, art::JValue*, char const*)+120) (BuildId: d808a4632ec52b3694263adbd3626ecc)
02-25 11:58:49.942 8342 8342 D RefBase : #93 pc 00314627 /apex/com.android.art/lib/libart.so (art::interpreter::ArtInterpreterToCompiledCodeBridge(art::Thread*, art::ArtMethod*, art::ShadowFrame*, unsigned short, art::JValue*)+270) (BuildId: d808a4632ec52b3694263adbd3626ecc)
02-25 11:58:49.942 8342 8342 D RefBase : #94 pc 003124d7 /apex/com.android.art/lib/libart.so (bool art::interpreter::DoCall(art::ArtMethod*, art::Thread*, art::ShadowFrame&, art::Instruction const*, unsigned short, bool, art::JValue*)+1538) (BuildId: d808a4632ec52b3694263adbd3626ecc)
02-25 11:58:49.942 8342 8342 D RefBase : #95 pc 000b1eed /apex/com.android.art/lib/libart.so (void art::interpreter::ExecuteSwitchImplCpp(art::interpreter::SwitchImplContext*)+13804) (BuildId: d808a4632ec52b3694263adbd3626ecc)
02-25 11:58:49.942 8342 8342 D RefBase : #96 pc 000ac875 /apex/com.android.art/lib/libart.so (ExecuteSwitchImplAsm+4) (BuildId: d808a4632ec52b3694263adbd3626ecc)
02-25 11:58:49.942 8342 8342 D RefBase : #97 pc 0026ae60 /system/framework/framework.jar (com.android.internal.os.RuntimeInit$MethodAndArgsCaller.run)
02-25 11:58:49.942 8342 8342 D RefBase : #98 pc 0030c137 /apex/com.android.art/lib/libart.so (art::interpreter::Execute(art::Thread*, art::CodeItemDataAccessor const&, art::ShadowFrame&, art::JValue, bool, bool) (.__uniq.112435418011751916792819755956732575238)+302) (BuildId: d808a4632ec52b3694263adbd3626ecc)
02-25 11:58:49.942 8342 8342 D RefBase : #99 pc 00311bf5 /apex/com.android.art/lib/libart.so (art::interpreter::EnterInterpreterFromEntryPoint(art::Thread*, art::CodeItemDataAccessor const&, art::ShadowFrame*)+184) (BuildId: d808a4632ec52b3694263adbd3626ecc)
02-25 11:58:49.942 8342 8342 D RefBase : #100 pc 0059e90f /apex/com.android.art/lib/libart.so (artQuickToInterpreterBridge+538) (BuildId: d808a4632ec52b3694263adbd3626ecc)
02-25 11:58:49.942 8342 8342 D RefBase : #101 pc 000abe53 /apex/com.android.art/lib/libart.so (art_quick_to_interpreter_bridge+34) (BuildId: d808a4632ec52b3694263adbd3626ecc)
02-25 11:58:49.942 8342 8342 D RefBase : #102 pc 00cc0635 /data/misc/apexdata/com.android.art/dalvik-cache/arm/boot.oat (com.android.internal.os.ZygoteInit.main+3124)
02-25 11:58:49.942 8342 8342 D RefBase : #103 pc 000a4975 /apex/com.android.art/lib/libart.so (art_quick_invoke_stub_internal+68) (BuildId: d808a4632ec52b3694263adbd3626ecc)
02-25 11:58:49.942 8342 8342 D RefBase : #104 pc 005ad2d1 /apex/com.android.art/lib/libart.so (art_quick_invoke_static_stub+246) (BuildId: d808a4632ec52b3694263adbd3626ecc)
02-25 11:58:49.942 8342 8342 D RefBase : #105 pc 0020919f /apex/com.android.art/lib/libart.so (art::ArtMethod::Invoke(art::Thread*, unsigned int*, unsigned int, art::JValue*, char const*)+162) (BuildId: d808a4632ec52b3694263adbd3626ecc)
02-25 11:58:49.942 8342 8342 D RefBase : #106 pc 004df1ef /apex/com.android.art/lib/libart.so (art::JValue art::InvokeWithVarArgs<_jmethodID*>(art::ScopedObjectAccessAlreadyRunnable const&, _jobject*, _jmethodID*, std::__va_list)+362) (BuildId: d808a4632ec52b3694263adbd3626ecc)
02-25 11:58:49.942 8342 8342 D RefBase : #107 pc 003f3ea1 /apex/com.android.art/lib/libart.so (art::JNI::CallStaticVoidMethodV(_JNIEnv*, _jclass*, _jmethodID*, std::__va_list)+400) (BuildId: d808a4632ec52b3694263adbd3626ecc)
02-25 11:58:49.942 8342 8342 D RefBase : #108 pc 00089979 /system/lib/libandroid_runtime.so (_JNIEnv::CallStaticVoidMethod(_jclass*, _jmethodID*, ...)+20) (BuildId: 5b21e338c4372a6c58bc9d881504f417)
02-25 11:58:49.942 8342 8342 D RefBase : #109 pc 000928fd /system/lib/libandroid_runtime.so (android::AndroidRuntime::start(char const*, android::Vector const&, bool)+512) (BuildId: 5b21e338c4372a6c58bc9d881504f417)
02-25 11:58:49.942 8342 8342 D RefBase : #110 pc 00002547 /system/bin/app_process32 (main+982) (BuildId: 518f3945cf61e7eeaf79c722821f237c)
02-25 11:58:49.942 8342 8342 D RefBase : #111 pc 0005bde5 /apex/com.android.runtime/lib/bionic/libc.so (__libc_init+60) (BuildId: ac29b057fca6aa7ac9a9161d7c6d401f)
02-25 11:58:49.947 7751 7751 I adbd : Remote process closed the socket (on MSG_PEEK)
02-25 11:58:49.958 1385 3510 D SemWifiUsabilityStatsMonitor: onWifiUsabilityStats - seqNum 6519, isSameBssidAndFreq true
02-25 11:58:49.972 1385 4838 I ActivityManager: Process com.companyname.mauiapp3 (pid 8342) has died: fg TOP (184,1545)
02-25 11:58:49.973 804 804 I Zygote : Process 8342 exited cleanly (1)
02-25 11:58:49.973 1385 1429 I libprocessgroup: Successfully killed process cgroup uid 10405 pid 8342 in 0ms
02-25 11:58:49.976 1385 4838 D WindowManager: Transition is created, t=TransitionRecord{f338a4b id=-1 type=CLOSE flags=0x0}, caller=com.android.server.wm.TransitionController.createTransition:339 com.android.server.wm.TransitionController.requestCloseTransitionIfNeeded:920 com.android.server.wm.ActivityRecord.handleAppDied:5124 com.android.server.wm.WindowProcessController.handleAppDied:1478 com.android.server.wm.ActivityTaskManagerService$LocalService.handleAppDied:7843
02-25 11:58:49.976 1385 4838 D WindowManager: SyncGroup is created, id=174, name=Transition, caller=com.android.server.wm.BLASTSyncEngine$SyncGroup.:0 com.android.server.wm.BLASTSyncEngine.prepareSyncSet:513 com.android.server.wm.BLASTSyncEngine.startSyncSet:518 com.android.server.wm.Transition.startCollecting:710 com.android.server.wm.TransitionController.moveToCollecting:360 com.android.server.wm.TransitionController.createTransition:341 com.android.server.wm.TransitionController.requestCloseTransitionIfNeeded:920
02-25 11:58:49.976 1385 4838 W WindowManager: setSyncMethod, id=174, method=0, caller=com.android.server.wm.Transition.startCollecting:712 com.android.server.wm.TransitionController.moveToCollecting:360 com.android.server.wm.TransitionController.createTransition:341
02-25 11:58:49.976 1385 4838 V WindowManager: Start collecting in Transition: TransitionRecord{f338a4b id=174 type=CLOSE flags=0x0}, caller=com.android.server.wm.TransitionController.createTransition:341 com.android.server.wm.TransitionController.requestCloseTransitionIfNeeded:920 com.android.server.wm.ActivityRecord.handleAppDied:5124 com.android.server.wm.WindowProcessController.handleAppDied:1478 com.android.server.wm.ActivityTaskManagerService$LocalService.handleAppDied:7843
02-25 11:58:49.977 1385 4838 V WindowManager: Requesting StartTransition: TransitionRecord{f338a4b id=174 type=CLOSE flags=0x0}, caller=com.android.server.wm.TransitionController.requestCloseTransitionIfNeeded:920 com.android.server.wm.ActivityRecord.handleAppDied:5124 com.android.server.wm.WindowProcessController.handleAppDied:1478 com.android.server.wm.ActivityTaskManagerService$LocalService.handleAppDied:7843 com.android.server.am.ActivityManagerService.handleAppDiedLocked:3975
02-25 11:58:49.977 1385 4838 V WindowManager: Collecting in transition 174: ActivityRecord{f25341a u0 com.companyname.mauiapp3/crc64e73e5e987e2fb5cd.MainActivity t4614}, caller=com.android.server.wm.Transition.collect:759 com.android.server.wm.Transition.collectExistenceChange:942 com.android.server.wm.TransitionController.collectExistenceChange:985 com.android.server.wm.TransitionController.requestCloseTransitionIfNeeded:923 com.android.server.wm.ActivityRecord.handleAppDied:5124
02-25 11:58:49.977 1385 4838 D WindowManager: prepareSync , mPrepareSyncSeqId=0, win=Window{ce7d65d u0 Splash Screen com.companyname.mauiapp3}
02-25 11:58:49.977 1842 1979 V WindowManagerShell: Transition requested: android.os.BinderProxy@f48f924 TransitionRequestInfo { type = CLOSE, triggerTask = null, remoteTransition = null, displayChange = null }
02-25 11:58:49.978 1385 4838 V WindowManager: Checking theme of starting window: 0x7f10013f
02-25 11:58:49.978 1385 4838 V WindowManager: Translucent=false Floating=false ShowWallpaper=false Disable=false
02-25 11:58:49.978 1385 2084 V WindowManager: Starting Transition 174, caller=com.android.server.wm.WindowOrganizerController.startTransition:384 com.android.server.wm.WindowOrganizerController.startTransition:315 android.window.IWindowOrganizerController$Stub.onTransact:257
02-25 11:58:49.978 1385 2084 V Transition: allReady query: used=false, override=false, defer=0, states=Display{#0 state=ON size=1080x2408 ROTATION_0}:false
02-25 11:58:49.979 1385 1418 D DisplayManagerService: Drop pending events for gone uid 10405
02-25 11:58:49.981 2160 2160 D HidDeviceService: handleMessage(): msg.what=8
02-25 11:58:49.989 1385 1420 D CompatibilityChangeReporter: Compat change id reported: 135634846; UID 10405; state: DISABLED
02-25 11:58:49.990 1385 1428 D CompatibilityChangeReporter: Compat change id reported: 143937733; UID 10405; state: ENABLED
02-25 11:58:49.996 804 804 D Zygote : Forked child process 8363
02-25 11:58:49.997 1385 1428 I ActivityManager: Start proc 8363:com.companyname.mauiapp3/u0a405 for top-activity {com.companyname.mauiapp3/crc64e73e5e987e2fb5cd.MainActivity}
02-25 11:58:49.997 1385 1428 D DynamicHiddenApp_BGProtectManager: [SecIpm] it's a ML_TYPE_EMPTYPROCESS protected process com.companyname.mauiapp3
02-25 11:58:50.017 8363 8363 I nyname.mauiapp3: Late-enabling -Xcheck:jni
02-25 11:58:50.041 8363 8363 I nyname.mauiapp3: Using CollectorTypeCC GC.
02-25 11:58:50.045 7751 7769 I adbd : jdwp connection from 8363
