02-25 11:58:50.050 8363 8363 D nativeloader: Load libframework-connectivity-tiramisu-jni.so using APEX ns com_android_tethering for caller /apex/com.android.tethering/javalib/framework-connectivity-t.jar: ok
02-25 11:58:50.055 8363 8363 D ActivityThread: setConscryptValidator
02-25 11:58:50.055 8363 8363 D ActivityThread: setConscryptValidator - put
02-25 11:58:50.063 1385 2084 V WindowManager: rotationForOrientation(orient=SCREEN_ORIENTATION_UNSPECIFIED (-1), last=ROTATION_0 (0)); user=ROTATION_0 (0) USER_ROTATION_LOCKED
02-25 11:58:50.063 1385 2084 D WindowManager: rotationForOrientation, orientationSource=ActivityRecord{f25341a u0 com.companyname.mauiapp3/crc64e73e5e987e2fb5cd.MainActivity t4614}
02-25 11:58:50.063 1385 2084 V WindowManager: rotationForOrientation(orient=SCREEN_ORIENTATION_UNSPECIFIED (-1), last=ROTATION_0 (0)); user=ROTATION_0 (0) USER_ROTATION_LOCKED
02-25 11:58:50.063 1385 2084 D WindowManager: rotationForOrientation, orientationSource=ActivityRecord{f25341a u0 com.companyname.mauiapp3/crc64e73e5e987e2fb5cd.MainActivity t4614}
02-25 11:58:50.063 1385 2084 V WindowManager: Computed rotation=ROTATION_0 (0) for display id=0 based on lastOrientation=SCREEN_ORIENTATION_UNSPECIFIED (-1) and oldRotation=ROTATION_0 (0), caller=com.android.server.wm.DisplayRotation.updateOrientation:517 com.android.server.wm.DisplayContent.updateOrientation:2176 com.android.server.wm.DisplayContent.updateOrientation:2092 com.android.server.wm.RootWindowContainer.ensureVisibilityAndConfig:2091 com.android.server.wm.ActivityTaskSupervisor.realStartActivityLocked:932 com.android.server.wm.RootWindowContainer$AttachApplicationHelper.test:4352
02-25 11:58:50.063 1385 2084 V WindowManager: rotationForOrientation(orient=SCREEN_ORIENTATION_UNSPECIFIED (-1), last=ROTATION_0 (0)); user=ROTATION_0 (0) USER_ROTATION_LOCKED
02-25 11:58:50.063 1385 2084 D WindowManager: rotationForOrientation, orientationSource=ActivityRecord{f25341a u0 com.companyname.mauiapp3/crc64e73e5e987e2fb5cd.MainActivity t4614}
02-25 11:58:50.064 1385 2084 D SGM:PkgDataHelper: notifyAppCreate(), pkgName: com.companyname.mauiapp3, userId: 0, sendRet: true
02-25 11:58:50.065 1385 1587 D SGM:FgCheckThread: onLooperPrepared(), msg: MSG_APP_CREATE, pkgName: com.companyname.mauiapp3, userId: 0
02-25 11:58:50.065 1385 2084 D ActivityTaskManager: scheduleTopResumedActivityChanged, onTop=true, r=ActivityRecord{f25341a u0 com.companyname.mauiapp3/crc64e73e5e987e2fb5cd.MainActivity t4614}, caller=com.android.server.wm.ActivityTaskSupervisor.scheduleTopResumedActivityStateIfNeeded:2857 com.android.server.wm.ActivityTaskSupervisor.updateTopResumedActivityIfNeeded:2849 com.android.server.wm.TaskFragment.setResumedActivity:579 com.android.server.wm.TaskFragment.onActivityStateChanged:903 com.android.server.wm.ActivityRecord.setState:6811 com.android.server.wm.Task.minimalResumeActivityLocked:6192
02-25 11:58:50.066 1385 2084 V Transition: allReady query: used=true, override=false, defer=0, states=Display{#0 state=ON size=1080x2408 ROTATION_0}:true
02-25 11:58:50.069 1385 1421 V WindowManager: SyncGroup 174: Finished!
02-25 11:58:50.069 1385 1421 D ChangeTransitionController: onTransactionReady: TransitionRecord{f338a4b id=174 type=CLOSE flags=0x0}
02-25 11:58:50.070 1385 1421 V WindowManager: Start calculating TransitionInfo based on participants: {ActivityRecord{f25341a u0 com.companyname.mauiapp3/crc64e73e5e987e2fb5cd.MainActivity t4614}}
02-25 11:58:50.070 1385 1421 V WindowManager: Final targets: []
02-25 11:58:50.070 1385 1421 I SurfaceControl: show, t=StartTransaction_SyncId<174>, sc=Surface(name=ActivityRecord{f25341a u0 com.companyname.mauiapp3/crc64e73e5e987e2fb5cd.MainActivity t4614})/@0x6d6bdd5, caller=com.android.server.wm.Transition.onTransactionReady:1992 com.android.server.wm.BLASTSyncEngine$SyncGroup.finishNow:315 com.android.server.wm.BLASTSyncEngine$SyncGroup.tryFinish:242 com.android.server.wm.BLASTSyncEngine$SyncGroup.-$$Nest$mtryFinish:0 com.android.server.wm.BLASTSyncEngine.onSurfacePlacement:675 com.android.server.wm.RootWindowContainer.performSurfacePlacementNoTrace:990
02-25 11:58:50.070 1385 1421 I SurfaceControl: show, t=StartTransaction_SyncId<174>, sc=Surface(name=Task=4614)/@0xf03e9ea, caller=com.android.server.wm.Transition.onTransactionReady:2009 com.android.server.wm.BLASTSyncEngine$SyncGroup.finishNow:315 com.android.server.wm.BLASTSyncEngine$SyncGroup.tryFinish:242 com.android.server.wm.BLASTSyncEngine$SyncGroup.-$$Nest$mtryFinish:0 com.android.server.wm.BLASTSyncEngine.onSurfacePlacement:675 com.android.server.wm.RootWindowContainer.performSurfacePlacementNoTrace:990
02-25 11:58:50.070 1385 1421 I SurfaceControl: show, t=StartTransaction_SyncId<174>, sc=Surface(name=DefaultTaskDisplayArea_d0)/@0x479ac5b, caller=com.android.server.wm.Transition.onTransactionReady:2009 com.android.server.wm.BLASTSyncEngine$SyncGroup.finishNow:315 com.android.server.wm.BLASTSyncEngine$SyncGroup.tryFinish:242 com.android.server.wm.BLASTSyncEngine$SyncGroup.-$$Nest$mtryFinish:0 com.android.server.wm.BLASTSyncEngine.onSurfacePlacement:675 com.android.server.wm.RootWindowContainer.performSurfacePlacementNoTrace:990
02-25 11:58:50.071 1385 1421 I SurfaceControl: show, t=StartTransaction_SyncId<174>, sc=Surface(name=FullscreenMagnification:2:12)/@0x8821ebc, caller=com.android.server.wm.Transition.onTransactionReady:2009 com.android.server.wm.BLASTSyncEngine$SyncGroup.finishNow:315 com.android.server.wm.BLASTSyncEngine$SyncGroup.tryFinish:242 com.android.server.wm.BLASTSyncEngine$SyncGroup.-$$Nest$mtryFinish:0 com.android.server.wm.BLASTSyncEngine.onSurfacePlacement:675 com.android.server.wm.RootWindowContainer.performSurfacePlacementNoTrace:990
02-25 11:58:50.071 1385 1421 I SurfaceControl: show, t=StartTransaction_SyncId<174>, sc=Surface(name=OneHanded:0:14)/@0x2afc99a, caller=com.android.server.wm.Transition.onTransactionReady:2009 com.android.server.wm.BLASTSyncEngine$SyncGroup.finishNow:315 com.android.server.wm.BLASTSyncEngine$SyncGroup.tryFinish:242 com.android.server.wm.BLASTSyncEngine$SyncGroup.-$$Nest$mtryFinish:0 com.android.server.wm.BLASTSyncEngine.onSurfacePlacement:675 com.android.server.wm.RootWindowContainer.performSurfacePlacementNoTrace:990
02-25 11:58:50.071 1385 1421 I SurfaceControl: show, t=StartTransaction_SyncId<174>, sc=Surface(name=HideDisplayCutout:0:14)/@0x58cc9c1, caller=com.android.server.wm.Transition.onTransactionReady:2009 com.android.server.wm.BLASTSyncEngine$SyncGroup.finishNow:315 com.android.server.wm.BLASTSyncEngine$SyncGroup.tryFinish:242 com.android.server.wm.BLASTSyncEngine$SyncGroup.-$$Nest$mtryFinish:0 com.android.server.wm.BLASTSyncEngine.onSurfacePlacement:675 com.android.server.wm.RootWindowContainer.performSurfacePlacementNoTrace:990
02-25 11:58:50.071 1385 1421 I SurfaceControl: show, t=StartTransaction_SyncId<174>, sc=Surface(name=WindowedMagnification:0:31)/@0x8fd5472, caller=com.android.server.wm.Transition.onTransactionReady:2009 com.android.server.wm.BLASTSyncEngine$SyncGroup.finishNow:315 com.android.server.wm.BLASTSyncEngine$SyncGroup.tryFinish:242 com.android.server.wm.BLASTSyncEngine$SyncGroup.-$$Nest$mtryFinish:0 com.android.server.wm.BLASTSyncEngine.onSurfacePlacement:675 com.android.server.wm.RootWindowContainer.performSurfacePlacementNoTrace:990
02-25 11:58:50.071 1385 1421 I SurfaceControl: show, t=StartTransaction_SyncId<174>, sc=Surface(name=Display 0 name="Built-in Screen")/@0xaf58954, caller=com.android.server.wm.Transition.onTransactionReady:2009 com.android.server.wm.BLASTSyncEngine$SyncGroup.finishNow:315 com.android.server.wm.BLASTSyncEngine$SyncGroup.tryFinish:242 com.android.server.wm.BLASTSyncEngine$SyncGroup.-$$Nest$mtryFinish:0 com.android.server.wm.BLASTSyncEngine.onSurfacePlacement:675 com.android.server.wm.RootWindowContainer.performSurfacePlacementNoTrace:990
02-25 11:58:50.072 1385 1421 V WindowManager: Calling onTransitionReady: {id=174 t=CLOSE f=0x0 trk=0 r=[] c=[]}
02-25 11:58:50.072 1385 1420 D SGM:FgCheckThread: noteResumeComponent(), received pkgName: com.companyname.mauiapp3, userId: 0
02-25 11:58:50.072 1385 1420 I GameSDK@LifeCycle: noteResumeComponent(): package name : com.companyname.mauiapp3
02-25 11:58:50.072 1385 1587 D SGM:FgCheckThread: onLooperPrepared(), msg: MSG_APP_RESUME, pkgName: com.companyname.mauiapp3, userid: 0
02-25 11:58:50.072 1385 1587 D SGM:FgCheckThread: handleResume().
02-25 11:58:50.072 1385 1587 D SGM:FgCheckThread: sendFocusOutConditionally() - mPrevNotiPkg: (unknown), userId: 0
02-25 11:58:50.072 1385 1587 D SGM:FgCheckThread: handleResume(). pkgName: com.companyname.mauiapp3, userId: 0, isTunableApp: null
02-25 11:58:50.072 1385 1587 D SGM:FgCheckThread: notifyFocusInOut(). of pkg: com.companyname.mauiapp3, type: 4, isTunableApp: false, userId: 0
02-25 11:58:50.073 1385 1587 D SGM:FgCheckThread: notifyFocusInOut(). unexpected mPrevNotiType: -1
02-25 11:58:50.073 1385 1587 D SGM:SystemHelper: callReleaseBlock needReleaseBlock:false
02-25 11:58:50.073 1385 1417 V WindowManager: Sent Transition #174 createdAt=02-25 11:58:49.976 via request=TransitionRequestInfo { type = CLOSE, triggerTask = null, remoteTransition = null, displayChange = null }
02-25 11:58:50.073 1842 2465 I ViewRootImpl@3d22171[mauiapp3]: Resizing android.view.ViewRootImpl@3f9fdb7: frame = [0,0][1080,2408] reportDraw = false forceLayout = false syncSeqId = -1
02-25 11:58:50.073 1385 1417 V WindowManager: startWCT=WindowContainerTransaction { changes = {} hops = [] errorCallbackToken=null taskFragmentOrganizer=null }
02-25 11:58:50.074 1385 1417 V WindowManager: info={id=174 t=CLOSE f=0x0 trk=0 r=[] c=[]}
02-25 11:58:50.074 1842 2011 I ViewRootImpl@3d22171[mauiapp3]: handleResized, msg = 4 frames=ClientWindowFrames{frame=[0,0][1080,2408] display=[0,0][1080,2408] parentFrame=[0,0][0,0]} forceNextWindowRelayout=false displayId=0 dragResizing=false compatScale=1.0 frameChanged=false attachedFrameChanged=false configChanged=false displayChanged=false compatScaleChanged=false
02-25 11:58:50.075 1842 1979 V WindowManagerShell: onTransitionReady android.os.BinderProxy@f48f924: {id=174 t=CLOSE f=0x0 trk=0 r=[] c=[]}
02-25 11:58:50.075 1842 1979 V WindowManagerShell: No transition roots in (#174)android.os.BinderProxy@f48f924@0 so abort
02-25 11:58:50.075 1842 1979 I SurfaceControl: apply is called, name=StartTransaction_SyncId<174>, caller=android.view.SurfaceControl$Transaction.apply:2921 com.android.wm.shell.transition.Transitions.processReadyQueue:188 com.android.wm.shell.transition.Transitions.onAbort:72 com.android.wm.shell.transition.Transitions.dispatchReady:213 com.android.wm.shell.transition.Transitions.onTransitionReady:119 com.android.wm.shell.transition.Transitions$TransitionPlayerImpl$$ExternalSyntheticLambda0.run:13
02-25 11:58:50.075 1385 1420 I ActivityManager: Changes in 10405 20 to 2, 0 to 63
02-25 11:58:50.079 2160 2160 D HidDeviceService: handleMessage(): msg.what=8
02-25 11:58:50.079 1385 1418 D PkgPredictorService-SecIpmManagerServiceImpl: onForegroundActivitiesChanged pid:8363 uid:10405
02-25 11:58:50.079 1842 1979 V WindowManagerShell: Transition animation finished (aborted=true), notifying core (#174)android.os.BinderProxy@f48f924@0
02-25 11:58:50.080 1842 1979 I SurfaceControl: apply is called, name=FinishTransaction_SyncId<174>, caller=android.view.SurfaceControl$Transaction.apply:2921 com.android.wm.shell.transition.Transitions.onFinish:302 com.android.wm.shell.transition.Transitions.processReadyQueue:191 com.android.wm.shell.transition.Transitions.onAbort:72 com.android.wm.shell.transition.Transitions.dispatchReady:213 com.android.wm.shell.transition.Transitions.onTransitionReady:119
02-25 11:58:50.080 890 890 I BpBinder: onLastStrongRef automatically unlinking death recipients:
02-25 11:58:50.081 1385 4838 V WindowManager: Finish Transition: TransitionRecord{f338a4b id=174 type=CLOSE flags=0x0}, caller=com.android.server.wm.WindowOrganizerController.finishTransition:456 android.window.IWindowOrganizerController$Stub.onTransact:286 com.android.server.wm.WindowOrganizerController.onTransact:219
02-25 11:58:50.082 1385 1417 V WindowManager: Finish Transition #174: created at
02-25 11:58:49.976 collect-started=0.528ms request-sent=0.831ms started=2.719ms ready=90.256ms sent=95.917ms finished=105.632ms
02-25 11:58:50.084 8363 8363 D CompatibilityChangeReporter: Compat change id reported: 171979766; UID 10405; state: ENABLED
02-25 11:58:50.084 1842 1979 V WindowManagerShell: Track 0 became idle
02-25 11:58:50.084 1842 1979 V WindowManagerShell: All active transition animations finished
02-25 11:58:50.085 8363 8363 D CompatibilityChangeReporter: Compat change id reported: 242716250; UID 10405; state: ENABLED
02-25 11:58:50.102 8363 8363 W ziparchive: Unable to open '/data/app/~~3yfPzEoCZ2wSfLep3-w0jg==/com.companyname.mauiapp3-ALrbfwtu1T-qdPwQ3rJyew==/base.dm': No such file or directory
02-25 11:58:50.102 8363 8363 W ziparchive: Unable to open '/data/app/~~3yfPzEoCZ2wSfLep3-w0jg==/com.companyname.mauiapp3-ALrbfwtu1T-qdPwQ3rJyew==/base.dm': No such file or directory
02-25 11:58:50.210 1385 1658 D MdnieScenarioControlService: packageName : com.companyname.mauiapp3 className : crc64e73e5e987e2fb5cd.MainActivity
02-25 11:58:50.211 1385 1658 V MdnieScenarioControlService: setUIMode from UI function(3)
02-25 11:58:50.217 1385 2084 D ActivityManager: force stop from com.android.server.am.ActivityManagerService.forceStopPackage:4564 com.android.server.am.ActivityManagerShellCommand.runForceStop:1710
02-25 11:58:50.217 1385 2084 I ActivityManager: Force stopping com.companyname.mauiapp3 appid=10405 user=0: from pid 8380
02-25 11:58:50.218 1385 1418 D DisplayManagerService: Drop pending events for gone uid 10405
02-25 11:58:50.219 1385 2084 I ActivityManager: Killing 8363:com.companyname.mauiapp3/u0a405 (adj 0): stop com.companyname.mauiapp3 due to from pid 8380
02-25 11:58:50.220 1385 2084 D ActivityManager: proc ProcessRecord{427d41b 8363:com.companyname.mauiapp3/u0a405} already removed. so we skip next process.
02-25 11:58:50.220 1385 2084 W ActivityTaskManager: Force removing ActivityRecord{f25341a u0 com.companyname.mauiapp3/crc64e73e5e987e2fb5cd.MainActivity t4614 f}}: app died, no saved state
02-25 11:58:50.221 1385 2084 D WindowManager: Transition is created, t=TransitionRecord{63e6ace id=-1 type=CLOSE flags=0x0}, caller=com.android.server.wm.TransitionController.createTransition:339 com.android.server.wm.TransitionController.requestCloseTransitionIfNeeded:920 com.android.server.wm.ActivityRecord.handleAppDied:5124 com.android.server.wm.WindowProcessController.handleAppDied:1478 com.android.server.wm.ActivityTaskManagerService$LocalService.handleAppDied:7843
02-25 11:58:50.221 1385 2084 D WindowManager: SyncGroup is created, id=175, name=Transition, caller=com.android.server.wm.BLASTSyncEngine$SyncGroup.:0 com.android.server.wm.BLASTSyncEngine.prepareSyncSet:513 com.android.server.wm.BLASTSyncEngine.startSyncSet:518 com.android.server.wm.Transition.startCollecting:710 com.android.server.wm.TransitionController.moveToCollecting:360 com.android.server.wm.TransitionController.createTransition:341 com.android.server.wm.TransitionController.requestCloseTransitionIfNeeded:920
02-25 11:58:50.221 2160 2160 D HidDeviceService: handleMessage(): msg.what=8
02-25 11:58:50.221 1385 2084 W WindowManager: setSyncMethod, id=175, method=0, caller=com.android.server.wm.Transition.startCollecting:712 com.android.server.wm.TransitionController.moveToCollecting:360 com.android.server.wm.TransitionController.createTransition:341
02-25 11:58:50.221 1385 2084 V WindowManager: Start collecting in Transition: TransitionRecord{63e6ace id=175 type=CLOSE flags=0x0}, caller=com.android.server.wm.TransitionController.createTransition:341 com.android.server.wm.TransitionController.requestCloseTransitionIfNeeded:920 com.android.server.wm.ActivityRecord.handleAppDied:5124 com.android.server.wm.WindowProcessController.handleAppDied:1478 com.android.server.wm.ActivityTaskManagerService$LocalService.handleAppDied:7843
02-25 11:58:50.221 1385 2084 V WindowManager: Requesting StartTransition: TransitionRecord{63e6ace id=175 type=CLOSE flags=0x0}, caller=com.android.server.wm.TransitionController.requestCloseTransitionIfNeeded:920 com.android.server.wm.ActivityRecord.handleAppDied:5124 com.android.server.wm.WindowProcessController.handleAppDied:1478 com.android.server.wm.ActivityTaskManagerService$LocalService.handleAppDied:7843 com.android.server.am.ActivityManagerService.handleAppDiedLocked:3975
02-25 11:58:50.222 1385 2084 V WindowManager: Collecting in transition 175: Task{ed34b4b #4614 type=standard A=10405:com.companyname.mauiapp3}, caller=com.android.server.wm.Transition.collect:759 com.android.server.wm.Transition.collectExistenceChange:942 com.android.server.wm.TransitionController.collectExistenceChange:985 com.android.server.wm.TransitionController.requestCloseTransitionIfNeeded:923 com.android.server.wm.ActivityRecord.handleAppDied:5124
02-25 11:58:50.222 1385 2084 D WindowManager: prepareSync , mPrepareSyncSeqId=0, win=Window{ce7d65d u0 Splash Screen com.companyname.mauiapp3}
02-25 11:58:50.223 1842 1979 V WindowManagerShell: Transition requested: android.os.BinderProxy@3d33c8d TransitionRequestInfo { type = CLOSE, triggerTask = TaskInfo{userId=0 taskId=4614 displayId=0 isRunning=false baseIntent=Intent { act=android.intent.action.MAIN cat=[android.intent.category.LAUNCHER] flg=0x10000000 cmp=com.companyname.mauiapp3/crc64e73e5e987e2fb5cd.MainActivity } baseActivity=null topActivity=null origActivity=null realActivity=ComponentInfo{com.companyname.mauiapp3/crc64e73e5e987e2fb5cd.MainActivity} numActivities=0 lastActiveTime=86667051 supportsMultiWindow=true resizeMode=1 isResizeable=true minWidth=-1 minHeight=-1 maxWidth=-1 maxHeight=-1 defaultMinSize=220 token=WCT{android.window.IWindowContainerToken$Stub$Proxy@f71ee42} topActivityType=1 pictureInPictureParams=null shouldDockBigOverlays=false launchIntoPipHostTaskId=-1 lastParentTaskIdBeforePip=-1 displayCutoutSafeInsets=Rect(0, 65 - 0, 0) topActivityInfo=null launchCookies=[] positionInParent=Point(0, 0) parentTaskId=-1 isFocused=true isVisible=true isVisibleRequested=true isSleeping=false topActivityInSizeCompat=false topActivityEligibleForLetterboxEducation= false topActivityLetterboxed= false isFromDoubleTap= false topActivityLetterboxVerticalPosition= -1 topActivityLetterboxHorizontalPosition= -1 topActivityLetterboxWidth=-1 topActivityLetterboxHeight=-1 locusId=null displayAreaFeatureId=1 cameraCompatControlState=hidden originallySupportedMultiWindow=true hasWallpaper=false topActivityInFixedAspectRatio=false rootAffinity=10405:com.companyname.mauiapp3 topActivityInDisplayCompat=false topActivityInBoundsCompat=false topActivityBounds=null singleTapFromLetterbox=false isTopTaskInStage=false CoverLauncherWidgetTask=false CoverScreenTask=false isAllowedSeamlessRotation=false isTopTransparentActivity=false hasPopOver=false}, remoteTransition = null, displayChange = null }
02-25 11:58:50.223 1385 2084 V WindowManager: Collecting in transition 175: ActivityRecord{f25341a u0 com.companyname.mauiapp3/crc64e73e5e987e2fb5cd.MainActivity t4614 f}}, caller=com.android.server.wm.Transition.collect:759 com.android.server.wm.TransitionController.collect:935 com.android.server.wm.ActivityRecord.onRemovedFromDisplay:5214 com.android.server.wm.DisplayContent.removeAppToken:1893 com.android.server.wm.ActivityRecord.removeFromHistory:4849
02-25 11:58:50.223 1385 2084 D SGM:FgCheckThread: TaskStackListener.onTaskFocusChanged(), taskId=4614, focused=false
02-25 11:58:50.224 1385 2084 I SemDvfsHyPerManager: acquire hyper - AMS_APP_HOME/1385@19, type = -999
02-25 11:58:50.224 827 855 I HYPER-HAL: [RequestManager.cpp]acquire(): Acquired ID : 986329 [1385 / 19] HINT : AMS_APP_HOME list :
02-25 11:58:50.225 1385 2084 D ActivityManagerPerformance: AMP_acquire() HOME
02-25 11:58:50.225 827 855 I mtkpower_client: perf_lock_rel, hdl:1242, tid:855
02-25 11:58:50.225 1385 2084 V WindowManager: Collecting in transition 175: ActivityRecord{40f671 u0 com.sec.android.app.launcher/.activities.LauncherActivity t4561}, caller=com.android.server.wm.Transition.collect:759 com.android.server.wm.TransitionController.collect:935 com.android.server.wm.ActivityRecord.setVisibility:6348 com.android.server.wm.ActivityRecord.setVisibility:6300 com.android.server.wm.TaskFragment.resumeTopActivity:1731
02-25 11:58:50.225 1385 2084 D WindowManager: prepareSync , mPrepareSyncSeqId=0, win=Window{660cc0 u0 com.sec.android.app.launcher/com.sec.android.app.launcher.activities.LauncherActivity}
02-25 11:58:50.226 1385 2084 V WindowManager: Setting visibility of Window{660cc0 u0 com.sec.android.app.launcher/com.sec.android.app.launcher.activities.LauncherActivity}: true, caller=com.android.server.wm.WindowContainer.sendAppVisibilityToClients:1301 com.android.server.wm.WindowToken.setClientVisible:446 com.android.server.wm.ActivityRecord.setClientVisible:8121 com.android.server.wm.ActivityRecord.setVisibility:6451 com.android.server.wm.ActivityRecord.setVisibility:6300
02-25 11:58:50.226 832 884 I libPowerHal: [perfLockRel] hdl:1242, idx:2
02-25 11:58:50.226 832 884 I libPowerHal: [PD] vendor.samsung. update cmd:1c3c000, param:1
02-25 11:58:50.225 3151 3151 I SemDvfsHyPerManager: acquire hyper - APP_START_HOME/3151@15, type = -999
02-25 11:58:50.226 827 855 I mtkpower_client: perf_lock_acq, hdl:0, dur:0, num:2, tid:855
02-25 11:58:50.226 2218 2218 I ViewRootImpl@9bc818d[LauncherActivity]: handleAppVisibility mAppVisible = false visible = true
02-25 11:58:50.226 832 884 I libPowerHal: [PD] (less) /proc/mcdi/state set +prefix:enable 1;
02-25 11:58:50.226 1385 2084 V WindowManager: rotationForOrientation(orient=SCREEN_ORIENTATION_NOSENSOR (5), last=ROTATION_0 (0)); user=ROTATION_0 (0) USER_ROTATION_LOCKED
02-25 11:58:50.227 1385 2084 D WindowManager: rotationForOrientation, orientationSource=ActivityRecord{40f671 u0 com.sec.android.app.launcher/.activities.LauncherActivity t4561}
02-25 11:58:50.227 1385 2084 V WindowManager: Computed rotation=ROTATION_0 (0) for display id=0 based on lastOrientation=SCREEN_ORIENTATION_NOSENSOR (5) and oldRotation=ROTATION_0 (0), caller=com.android.server.wm.DisplayRotation.updateOrientation:517 com.android.server.wm.DisplayContent.updateOrientation:2176 com.android.server.wm.DisplayContent.updateOrientation:2092 com.android.server.wm.RootWindowContainer.ensureVisibilityAndConfig:2091 com.android.server.wm.TaskFragment.resumeTopActivity:1769 com.android.server.wm.TaskFragment.resumeTopActivity:1386
02-25 11:58:50.227 1385 2084 E WindowManager: win=Window{660cc0 u0 com.sec.android.app.launcher/com.sec.android.app.launcher.activities.LauncherActivity} destroySurfaces: appStopped=false cleanupOnResume=true win.mWindowRemovalAllowed=false win.mRemoveOnExit=false win.mViewVisibility=8 caller=com.android.server.wm.ActivityRecord.destroySurfaces:6952 com.android.server.wm.ActivityRecord.notifyAppResumed:6976 com.android.server.wm.TaskFragment.resumeTopActivity:1815 com.android.server.wm.TaskFragment.resumeTopActivity:1386 com.android.server.wm.Task.resumeTopActivityInnerLocked:6497 com.android.server.wm.Task.resumeTopActivityUncheckedLocked:6384 com.android.server.wm.Task.resumeTopActivityUncheckedLocked:6415
02-25 11:58:50.228 827 855 I mtkpower_client: ret_hdl:1245
02-25 11:58:50.228 827 855 I mtkpower_client: perf_lock_rel, hdl:1243, tid:855
02-25 11:58:50.228 832 884 I libPowerHal: [perfLockAcq] idx:1 hdl:1245 hint:-1 pid:827 duration:0 lock_user:vendor.samsung. => ret_hdl:1245
02-25 11:58:50.228 832 884 I libPowerHal: [PE] (less) /proc/mcdi/state set +prefix:enable 0;
02-25 11:58:50.229 827 855 I mtkpower_client: perf_lock_acq, hdl:0, dur:0, num:2, tid:855
02-25 11:58:50.229 1385 2084 V WindowManager: Collecting in transition 175: ActivityRecord{40f671 u0 com.sec.android.app.launcher/.activities.LauncherActivity t4561}, caller=com.android.server.wm.Transition.collect:759 com.android.server.wm.TransitionController.collect:935 com.android.server.wm.ActivityRecord.setVisibility:6348 com.android.server.wm.ActivityRecord.setVisibility:6300 com.android.server.wm.ActivityRecord.completeResumeLocked:7395
02-25 11:58:50.229 827 855 I mtkpower_client: ret_hdl:1246
02-25 11:58:50.229 827 855 I HYPER-HAL: [RequestManager.cpp]acquire(): Acquired ID : 5013376 [3151 / 15] HINT : APP_START list : [KERNEL_APP_START_NOTIFY / 0] [TIMEOUT / 1500]
02-25 11:58:50.230 832 884 I libPowerHal: [perfLockRel] hdl:1243, idx:0
02-25 11:58:50.230 1385 1420 D SGM:FgCheckThread: noteResumeComponent(), received pkgName: com.sec.android.app.launcher, userId: 0
02-25 11:58:50.230 1385 2084 D WindowManagerServiceExt: notifyOccludeChangeNotice: reset caller=com.android.server.wm.ActivityRecord.completeResumeLocked:7452 com.android.server.wm.TaskFragment.resumeTopActivity:1866 com.android.server.wm.TaskFragment.resumeTopActivity:1386 com.android.server.wm.Task.resumeTopActivityInnerLocked:6497 com.android.server.wm.Task.resumeTopActivityUncheckedLocked:6384
02-25 11:58:50.230 832 884 I libPowerHal: vendor.samsung.: cpu_ctrl set cpu freq: -1 -1 -1 -1
02-25 11:58:50.230 1385 1420 I GameSDK@LifeCycle: noteResumeComponent(): package name : com.sec.android.app.launcher
02-25 11:58:50.231 832 884 I libPowerHal: [perfLockAcq] idx:2 hdl:1246 hint:-1 pid:827 duration:0 lock_user:vendor.samsung. => ret_hdl:1246
02-25 11:58:50.231 1385 1429 I libprocessgroup: Successfully killed process cgroup uid 10405 pid 8363 in 10ms
02-25 11:58:50.231 832 884 I libPowerHal: vendor.samsung.: cpu_ctrl set cpu freq: 1800000 -1 -1 -1
02-25 11:58:50.231 3151 3151 I SDHMS:LOAD: type: LoadsFreqs, value: 0:0:0:0:0:0:0:0:0:0:0:0
02-25 11:58:50.232 1385 1412 V WindowManager: Relayout Window{660cc0 u0 com.sec.android.app.launcher/com.sec.android.app.launcher.activities.LauncherActivity}: viewVisibility=0 req=1080x2408 ty=1 d0
02-25 11:58:50.234 7751 7751 I adbd : Remote process closed the socket (on MSG_PEEK)
02-25 11:58:50.234 804 804 I Zygote : Process 8363 exited due to signal 9 (Killed)
02-25 11:58:50.236 2218 2255 I ViewRootImpl@9bc818d[LauncherActivity]: Resizing android.view.ViewRootImpl@6a6efc7: frame = [0,0][1080,2408] reportDraw = true forceLayout = false syncSeqId = -1
02-25 11:58:50.236 1385 1412 V WindowManager: Changing focus from null to Window{660cc0 u0 com.sec.android.app.launcher/com.sec.android.app.launcher.activities.LauncherActivity} displayId=0 Callers=com.android.server.wm.RootWindowContainer.updateFocusedWindowLocked:578 com.android.server.wm.WindowManagerService.updateFocusedWindowLocked:6881 com.android.server.wm.WindowManagerService.relayoutWindow:2755 com.android.server.wm.Session.relayout:282
02-25 11:58:50.237 1385 1412 I WindowManager: Cancelling animation restarting=true, leash=Surface(name=Surface(name=90ab329 NavigationBar0)/@0xf83251b - animation-leash of insets_animation)/@0x58d23b7
02-25 11:58:50.237 1385 1412 I WindowManager: Reparenting to original parent: Surface(name=WindowToken{6c7f8b0 type=2019 android.os.BinderProxy@9b1d662})/@0xe0736b8, destroy=false, surface=Surface(name=90ab329 NavigationBar0)/@0xf83251b
02-25 11:58:50.237 1385 1412 I WindowManager: Reparenting to leash, surface=Surface(name=90ab329 NavigationBar0)/@0xf83251b, leashParent=Surface(name=WindowToken{6c7f8b0 type=2019 android.os.BinderProxy@9b1d662})/@0xe0736b8
02-25 11:58:50.237 890 2379 E BufferQueueDebug: [Surface(name=90ab329 NavigationBar0)/@0xf83251b - animation-leash of insets_animation#1216](this:0xea0f08b8,id:-1,api:0,p:-1,c:-1) id info cannot be read from 'Surface(name=90ab329 NavigationBar0)/@0xf83251b - animation-leash of insets_animation#1216'
02-25 11:58:50.237 890 2379 I BufferQueueDebug: [Surface(name=90ab329 NavigationBar0)/@0xf83251b - animation-leash of insets_animation#1216](this:0xea0f08b8,id:-1,api:0,p:-1,c:-1) BufferQueue core=(890:/system/bin/surfaceflinger)
02-25 11:58:50.238 890 2379 I SurfaceFlinger: id=1216 createSurf, flag=24000, Surface(name=90ab329 NavigationBar0)/@0xf83251b - animation-leash of insets_animation#1216
02-25 11:58:50.238 1385 1412 D WindowManager: makeSurface duration=1 leash=Surface(name=Surface(name=90ab329 NavigationBar0)/@0xf83251b - animation-leash of insets_animation)/@0x8d9d93a
02-25 11:58:50.238 1385 1412 D InsetsSourceProvider: updateControlForTarget: control=InsetsSourceControl: {da7b0001 mType=navigationBars initiallyVisible mSurfacePosition=Point(0, 2273) mInsetsHint=Insets{left=0, top=0, right=0, bottom=135}}, target=Window{660cc0 u0 com.sec.android.app.launcher/com.sec.android.app.launcher.activities.LauncherActivity}, from=com.android.server.wm.InsetsStateController.onControlTargetChanged:358 com.android.server.wm.InsetsStateController.onBarControlTargetChanged:327 com.android.server.wm.InsetsPolicy.updateBarControlTarget:173 com.android.server.wm.InsetsPolicy.updateSystemBars:813 com.android.server.wm.DisplayPolicy.updateSystemBarsLw:3425
02-25 11:58:50.238 1385 1412 I WindowManager: Cancelling animation restarting=true, leash=Surface(name=Surface(name=a4f18d5 StatusBar)/@0x1550664 - animation-leash of insets_animation)/@0xa09d28d
02-25 11:58:50.238 1385 1412 I WindowManager: Reparenting to original parent: Surface(name=WindowToken{88d9ebf type=2000 android.os.BinderProxy@6365419})/@0xe7e60cd, destroy=false, surface=Surface(name=a4f18d5 StatusBar)/@0x1550664
02-25 11:58:50.239 1385 1412 I WindowManager: Reparenting to leash, surface=Surface(name=a4f18d5 StatusBar)/@0x1550664, leashParent=Surface(name=WindowToken{88d9ebf type=2000 android.os.BinderProxy@6365419})/@0xe7e60cd
02-25 11:58:50.239 890 915 E BufferQueueDebug: [Surface(name=a4f18d5 StatusBar)/@0x1550664 - animation-leash of insets_animation#1217](this:0xe917e0b8,id:-1,api:0,p:-1,c:-1) id info cannot be read from 'Surface(name=a4f18d5 StatusBar)/@0x1550664 - animation-leash of insets_animation#1217'
02-25 11:58:50.239 890 915 I BufferQueueDebug: [Surface(name=a4f18d5 StatusBar)/@0x1550664 - animation-leash of insets_animation#1217](this:0xe917e0b8,id:-1,api:0,p:-1,c:-1) BufferQueue core=(890:/system/bin/surfaceflinger)
02-25 11:58:50.239 890 915 I SurfaceFlinger: id=1217 createSurf, flag=24000, Surface(name=a4f18d5 StatusBar)/@0x1550664 - animation-leash of insets_animation#1217
02-25 11:58:50.239 1385 1412 D WindowManager: makeSurface duration=1 leash=Surface(name=Surface(name=a4f18d5 StatusBar)/@0x1550664 - animation-leash of insets_animation)/@0x4a80abf
02-25 11:58:50.240 1385 1412 D InsetsSourceProvider: updateControlForTarget: control=InsetsSourceControl: {b0520000 mType=statusBars initiallyVisible mSurfacePosition=Point(0, 0) mInsetsHint=Insets{left=0, top=70, right=0, bottom=0}}, target=Window{660cc0 u0 com.sec.android.app.launcher/com.sec.android.app.launcher.activities.LauncherActivity}, from=com.android.server.wm.InsetsStateController.onControlTargetChanged:358 com.android.server.wm.InsetsStateController.onBarControlTargetChanged:324 com.android.server.wm.InsetsPolicy.updateBarControlTarget:173 com.android.server.wm.InsetsPolicy.updateSystemBars:813 com.android.server.wm.DisplayPolicy.updateSystemBarsLw:3425
02-25 11:58:50.240 1385 1412 D WindowManager: updateSystemBarAttributes: displayId=0, win=Window{660cc0 u0 com.sec.android.app.launcher/com.sec.android.app.launcher.activities.LauncherActivity}, navColorWin=Window{ce7d65d u0 Splash Screen com.companyname.mauiapp3}, focusedCanBeNavColorWin=false, behavior=2, appearance=0, statusBarAppearanceRegions=[AppearanceRegion{ bounds=[0,0][1080,2408]}], requestedVisibilities=-9, from=com.android.server.wm.DisplayPolicy.focusChangedLw:2947 com.android.server.wm.DisplayContent.updateFocusedWindowLocked:4894 com.android.server.wm.RootWindowContainer.updateFocusedWindowLocked:578
02-25 11:58:50.242 1385 2084 I AppsFilter: interaction: PackageSetting{2550223 com.companyname.minegame/10397} -> PackageSetting{8fb04ea com.companyname.mauiapp3/10405} BLOCKED
02-25 11:58:50.242 1385 1412 V WindowManager: Relayout hash=660cc0, pid=2218, syncId=-1: mAttrs={(0,0)(fillxfill) sim={adjust=nothing forwardNavigation} layoutInDisplayCutoutMode=shortEdges ty=BASE_APPLICATION fmt=TRANSPARENT wanim=0x10302f2
02-25 11:58:50.242 1385 1412 V WindowManager: fl=81910100
02-25 11:58:50.242 1385 1412 V WindowManager: pfl=1e008040
02-25 11:58:50.242 1385 1412 V WindowManager: bhv=SHOW_TRANSIENT_BARS_BY_SWIPE
02-25 11:58:50.242 1385 1412 V WindowManager: fitSides= naviIconColor=0}
02-25 11:58:50.242 1385 2084 I AppsFilter: interaction: PackageSetting{c2904d9 com.nobo.noboenergy/10391} -> PackageSetting{8fb04ea com.companyname.mauiapp3/10405} BLOCKED
02-25 11:58:50.242 1385 2084 I AppsFilter: interaction: PackageSetting{5c75e9e dev.Dimplex.DimplexToolkit/10389} -> PackageSetting{8fb04ea com.companyname.mauiapp3/10405} BLOCKED
02-25 11:58:50.242 1385 2084 I AppsFilter: interaction: PackageSetting{eb9d7f com.companyname.phonesays/10399} -> PackageSetting{8fb04ea com.companyname.mauiapp3/10405} BLOCKED
02-25 11:58:50.242 1385 2084 I AppsFilter: interaction: PackageSetting{d88f14c com.companyname.AndroidApp1/10290} -> PackageSetting{8fb04ea com.companyname.mauiapp3/10405} BLOCKED
02-25 11:58:50.242 1385 2084 I AppsFilter: interaction: PackageSetting{99c1595 dev.dimplex.atmo/10377} -> PackageSetting{8fb04ea com.companyname.mauiapp3/10405} BLOCKED
02-25 11:58:50.242 1385 2084 I AppsFilter: interaction: PackageSetting{c46c6aa dev.Dimplex.Fires/10395} -> PackageSetting{8fb04ea com.companyname.mauiapp3/10405} BLOCKED
02-25 11:58:50.242 1385 2084 I AppsFilter: interaction: PackageSetting{c26929b com.companyname.snake/10400} -> PackageSetting{8fb04ea com.companyname.mauiapp3/10405} BLOCKED
02-25 11:58:50.242 1385 1420 W System.err: java.lang.NullPointerException: Attempt to invoke virtual method 'java.lang.String android.content.ComponentName.getPackageName()' on a null object reference
02-25 11:58:50.242 1385 2084 I AppsFilter: interaction: PackageSetting{bf9d638 dev.Capa.CapaConnect/10387} -> PackageSetting{8fb04ea com.companyname.mauiapp3/10405} BLOCKED
02-25 11:58:50.242 1385 2084 I AppsFilter: interaction: PackageSetting{ff57611 dev.Dimplex.GreenHeating/10325} -> PackageSetting{8fb04ea com.companyname.mauiapp3/10405} BLOCKED
02-25 11:58:50.242 1385 2084 I AppsFilter: interaction: PackageSetting{7a2a376 com.dimplex.atmo/10352} -> PackageSetting{8fb04ea com.companyname.mauiapp3/10405} BLOCKED
02-25 11:58:50.242 1385 2084 I AppsFilter: interaction: PackageSetting{151bd77 com.companyname.mauiapp4/10242} -> PackageSetting{8fb04ea com.companyname.mauiapp3/10405} BLOCKED
02-25 11:58:50.242 1385 2084 I AppsFilter: interaction: PackageSetting{8921de4 com.companyname.mauiapp2/10234} -> PackageSetting{8fb04ea com.companyname.mauiapp3/10405} BLOCKED
02-25 11:58:50.242 1385 1420 W System.err: at com.samsung.android.server.wifi.tcp.SemWifiTransportLayerMonitor$3.noteResumeComponent(SemWifiTransportLayerMonitor.java:69)
02-25 11:58:50.242 1385 2084 I AppsFilter: interaction: PackageSetting{1d7dcda com.companyname.mauiapp1/10245} -> PackageSetting{8fb04ea com.companyname.mauiapp3/10405} BLOCKED
02-25 11:58:50.242 1385 1420 W System.err: at com.android.server.usage.UsageStatsService$LocalService.reportEvent(UsageStatsService.java:3120)
02-25 11:58:50.242 1385 2084 I AppsFilter: interaction: PackageSetting{daa624d dev.Dimplex.DimplexControl/10317} -> PackageSetting{8fb04ea com.companyname.mauiapp3/10405} BLOCKED
02-25 11:58:50.242 1385 1420 W System.err: at com.android.server.am.ActivityManagerService.updateActivityUsageStats(ActivityManagerService.java:3521)
02-25 11:58:50.242 1385 1420 W System.err: at com.android.server.am.ActivityManagerService$LocalService.updateActivityUsageStatsWithIntent(ActivityManagerService.java:21108)
02-25 11:58:50.242 1385 1420 W System.err: at com.android.server.wm.ActivityTaskManagerService$$ExternalSyntheticLambda26.accept(R8$$SyntheticClass:0)
02-25 11:58:50.242 1385 1420 W System.err: at com.android.internal.util.function.pooled.PooledLambdaImpl.doInvoke(PooledLambdaImpl.java:384)
02-25 11:58:50.242 1385 1420 W System.err: at com.android.internal.util.function.pooled.PooledLambdaImpl.invoke(PooledLambdaImpl.java:204)
02-25 11:58:50.242 1385 1420 W System.err: at com.android.internal.util.function.pooled.OmniFunction.run(OmniFunction.java:87)
02-25 11:58:50.242 1385 1420 W System.err: at android.os.Handler.handleCallback(Handler.java:958)
02-25 11:58:50.242 1385 1420 W System.err: at android.os.Handler.dispatchMessage(Handler.java:99)
02-25 11:58:50.242 1385 1420 W System.err: at android.os.Looper.loopOnce(Looper.java:230)
02-25 11:58:50.242 1385 1420 W System.err: at android.os.Looper.loop(Looper.java:319)
02-25 11:58:50.242 1385 1420 W System.err: at android.os.HandlerThread.run(HandlerThread.java:67)
02-25 11:58:50.242 1385 1420 W System.err: at com.android.server.ServiceThread.run(ServiceThread.java:46)
02-25 11:58:50.243 2218 2218 I BLASTBufferQueue_Java: new BLASTBufferQueue, mName= ViewRootImpl@9bc818d[LauncherActivity] mNativeObject= 0xe7fbae40 sc.mNativeObject= 0xe18324e0 caller= android.view.ViewRootImpl.updateBlastSurfaceIfNeeded:3028 android.view.ViewRootImpl.relayoutWindow:10131 android.view.ViewRootImpl.performTraversals:4110 android.view.ViewRootImpl.doTraversal:3288 android.view.ViewRootImpl$TraversalRunnable.run:11344 android.view.Choreographer$CallbackRecord.run:1689 android.view.Choreographer$CallbackRecord.run:1698 android.view.Choreographer.doCallbacks:1153 android.view.Choreographer.doFrame:1079 android.view.Choreographer$FrameDisplayEventReceiver.run:1646
02-25 11:58:50.243 2218 2218 I BLASTBufferQueue_Java: update, w= 1080 h= 2408 mName = ViewRootImpl@9bc818d[LauncherActivity] mNativeObject= 0xe7fbae40 sc.mNativeObject= 0xe18324e0 format= -2 caller= android.graphics.BLASTBufferQueue.:89 android.view.ViewRootImpl.updateBlastSurfaceIfNeeded:3028 android.view.ViewRootImpl.relayoutWindow:10131 android.view.ViewRootImpl.performTraversals:4110 android.view.ViewRootImpl.doTraversal:3288 android.view.ViewRootImpl$TraversalRunnable.run:11344
02-25 11:58:50.243 2218 2218 I ViewRootImpl@9bc818d[LauncherActivity]: Relayout returned: old=(0,0,1080,2408) new=(0,0,1080,2408) relayoutAsync=false req=(1080,2408)0 dur=11 res=0x401 s={true 0xb67ba000} ch=true seqId=0
02-25 11:58:50.244 2218 2218 I ViewRootImpl@9bc818d[LauncherActivity]: Setup new sync=wmsSync-ViewRootImpl@9bc818d[LauncherActivity]#82
02-25 11:58:50.244 2218 2218 I ViewRootImpl@9bc818d[LauncherActivity]: Creating new active sync group ViewRootImpl@9bc818d[LauncherActivity]#83
02-25 11:58:50.245 2218 2218 I ViewRootImpl@9bc818d[LauncherActivity]: registerCallbacksForSync syncBuffer=false
02-25 11:58:50.246 1385 2258 V WindowManager: Starting Transition 175, caller=com.android.server.wm.WindowOrganizerController.startTransition:384 com.android.server.wm.WindowOrganizerController.startTransition:315 android.window.IWindowOrganizerController$Stub.onTransact:257
02-25 11:58:50.246 1385 2258 V Transition: allReady query: used=true, override=false, defer=0, states=Display{#0 state=ON size=1080x2408 ROTATION_0}:true
02-25 11:58:50.247 890 890 I Layer : id=1213 removeFromCurrentState Surface(name=90ab329 NavigationBar0)/@0xf83251b - animation-leash of insets_animation#1213 (123)
02-25 11:58:50.247 1385 1420 W System.err: java.lang.NullPointerException: Attempt to invoke virtual method 'java.lang.String android.content.ComponentName.getPackageName()' on a null object reference
02-25 11:58:50.247 890 890 I Layer : id=1214 removeFromCurrentState Surface(name=a4f18d5 StatusBar)/@0x1550664 - animation-leash of insets_animation#1214 (123)
02-25 11:58:50.247 1385 1420 W System.err: at com.samsung.android.server.wifi.SemWifiOptimizer$6.noteResumeComponent(SemWifiOptimizer.java:19)
02-25 11:58:50.247 1385 1420 W System.err: at com.android.server.usage.UsageStatsService$LocalService.reportEvent(UsageStatsService.java:3120)
02-25 11:58:50.247 1385 1420 W System.err: at com.android.server.am.ActivityManagerService.updateActivityUsageStats(ActivityManagerService.java:3521)
02-25 11:58:50.247 1385 1420 W System.err: at com.android.server.am.ActivityManagerService$LocalService.updateActivityUsageStatsWithIntent(ActivityManagerService.java:21108)
02-25 11:58:50.247 1385 1420 W System.err: at com.android.server.wm.ActivityTaskManagerService$$ExternalSyntheticLambda26.accept(R8$$SyntheticClass:0)
02-25 11:58:50.247 1385 1420 W System.err: at com.android.internal.util.function.pooled.PooledLambdaImpl.doInvoke(PooledLambdaImpl.java:384)
02-25 11:58:50.247 1385 1420 W System.err: at com.android.internal.util.function.pooled.PooledLambdaImpl.invoke(PooledLambdaImpl.java:204)
02-25 11:58:50.247 1385 1420 W System.err: at com.android.internal.util.function.pooled.OmniFunction.run(OmniFunction.java:87)
02-25 11:58:50.247 1385 1420 W System.err: at android.os.Handler.handleCallback(Handler.java:958)
02-25 11:58:50.247 1385 1420 W System.err: at android.os.Handler.dispatchMessage(Handler.java:99)
02-25 11:58:50.247 1385 1420 W System.err: at android.os.Looper.loopOnce(Looper.java:230)
02-25 11:58:50.247 1385 1420 W System.err: at android.os.Looper.loop(Looper.java:319)
02-25 11:58:50.247 1385 1420 W System.err: at android.os.HandlerThread.run(HandlerThread.java:67)
02-25 11:58:50.247 1385 1420 W System.err: at com.android.server.ServiceThread.run(ServiceThread.java:46)
02-25 11:58:50.248 890 890 I SurfaceFlinger: id=1214 Removed Surface(name=a4f18d5 StatusBar)/@0x1550664 - animation-leash of insets_animation#1214 (123)
02-25 11:58:50.248 890 890 I SurfaceFlinger: id=1213 Removed Surface(name=90ab329 NavigationBar0)/@0xf83251b - animation-leash of insets_animation#1213 (123)
02-25 11:58:50.250 817 872 I hwcomposer: [HWCDisplay] [Display_0 (type:1)] fps:3.980968,dur:1004.78,max:836.59,min:16.31
02-25 11:58:50.251 1802 1802 D CarrierSvcBindHelper: onHandleForceStop: [com.companyname.mauiapp3]
02-25 11:58:50.252 1802 1802 D CarrierSvcBindHelper: No carrier app for: 0
02-25 11:58:50.252 1802 1802 D CarrierSvcBindHelper: No carrier app for: 1
02-25 11:58:50.254 1385 2262 V ActivityManager: Got obituary of 8363:com.companyname.mauiapp3
02-25 11:58:50.254 2188 2188 D RegisteredNfcFServicesCache: Service unchanged, not updating
02-25 11:58:50.254 1385 1421 D SurfaceComposerClient: Transaction::apply InputWindowCommands.focusRequests timestamp=78606161242300, windowName=660cc0 com.sec.android.app.launcher/com.sec.android.app.launcher.activities.LauncherActivity
02-25 11:58:50.255 1385 1421 D WindowManager: SyncGroup 175: Unfinished container: ActivityRecord{40f671 u0 com.sec.android.app.launcher/.activities.LauncherActivity t4561} mSyncState=2
02-25 11:58:50.256 1385 1417 D LocationManagerService: package com.companyname.mauiapp3 reset
02-25 11:58:50.256 2218 2255 I ViewRootImpl@9bc818d[LauncherActivity]: Resizing android.view.ViewRootImpl@6a6efc7: frame = [0,0][1080,2408] reportDraw = true forceLayout = false syncSeqId = -1
02-25 11:58:50.256 1842 2465 I ViewRootImpl@74e3f23[StatusBar]: Resizing android.view.ViewRootImpl@b84c0f6: frame = [0,0][1080,70] reportDraw = false forceLayout = false syncSeqId = -1
02-25 11:58:50.256 1842 23884 I ViewRootImpl@4308862[NavigationBar0]: Resizing android.view.ViewRootImpl@1be9c54: frame = [0,2273][1080,2408] reportDraw = false forceLayout = false syncSeqId = -1
02-25 11:58:50.256 1842 1842 I ViewRootImpl@74e3f23[StatusBar]: handleResized, msg = 4 frames=ClientWindowFrames{frame=[0,0][1080,70] display=[0,0][1080,2408] parentFrame=[0,0][0,0]} forceNextWindowRelayout=false displayId=0 dragResizing=false compatScale=1.0 frameChanged=false attachedFrameChanged=false configChanged=false displayChanged=false compatScaleChanged=false
02-25 11:58:50.256 1842 1842 I ViewRootImpl@4308862[NavigationBar0]: handleResized, msg = 4 frames=ClientWindowFrames{frame=[0,2273][1080,2408] display=[0,0][1080,2408] parentFrame=[0,0][0,0]} forceNextWindowRelayout=false displayId=0 dragResizing=false compatScale=1.0 frameChanged=false attachedFrameChanged=false configChanged=false displayChanged=false compatScaleChanged=false
02-25 11:58:50.261 1842 1842 D SysUiState: SysUiState changed: old=0x10020000 new=0x10000000
02-25 11:58:50.262 2218 3464 I ViewRootImpl@9bc818d[LauncherActivity]: Received frameDrawingCallback syncResult=0 frameNum=1.
02-25 11:58:50.262 2218 3464 I ViewRootImpl@9bc818d[LauncherActivity]: mWNT: t=0xe7ef9780 mBlastBufferQueue=0xe7fbae40 fn= 1 mRenderHdrSdrRatio=1.0 caller= android.view.ViewRootImpl$8.onFrameDraw:13841 android.view.ThreadedRenderer$1.onFrameDraw:792
02-25 11:58:50.262 2218 3464 I ViewRootImpl@9bc818d[LauncherActivity]: Setting up sync and frameCommitCallback
02-25 11:58:50.262 2218 8199 I HoneySpace.SystemUiRepository: systemUiFlags: awake
02-25 11:58:50.264 890 890 D SurfaceFlinger: Focus addInputWindowCommands timestamp=78606161242300, windowName=660cc0 com.sec.android.app.launcher/com.sec.android.app.launcher.activities.LauncherActivity
02-25 11:58:50.264 890 890 I BufferQueueDebug: [Surface(name=90ab329 NavigationBar0)/@0xf83251b - animation-leash of insets_animation#1213](this:0xe96a40b8,id:-1,api:0,p:-1,c:890) onDestructor()
02-25 11:58:50.264 890 890 I Layer : id=1213 Destroyed Surface(name=90ab329 NavigationBar0)/@0xf83251b - animation-leash of insets_animation#1213
02-25 11:58:50.264 890 890 I BufferQueueDebug: [Surface(name=a4f18d5 StatusBar)/@0x1550664 - animation-leash of insets_animation#1214](this:0xe9d110b8,id:-1,api:0,p:-1,c:890) onDestructor()
02-25 11:58:50.264 890 890 I Layer : id=1214 Destroyed Surface(name=a4f18d5 StatusBar)/@0x1550664 - animation-leash of insets_animation#1214
02-25 11:58:50.264 1842 1842 D NavigationModeController: getCurrentUserContext: contextUser=0 currentUser=0
02-25 11:58:50.266 890 890 D SurfaceFlinger: Find Focus windowName=660cc0 com.sec.android.app.launcher/com.sec.android.app.launcher.activities.LauncherActivity, notVisible=1
02-25 11:58:50.266 890 890 D Layer : Focus: Task=1#52 isHiddenByPolicy s.flags&layer_state_t::eLayerHidden=1
02-25 11:58:50.266 890 890 D Layer : Focus: isHiddenByPolicy parent Task=1#52 is hidden cause not visible
02-25 11:58:50.266 890 890 D SurfaceFlinger: Focus inVisible Reason:isVisibleForInput(){hasInputInfo()?canReceiveInput():isVisible()}=0 has=1 can{!isHiddenByPolicy()&&(mBuffer==nullptr||getAlpha()>0.0f)}=0 Hidden=1 Buf=0 getA=1
02-25 11:58:50.266 890 1052 D SurfaceFlinger: updateWinowInfo=1, setFocusedWindow timestamp=78606161242300, windowName=660cc0 com.sec.android.app.launcher/com.sec.android.app.launcher.activities.LauncherActivity
02-25 11:58:50.267 1385 4838 D InputDispatcher: Focus request (0): 660cc0 com.sec.android.app.launcher/com.sec.android.app.launcher.activities.LauncherActivity but waiting because NOT_VISIBLE
02-25 11:58:50.269 2218 3330 I ViewRootImpl@9bc818d[LauncherActivity]: Received frameCommittedCallback lastAttemptedDrawFrameNum=1 didProduceBuffer=true
02-25 11:58:50.270 2218 2218 I ViewRootImpl@9bc818d[LauncherActivity]: reportDrawFinished seqId=0
02-25 11:58:50.271 1385 2262 D WindowManager: finishDrawingWindow: Window{660cc0 u0 com.sec.android.app.launcher/com.sec.android.app.launcher.activities.LauncherActivity} mDrawState=DRAW_PENDING seqId=0
02-25 11:58:50.271 2218 2218 I HoneySpace.Launcher: !@Boot_EBS_D: Launcher.onResume()
02-25 11:58:50.271 1385 1421 V WindowManager: Collecting in transition 175: WallpaperWindowToken{e54c4b8 token=android.os.Binder@d762b1b}, caller=com.android.server.wm.Transition.collect:759 com.android.server.wm.TransitionController.collect:935 com.android.server.wm.WallpaperWindowToken.setVisibility:208 com.android.server.wm.WallpaperWindowToken.updateWallpaperWindows:155 com.android.server.wm.WallpaperController.updateWallpaperTokens:940
02-25 11:58:50.271 2218 2218 I HoneySpace.Launcher: updateLauncherShowing false -> true
02-25 11:58:50.271 1385 1421 V WindowManager: Setting visibility of Window{1e269db u0 com.android.systemui.wallpapers.ImageWallpaper_system}: true, caller=com.android.server.wm.WindowContainer.sendAppVisibilityToClients:1301 com.android.server.wm.WindowToken.setClientVisible:446 com.android.server.wm.WallpaperWindowToken.setVisible:192 com.android.server.wm.WallpaperWindowToken.commitVisibility:243 com.android.server.wm.WallpaperWindowToken.setVisibility:228
02-25 11:58:50.272 2218 8199 I HoneySpace.PredictionDataSourceImpl: requestPredictionUpdate 0 false
02-25 11:58:50.272 2218 8199 I HoneySpace.PredictionDataSourceImpl: requestPredictionUpdate 1 false
02-25 11:58:50.272 2218 2374 I HoneySpace.TopTaskSource: update by launcher showing
02-25 11:58:50.272 2218 2218 I HoneySpace.ScreenOffTimeout: RETURN setScreenOffDimDuration - com.android.internal.policy.PhoneWindow@2a27996, {(0,0)(fillxfill) sim={adjust=nothing forwardNavigation} layoutInDisplayCutoutMode=shortEdges ty=BASE_APPLICATION fmt=TRANSPARENT wanim=0x10302f2
02-25 11:58:50.272 2218 2218 I HoneySpace.ScreenOffTimeout: fl=81910100
02-25 11:58:50.272 2218 2218 I HoneySpace.ScreenOffTimeout: pfl=10008040
02-25 11:58:50.272 2218 2218 I HoneySpace.ScreenOffTimeout: bhv=DEFAULT
02-25 11:58:50.272 2218 2218 I HoneySpace.ScreenOffTimeout: fitSides= naviIconColor=0}, -1
02-25 11:58:50.272 2218 2218 I HoneySpace.ShellTransitionManager: myHomeResumed
02-25 11:58:50.272 2218 2218 I HoneySpace.BackgroundManagerImpl: capturedBlurView: resume(com.sec.android.app.launcher.Launcher@d9450b1, 227823793)
02-25 11:58:50.272 2218 2218 I SearchHoneyPot: onViewCreated: onResume
02-25 11:58:50.273 2218 2218 I ViewRootImpl@9bc818d[LauncherActivity]: handleResized, msg = 5 frames=ClientWindowFrames{frame=[0,0][1080,2408] display=[0,0][1080,2408] parentFrame=[0,0][0,0]} forceNextWindowRelayout=false displayId=0 dragResizing=false compatScale=1.0 frameChanged=false attachedFrameChanged=false configChanged=false displayChanged=false compatScaleChanged=false
02-25 11:58:50.273 2218 2218 I ViewRootImpl@9bc818d[LauncherActivity]: handleResized mSyncSeqId = 0
