02-25 11:58:43.457 2188 2188 D RegisteredNfcFServicesCache: Service unchanged, not updating
02-25 11:58:43.458 23117 23180 E Finsky : [124] ahqk.v(47): [Counters] attempted to use a non-positive increment for: 4753
02-25 11:58:43.460 1385 1555 D SEP_UNION_SemDeviceInfoManagerService: onReceive : android.intent.action.PACKAGE_REPLACED, userId = 0
02-25 11:58:43.460 23117 23169 I Finsky : [114] mbt.apply(1235): AIM: Got app ownership map. App counts: . Unique apps: 0
02-25 11:58:43.460 1385 1569 I InputReader: Reconfiguring input devices, changes=KEYBOARD_LAYOUTS
02-25 11:58:43.460 23117 23169 E Finsky : [114] ahqk.v(47): [Counters] attempted to use a non-positive increment for: 4752
02-25 11:58:43.461 1385 1427 D CompatibilityChangeReporter: Compat change id reported: 135634846; UID 1000; state: DISABLED
02-25 11:58:43.461 1385 1804 D SGM:GameManager: identifyGamePackage. com.companyname.mauiapp3, mCurrentUserId: 0, callerUserId: 0, callingMethodInfo: com.samsung.android.game.SemGameManager.isGamePackage(SemGameManager.java:109)
02-25 11:58:43.461 1385 1804 D SGM:PkgDataHelper: getGamePkgData(). com.companyname.mauiapp3
02-25 11:58:43.461 1385 1804 D SGM:SemGameManager: isGamePackage(), pkgName=com.companyname.mauiapp3, ret=false
02-25 11:58:43.461 1385 1804 I Pageboost: appinfo : com.companyname.mauiapp3 0 0 0 0
02-25 11:58:43.462 1385 1804 D SGM:GameManager: identifyGamePackage. com.companyname.mauiapp3, mCurrentUserId: 0, callerUserId: 0, callingMethodInfo: com.samsung.android.game.SemGameManager.isGamePackage(SemGameManager.java:109)
02-25 11:58:43.462 1385 1653 D CompatibilityChangeReporter: Compat change id reported: 151105954; UID 1000; state: ENABLED
02-25 11:58:43.462 1385 1804 D SGM:PkgDataHelper: getGamePkgData(). com.companyname.mauiapp3
02-25 11:58:43.463 1385 1804 D SGM:SemGameManager: isGamePackage(), pkgName=com.companyname.mauiapp3, ret=false
02-25 11:58:43.463 1385 1426 D AccessibilityManagerService: readAccessibilityDirectAccessSettingLocked currentTargets : [] targetsFromSetting : []
02-25 11:58:43.464 1385 1653 E AppOps : attributionTag VCN not declared in manifest of android
02-25 11:58:43.465 1842 2100 D PluginActionManager: Found 0 plugins
02-25 11:58:43.465 1842 2100 D PluginActionManager: queryPkg com.companyname.mauiapp3 com.android.systemui.action.PLUGIN_NOTIFICATION_MENU_ROW
02-25 11:58:43.465 1842 2100 D PluginActionManager: Found 0 plugins
02-25 11:58:43.465 1842 2100 D PluginActionManager: queryPkg com.companyname.mauiapp3 com.android.systemui.action.PLUGIN_NOTIFICATION_MENU_ROW
02-25 11:58:43.467 1842 2100 D PluginActionManager: Found 0 plugins
02-25 11:58:43.467 1842 2100 D PluginActionManager: queryPkg com.companyname.mauiapp3 com.android.systemui.action.PLUGIN_QS
02-25 11:58:43.467 1385 1426 D KNOX_MDM_SettingsProvider: isChangeAllowed() : name = accessibility_enabled
02-25 11:58:43.467 1385 1426 D WindowMagnificationMgr: requestConnection :false mConnectionState : 3
02-25 11:58:43.468 1385 1426 W WindowMagnificationMgr: requestConnection duplicated request: connect=false, mConnectionState=DISCONNECTED
02-25 11:58:43.468 1385 1426 I SGM:GameManager: PkgUpdateReceiver, onReceive action =android.intent.action.PACKAGE_ADDED changingUserId =0
02-25 11:58:43.468 1385 1804 I Pageboost: Reset this app info : com.companyname.mauiapp3
02-25 11:58:43.468 1385 1426 I SGM:GameManager: PkgUpdateReceiver, onPackageAdded : com.companyname.mauiapp3 userHandle : UserHandle{0} userId : 0
02-25 11:58:43.468 1385 1426 I SGM:GameManager: PkgUpdateReceiver, com.samsung.android.game.gos is enabled : true
02-25 11:58:43.468 1385 1588 D SGM:GosNotifyThread: notifyPackageChangedToGos(), before send intent to GOS. type:15, changeType: 0, pkgName:com.companyname.mauiapp3, userHandleId:0
02-25 11:58:43.468 1385 1588 I SGM:GosNotifyThread: notifyPackageChangedToGos(), category from pm: com.companyname.mauiapp3, [-1/-1]
02-25 11:58:43.468 1842 2100 D PluginActionManager: Found 0 plugins
02-25 11:58:43.468 1842 2100 D PluginActionManager: queryPkg com.companyname.mauiapp3 com.android.systemui.action.PLUGIN_OVERLAY
02-25 11:58:43.469 1385 1804 I Pageboost: db create : CREATE TABLE IF NOT EXISTS comcompanynamemauiapp3 (FILENAME TEXT, OFFSET INTEGER, SIZE INTEGER, FORVRAMDISK INTEGER, BITMAP BLOB, unique (FILENAME, OFFSET) );
02-25 11:58:43.470 1842 2100 D PluginActionManager: Found 0 plugins
02-25 11:58:43.470 1842 2100 D PluginActionManager: queryPkg com.companyname.mauiapp3 com.android.systemui.action.PEOPLE_HUB_PERSON_EXTRACTOR
02-25 11:58:43.473 1385 1555 D ActivityManager: Received BROADCAST intent 0xa7cb6d3 Key{broadcastIntent pkg=com.android.systemui intent=act=com.samsung.android.app.edgelighting.PACKAGE_REPLACED cmp=com.android.systemui/.edgelighting.EdgeLightingReceiver$1 flags=0x2000000 u=0} requestCode=0 sent=0 from uid 1000
02-25 11:58:43.473 1385 1555 D SEP_UNION_SemDeviceInfoManagerService: Send intent com.samsung.android.app.edgelighting.PACKAGE_REPLACED, userId: 0 by broadcast
02-25 11:58:43.474 23117 23117 I Finsky : [2] vtl.jB(11): DTU: Received onPackageAdded, replacing: true
02-25 11:58:43.474 1842 1842 D ControlsListingControllerImpl: ServiceConfig reloaded, count: 0
02-25 11:58:43.475 1842 2100 D PluginActionManager: Found 0 plugins
02-25 11:58:43.475 1842 2100 D PluginActionManager: queryPkg com.companyname.mauiapp3 com.android.systemui.action.PLUGIN_CLOCK_PROVIDER
02-25 11:58:43.476 1842 2100 D PluginActionManager: Found 0 plugins
02-25 11:58:43.476 1842 2100 D PluginActionManager: queryPkg com.companyname.mauiapp3 com.android.systemui.action.PLUGIN_QS_FACTORY
02-25 11:58:43.476 1385 1385 D AppSearchAppsIndexerManagerS: userid in package receiver: 10405
02-25 11:58:43.476 1842 2100 D PluginActionManager: Found 0 plugins
02-25 11:58:43.476 1842 2100 D PluginActionManager: queryPkg com.companyname.mauiapp3 com.android.systemui.action.PLUGIN_VOLUME
02-25 11:58:43.477 1842 2100 D PluginActionManager: Found 0 plugins
02-25 11:58:43.477 1385 1588 D SGM:GosNotifyThread: notifyPackageChangedToGos(), after send intent to GOS. ComponentInfo{com.samsung.android.game.gos/com.samsung.android.game.gos.service.GameIntentService}
02-25 11:58:43.478 1385 1426 I SearchManagerService: updateSearchables
02-25 11:58:43.478 1385 1426 I SearchManagerService: updateSearchables
02-25 11:58:43.481 1842 2100 D PluginActionManager: queryPkg com.companyname.mauiapp3 com.android.systemui.action.PLUGIN_NOTIFICATION_ASSISTANT
02-25 11:58:43.482 5459 5459 I HBD : c currentConnectionState : false
02-25 11:58:43.482 6158 8116 I GOS:GameIntentService: onHandleIntent. GameIntentService. type: 15, pkgName: com.companyname.mauiapp3
02-25 11:58:43.482 5459 5459 I HBD : c currentConnectionState : false
02-25 11:58:43.482 1842 2100 D PluginActionManager: Found 0 plugins
02-25 11:58:43.482 5459 5459 I HBD : c currentConnectionState : false
02-25 11:58:43.482 1842 2100 D PluginActionManager: queryPkg com.companyname.mauiapp3 com.android.systemui.action.PLUGIN_NOTIFICATION_MENU_ROW
02-25 11:58:43.482 1842 2100 D PluginActionManager: Found 0 plugins
02-25 11:58:43.484 1842 2100 D PluginActionManager: queryPkg com.companyname.mauiapp3 com.android.systemui.action.PLUGIN_GLOBAL_ACTIONS
02-25 11:58:43.484 1842 2100 D PluginActionManager: Found 0 plugins
02-25 11:58:43.484 1842 2100 D PluginActionManager: queryPkg com.companyname.mauiapp3 com.android.systemui.action.PLUGIN_NOTIFICATION_MENU_ROW
02-25 11:58:43.485 1842 2100 D PluginActionManager: Found 0 plugins
02-25 11:58:43.485 1842 2100 D PluginActionManager: queryPkg com.companyname.mauiapp3 com.android.systemui.action.PLUGIN_NOTIFICATION_MENU_ROW
02-25 11:58:43.485 1842 2100 D PluginActionManager: Found 0 plugins
02-25 11:58:43.485 1842 2100 D PluginActionManager: queryPkg com.companyname.mauiapp3 com.android.systemui.action.PLUGIN_NOTIFICATION_MENU_ROW
02-25 11:58:43.485 1385 1733 D SGM:GameManager: identifyGamePackage. com.companyname.mauiapp3, mCurrentUserId: 0, callerUserId: 0, callingMethodInfo: com.samsung.android.game.SemGameManager.isGamePackage(SemGameManager.java:109)
02-25 11:58:43.485 1842 2100 D PluginActionManager: Found 0 plugins
02-25 11:58:43.485 1385 1733 D SGM:PkgDataHelper: getGamePkgData(). com.companyname.mauiapp3
02-25 11:58:43.485 1842 2100 D PluginActionManager: queryPkg com.companyname.mauiapp3 com.android.systemui.action.PLUGIN_TOAST
02-25 11:58:43.485 1385 1733 D SGM:SemGameManager: isGamePackage(), pkgName=com.companyname.mauiapp3, ret=false
02-25 11:58:43.486 1842 2100 D PluginActionManager: Found 0 plugins
02-25 11:58:43.486 1842 2100 D PluginActionManager: queryPkg com.companyname.mauiapp3 com.samsung.systemui.action.PLUGIN_FACE_WIDGET
02-25 11:58:43.486 1842 2100 D PluginActionManager: Too many of com.samsung.systemui.action.PLUGIN_FACE_WIDGET
02-25 11:58:43.486 1842 2100 D PluginActionManager: queryPkg com.companyname.mauiapp3 com.android.systemui.action.PLUGIN_NOTIFICATION_MENU_ROW
02-25 11:58:43.486 1842 2100 D PluginActionManager: Found 0 plugins
02-25 11:58:43.486 1842 2100 D PluginActionManager: queryPkg com.companyname.mauiapp3 com.android.systemui.action.PLUGIN_SENSOR_MANAGER
02-25 11:58:43.487 1842 2100 D PluginActionManager: Found 0 plugins
02-25 11:58:43.487 1842 2100 D PluginActionManager: queryPkg com.companyname.mauiapp3 com.android.systemui.action.PLUGIN_NOTIFICATION_MENU_ROW
02-25 11:58:43.491 1842 2100 D PluginActionManager: Found 0 plugins
02-25 11:58:43.492 1385 1468 I PackageManager: result of install: 1{75787714}
02-25 11:58:43.494 1385 1468 D PackageInstallerSession: Marking session 817972453 as applied
02-25 11:58:43.495 1385 1469 I PackageInstallerSession: result of session: 1{817972453}, Session installed
02-25 11:58:43.496 23117 23180 E Finsky : [124] ahqk.v(47): [Counters] attempted to use a non-positive increment for: 4753
02-25 11:58:43.497 23117 23117 I Finsky : [2] mvp.f(7): AIM: AppInfoCacheUpdater -> invalidating apps: [com.companyname.mauiapp3]
02-25 11:58:43.498 23117 23117 I Finsky : [2] mwc.c(19): AIM: AppInfoManager-Perf > getApps > called for 1 apps
02-25 11:58:43.499 23254 23254 I Finsky:background: [2] vqp.d(67): IQ: onPackageRemoved com.companyname.mauiapp3, replacing=true, uninstallingFromPlay=false
02-25 11:58:43.500 23254 23254 I Finsky:background: [2] abpi.g(6): abpi - Received: android.intent.action.PACKAGE_ADDED, [CA3en2q4Ht1SSvEF1-5nttpNMXXQbY2yeeRzbbxyKPQ]
02-25 11:58:43.500 23117 23117 I Finsky : [2] abps.g(1): abps - Received: android.intent.action.PACKAGE_ADDED, [CA3en2q4Ht1SSvEF1-5nttpNMXXQbY2yeeRzbbxyKPQ]
02-25 11:58:43.507 23254 8130 I Finsky:background: [217] unm.accept(78): IQ: handled package removed
02-25 11:58:43.509 1385 1733 D SemWifiPackageInfo: isSkipCategory - skip:NONE
02-25 11:58:43.509 804 804 D Zygote : Forked child process 8131
02-25 11:58:43.510 1385 1428 W ActivityManager: Slow operation: 62ms so far, now at startProcess: returned from zygote!
02-25 11:58:43.510 23117 23117 I Finsky : [2] abps.g(1): abps - Deduping intent android.intent.action.PACKAGE_ADDED
02-25 11:58:43.511 18220 8108 I Fitness : (REDACTED) FitCleanupIntentOperation received Intent %s
02-25 11:58:43.511 23117 23117 I Finsky : [2] abps.g(1): abps - Received: android.intent.action.PACKAGE_ADDED, [CA3en2q4Ht1SSvEF1-5nttpNMXXQbY2yeeRzbbxyKPQ]
02-25 11:58:43.516 23254 23254 I Finsky:background: [2] abpi.g(6): abpi - Received: android.intent.action.PACKAGE_ADDED, [CA3en2q4Ht1SSvEF1-5nttpNMXXQbY2yeeRzbbxyKPQ]
02-25 11:58:43.516 23117 23174 I Finsky : [118] mxk.a(47): AIM: AppInfoManager-Perf > OnDeviceAppInfo > cacheHitCount=0, cacheMissCount=1. Missed in cache (limit 10) : [com.companyname.mauiapp3]
02-25 11:58:43.517 23254 8117 I Finsky:background: [215] rhr.accept(112): Wrote row to frosting DB: 5164
02-25 11:58:43.520 23254 8117 I Finsky:background: [215] rhr.accept(112): Wrote row to frosting DB: 5165
02-25 11:58:43.520 23117 23117 I Finsky : [2] abps.g(1): abps - Deduping intent android.intent.action.PACKAGE_ADDED
02-25 11:58:43.521 1385 1428 W ActivityManager: Slow operation: 74ms so far, now at startProcess: done updating battery stats
02-25 11:58:43.521 1385 1428 W ActivityManager: Slow operation: 74ms so far, now at startProcess: building log message
02-25 11:58:43.522 1385 1428 I ActivityManager: Start proc 8131:com.samsung.android.app.routines/u0a47 for service {com.samsung.android.app.routines/com.samsung.android.app.routines.domainmodel.service.RoutineService}
02-25 11:58:43.522 1385 1428 W ActivityManager: Slow operation: 74ms so far, now at startProcess: starting to update pids map
02-25 11:58:43.523 1385 1428 W ActivityManager: Slow operation: 75ms so far, now at startProcess: done updating pids map
02-25 11:58:43.524 1385 1428 W ActivityManager: Slow operation: 65ms so far, now at startProcess: asking zygote to start proc
02-25 11:58:43.526 23254 23254 I Finsky:background: [2] abpi.g(6): abpi - Deduping intent android.intent.action.PACKAGE_ADDED
02-25 11:58:43.527 23254 8117 I Finsky:background: [215] rhr.accept(112): Wrote row to frosting DB: 5166
02-25 11:58:43.527 23254 23254 I Finsky:background: [2] abpi.g(6): abpi - Received: android.intent.action.PACKAGE_ADDED, [CA3en2q4Ht1SSvEF1-5nttpNMXXQbY2yeeRzbbxyKPQ]
02-25 11:58:43.528 2218 10731 I HoneySpace.InstallSessionSourceImpl: onFinished 817972453, true
02-25 11:58:43.534 1385 29113 W BpBinder: Large outgoing transaction of 411744 bytes, interface descriptor , code 1
02-25 11:58:43.536 23254 8117 I Finsky:background: [215] rhr.accept(112): Wrote row to frosting DB: 5167
02-25 11:58:43.537 23254 23254 I Finsky:background: [2] abpi.g(6): abpi - Deduping intent android.intent.action.PACKAGE_ADDED
02-25 11:58:43.538 23254 8117 I Finsky:background: [215] rhr.accept(112): Wrote row to frosting DB: 5168
02-25 11:58:43.546 1385 1804 I Pageboost: add app to global @ runtime: com.companyname.mauiapp3
02-25 11:58:43.546 1385 1762 D NetdEventListenerService: DNS Requested by 102, 10184, 24
02-25 11:58:43.546 804 804 D Zygote : Forked child process 8140
02-25 11:58:43.546 23254 8117 I Finsky:background: [215] rhr.accept(112): Wrote row to frosting DB: 5169
02-25 11:58:43.547 1385 1428 W ActivityManager: Slow operation: 88ms so far, now at startProcess: returned from zygote!
02-25 11:58:43.555 6158 8116 I GOS:GameIntentService: onPackageChanged(). extras: Bundle[{changeType=0, manifestCategory=-1, userId=0, pkgName=com.companyname.mauiapp3, type=15, packageName=com.companyname.mauiapp3, categoryOverride=-1}]
02-25 11:58:43.555 6158 8116 I GOS:GameIntentService: onPackageChanged(). changeType(INSTALLED), pkgName(com.companyname.mauiapp3), UserHandle(0), userId(0), Installed(true)
02-25 11:58:43.556 6158 8116 I GOS:GameIntentService: onPkgInstalled(), appInfoCategory: null, packageName: com.companyname.mauiapp3
02-25 11:58:43.555 1385 1412 D VpnManagerService: Exception: java.lang.NullPointerException: Attempt to invoke interface method 'int com.samsung.android.knox.zt.networktrust.filter.IKnoxNetworkFilterService.getKnoxNwFilterHttpProxyPort(int, java.lang.String)' on a null object reference
02-25 11:58:43.555 1385 1412 D VpnManagerService: at com.android.server.VpnManagerService.getKnoxNwFilterHttpProxyPort(VpnManagerService.java:1945)
02-25 11:58:43.555 1385 1412 D VpnManagerService: at android.net.IVpnManager$Stub.onTransact(IVpnManager.java:1075)
02-25 11:58:43.555 1385 1412 D VpnManagerService: at android.os.Binder.execTransactInternal(Binder.java:1375)
02-25 11:58:43.555 1385 1412 D VpnManagerService: at android.os.Binder.execTransact(Binder.java:1311)
02-25 11:58:43.563 1385 1428 W ActivityManager: Slow operation: 104ms so far, now at startProcess: done updating battery stats
02-25 11:58:43.563 6158 8116 I GOS:SystemEventReactor: checkReservedCategory() - reservedList is null or empty!
02-25 11:58:43.563 1385 1428 W ActivityManager: Slow operation: 104ms so far, now at startProcess: building log message
02-25 11:58:43.563 1385 1428 I ActivityManager: Start proc 8140:com.samsung.android.provider.filterprovider/1000 for broadcast {com.samsung.android.provider.filterprovider/com.samsung.android.provider.filterprovider.PackageIntentReceiver}
02-25 11:58:43.563 1385 1428 W ActivityManager: Slow operation: 104ms so far, now at startProcess: starting to update pids map
02-25 11:58:43.563 1385 1428 W ActivityManager: Slow operation: 105ms so far, now at startProcess: done updating pids map
02-25 11:58:43.564 1385 1762 D NetdEventListenerService: DNS Requested by 102, 10184, 38
02-25 11:58:43.565 8131 8131 I id.app.routines: Using CollectorTypeCC GC.
02-25 11:58:43.565 17839 8089 I Auth : (REDACTED) [SupervisedAccountIntentOperationV2] onHandleIntent: %s
02-25 11:58:43.566 3113 3113 I ezda : (REDACTED) O received %s
02-25 11:58:43.571 8131 8131 E id.app.routines: Not starting debugger since process cannot load the jdwp agent.
02-25 11:58:43.612 1385 1412 D CompatibilityChangeReporter: Compat change id reported: 170503758; UID 10047; state: ENABLED
02-25 11:58:43.614 8140 8140 I .filterprovider: Using CollectorTypeCC GC.
02-25 11:58:43.617 15173 15212 W acel : Abort, client detached.
02-25 11:58:43.621 8140 8140 E .filterprovider: Not starting debugger since process cannot load the jdwp agent.
02-25 11:58:43.622 23117 23181 I Finsky : [125] mbt.apply(1235): AIM: Got app ownership map. App counts: . Unique apps: 0
02-25 11:58:43.622 23117 23181 E Finsky : [125] ahqk.v(47): [Counters] attempted to use a non-positive increment for: 4752
02-25 11:58:43.629 23117 23180 W android.vending: Long monitor contention with owner bgExecutor #0 (23169) at void mvx.k(java.lang.Object)(PG:42) waiters=0 in void mvr.e(java.lang.Object) for 132ms
02-25 11:58:43.630 23117 23180 I Finsky : [124] mxk.a(47): AIM: AppInfoManager-Perf > OnDeviceAppInfo > cacheHitCount=1, cacheMissCount=0. Missed in cache (limit 10) : []
02-25 11:58:43.641 23117 23174 I Finsky : [118] mbt.apply(1235): AIM: Got app ownership map. App counts: . Unique apps: 0
02-25 11:58:43.642 23117 23174 E Finsky : [118] ahqk.v(47): [Counters] attempted to use a non-positive increment for: 4752
02-25 11:58:43.647 18220 8127 I ProximityAuth: [RecentAppsMediator] Package added: (user=UserHandle{0}) com.companyname.mauiapp3
02-25 11:58:43.650 17839 17839 D BoundBrokerSvc: onBind: Intent { act=com.google.android.gms.common.BIND_SHARED_PREFS pkg=com.google.android.gms }
02-25 11:58:43.650 17839 17839 D BoundBrokerSvc: Loading bound service for intent: Intent { act=com.google.android.gms.common.BIND_SHARED_PREFS pkg=com.google.android.gms }
02-25 11:58:43.654 23117 23180 E Finsky : [124] ahqk.v(47): [Counters] attempted to use a non-positive increment for: 4753
02-25 11:58:43.661 1385 4640 I ActivityManager: Flag disabled. Ignoring finishAttachApplication from uid: 1000. pid: 8081
02-25 11:58:43.665 23117 23181 E Finsky : [125] ahqk.v(47): [Counters] attempted to use a non-positive increment for: 4753
02-25 11:58:43.666 23117 23181 I Finsky : [125] mxf.a(218): AIM: AppInfoManager-Perf > ItemModel > CacheSize=54, cacheHitCount=0, cacheMissCount=0, total appsWithNoServerDataCount=7. Missed in cache (limit 10) : []
02-25 11:58:43.668 1385 1412 D CompatibilityChangeReporter: Compat change id reported: 168419799; UID 1000; state: DISABLED
02-25 11:58:43.669 1385 1412 D CompatibilityChangeReporter: Compat change id reported: 273564678; UID 1000; state: DISABLED
02-25 11:58:43.675 1385 1426 D MetaDataCollector: onReceive: begin action=android.intent.action.PACKAGE_ADDED
02-25 11:58:43.675 1385 1426 D MetaDataCollector: onReceive: done pkgName=com.companyname.mauiapp3
02-25 11:58:43.676 1842 2898 D LauncherApps: onPackageChanged 0,com.companyname.mauiapp3
02-25 11:58:43.677 1385 1426 I SGM:GameManager: PkgUpdateReceiver, onReceive action =android.intent.action.PACKAGE_REPLACED changingUserId =0
02-25 11:58:43.677 1385 1426 I SGM:GameManager: PkgUpdateReceiver, onPackageReplaced : com.companyname.mauiapp3 userID : UserHandle{0}
02-25 11:58:43.678 1385 1426 D MetaDataCollector: onReceive: begin action=android.intent.action.PACKAGE_REPLACED
02-25 11:58:43.678 1385 1588 D SGM:GosNotifyThread: notifyPackageChangedToGos(), before send intent to GOS. type:15, changeType: 8, pkgName:com.companyname.mauiapp3, userHandleId:0
02-25 11:58:43.678 1385 1588 I SGM:GosNotifyThread: notifyPackageChangedToGos(), category from pm: com.companyname.mauiapp3, [-1/-1]
02-25 11:58:43.678 2218 2218 I HoneySpace.PackageOperationTracker: onPackageChanged - com.companyname.mauiapp3 UserHandle{0}
02-25 11:58:43.681 2218 7975 I HoneySpace.PackageSourceImpl: addActivityToList [ADD] : com.companyname.mauiapp3/crc64e73e5e987e2fb5cd.MainActivity#UserHandle{0}
02-25 11:58:43.681 2218 7975 I HoneySpace.IconCache: remove icon cache & DB : com.companyname.mauiapp3 UserHandle{0}
02-25 11:58:43.681 1385 1426 D MetaDataCollector: onReceive: done pkgName=com.companyname.mauiapp3
02-25 11:58:43.694 1385 2066 D CompatibilityChangeReporter: Compat change id reported: 161145287; UID 10184; state: ENABLED
02-25 11:58:43.704 1385 1588 D SGM:GosNotifyThread: notifyPackageChangedToGos(), after send intent to GOS. ComponentInfo{com.samsung.android.game.gos/com.samsung.android.game.gos.service.GameIntentService}
02-25 11:58:43.710 7570 7570 I AccountReloadObserver: [C] received action: android.intent.action.PACKAGE_REMOVED, dat: package:com.companyname.mauiapp3
02-25 11:58:43.710 7570 7570 I AccountReloadObserver: [C] request reload: 3
02-25 11:58:43.710 7570 7841 I AccountTypeModel: [C] account reload start: 3
02-25 11:58:43.710 7570 7570 I AccountReloadObserver: [C] received action: android.intent.action.PACKAGE_ADDED, dat: package:com.companyname.mauiapp3
02-25 11:58:43.710 7570 7570 I AccountReloadObserver: [C] request reload: 3
02-25 11:58:43.713 1385 2066 D SecContentProvider: query(), uri = 30 selection = isLocalContactStorageAllowed
02-25 11:58:43.714 1385 2066 D SecContentProvider: called from com.samsung.android.app.contacts
02-25 11:58:43.714 1385 2066 D RestrictionPolicy: isLocalContactStorageAllowed
02-25 11:58:43.714 1385 2066 D RestrictionPolicy: isLocalContactStorageAllowed(0) : true
02-25 11:58:43.715 7570 7841 I AccountTypeLoader: [C] add secure accounts (Knox:false, table:false)
02-25 11:58:43.716 6158 8182 I GOS:GameIntentService: onHandleIntent. GameIntentService. type: 15, pkgName: com.companyname.mauiapp3
02-25 11:58:43.725 15173 15206 I akit : (REDACTED) remove existing package for update: %s
02-25 11:58:43.726 7570 7841 I AccountTypeLoader: [C] add readonly account (readonly:false, table:false, att:false)
02-25 11:58:43.726 7570 7841 I TelephonyDataSource: [C] isMultiSimModel multiSimConfig : dsds
02-25 11:58:43.726 7570 7841 I SimModel: [C] isMultiSimModel : true
02-25 11:58:43.726 7570 7841 I AccountTypeLoader: [C] add sim1 account(support:true, multi:true)
02-25 11:58:43.726 7570 7841 I EsimUtil: [C] Esim is not supported
02-25 11:58:43.726 7570 7841 I TelephonyDataSource: [C] isMultiSimModel multiSimConfig : dsds
02-25 11:58:43.726 7570 7841 I SimModel: [C] isMultiSimModel : true
02-25 11:58:43.734 7570 7841 I SimModel: [C] CompleteActiveSubscriptionInfoList : 1
02-25 11:58:43.734 7570 7841 I SimDataSource: [C] getSimIconIndex() iccTypeSlot : 0,2
02-25 11:58:43.734 7570 7841 I SimDataSource: [C] getSimIconIndex() [0] nIndex : 11
02-25 11:58:43.734 7570 7841 I SimDataSource: [C] getSimIcon(0) simIcon: 2131232029, iconIdx: 11
02-25 11:58:43.735 1385 4836 D SecContentProvider: query(), uri = 30 selection = isLocalContactStorageAllowed
02-25 11:58:43.737 1385 4836 D SecContentProvider: called from com.samsung.android.app.contacts
02-25 11:58:43.737 1385 4836 D RestrictionPolicy: isLocalContactStorageAllowed
02-25 11:58:43.737 1385 4836 D RestrictionPolicy: isLocalContactStorageAllowed(0) : true
02-25 11:58:43.738 17839 8119 W SQLiteLog: (28) double-quoted string literal: "com.companyname.mauiapp3"
02-25 11:58:43.741 15173 8101 I dlwx : (REDACTED) soft deleting data for %s
02-25 11:58:43.747 23117 23169 I Finsky : [114] rrq.accept(58): SCH: Scheduling phonesky job Id: 12-1, CT: 1740484723449, Constraints: [{ L: 15000, D: 86400000, C: CHARGING_NONE, I: IDLE_NONE, N: NET_ANY, B: BATTERY_ANY }]
02-25 11:58:43.749 23117 23169 I Finsky : [114] mxf.a(218): AIM: AppInfoManager-Perf > ItemModel > CacheSize=54, cacheHitCount=0, cacheMissCount=0, total appsWithNoServerDataCount=7. Missed in cache (limit 10) : []
02-25 11:58:43.752 1385 1801 D VpnManagerService: Exception: java.lang.NullPointerException: Attempt to invoke interface method 'int com.samsung.android.knox.zt.networktrust.filter.IKnoxNetworkFilterService.getKnoxNwFilterHttpProxyPort(int, java.lang.String)' on a null object reference
02-25 11:58:43.752 1385 1801 D VpnManagerService: at com.android.server.VpnManagerService.getKnoxNwFilterHttpProxyPort(VpnManagerService.java:1945)
02-25 11:58:43.752 1385 1801 D VpnManagerService: at android.net.IVpnManager$Stub.onTransact(IVpnManager.java:1075)
02-25 11:58:43.752 1385 1801 D VpnManagerService: at android.os.Binder.execTransactInternal(Binder.java:1375)
02-25 11:58:43.752 1385 1801 D VpnManagerService: at android.os.Binder.execTransact(Binder.java:1311)
02-25 11:58:43.752 15173 15206 I dlwn : Scheduling deletion propagation for Geller data.
02-25 11:58:43.753 1385 4839 D SecContentProvider2: query(), uri = 18 selection = isCopyContactToSimAllowed
02-25 11:58:43.754 23117 23169 I Finsky : [114] luo.accept(133): AIM: AppInfoManager-Perf > getApps > data collection finished
02-25 11:58:43.754 15173 8186 I dlwn : Performing deletion propagation for Geller data.
02-25 11:58:43.754 23117 23169 I Finsky : [114] mwe.run(1069): AIM: AppInfoManager-Perf > maybeDestroyAppInfoManager is called. actives = 1
02-25 11:58:43.754 1385 4839 D SecContentProvider2: isCopyContactToSimAllowed = true
02-25 11:58:43.755 23117 23169 I Finsky : [114] nat.apply(290): SCH: Scheduling 0 system job(s)
02-25 11:58:43.756 23117 23169 I Finsky : [114] ozv.kk(181): [ContentSync] finished, scheduled=true
02-25 11:58:43.756 15173 8101 I dlwx : (REDACTED) Writing data of size=%d bytes with N=%d keys to Geller corpus %s at ts=%d
02-25 11:58:43.759 15173 15206 I akit : refreshDeviceAppInfoForAccount done.
02-25 11:58:43.759 23117 23169 I Finsky : [114] rrq.accept(58): SCH: Scheduling phonesky job Id: 12-1, CT: 1740484723497, Constraints: [{ L: 15000, D: 86400000, C: CHARGING_NONE, I: IDLE_NONE, N: NET_ANY, B: BATTERY_ANY }]
02-25 11:58:43.765 7570 7841 I SimModel: [C] CompleteActiveSubscriptionInfoList : 1
02-25 11:58:43.765 7570 7841 I AccountTypeLoader: [C] add sim2 account(support:true, opportunistic:false)
02-25 11:58:43.765 7570 7841 I EsimUtil: [C] Esim is not supported
02-25 11:58:43.765 7570 7841 I TelephonyDataSource: [C] isMultiSimModel multiSimConfig : dsds
02-25 11:58:43.765 7570 7841 I SimModel: [C] isMultiSimModel : true
02-25 11:58:43.766 8131 8131 I Routine : attachBaseContext
02-25 11:58:43.766 23117 23169 I Finsky : [114] mxf.a(218): AIM: AppInfoManager-Perf > ItemModel > CacheSize=54, cacheHitCount=0, cacheMissCount=0, total appsWithNoServerDataCount=7. Missed in cache (limit 10) : []
02-25 11:58:43.766 8131 8131 I Routine : injectImplementation
02-25 11:58:43.767 23117 23169 I Finsky : [114] mxf.a(218): AIM: AppInfoManager-Perf > ItemModel > CacheSize=54, cacheHitCount=0, cacheMissCount=0, total appsWithNoServerDataCount=7. Missed in cache (limit 10) : []
02-25 11:58:43.768 1385 4838 D VpnManagerService: Exception: java.lang.NullPointerException: Attempt to invoke interface method 'int com.samsung.android.knox.zt.networktrust.filter.IKnoxNetworkFilterService.getKnoxNwFilterHttpProxyPort(int, java.lang.String)' on a null object reference
02-25 11:58:43.768 1385 4838 D VpnManagerService: at com.android.server.VpnManagerService.getKnoxNwFilterHttpProxyPort(VpnManagerService.java:1945)
02-25 11:58:43.768 1385 4838 D VpnManagerService: at android.net.IVpnManager$Stub.onTransact(IVpnManager.java:1075)
02-25 11:58:43.768 1385 4838 D VpnManagerService: at android.os.Binder.execTransactInternal(Binder.java:1375)
02-25 11:58:43.768 1385 4838 D VpnManagerService: at android.os.Binder.execTransact(Binder.java:1311)
02-25 11:58:43.769 7570 7841 I SimModel: [C] CompleteActiveSubscriptionInfoList : 1
02-25 11:58:43.769 7570 7841 I SimDataSource: [C] getSimIconIndex() iccTypeSlot : 0,2
02-25 11:58:43.769 7570 7841 I SimDataSource: [C] getSimIconIndex() [1] nIndex : 1
02-25 11:58:43.769 7570 7841 I SimDataSource: [C] getSimIcon(1) simIcon: 2131232030, iconIdx: 1
02-25 11:58:43.771 1385 2066 D SecContentProvider: query(), uri = 30 selection = isLocalContactStorageAllowed
02-25 11:58:43.771 1385 2066 D SecContentProvider: called from com.samsung.android.app.contacts
02-25 11:58:43.771 1385 2066 D RestrictionPolicy: isLocalContactStorageAllowed
02-25 11:58:43.771 1385 2066 D RestrictionPolicy: isLocalContactStorageAllowed(0) : true
02-25 11:58:43.771 1385 1407 I system_server: Background young concurrent copying GC freed 15MB AllocSpace bytes, 322(6696KB) LOS objects, 17% free, 77MB/93MB, paused 1.778ms,490us total 153.804ms
02-25 11:58:43.773 1385 2066 D SecContentProvider2: query(), uri = 18 selection = isCopyContactToSimAllowed
02-25 11:58:43.773 3091 3108 I ogle.android.as: Background young concurrent copying GC freed 5416KB AllocSpace bytes, 4(160KB) LOS objects, 57% free, 4305KB/10154KB, paused 163us,47us total 181.024ms
02-25 11:58:43.773 3091 3108 W ogle.android.as: Reducing the number of considered missed Gc histogram windows from 830 to 100
02-25 11:58:43.773 23117 23169 I Finsky : [114] nat.apply(290): SCH: Scheduling 0 system job(s)
02-25 11:58:43.774 1385 2066 D SecContentProvider2: isCopyContactToSimAllowed = true
02-25 11:58:43.775 7570 7841 I AccountTypeLoader: [C] add syncable account types
02-25 11:58:43.776 23117 23169 I Finsky : [114] ozv.kk(181): [ContentSync] finished, scheduled=true
02-25 11:58:43.776 17839 6003 I Icing : IndexChimeraService.getServiceInterface callingPackage=com.google.android.gms componentName=AppsCorpus serviceId=36
02-25 11:58:43.777 23117 23169 I Finsky : [114] luo.accept(133): AIM: AppInfoManager-Perf > getApps > data collection finished
02-25 11:58:43.777 23117 23169 I Finsky : [114] mwe.run(1069): AIM: AppInfoManager-Perf > maybeDestroyAppInfoManager is called. actives = 0
02-25 11:58:43.787 18220 8175 I FontLog : (REDACTED) Package %s has no metadata
02-25 11:58:43.796 15173 15223 W akit : missing version info.
02-25 11:58:43.796 2218 7975 I AppIconSolution: getThemeIconWithBG called with public API, pkg = com.companyname.mauiapp3, mode = 48
02-25 11:58:43.797 2218 7975 I AppIconSolution: return adaptive icon for com.companyname.mauiapp3, isNight = false
02-25 11:58:43.797 2218 7975 I LauncherActivityInfo: packageName: com.companyname.mauiapp3, useThemeIcon: false, height: 288, width: 288, density: 640
02-25 11:58:43.797 17839 17839 D BoundBrokerSvc: onBind: Intent { act=com.google.android.gms.feedback.internal.IFeedbackService dat=chimera-action:/... cmp=com.google.android.gms/.chimera.GmsBoundBrokerService }
02-25 11:58:43.797 17839 17839 D BoundBrokerSvc: Loading bound service for intent: Intent { act=com.google.android.gms.feedback.internal.IFeedbackService dat=chimera-action:/... cmp=com.google.android.gms/.chimera.GmsBoundBrokerService }
02-25 11:58:43.802 8140 8140 I FILP/FilterProvider: versionName : 7.0.12, DB version : 101
02-25 11:58:43.804 8140 8140 I FILP/b : CscFeature :
02-25 11:58:43.804 8140 8140 I FILP/b : existTBFilters : false
02-25 11:58:43.804 8140 8140 I FILP/b : Preload Filter Version : 5
02-25 11:58:43.804 8140 8140 I FILP/b : One UI version : 60100
02-25 11:58:43.813 8140 8140 I FILP/a : storeThirdPartyExternalFilters
02-25 11:58:43.813 8140 8140 I FILP/FilterProvider: query: X
02-25 11:58:43.814 2218 11120 E OpenGLRenderer: Device claims wide gamut support, cannot find matching config, error = EGL_SUCCESS
02-25 11:58:43.815 2218 11120 W OpenGLRenderer: Failed to initialize 101010-2 format, error = EGL_SUCCESS
02-25 11:58:43.816 8131 8131 I ModesOrderManager: getOrderOrDefault: uuid(100)
02-25 11:58:43.819 6158 8182 I GOS:GameIntentService: onPackageChanged(). extras: Bundle[{changeType=8, manifestCategory=-1, userId=0, pkgName=com.companyname.mauiapp3, type=15, packageName=com.companyname.mauiapp3, categoryOverride=-1}]
02-25 11:58:43.819 6158 8182 I GOS:GameIntentService: onPackageChanged(). changeType(REPLACED), pkgName(com.companyname.mauiapp3), UserHandle(0), userId(0), Installed(true)
02-25 11:58:43.823 8131 8131 I ModesOrderManager: initializeIfNeeded: initialize
02-25 11:58:43.823 8131 8131 I ModesOrderManager: isAllModesOrderExist: true
02-25 11:58:43.827 8131 8131 I ModesOrderManager: removeNotRequiredOrders: uuidsToBeDeleted([])
02-25 11:58:43.828 2218 5158 I HoneySpace.IconCache: add icon DB: [com.companyname.mauiapp3/crc64e73e5e987e2fb5cd.MainActivity#UserHandle{0}] - IconAndLabel(icon=android.graphics.Bitmap@b6dd1dc, label=MauiApp3) | false | 640 | false
02-25 11:58:43.829 8131 8131 I ModesOrderManager: getOrder: uuid(100) -> order(999)
02-25 11:58:43.829 2218 7975 I HoneySpace.PackageSourceImpl: package changed info list size : 1
02-25 11:58:43.829 8131 8131 I ModeListHolder: update: size(1) updated(1740484723829) [ModeMeta(id=1, uuid=100, iconResourceId=2131230988, iconStatusResourceId=2131231279, displayName=Sleep, isRunning=false, runningReason=, runningReasonCondition=, isSet=true, order=999)]
02-25 11:58:43.829 2218 2218 I HoneySpace.HoneySpaceManagerContainer: packageUpdateEvent - com.honeyspace.sdk.source.entity.PackageOperation$Changed@fdb92e5
02-25 11:58:43.829 2218 2218 I HoneySpace.HoneySpaceManagerContainer: refreshHoneyPlugin, packageName: com.companyname.mauiapp3
02-25 11:58:43.830 8131 8131 I RoutineSettingsMenuSearchProvider: secQueryGetFingerprint :4.6.01.5en_GB
02-25 11:58:43.830 2218 2218 I HoneySpace.HoneySpacePackageSourceImpl: getHiddenItems : 0
02-25 11:58:43.830 2218 2218 I HoneySpace.HoneySpacePackageSourceImpl: getHiddenItems : 0
02-25 11:58:43.830 8131 8131 I CapsuleProvider_1.0.25: onCreate
02-25 11:58:43.831 2218 6951 I HoneySpace.HoneySpacePackageSourceImpl: Package changed : com.companyname.mauiapp3
02-25 11:58:43.831 2218 6951 I HoneySpace.HoneySpacePackageSourceImpl: getHiddenItems : 0
02-25 11:58:43.831 2218 6951 I HoneySpace.HoneySpacePackageSourceImpl: addActiveItem [ADD] : com.companyname.mauiapp3/crc64e73e5e987e2fb5cd.MainActivity#UserHandle{0}
02-25 11:58:43.831 2218 6951 I SearchableManager: invalidate: com.companyname.mauiapp3
02-25 11:58:43.831 1385 4844 D CompatibilityChangeReporter: Compat change id reported: 161145287; UID 10183; state: ENABLED
02-25 11:58:43.834 2218 6396 E HoneySpace.PackageUtils: com.samsung.android.app.spage is not installed
02-25 11:58:43.834 2218 6396 I HoneySpace.MinusOnePageUtils: ComponentInfo{com.samsung.android.app.spage/com.samsung.android.app.spage.main.MainActivity} package not installed
02-25 11:58:43.834 2218 7975 I HoneySpace.InstallSessionHelper: getActiveSessions : {}
02-25 11:58:43.835 1385 2066 D PackageManager: setEnabledSetting : userId = 0 packageName = com.samsung.android.app.routines cmp = androidx.work.impl.background.systemjob.SystemJobService newState = 1 callingPackage = com.samsung.android.app.routines
02-25 11:58:43.835 1385 2066 D ApplicationPolicy: getApplicationStateEnabled : pkg = com.samsung.android.app.routines userId : 0
02-25 11:58:43.836 2218 6396 E HoneySpace.PackageUtils: com.samsung.android.app.spage is not installed
02-25 11:58:43.836 1385 2066 D ApplicationPolicy: getApplicationComponentState : pkg = com.samsung.android.app.routines userId : 0
02-25 11:58:43.836 2218 6396 I HoneySpace.MinusOnePageUtils: ComponentInfo{com.samsung.android.app.spage/com.samsung.android.app.spage.main.MainActivity} package not installed
02-25 11:58:43.837 8140 8140 I FILP/FilterProvider: query: E
02-25 11:58:43.839 8140 8140 I FILP/a : installFilters
02-25 11:58:43.839 8140 8140 I FILP/FilterProvider: query: X
02-25 11:58:43.840 8140 8140 I FILP/FilterProvider: query: E
02-25 11:58:43.841 8140 8140 I FILP/a : loadExternalFilter count : 12
02-25 11:58:43.842 8131 8131 I GTS_CELL: version 1.2.28
02-25 11:58:43.843 8140 8140 I FILP/FilterProvider: query: X
02-25 11:58:43.844 8140 8140 I FILP/FilterProvider: query: E
02-25 11:58:43.845 8140 8140 I FILP/g : getFileCount : file count = 0
02-25 11:58:43.845 8140 8140 I FILP/g : isDBExists : count = 0, return.
02-25 11:58:43.847 17839 6003 I Icing : IndexChimeraService.getServiceInterface callingPackage=com.google.android.gms componentName=null serviceId=30
02-25 11:58:43.849 1385 2258 I ActivityManager: Flag disabled. Ignoring finishAttachApplication from uid: 1000. pid: 8140
02-25 11:58:43.850 8140 8140 I FILP/PackageIntentReceiver: action 1: com.samsung.android.provider.filterprovider.INTENT_PACKAGE_REMOVED
02-25 11:58:43.850 8140 8140 I FILP/PackageIntentReceiver: pkgName : com.companyname.mauiapp3
02-25 11:58:43.850 8140 8140 I FILP/PackageIntentReceiver: action 2: com.samsung.android.provider.filterprovider.INTENT_PACKAGE_REMOVED
02-25 11:58:43.850 8140 8140 I FILP/PackageIntentReceiver: action 3: com.samsung.android.provider.filterprovider.INTENT_PACKAGE_REMOVED
02-25 11:58:43.850 1385 2066 D CompatibilityChangeReporter: Compat change id reported: 161252188; UID 1000; state: DISABLED
02-25 11:58:43.851 8140 8140 W ContextImpl: Calling a method in the system process without a qualified user: android.app.ContextImpl.startService:1960 android.content.ContextWrapper.startService:842 android.content.ContextWrapper.startService:842 com.samsung.android.provider.filterprovider.PackageIntentReceiver.onReceive:349 android.app.ActivityThread.handleReceiver:4896
02-25 11:58:43.858 8140 8140 I FILP/FilterPackageService: onStartCommand(com.samsung.android.provider.filterprovider.INTENT_PACKAGE_REMOVED)
02-25 11:58:43.859 8140 8201 I FILP/c : uninstallFilters
02-25 11:58:43.859 8140 8201 I FILP/FilterProvider: query: X
02-25 11:58:43.861 8140 8140 I FILP/PackageIntentReceiver: action 1: com.samsung.android.provider.filterprovider.INTENT_PACKAGE_ADDED
02-25 11:58:43.861 8140 8140 I FILP/PackageIntentReceiver: pkgName : com.companyname.mauiapp3
02-25 11:58:43.861 8140 8201 I FILP/FilterProvider: query: E
02-25 11:58:43.861 8140 8140 I FILP/PackageIntentReceiver: action 2: com.samsung.android.provider.filterprovider.INTENT_PACKAGE_ADDED
02-25 11:58:43.861 8140 8201 I FILP/c : removeFromFS : com.companyname.mauiapp3, cursor size : 0
02-25 11:58:43.862 8140 8140 E FILP/PackageIntentReceiver: This package is not a effect filter
02-25 11:58:43.864 1385 4838 I ActivityManager: Killing 7327:com.android.providers.calendar/u0a79 (adj 999): empty #25
02-25 11:58:43.864 8140 8201 I FILP/c : Delete DB result : com.companyname.mauiapp3, 0
02-25 11:58:43.866 8140 8201 I FILP/c : uninstallFilters mPackageName: com.companyname.mauiapp3
02-25 11:58:43.866 7570 7841 I AccountTypeLoader: [C] > added: accountType : com.google, dataSet : null
02-25 11:58:43.866 7570 7841 I ExternalAccountType: [C] loadContactsXml : com.google.android.apps.tachyon
02-25 11:58:43.867 17839 7254 I Icing : Usage reports ok 1, Failed Usage reports 0, indexed 0, rejected 0
02-25 11:58:43.868 7570 7841 I ExternalAccountType: [C] Metadata loaded from: com.google.android.apps.tachyon, com.google.android.apps.tachyon.contacts.sync.SyncService, android.provider.CONTACTS_STRUCTURE
02-25 11:58:43.868 7570 7841 I AccountTypeLoader: [C] > added: resource packageName : com.google.android.apps.tachyon, sync adapter packageName : com.google.android.apps.tachyon, isExtension : false
02-25 11:58:43.870 7570 7841 I AccountTypeLoader: [C] > added: accountType : com.google.android.gm.exchange, dataSet : null
02-25 11:58:43.871 7570 7841 I AccountTypeLoader: [C] > added: accountType : com.osp.app.signin, dataSet : null
02-25 11:58:43.873 7570 7841 I AccountTypeLoader: [C] > added: accountType : com.samsung.android.coreapps, dataSet : null
02-25 11:58:43.873 7570 7841 I ExternalAccountType: [C] loadContactsXml : com.google.android.apps.plus
02-25 11:58:43.874 7570 7841 E ExternalAccountType: [C] Package was found, but that doesn't contain the CONTACTS_STRUCTURE metadata
02-25 11:58:43.874 7570 7841 I AccountTypeLoader: [C] add syncable accounts (table:false, UIM:false, Samsung:false)
02-25 11:58:43.875 7570 7841 I AccountTypeLoader: [C] > added account: com.google
02-25 11:58:43.876 7570 7841 I AccountTypeLoader: [C] > added account: com.google.android.apps.tachyon
02-25 11:58:43.885 804 804 I Zygote : Process 7327 exited due to signal 9 (Killed)
02-25 11:58:43.887 1385 1418 D DisplayManagerService: Drop pending events for gone uid 10079
02-25 11:58:43.887 1385 1429 I libprocessgroup: Successfully killed process cgroup uid 10079 pid 7327 in 22ms
02-25 11:58:43.890 2160 2160 D HidDeviceService: handleMessage(): msg.what=8
02-25 11:58:43.894 8131 8131 I Routine@Core[4.6.01.5]: Routine: Routine:onCreate: sIsDebugLevelMid=false, secLevel=false
02-25 11:58:43.898 8131 8131 I Routine@Core[4.6.01.5]: RoutinesAppWidgetProviderPolicyImpl: getAvailableAppWidgetProviderComponentName - [old : 0, new : 0]
02-25 11:58:43.898 8131 8131 I Routine@Core[4.6.01.5]: RoutinesAppWidgetProviderPolicyImpl: getAvailableComponentName - don't have any widget ids.
02-25 11:58:43.898 8131 8131 I Routine@Core[4.6.01.5]: SALogger: setConfiguration start
02-25 11:58:43.898 8131 8131 I Routine@Core[4.6.01.5]: SALogger: registerSharedPreferences()
02-25 11:58:43.899 8131 8131 I Routine@Core[4.6.01.5]: SALogger: setConfiguration done
02-25 11:58:43.899 8131 8131 E DIAGMON_SDK: DMA Client is not exist
02-25 11:58:43.899 8131 8131 I DIAGMON_SDK[605066]: DiagMonAgent type: 0
02-25 11:58:43.899 8131 8206 E DIAGMON_SDK: DMA Client is not exist
02-25 11:58:43.900 8131 8131 E DIAGMON_SDK: DMA Client is not exist
02-25 11:58:43.900 8131 8131 W DIAGMON_SDK[605066]: It is not supported : NO_DMA
02-25 11:58:43.900 8131 8131 W DIAGMON_SDK[605066]: UncaughtExceptionLogging can't be enabled because Configuration is null
02-25 11:58:43.900 8131 8131 I CapsuleProvider_1.0.25: releasing initialize wait lock.
02-25 11:58:43.900 8131 8131 I a_1.0.25: initialized
02-25 11:58:43.901 8131 8131 I Routine@Core[4.6.01.5]: Routine: Routine::initWearFeatures - initializeWearFeature
02-25 11:58:43.904 1385 4838 I ActivityManager: Killing 7356:com.osp.app.signin/u0a82 (adj 999): empty #25
02-25 11:58:43.904 8131 8208 I Routine@Core[4.6.01.5]: Pref: putSharedPrefsData: key=debug_mode_features, data.size=427
02-25 11:58:43.905 8131 8209 I Routine@Core[4.6.01.5]: GooglePlayServiceChecker: isWearableClientAvailable : Global device
02-25 11:58:43.908 8131 8209 I Routine@Core[4.6.01.5]: WearSyncObserver: registerObservers: registered
02-25 11:58:43.908 8131 8209 I Routine@Core[4.6.01.5]: ModeManagerImpl: start(476d033)
02-25 11:58:43.909 7570 7841 I AccountTypeModel: [C] Accounts change = false, types change = true, loaded = true
02-25 11:58:43.909 7570 7841 I AccountTypeModel: [C] account reload finish: 3
02-25 11:58:43.909 7570 7841 I AccountTypeModel: [C] account reload start: 3
02-25 11:58:43.909 8131 8208 I Routine@Core[4.6.01.5]: DebugModeRepository: initialized.
02-25 11:58:43.911 8131 8209 I Routine@Core[4.6.01.5]: ModeLocalDataSource: isCompanionWatchSupportModeMirror, result: false
02-25 11:58:43.911 8131 8131 I Routine@Core[4.6.01.5]: BroadcastRegister: registerReceivers
02-25 11:58:43.911 1385 1429 I libprocessgroup: Successfully killed process cgroup uid 10082 pid 7356 in 5ms
02-25 11:58:43.911 8131 8209 I Routine@Core[4.6.01.5]: WearDataLayerHelper: getNodeOfCompanionWatchSupportModeMirror: onlyNearby - false
02-25 11:58:43.912 8131 8131 I Routine@Core[4.6.01.5]: BroadcastRegister: registerPackageAddedIntentFilterInternal
02-25 11:58:43.912 1385 2066 D SecContentProvider: query(), uri = 30 selection = isLocalContactStorageAllowed
02-25 11:58:43.912 1385 2066 D SecContentProvider: called from com.samsung.android.app.contacts
02-25 11:58:43.912 1385 2066 D RestrictionPolicy: isLocalContactStorageAllowed
02-25 11:58:43.912 1385 2066 D RestrictionPolicy: isLocalContactStorageAllowed(0) : true
02-25 11:58:43.913 7570 7841 I AccountTypeLoader: [C] add secure accounts (Knox:false, table:false)
02-25 11:58:43.913 17839 7254 I Icing : Usage reports ok 0, Failed Usage reports 0, indexed 0, rejected 0
02-25 11:58:43.914 8131 8131 I SEP_UNION_SemUnionManager: initializeManagerMapData(10047) context = android.app.ContextImpl@6bfeec6
02-25 11:58:43.916 8131 8131 I SEP_UNION_SemUnionManager: getUnionService(semeventdelegator)
02-25 11:58:43.917 8131 8131 I SEP_UNION_SemUnionManager: getSemSystemService : semeventdelegator
02-25 11:58:43.917 1385 2258 D SEP_UNION_SemUnionMainServiceImpl: getSemSystemService - semeventdelegator
02-25 11:58:43.918 8131 8131 I Routine@Core[4.6.01.5]: BroadcastRegister: registerPackageMonitoringIntentFilterInternal
02-25 11:58:43.918 8131 8131 I SEP_UNION_SemUnionManager: getUnionService(semeventdelegator)
02-25 11:58:43.918 1385 2084 D SEP_UNION_SemDeviceInfoManagerService: Register intent = android.intent.action.PACKAGE_ADDED, package = com.samsung.android.app.routines, userId = 0, flag = 0, conditions = null
02-25 11:58:43.919 1385 2084 D SEP_UNION_SemDeviceInfoManagerService: Same PendingIntent is in com.samsung.android.app.routines
02-25 11:58:43.919 1385 2084 D SEP_UNION_SemDeviceInfoManagerService: Register intent = android.intent.action.PACKAGE_REPLACED, android.intent.action.PACKAGE_CHANGED, android.intent.action.PACKAGE_REMOVED, android.intent.action.PACKAGE_FULLY_REMOVED, android.intent.action.MY_PACKAGE_REPLACED, package = com.samsung.android.app.routines, userId = 0, flag = 1, conditions = [com.samsung.android.app.routines, com.samsung.android.app.routineplus, com.android.settings, com.android.systemui, com.samsung.accessibility, com.samsung.accessory.atticmgr, com.samsung.accessory.berrymgr, com.samsung.accessory.neobeanmgr, com.samsung.accessory.pearlmgr, com.samsung.accessory.popcornmgr, com.samsung.android.app.aodservice, com.samsung.android.app.clockpack, com.samsung.android.app.cocktailbarservice, com.samsung.android.app.dressroom, com.samsung.android.app.galaxyregistry, com.samsung.android.app.sharelive, com.samsung.android.app.smartcapture, com.samsung.android.app.smartwidget, com.samsung.android.fast, com.samsung.android.heartplugin, com.samsung.android.honeyboard, com.samsung.android.lool, com.samsung.android.mdecservice, com.samsung.android.mdx, com.samsung.android.service.aircommand, com.samsung.android.smartmirroring, com.samsung.android.sm_cn, com.samsung.android.waterplugin, com.samsung.wearable.watch6plugin, com.sec.android.app.clockpackage, com.sec.android.app.soundalive, com.sec.android.desktopmode.uiservice, com.sec.android.app.launcher, com.samsung.android.routinesdkv3]
02-25 11:58:43.920 1385 2084 D SEP_UNION_SemDeviceInfoManagerService: Same PendingIntent is in com.samsung.android.app.routines
02-25 11:58:43.920 1385 2084 D SEP_UNION_SemDeviceInfoManagerService: Same PendingIntent is in com.samsung.android.app.routines
02-25 11:58:43.920 1385 2084 D SEP_UNION_SemDeviceInfoManagerService: Same PendingIntent is in com.samsung.android.app.routines
02-25 11:58:43.920 1385 2084 D SEP_UNION_SemDeviceInfoManagerService: Same PendingIntent is in com.samsung.android.app.routines
02-25 11:58:43.920 1385 2084 D SEP_UNION_SemDeviceInfoManagerService: Same PendingIntent is in com.samsung.android.app.routines
02-25 11:58:43.921 8131 8131 I SEP_UNION_SemUnionManager: getUnionService(semeventdelegator)
02-25 11:58:43.921 1385 2084 D SEP_UNION_SemDeviceInfoManagerService: Register intent = android.intent.action.DATE_CHANGED, package = com.samsung.android.app.routines, userId = 0, flag = 0, conditions = null
02-25 11:58:43.921 8131 8131 I SEP_UNION_SemUnionManager: getUnionService(semeventdelegator)
02-25 11:58:43.921 1385 2084 D SEP_UNION_SemDeviceInfoManagerService: Same PendingIntent is in com.samsung.android.app.routines
02-25 11:58:43.922 1385 4838 D SEP_UNION_SemDeviceInfoManagerService: Register intent = android.location.PROVIDERS_CHANGED, package = com.samsung.android.app.routines, userId = 0, flag = 0, conditions = null
02-25 11:58:43.922 8131 8131 I SEP_UNION_SemUnionManager: getUnionService(semeventdelegator)
02-25 11:58:43.922 1385 4838 D SEP_UNION_SemDeviceInfoManagerService: Same PendingIntent is in com.samsung.android.app.routines
02-25 11:58:43.922 8131 8131 I SEP_UNION_SemUnionManager: getUnionService(semeventdelegator)
02-25 11:58:43.922 1385 4844 D SEP_UNION_SemDeviceInfoManagerService: Register intent = android.intent.action.PACKAGE_DATA_CLEARED, package = com.samsung.android.app.routines, userId = 0, flag = 0, conditions = null
02-25 11:58:43.923 1385 4844 D SEP_UNION_SemDeviceInfoManagerService: Same PendingIntent is in com.samsung.android.app.routines
02-25 11:58:43.923 1385 2084 D SEP_UNION_SemDeviceInfoManagerService: Register intent = com.samsung.android.theme.themecenter.THEME_APPLY, package = com.samsung.android.app.routines, userId = 0, flag = 0, conditions = null
02-25 11:58:43.923 7570 7841 I AccountTypeLoader: [C] add readonly account (readonly:false, table:false, att:false)
02-25 11:58:43.923 7570 7841 I TelephonyDataSource: [C] isMultiSimModel multiSimConfig : dsds
02-25 11:58:43.923 7570 7841 I SimModel: [C] isMultiSimModel : true
02-25 11:58:43.923 7570 7841 I AccountTypeLoader: [C] add sim1 account(support:true, multi:true)
02-25 11:58:43.923 7570 7841 I EsimUtil: [C] Esim is not supported
02-25 11:58:43.924 7570 7841 I TelephonyDataSource: [C] isMultiSimModel multiSimConfig : dsds
02-25 11:58:43.924 7570 7841 I SimModel: [C] isMultiSimModel : true
02-25 11:58:43.924 1385 2084 D SEP_UNION_SemDeviceInfoManagerService: Same PendingIntent is in com.samsung.android.app.routines
02-25 11:58:43.925 7570 7841 I SimModel: [C] CompleteActiveSubscriptionInfoList : 1
02-25 11:58:43.925 7570 7841 I SimDataSource: [C] getSimIconIndex() iccTypeSlot : 0,2
02-25 11:58:43.925 7570 7841 I SimDataSource: [C] getSimIconIndex() [0] nIndex : 11
