02-25 11:58:50.803 890 916 E BufferQueueDebug: [Task=4614#1220](this:0xe96e10b8,id:-1,api:0,p:-1,c:-1) id info cannot be read from 'Task=4614#1220'
02-25 11:58:50.803 890 916 I BufferQueueDebug: [Task=4614#1220](this:0xe96e10b8,id:-1,api:0,p:-1,c:-1) BufferQueue core=(890:/system/bin/surfaceflinger)
02-25 11:58:50.803 890 916 I SurfaceFlinger: id=1220 createSurf, flag=24004, Task=4614#1220
02-25 11:58:50.806 1842 1979 V WindowManagerShell: Track 0 became idle
02-25 11:58:50.807 1842 1979 V WindowManagerShell: All active transition animations finished
02-25 11:58:50.807 2218 2218 I HoneySpace.TaskListViewModel: onTaskRemoved : 4614
02-25 11:58:50.807 2218 2218 I HoneySpace.BaseRecentsView: INVALID_TASK_POSITION 4614
02-25 11:58:50.807 2218 2218 I HoneySpace.TaskListViewModel: onTaskRemoved : 4614
02-25 11:58:50.807 2218 2374 I HoneySpace.TopTaskSource: onTaskRemoved: 4614
02-25 11:58:50.807 2218 2218 I HoneySpace.BaseRecentsView: INVALID_TASK_POSITION 4614
02-25 11:58:50.810 2218 8197 I HoneySpace.RecentTasks: onRecentTasksChanged
02-25 11:58:50.811 2218 2374 I HoneySpace.TopTaskSource: onTaskRemoved: 4614
02-25 11:58:50.815 890 890 I Layer : id=1218 removeFromCurrentState Transition Root: Task=4614#1218 (110)
02-25 11:58:50.815 890 890 I Layer : id=52 removeFromCurrentState Task=1#52 (110)
02-25 11:58:50.815 890 890 I Layer : id=86 removeFromCurrentState Task=4561#86 (110)
02-25 11:58:50.815 890 890 I Layer : id=87 removeFromCurrentState ActivityRecord{40f671 u0 com.sec.android.app.launcher/.activities.LauncherActivity t4561}#87 (110)
02-25 11:58:50.815 890 890 I Layer : id=97 removeFromCurrentState 18e4ff5 ActivityRecordInputSink com.sec.android.app.launcher/.Launcher#97 (110)
02-25 11:58:50.816 890 890 I Layer : id=88 removeFromCurrentState 660cc0 com.sec.android.app.launcher/com.sec.android.app.launcher.activities.LauncherActivity#88 (110)
02-25 11:58:50.816 890 890 I Layer : id=1200 removeFromCurrentState com.sec.android.app.launcher/com.sec.android.app.launcher.activities.LauncherActivity$_2218#1200 (110)
02-25 11:58:50.816 890 890 I Layer : id=17 removeFromCurrentState ImeContainer#17 (110)
02-25 11:58:50.816 890 890 I Layer : id=150 removeFromCurrentState WindowToken{59ebd23 type=2011 android.os.Binder@4026652}#150 (110)
02-25 11:58:50.816 890 890 I Layer : id=1207 removeFromCurrentState Surface(name=ac70f67 InputMethod)/@0xac6830a - animation-leash of insets_animation#1207 (110)
02-25 11:58:50.816 890 890 I Layer : id=152 removeFromCurrentState ac70f67 InputMethod#152 (110)
02-25 11:58:50.816 890 890 I Layer : id=1208 removeFromCurrentState Task=4614#1208 (110)
02-25 11:58:50.816 890 890 I Layer : id=1209 removeFromCurrentState ActivityRecord{f25341a u0 com.companyname.mauiapp3/crc64e73e5e987e2fb5cd.MainActivity t4614}#1209 (110)
02-25 11:58:50.816 890 890 I Layer : id=1215 removeFromCurrentState d05e53c ActivityRecordInputSink com.companyname.mauiapp3/crc64e73e5e987e2fb5cd.MainActivity#1215 (110)
02-25 11:58:50.816 890 890 I Layer : id=52 addToCurrentState Task=1#52 (110)
02-25 11:58:50.816 890 890 I Layer : id=86 addToCurrentState Task=4561#86 (110)
02-25 11:58:50.816 890 890 I Layer : id=87 addToCurrentState ActivityRecord{40f671 u0 com.sec.android.app.launcher/.activities.LauncherActivity t4561}#87 (110)
02-25 11:58:50.816 890 890 I Layer : id=97 addToCurrentState 18e4ff5 ActivityRecordInputSink com.sec.android.app.launcher/.Launcher#97 (110)
02-25 11:58:50.816 890 890 I Layer : id=88 addToCurrentState 660cc0 com.sec.android.app.launcher/com.sec.android.app.launcher.activities.LauncherActivity#88 (110)
02-25 11:58:50.816 890 890 I Layer : id=1200 addToCurrentState com.sec.android.app.launcher/com.sec.android.app.launcher.activities.LauncherActivity$_2218#1200 (110)
02-25 11:58:50.816 890 890 I Layer : id=17 addToCurrentState ImeContainer#17 (110)
02-25 11:58:50.816 890 890 I Layer : id=150 addToCurrentState WindowToken{59ebd23 type=2011 android.os.Binder@4026652}#150 (110)
02-25 11:58:50.816 890 890 I Layer : id=1207 addToCurrentState Surface(name=ac70f67 InputMethod)/@0xac6830a - animation-leash of insets_animation#1207 (110)
02-25 11:58:50.816 890 890 I Layer : id=152 addToCurrentState ac70f67 InputMethod#152 (110)
02-25 11:58:50.816 890 890 I Layer : id=1208 addToCurrentState Task=4614#1208 (110)
02-25 11:58:50.816 890 890 I Layer : id=1209 addToCurrentState ActivityRecord{f25341a u0 com.companyname.mauiapp3/crc64e73e5e987e2fb5cd.MainActivity t4614}#1209 (110)
02-25 11:58:50.816 890 890 I Layer : id=1215 addToCurrentState d05e53c ActivityRecordInputSink com.companyname.mauiapp3/crc64e73e5e987e2fb5cd.MainActivity#1215 (110)
02-25 11:58:50.816 890 890 I Layer : id=1218 removeFromCurrentState Transition Root: Task=4614#1218 (110)
02-25 11:58:50.816 890 890 I Layer : id=1209 removeFromCurrentState ActivityRecord{f25341a u0 com.companyname.mauiapp3/crc64e73e5e987e2fb5cd.MainActivity t4614}#1209 (110)
02-25 11:58:50.816 890 890 I Layer : id=1215 removeFromCurrentState d05e53c ActivityRecordInputSink com.companyname.mauiapp3/crc64e73e5e987e2fb5cd.MainActivity#1215 (110)
02-25 11:58:50.816 890 890 I Layer : id=1208 removeFromCurrentState Task=4614#1208 (110)
02-25 11:58:50.816 890 890 I Layer : id=1220 removeFromCurrentState Task=4614#1220 (110)
02-25 11:58:50.817 890 890 I SurfaceFlinger: id=1220 Removed Task=4614#1220 (110)
02-25 11:58:50.817 890 890 I SurfaceFlinger: id=1209 Removed ActivityRecord{f25341a u0 com.companyname.mauiapp3/crc64e73e5e987e2fb5cd.MainActivity t4614}#1209 (110)
02-25 11:58:50.817 890 890 I SurfaceFlinger: id=1210 Removed ce7d65d Splash Screen com.companyname.mauiapp3#1210 (110)
02-25 11:58:50.818 890 890 I SurfaceFlinger: id=1218 Removed Transition Root: Task=4614#1218 (110)
02-25 11:58:50.832 890 890 I BufferQueueDebug: [Transition Root: Task=4614#1218](this:0xe71d38b8,id:-1,api:0,p:-1,c:890) onDestructor()
02-25 11:58:50.832 890 890 I Layer : id=1218 Destroyed Transition Root: Task=4614#1218
02-25 11:58:50.832 890 890 I BufferQueueDebug: [Task=4614#1220](this:0xe96e10b8,id:-1,api:0,p:-1,c:890) onDestructor()
02-25 11:58:50.832 890 890 I Layer : id=1220 Destroyed Task=4614#1220
02-25 11:58:50.832 890 890 I BufferQueueDebug: [ActivityRecord{f25341a u0 com.companyname.mauiapp3/crc64e73e5e987e2fb5cd.MainActivity t4614}#1209](this:0xe9d078b8,id:-1,api:0,p:-1,c:890) onDestructor()
02-25 11:58:50.832 890 890 I Layer : id=1209 Destroyed ActivityRecord{f25341a u0 com.companyname.mauiapp3/crc64e73e5e987e2fb5cd.MainActivity t4614}#1209
02-25 11:58:50.832 890 890 I BufferQueueDebug: [d05e53c ActivityRecordInputSink com.companyname.mauiapp3/crc64e73e5e987e2fb5cd.MainActivity#1215](this:0xea0ee0b8,id:-1,api:0,p:-1,c:890) onDestructor()
02-25 11:58:50.832 890 890 I Layer : id=1215 Destroyed d05e53c ActivityRecordInputSink com.companyname.mauiapp3/crc64e73e5e987e2fb5cd.MainActivity#1215
02-25 11:58:50.832 890 890 I BufferQueueDebug: [ce7d65d Splash Screen com.companyname.mauiapp3#1210](this:0xe9e4c0b8,id:-1,api:0,p:-1,c:890) onDestructor()
02-25 11:58:50.832 890 890 I Layer : id=1210 Destroyed ce7d65d Splash Screen com.companyname.mauiapp3#1210
02-25 11:58:51.030 827 8384 I mtkpower_client: perf_lock_rel, hdl:1245, tid:8384
02-25 11:58:51.030 827 8384 I mtkpower_client: perf_lock_acq, hdl:0, dur:0, num:2, tid:8384
02-25 11:58:51.030 832 884 I libPowerHal: [perfLockRel] hdl:1245, idx:1
02-25 11:58:51.030 832 884 I libPowerHal: [PD] vendor.samsung. update cmd:1c3c000, param:1
02-25 11:58:51.030 832 884 I libPowerHal: [PD] (less) /proc/mcdi/state set +prefix:enable 1;
02-25 11:58:51.031 827 8384 I mtkpower_client: ret_hdl:1247
02-25 11:58:51.031 832 884 I libPowerHal: [perfLockAcq] idx:0 hdl:1247 hint:-1 pid:827 duration:0 lock_user:vendor.samsung. => ret_hdl:1247
02-25 11:58:51.031 832 884 I libPowerHal: [PE] (less) /proc/mcdi/state set +prefix:enable 0;
02-25 11:58:51.031 827 8384 I mtkpower_client: perf_lock_rel, hdl:1246, tid:8384
02-25 11:58:51.031 827 8384 I mtkpower_client: perf_lock_acq, hdl:0, dur:0, num:2, tid:8384
02-25 11:58:51.031 832 884 I libPowerHal: [perfLockRel] hdl:1246, idx:2
02-25 11:58:51.031 832 884 I libPowerHal: vendor.samsung.: cpu_ctrl set cpu freq: -1 -1 -1 -1
02-25 11:58:51.031 827 8384 I mtkpower_client: ret_hdl:1248
02-25 11:58:51.031 832 884 I libPowerHal: [perfLockAcq] idx:1 hdl:1248 hint:-1 pid:827 duration:0 lock_user:vendor.samsung. => ret_hdl:1248
02-25 11:58:51.032 832 884 I libPowerHal: vendor.samsung.: cpu_ctrl set cpu freq: 1800000 -1 -1 -1
02-25 11:58:51.032 827 8384 I HYPER-HAL: [RequestManager.cpp]releaseLocked(): Released ID : 986329
02-25 11:58:51.601 1385 1702 D CompatibilityChangeReporter: Compat change id reported: 74210811; UID 1000; state: DISABLED
02-25 11:58:51.602 7751 7751 W adbd : timeout expired while flushing socket, closing
02-25 11:58:51.602 7751 7751 W adbd : timeout expired while flushing socket, closing
02-25 11:58:51.617 583 8054 I keystore2: system/security/keystore2/src/watchdog.rs:319 - Watchdog thread idle -> terminating. Have a great day.
02-25 11:58:51.657 1842 1842 D StatusBarIconController: ignoring old pipeline callbacks, because the new mobile icons are enabled
02-25 11:58:51.731 827 8385 I HYPER-HAL: [RequestManager.cpp]releaseLocked(): Released ID : 5013376
02-25 11:58:52.098 2160 2372 D BtGatt.GattService: onScanResult to scannerId: 3- eventType=0x1a, addressType=1, address=XX:XX:XX:XX:22:00, primaryPhy=1, secondaryPhy=0, advertisingSid=0xff, txPower=127, rssi=-53, periodicAdvInt=0x0
02-25 11:58:52.337 557 557 D io_stats: !@ 179,0 r 572515 18996370 w 366241 7316968 d 46020 7157188 f 0 0 iot 643636 0 th 0 0 0 pt 0 inp 0 0 78608.253
02-25 11:58:52.936 1842 1842 D StatusBarIconController: ignoring old pipeline callbacks, because the new mobile icons are enabled
02-25 11:58:52.961 1385 3510 D SemWifiUsabilityStatsMonitor: onWifiUsabilityStats - seqNum 6520, isSameBssidAndFreq true
02-25 11:58:52.963 1842 1842 D StatusBarIconController: ignoring old pipeline callback because the new wifi icon is enabled
02-25 11:58:52.963 1842 2028 D Tile.WifiTile: handleUpdateState isTransient=false transientEnabling =false cb.isTransient=false state.state = 2 mStateBeforeClick.value =false enabled =true
02-25 11:58:52.969 1842 2047 I gralloc4: @set_metadata: update dataspace from GM (0x00000000 -> 0x08010000)
02-25 11:58:52.982 890 890 I SurfaceFlinger: SFWD update time=78608897316377
02-25 11:58:52.982 890 890 I BufferQueueProducer: [StatusBar$_1842#84](this:0xe96a90b8,id:-1,api:0,p:-1,c:890) queueBuffer: fps=0.14 dur=7318.10 max=7318.10 min=7318.10
02-25 11:58:52.983 817 872 I hwcomposer: [HWCDisplay] [Display_0 (type:1)] fps:12.806855,dur:2732.91,max:2148.47,min:12.82
02-25 11:58:53.392 1385 1804 I Pageboost: IoRecord pid : 8320
02-25 11:58:53.393 1385 1804 W System.err: java.io.FileNotFoundException: /proc/8320/io_record_control: open failed: ENOENT (No such file or directory)
02-25 11:58:53.393 1385 1804 W System.err: at libcore.io.IoBridge.open(IoBridge.java:574)
02-25 11:58:53.393 1385 1804 W System.err: at java.io.FileOutputStream.(FileOutputStream.java:259)
02-25 11:58:53.393 1385 1804 W System.err: at java.io.FileOutputStream.(FileOutputStream.java:208)
02-25 11:58:53.393 1385 1804 W System.err: at java.io.FileWriter.(FileWriter.java:96)
02-25 11:58:53.393 1385 1804 W System.err: at com.android.server.am.Pageboost$IoRecord.write(Pageboost.java:1711)
02-25 11:58:53.393 1385 1804 W System.err: at com.android.server.am.Pageboost$IoRecord.getResultFromKernel(Pageboost.java:1935)
02-25 11:58:53.393 1385 1804 W System.err: at com.android.server.am.Pageboost$PageboostHandler.handleMessage(Pageboost.java:2463)
02-25 11:58:53.393 1385 1804 W System.err: at android.os.Handler.dispatchMessage(Handler.java:106)
02-25 11:58:53.393 1385 1804 W System.err: at android.os.Looper.loopOnce(Looper.java:230)
02-25 11:58:53.393 1385 1804 W System.err: at android.os.Looper.loop(Looper.java:319)
02-25 11:58:53.393 1385 1804 W System.err: at android.os.HandlerThread.run(HandlerThread.java:67)
02-25 11:58:53.393 1385 1804 W System.err: at com.android.server.ServiceThread.run(ServiceThread.java:46)
02-25 11:58:53.393 1385 1804 W System.err: Caused by: android.system.ErrnoException: open failed: ENOENT (No such file or directory)
02-25 11:58:53.393 1385 1804 W System.err: at libcore.io.Linux.open(Native Method)
02-25 11:58:53.393 1385 1804 W System.err: at libcore.io.ForwardingOs.open(ForwardingOs.java:563)
02-25 11:58:53.393 1385 1804 W System.err: at libcore.io.BlockGuardOs.open(BlockGuardOs.java:274)
02-25 11:58:53.393 1385 1804 W System.err: at libcore.io.IoBridge.open(IoBridge.java:560)
02-25 11:58:53.393 1385 1804 W System.err: ... 11 more
02-25 11:58:53.393 1385 1804 E Pageboost: StopRecording Failed
02-25 11:58:53.395 1385 1804 E Pageboost: captureFinished fail
02-25 11:58:53.397 1385 1804 I Pageboost: db update :com.companyname.mauiapp3 ret 1
02-25 11:58:53.805 3151 3762 I SDHMS:C : SIOP:: AP:250 BAT:245 USB:0 CHG:242 PA:241 BLK:0 SUBBAT:0 SKIN:266 SKINF:255 SKINB:266 LRP:252 LRP2:266 LRF:245 LRB:252 LRF2:255 LRB2:266 AP2:265 CHG2:254 WIFI2:266 SPK2:238 VAP:222
02-25 11:58:53.870 1385 1409 W System : A resource failed to call HardwareBuffer.close.
02-25 11:58:53.871 1385 1409 W System : A resource failed to call release.
02-25 11:58:54.102 2160 2372 D BtGatt.GattService: onScanResult to scannerId: 3- eventType=0x1a, addressType=1, address=XX:XX:XX:XX:22:00, primaryPhy=1, secondaryPhy=0, advertisingSid=0xff, txPower=127, rssi=-52, periodicAdvInt=0x0
02-25 11:58:54.224 1385 2410 I SemDvfsHyPerManager: acquire hyper - AMS_RESUME_TAIL/1385@16, type = -999
02-25 11:58:54.224 1385 2410 I SemDvfsHyPerManager: acquire hyper - AMS_ACT_LAZY/1385@17, type = -999
02-25 11:58:54.224 1385 2410 D ActivityManagerPerformance: AMP_acquire() TAIL
02-25 11:58:54.225 1385 2410 D ActivityManagerPerformance: AMP_release() APP_SWITCH
02-25 11:58:54.225 827 855 I HYPER-HAL: [RequestManager.cpp]acquire(): Acquired ID : 982117 [1385 / 16] HINT : AMS_RESUME_TAIL list :
02-25 11:58:54.225 827 855 I mtkpower_client: perf_lock_rel, hdl:1247, tid:855
02-25 11:58:54.225 827 855 I mtkpower_client: perf_lock_acq, hdl:0, dur:0, num:2, tid:855
02-25 11:58:54.225 832 884 I libPowerHal: [perfLockRel] hdl:1247, idx:0
02-25 11:58:54.225 832 884 I libPowerHal: [PD] vendor.samsung. update cmd:1c3c000, param:1
02-25 11:58:54.225 832 884 I libPowerHal: [PD] (less) /proc/mcdi/state set +prefix:enable 1;
02-25 11:58:54.226 827 855 I mtkpower_client: ret_hdl:1249
02-25 11:58:54.226 827 855 I mtkpower_client: perf_lock_rel, hdl:1244, tid:855
02-25 11:58:54.226 832 884 I libPowerHal: [perfLockAcq] idx:2 hdl:1249 hint:-1 pid:827 duration:0 lock_user:vendor.samsung. => ret_hdl:1249
02-25 11:58:54.226 832 884 I libPowerHal: [PE] (less) /proc/mcdi/state set +prefix:enable 0;
02-25 11:58:54.226 827 855 I mtkpower_client: perf_lock_acq, hdl:0, dur:0, num:2, tid:855
02-25 11:58:54.226 832 884 I libPowerHal: [perfLockRel] hdl:1244, idx:3
02-25 11:58:54.226 832 884 I libPowerHal: [PD] vendor.samsung. update cmd:1000000, param:-1
02-25 11:58:54.226 832 884 I libPowerHal: [PD] vendor.samsung. update cmd:1000000 param:-1
02-25 11:58:54.227 827 855 I mtkpower_client: ret_hdl:1250
02-25 11:58:54.227 832 884 I libPowerHal: [perfLockAcq] idx:0 hdl:1250 hint:-1 pid:827 duration:0 lock_user:vendor.samsung. => ret_hdl:1250
02-25 11:58:54.227 827 855 I mtkpower_client: perf_lock_rel, hdl:1241, tid:855
02-25 11:58:54.227 832 884 I libPowerHal: [PE] vendor.samsung. update cmd:1000000, param:0
02-25 11:58:54.227 832 884 I libPowerHal: [PE] vendor.samsung. update cmd:1000000 param:0
02-25 11:58:54.227 832 884 I libPowerHal: [perfLockRel] hdl:1241, idx:4
02-25 11:58:54.227 827 855 I mtkpower_client: perf_lock_rel, hdl:1249, tid:855
02-25 11:58:54.227 832 884 I libPowerHal: [PD] vendor.samsung. update cmd:300c000 param:0
02-25 11:58:54.228 827 855 I mtkpower_client: perf_lock_acq, hdl:0, dur:0, num:2, tid:855
02-25 11:58:54.228 832 884 I libPowerHal: [perfLockRel] hdl:1249, idx:2
02-25 11:58:54.228 832 884 I libPowerHal: [PD] vendor.samsung. update cmd:1c3c000, param:1
02-25 11:58:54.228 832 884 I libPowerHal: [PD] (less) /proc/mcdi/state set +prefix:enable 1;
02-25 11:58:54.228 827 855 I mtkpower_client: ret_hdl:1251
02-25 11:58:54.228 832 884 I libPowerHal: [perfLockAcq] idx:3 hdl:1251 hint:-1 pid:827 duration:0 lock_user:vendor.samsung. => ret_hdl:1251
02-25 11:58:54.228 827 855 I mtkpower_client: perf_lock_rel, hdl:1248, tid:855
02-25 11:58:54.228 832 884 I libPowerHal: [PE] (less) /proc/mcdi/state set +prefix:enable 0;
02-25 11:58:54.229 827 855 I mtkpower_client: perf_lock_rel, hdl:1250, tid:855
02-25 11:58:54.229 832 884 I libPowerHal: [perfLockRel] hdl:1248, idx:1
02-25 11:58:54.229 832 884 I libPowerHal: vendor.samsung.: cpu_ctrl set cpu freq: -1 -1 -1 -1
02-25 11:58:54.229 827 855 I mtkpower_client: perf_lock_acq, hdl:0, dur:0, num:2, tid:855
02-25 11:58:54.229 832 884 I libPowerHal: [perfLockRel] hdl:1250, idx:0
02-25 11:58:54.229 832 884 I libPowerHal: [PD] vendor.samsung. update cmd:1000000, param:-1
02-25 11:58:54.229 832 884 I libPowerHal: [PD] vendor.samsung. update cmd:1000000 param:-1
02-25 11:58:54.229 827 855 I mtkpower_client: ret_hdl:1252
02-25 11:58:54.229 832 884 I libPowerHal: [perfLockAcq] idx:0 hdl:1252 hint:-1 pid:827 duration:0 lock_user:vendor.samsung. => ret_hdl:1252
02-25 11:58:54.229 827 855 I HYPER-HAL: [RequestManager.cpp]releaseLocked(): Released ID : 987735
02-25 11:58:54.229 832 884 I libPowerHal: [PE] vendor.samsung. update cmd:1000000, param:1
02-25 11:58:54.230 832 884 I libPowerHal: [PE] vendor.samsung. update cmd:1000000 param:1
02-25 11:58:54.255 827 8319 I HYPER-HAL: [RequestManager.cpp]releaseLocked(): Released ID : 5016544
02-25 11:58:54.338 557 557 D io_stats: !@ 179,0 r 572518 18996386 w 366274 7317108 d 46020 7157188 f 0 0 iot 643648 0 th 0 0 0 pt 0 inp 0 0 78610.253
02-25 11:58:54.527 827 8388 I mtkpower_client: perf_lock_rel, hdl:1251, tid:8388
02-25 11:58:54.527 827 8388 I mtkpower_client: perf_lock_rel, hdl:1252, tid:8388
02-25 11:58:54.527 832 884 I libPowerHal: [perfLockRel] hdl:1251, idx:3
02-25 11:58:54.528 832 884 I libPowerHal: [PD] vendor.samsung. update cmd:1c3c000, param:1
02-25 11:58:54.528 832 884 I libPowerHal: [PD] (less) /proc/mcdi/state set +prefix:enable 1;
02-25 11:58:54.528 832 884 I libPowerHal: [perfLockRel] hdl:1252, idx:0
02-25 11:58:54.528 832 884 I libPowerHal: [PD] vendor.samsung. update cmd:1000000, param:-1
02-25 11:58:54.528 827 8388 I HYPER-HAL: [RequestManager.cpp]releaseLocked(): Released ID : 982117
02-25 11:58:54.529 832 884 I libPowerHal: [PD] vendor.samsung. update cmd:1000000 param:-1
02-25 11:58:54.529 1210 1210 D connsyslogger: Open FIFO for close
02-25 11:58:54.564 8259 8259 E ActivityThread: Failed to find provider info for com.samsung.android.scs.ai.search
02-25 11:58:54.566 8259 8259 E DWBThread: getLabelMapFromSCS cursor == null
02-25 11:58:54.566 8259 8259 I DWBThread: updateCacheFromSCS size : 0
02-25 11:58:55.507 1842 1842 D StatusBarIconController: ignoring old pipeline callbacks, because the new mobile icons are enabled
02-25 11:58:55.973 1385 3510 D SemWifiUsabilityStatsMonitor: onWifiUsabilityStats - seqNum 6521, isSameBssidAndFreq true