02-25 11:58:48.305 890 2379 E BufferQueueDebug: [Transition Root: Task=4614#1212](this:0xe8e590b8,id:-1,api:0,p:-1,c:-1) id info cannot be read from 'Transition Root: Task=4614#1212'
02-25 11:58:48.305 890 2379 I BufferQueueDebug: [Transition Root: Task=4614#1212](this:0xe8e590b8,id:-1,api:0,p:-1,c:-1) BufferQueue core=(890:/system/bin/surfaceflinger)
02-25 11:58:48.306 890 2379 I SurfaceFlinger: id=1212 createSurf, flag=84004, Transition Root: Task=4614#1212
02-25 11:58:48.306 890 890 I gralloc4: @set_metadata: update dataspace from GM (0x08010000 -> 0x00000000)
02-25 11:58:48.308 1385 1421 I SurfaceControl: show, t=StartTransaction_SyncId<172>, sc=Surface(name=ActivityRecord{f25341a u0 com.companyname.mauiapp3/crc64e73e5e987e2fb5cd.MainActivity t4614})/@0x6d6bdd5, caller=com.android.server.wm.Transition.onTransactionReady:1992 com.android.server.wm.BLASTSyncEngine$SyncGroup.finishNow:315 com.android.server.wm.BLASTSyncEngine$SyncGroup.tryFinish:242 com.android.server.wm.BLASTSyncEngine$SyncGroup.-$$Nest$mtryFinish:0 com.android.server.wm.BLASTSyncEngine.onSurfacePlacement:675 com.android.server.wm.RootWindowContainer.performSurfacePlacementNoTrace:990
02-25 11:58:48.308 1385 1421 V WindowManager: Calling onTransitionReady: {id=172 t=OPEN f=0x0 trk=0 r=[0@Point(0, 0)] c=[
02-25 11:58:48.308 1385 1421 V WindowManager: {WCT{RemoteToken{141cb78 Task{ed34b4b #4614 type=standard A=10405:com.companyname.mauiapp3}}} m=OPEN f=NONE leash=Surface(name=Task=4614)/@0xf03e9ea sb=Rect(0, 0 - 1080, 2408) eb=Rect(0, 0 - 1080, 2408) d=0 dim=true inset=Rect(0, 70 - 0, 135)},
02-25 11:58:48.308 1385 1421 V WindowManager: {WCT{RemoteToken{c55729e Task{ae3a6ef #1 type=home}}} m=TO_BACK f=SHOW_WALLPAPER|EDGE_EXTENSION_RESTRICTION leash=Surface(name=Task=1)/@0x3b44cf8 sb=Rect(0, 0 - 1080, 2408) eb=Rect(0, 0 - 1080, 2408) d=0 inset=Rect(0, 70 - 0, 135)}
02-25 11:58:48.308 1385 1421 V WindowManager: ]}
02-25 11:58:48.309 8320 8320 I nyname.mauiapp3: Late-enabling -Xcheck:jni
02-25 11:58:48.311 1385 1421 I WindowManager: Cancelling animation restarting=true, leash=Surface(name=Surface(name=90ab329 NavigationBar0)/@0xf83251b - animation-leash of insets_animation)/@0xb1559b8
02-25 11:58:48.311 1385 1421 I WindowManager: Reparenting to original parent: Surface(name=WindowToken{6c7f8b0 type=2019 android.os.BinderProxy@9b1d662})/@0xe0736b8, destroy=false, surface=Surface(name=90ab329 NavigationBar0)/@0xf83251b
02-25 11:58:48.311 1385 1417 V WindowManager: Sent Transition #172 createdAt=02-25 11:58:48.218 via request=TransitionRequestInfo { type = OPEN, triggerTask = TaskInfo{userId=0 taskId=4614 displayId=0 isRunning=true baseIntent=Intent { act=android.intent.action.MAIN cat=[android.intent.category.LAUNCHER] flg=0x10000000 cmp=com.companyname.mauiapp3/crc64e73e5e987e2fb5cd.MainActivity } baseActivity=ComponentInfo{com.companyname.mauiapp3/crc64e73e5e987e2fb5cd.MainActivity} topActivity=ComponentInfo{com.companyname.mauiapp3/crc64e73e5e987e2fb5cd.MainActivity} origActivity=null realActivity=ComponentInfo{com.companyname.mauiapp3/crc64e73e5e987e2fb5cd.MainActivity} numActivities=1 lastActiveTime=86665218 supportsMultiWindow=true resizeMode=1 isResizeable=true minWidth=-1 minHeight=-1 maxWidth=-1 maxHeight=-1 defaultMinSize=220 token=WCT{RemoteToken{141cb78 Task{ed34b4b #4614 type=standard A=10405:com.companyname.mauiapp3}}} topActivityType=1 pictureInPictureParams=null shouldDockBigOverlays=false launchIntoPipHostTaskId=-1 lastParentTaskIdBeforePip=-1 displayCutoutSafeInsets=Rect(0, 65 - 0, 0) topActivityInfo=ActivityInfo{bd26251 crc64e73e5e987e2fb5cd.MainActivity} launchCookies=[] positionInParent=Point(0, 0) parentTaskId=-1 isFocused=false isVisible=false isVisibleRequested=false isSleeping=false topActivityInSizeCompat=false topActivityEligibleForLetterboxEducation= false topActivityLetterboxed= false isFromDoubleTap= false topActivityLetterboxVerticalPosition= -1 topActivityLetterboxHorizontalPosition= -1 topActivityLetterboxWidth=-1 topActivityLetterboxHeight=-1 locusId=null displayAreaFeatureId=1 cameraCompatControlState=hidden originallySupportedMultiWindow=true hasWallpaper=false topActivityInFixedAspectRatio=false rootAffinity=10405:com.companyname.mauiapp3 topActivityInDisplayCompat=false topActivityInBoundsCompat=false topActivityBounds=null singleTapFromLetterbox=false isTopTaskInStage=false topActivityUiMode=17 CoverLauncherWidgetTask=false CoverScreenTask=false isAllowedSeamlessRotation=false isTopTransparentActivity=false hasPopOver=false}, remoteTransition = null, displayChange = null }
02-25 11:58:48.311 1385 1417 V WindowManager: startWCT=WindowContainerTransaction { changes = {} hops = [] errorCallbackToken=null taskFragmentOrganizer=null }
02-25 11:58:48.311 1385 1421 I WindowManager: Reparenting to leash, surface=Surface(name=90ab329 NavigationBar0)/@0xf83251b, leashParent=Surface(name=WindowToken{6c7f8b0 type=2019 android.os.BinderProxy@9b1d662})/@0xe0736b8
02-25 11:58:48.311 1385 1417 V WindowManager: info={id=172 t=OPEN f=0x0 trk=0 r=[0@Point(0, 0)] c=[
02-25 11:58:48.311 1385 1417 V WindowManager: {WCT{RemoteToken{141cb78 Task{ed34b4b #4614 type=standard A=10405:com.companyname.mauiapp3}}} m=OPEN f=NONE leash=Surface(name=Task=4614)/@0xf03e9ea sb=Rect(0, 0 - 1080, 2408) eb=Rect(0, 0 - 1080, 2408) d=0 dim=true inset=Rect(0, 70 - 0, 135)},
02-25 11:58:48.311 1385 1417 V WindowManager: {WCT{RemoteToken{c55729e Task{ae3a6ef #1 type=home}}} m=TO_BACK f=SHOW_WALLPAPER|EDGE_EXTENSION_RESTRICTION leash=Surface(name=Task=1)/@0x3b44cf8 sb=Rect(0, 0 - 1080, 2408) eb=Rect(0, 0 - 1080, 2408) d=0 inset=Rect(0, 70 - 0, 135)}
02-25 11:58:48.311 1385 1417 V WindowManager: ]}
02-25 11:58:48.311 890 2379 E BufferQueueDebug: [Surface(name=90ab329 NavigationBar0)/@0xf83251b - animation-leash of insets_animation#1213](this:0xe96a40b8,id:-1,api:0,p:-1,c:-1) id info cannot be read from 'Surface(name=90ab329 NavigationBar0)/@0xf83251b - animation-leash of insets_animation#1213'
02-25 11:58:48.312 890 2379 I BufferQueueDebug: [Surface(name=90ab329 NavigationBar0)/@0xf83251b - animation-leash of insets_animation#1213](this:0xe96a40b8,id:-1,api:0,p:-1,c:-1) BufferQueue core=(890:/system/bin/surfaceflinger)
02-25 11:58:48.312 890 2379 I SurfaceFlinger: id=1213 createSurf, flag=24000, Surface(name=90ab329 NavigationBar0)/@0xf83251b - animation-leash of insets_animation#1213
02-25 11:58:48.312 1385 1421 D WindowManager: makeSurface duration=0 leash=Surface(name=Surface(name=90ab329 NavigationBar0)/@0xf83251b - animation-leash of insets_animation)/@0x58d23b7
02-25 11:58:48.312 1842 1979 V WindowManagerShell: onTransitionReady android.os.BinderProxy@e4d2439: {id=172 t=OPEN f=0x0 trk=0 r=[0@Point(0, 0)] c=[{WCT{android.window.IWindowContainerToken$Stub$Proxy@cc6e03a} m=OPEN f=NONE leash=Surface(name=Task=4614)/@0xbf1dacf sb=Rect(0, 0 - 1080, 2408) eb=Rect(0, 0 - 1080, 2408) d=0 dim=true inset=Rect(0, 70 - 0, 135)},{WCT{android.window.IWindowContainerToken$Stub$Proxy@fdb54eb} m=TO_BACK f=SHOW_WALLPAPER|EDGE_EXTENSION_RESTRICTION leash=Surface(name=Task=1)/@0x1bf6c5c sb=Rect(0, 0 - 1080, 2408) eb=Rect(0, 0 - 1080, 2408) d=0 inset=Rect(0, 70 - 0, 135)}]}
02-25 11:58:48.313 1385 1421 D InsetsSourceProvider: updateControlForTarget: control=InsetsSourceControl: {da7b0001 mType=navigationBars initiallyVisible mSurfacePosition=Point(0, 2273) mInsetsHint=Insets{left=0, top=0, right=0, bottom=135}}, target=Window{ce7d65d u0 Splash Screen com.companyname.mauiapp3}, from=com.android.server.wm.InsetsStateController.onControlTargetChanged:358 com.android.server.wm.InsetsStateController.onBarControlTargetChanged:327 com.android.server.wm.InsetsPolicy.updateBarControlTarget:173 com.android.server.wm.InsetsPolicy.updateSystemBars:813 com.android.server.wm.DisplayPolicy.updateSystemBarsLw:3425
02-25 11:58:48.313 1385 1421 I WindowManager: Cancelling animation restarting=true, leash=Surface(name=Surface(name=a4f18d5 StatusBar)/@0x1550664 - animation-leash of insets_animation)/@0xe0692f6
02-25 11:58:48.313 1385 1421 I WindowManager: Reparenting to original parent: Surface(name=WindowToken{88d9ebf type=2000 android.os.BinderProxy@6365419})/@0xe7e60cd, destroy=false, surface=Surface(name=a4f18d5 StatusBar)/@0x1550664
02-25 11:58:48.313 1842 1979 I SurfaceControl: hide, t=FinishTransaction_SyncId<172>, sc=Surface(name=Task=1)/@0x1bf6c5c, caller=com.android.wm.shell.transition.Transitions.dispatchReady:682 com.android.wm.shell.transition.Transitions.onTransitionReady:119 com.android.wm.shell.transition.Transitions$TransitionPlayerImpl$$ExternalSyntheticLambda0.run:13 android.os.Handler.handleCallback:958 android.os.Handler.dispatchMessage:99 android.os.Looper.loopOnce:230
02-25 11:58:48.313 1385 1421 I WindowManager: Reparenting to leash, surface=Surface(name=a4f18d5 StatusBar)/@0x1550664, leashParent=Surface(name=WindowToken{88d9ebf type=2000 android.os.BinderProxy@6365419})/@0xe7e60cd
02-25 11:58:48.313 1842 1979 I SurfaceControl: show, t=StartTransaction_SyncId<172>, sc=Surface(name=Task=4614)/@0xbf1dacf, caller=com.android.wm.shell.transition.Transitions.dispatchReady:687 com.android.wm.shell.transition.Transitions.onTransitionReady:119 com.android.wm.shell.transition.Transitions$TransitionPlayerImpl$$ExternalSyntheticLambda0.run:13 android.os.Handler.handleCallback:958 android.os.Handler.dispatchMessage:99 android.os.Looper.loopOnce:230
02-25 11:58:48.313 890 2379 E BufferQueueDebug: [Surface(name=a4f18d5 StatusBar)/@0x1550664 - animation-leash of insets_animation#1214](this:0xe9d110b8,id:-1,api:0,p:-1,c:-1) id info cannot be read from 'Surface(name=a4f18d5 StatusBar)/@0x1550664 - animation-leash of insets_animation#1214'
02-25 11:58:48.313 890 2379 I BufferQueueDebug: [Surface(name=a4f18d5 StatusBar)/@0x1550664 - animation-leash of insets_animation#1214](this:0xe9d110b8,id:-1,api:0,p:-1,c:-1) BufferQueue core=(890:/system/bin/surfaceflinger)
02-25 11:58:48.313 1842 1979 I SurfaceControl: show, t=FinishTransaction_SyncId<172>, sc=Surface(name=Task=4614)/@0xbf1dacf, caller=com.android.wm.shell.transition.Transitions.dispatchReady:744 com.android.wm.shell.transition.Transitions.onTransitionReady:119 com.android.wm.shell.transition.Transitions$TransitionPlayerImpl$$ExternalSyntheticLambda0.run:13 android.os.Handler.handleCallback:958 android.os.Handler.dispatchMessage:99 android.os.Looper.loopOnce:230
02-25 11:58:48.313 1842 1979 V WindowManagerShell: Playing animation for (#172)android.os.BinderProxy@e4d2439@0
02-25 11:58:48.313 890 2379 I SurfaceFlinger: id=1214 createSurf, flag=24000, Surface(name=a4f18d5 StatusBar)/@0x1550664 - animation-leash of insets_animation#1214
02-25 11:58:48.314 1842 1979 I SurfaceControl: show, t=StartTransaction_SyncId<172>, sc=Surface(name=Transition Root: Task=4614)/@0xcad5b65, caller=com.android.wm.shell.transition.Transitions.playTransition:80 com.android.wm.shell.transition.Transitions.processReadyQueue:195 com.android.wm.shell.transition.Transitions.dispatchReady:762 com.android.wm.shell.transition.Transitions.onTransitionReady:119 com.android.wm.shell.transition.Transitions$TransitionPlayerImpl$$ExternalSyntheticLambda0.run:13 android.os.Handler.handleCallback:958
02-25 11:58:48.314 1842 1979 V WindowManagerShell: try handler com.android.wm.shell.transition.DefaultMixedHandler@7845d6f
02-25 11:58:48.314 1842 1979 V WindowManagerShell: try handler com.android.wm.shell.keyguard.KeyguardTransitionHandler@aadca7c
02-25 11:58:48.314 1385 1421 D WindowManager: makeSurface duration=1 leash=Surface(name=Surface(name=a4f18d5 StatusBar)/@0x1550664 - animation-leash of insets_animation)/@0xa09d28d
02-25 11:58:48.314 1842 1979 V WindowManagerShell: try handler com.android.wm.shell.activityembedding.ActivityEmbeddingController@e8bb8a3
02-25 11:58:48.314 1842 1979 V WindowManagerShell: try handler com.android.wm.shell.recents.RecentsTransitionHandler@4d177a0
02-25 11:58:48.314 1842 1979 V ShellRecents: RecentsTransitionHandler.startAnimation: no controller found
02-25 11:58:48.314 1842 1979 V WindowManagerShell: try handler com.android.wm.shell.pip.PipTransition@562df59
02-25 11:58:48.314 1842 1979 V WindowManagerShell: try handler com.android.wm.shell.splitscreen.StageCoordinator@2fc671e
02-25 11:58:48.314 1842 1979 V WindowManagerShell: try handler com.android.wm.shell.transition.RemoteTransitionHandler@c173bff
02-25 11:58:48.314 1385 1421 D InsetsSourceProvider: updateControlForTarget: control=InsetsSourceControl: {b0520000 mType=statusBars initiallyVisible mSurfacePosition=Point(0, 0) mInsetsHint=Insets{left=0, top=70, right=0, bottom=0}}, target=Window{ce7d65d u0 Splash Screen com.companyname.mauiapp3}, from=com.android.server.wm.InsetsStateController.onControlTargetChanged:358 com.android.server.wm.InsetsStateController.onBarControlTargetChanged:324 com.android.server.wm.InsetsPolicy.updateBarControlTarget:173 com.android.server.wm.InsetsPolicy.updateSystemBars:813 com.android.server.wm.DisplayPolicy.updateSystemBarsLw:3425
02-25 11:58:48.314 1842 1979 V WindowManagerShell: Transition doesn't have explicit remote, search filters for match for {id=172 t=OPEN f=0x0 trk=0 r=[0@Point(0, 0)] c=[{WCT{android.window.IWindowContainerToken$Stub$Proxy@cc6e03a} m=OPEN f=NONE leash=Surface(name=Task=4614)/@0xbf1dacf sb=Rect(0, 0 - 1080, 2408) eb=Rect(0, 0 - 1080, 2408) d=0 dim=true inset=Rect(0, 70 - 0, 135)},{WCT{android.window.IWindowContainerToken$Stub$Proxy@fdb54eb} m=TO_BACK f=SHOW_WALLPAPER|EDGE_EXTENSION_RESTRICTION leash=Surface(name=Task=1)/@0x1bf6c5c sb=Rect(0, 0 - 1080, 2408) eb=Rect(0, 0 - 1080, 2408) d=0 inset=Rect(0, 70 - 0, 135)}]}
02-25 11:58:48.314 1842 1979 V WindowManagerShell: Checking filter Pair{{types=[] flags=0x0] notFlags=0x100 checks=[{atype=home independent=true modes=[OPEN,TO_FRONT] flags=NONE mustBeTask=false order=TOP topActivity=ComponentInfo{com.sec.android.app.launcher/com.sec.android.app.launcher.Launcher}},{atype=recents independent=true modes=[CLOSE,TO_BACK] flags=NONE mustBeTask=false order=ANY topActivity=null}]} RemoteTransition { remoteTransition = android.window.IRemoteTransition$Stub$Proxy@666dcc, appThread = android.app.IApplicationThread$Stub$Proxy@8d91815, debugName = QuickstepLaunchHomeFromRecents }}
02-25 11:58:48.314 1842 1979 V WindowManagerShell: Checking filter Pair{{types=[] flags=0x0] notFlags=0x100 checks=[{atype=home independent=true modes=[OPEN,TO_FRONT] flags=NONE mustBeTask=false order=TOP topActivity=ComponentInfo{com.sec.android.app.launcher/com.sec.android.app.launcher.Launcher}},{atype=standard independent=true modes=[CLOSE,TO_BACK] flags=NONE mustBeTask=false order=ANY topActivity=null}]} RemoteTransition { remoteTransition = android.window.IRemoteTransition$Stub$Proxy@f03d72a, appThread = android.app.IApplicationThread$Stub$Proxy@4ad991b, debugName = QuickstepLaunchHome }}
02-25 11:58:48.315 1842 1979 V WindowManagerShell: Delegate animation for #172 to null
02-25 11:58:48.315 1842 1979 V WindowManagerShell: try handler com.android.wm.shell.transition.DefaultTransitionHandler@8729ab8
02-25 11:58:48.315 1842 1979 V WindowManagerShell: start default transition animation, info = {id=172 t=OPEN f=0x0 trk=0 r=[0@Point(0, 0)] c=[{WCT{android.window.IWindowContainerToken$Stub$Proxy@cc6e03a} m=OPEN f=NONE leash=Surface(name=Task=4614)/@0xbf1dacf sb=Rect(0, 0 - 1080, 2408) eb=Rect(0, 0 - 1080, 2408) d=0 dim=true inset=Rect(0, 70 - 0, 135)},{WCT{android.window.IWindowContainerToken$Stub$Proxy@fdb54eb} m=TO_BACK f=SHOW_WALLPAPER|EDGE_EXTENSION_RESTRICTION leash=Surface(name=Task=1)/@0x1bf6c5c sb=Rect(0, 0 - 1080, 2408) eb=Rect(0, 0 - 1080, 2408) d=0 inset=Rect(0, 70 - 0, 135)}]}
02-25 11:58:48.315 1842 1842 D SysUiState: SysUiState changed: old=0x10000000 new=0x10020000
02-25 11:58:48.316 2218 6396 I HoneySpace.SystemUiRepository: systemUiFlags: allow_gesture|awake
02-25 11:58:48.316 1842 1979 V WindowManagerShell: loadAnimation: anim=android.view.animation.AnimationSet@89d48e1 animAttr=0x13 type=OPEN isEntrance=false
02-25 11:58:48.316 2218 2373 I HoneySpace.TaskbarEventTracker: invokeEvent() called with: event = SystemUiStateChanged(stateFlags=268566528)
02-25 11:58:48.317 1842 1979 V WindowManagerShell: loadAnimation: anim=android.view.animation.AnimationSet@8253c92 animAttr=0x12 type=OPEN isEntrance=true
02-25 11:58:48.318 1842 1842 D NavigationModeController: getCurrentUserContext: contextUser=0 currentUser=0
02-25 11:58:48.318 1842 1979 I SurfaceControl: apply is called, name=StartTransaction_SyncId<172>, caller=android.view.SurfaceControl$Transaction.apply:2921 com.android.wm.shell.transition.DefaultTransitionHandler.startAnimation:3226 com.android.wm.shell.transition.Transitions.dispatchTransition:80 com.android.wm.shell.transition.Transitions.playTransition:793 com.android.wm.shell.transition.Transitions.processReadyQueue:195 com.android.wm.shell.transition.Transitions.dispatchReady:762
02-25 11:58:48.322 1842 1842 D NavigationModeController: getCurrentUserContext: contextUser=0 currentUser=0
02-25 11:58:48.323 890 890 I Layer : Layer [Splash Screen com.companyname.mauiapp3$_1842#1211] hidden!! flag(0)
02-25 11:58:48.323 890 890 I gralloc4: @set_metadata: update dataspace from GM (0x00000000 -> 0x08010000)
02-25 11:58:48.324 1842 1842 D NavigationModeController: getCurrentUserContext: contextUser=0 currentUser=0
02-25 11:58:48.326 23117 23124 W android.vending: ApkAssets: Deleting an ApkAssets object ' and /data/app/vmdl817972453.tmp/base.apk' with 1 weak references
02-25 11:58:48.326 23117 23124 W System : A resource failed to call close.
02-25 11:58:48.326 23117 23124 W System : A resource failed to call close.
02-25 11:58:48.327 23117 23124 W android.vending: ApkAssets: Deleting an ApkAssets object ' and /data/app/~~3yfPzEoCZ2wSfLep3-w0jg==/com.companyname.mauiapp3-ALrbfwtu1T-qdPwQ3rJyew==/base.apk' with 1 weak references
02-25 11:58:48.327 1842 1842 D NavigationModeController: getCurrentUserContext: contextUser=0 currentUser=0
02-25 11:58:48.327 1385 1421 D WindowManager: updateSystemBarAttributes: displayId=0, win=Window{ce7d65d u0 Splash Screen com.companyname.mauiapp3}, navColorWin=Window{ce7d65d u0 Splash Screen com.companyname.mauiapp3}, focusedCanBeNavColorWin=false, behavior=1, appearance=0, statusBarAppearanceRegions=[AppearanceRegion{ bounds=[0,0][1080,2408]}], requestedVisibilities=-9, from=com.android.server.wm.DisplayPolicy.finishPostLayoutPolicyLw:2320 com.android.server.wm.DisplayContent.applySurfaceChangesTransaction:6130 com.android.server.wm.RootWindowContainer.applySurfaceChangesTransaction:1180
02-25 11:58:48.330 1842 1842 D NavigationModeController: getCurrentUserContext: contextUser=0 currentUser=0
02-25 11:58:48.330 890 2379 E BufferQueueDebug: [d05e53c ActivityRecordInputSink com.companyname.mauiapp3/crc64e73e5e987e2fb5cd.MainActivity#1215](this:0xea0ee0b8,id:-1,api:0,p:-1,c:-1) id info cannot be read from 'd05e53c ActivityRecordInputSink com.companyname.mauiapp3/crc64e73e5e987e2fb5cd.MainActivity#1215'
02-25 11:58:48.330 890 2379 I BufferQueueDebug: [d05e53c ActivityRecordInputSink com.companyname.mauiapp3/crc64e73e5e987e2fb5cd.MainActivity#1215](this:0xea0ee0b8,id:-1,api:0,p:-1,c:-1) BufferQueue core=(890:/system/bin/surfaceflinger)
02-25 11:58:48.330 890 2379 I SurfaceFlinger: id=1215 createSurf, flag=84000, d05e53c ActivityRecordInputSink com.companyname.mauiapp3/crc64e73e5e987e2fb5cd.MainActivity#1215
02-25 11:58:48.332 1842 1979 V WindowManagerShell: animated by com.android.wm.shell.transition.DefaultTransitionHandler@8729ab8
02-25 11:58:48.334 1842 2011 I InsetsSourceConsumer: applyRequestedVisibilityToControl: visible=true, type=navigationBars, host=Splash Screen com.companyname.mauiapp3
02-25 11:58:48.334 1842 2011 I InsetsSourceConsumer: applyRequestedVisibilityToControl: visible=true, type=statusBars, host=Splash Screen com.companyname.mauiapp3
02-25 11:58:48.337 557 557 D io_stats: !@ 179,0 r 572466 18995830 w 366134 7315832 d 46020 7157188 f 0 0 iot 643588 0 th 0 0 0 pt 0 inp 0 0 78604.252
02-25 11:58:48.340 890 890 I Layer : id=1202 removeFromCurrentState Surface(name=a4f18d5 StatusBar)/@0x1550664 - animation-leash of insets_animation#1202 (124)
02-25 11:58:48.340 890 890 I Layer : id=78 removeFromCurrentState a4f18d5 StatusBar#78 (124)
02-25 11:58:48.340 890 890 I Layer : id=84 removeFromCurrentState StatusBar$_1842#84 (124)
02-25 11:58:48.340 890 890 I Layer : id=1201 removeFromCurrentState Surface(name=90ab329 NavigationBar0)/@0xf83251b - animation-leash of insets_animation#1201 (124)
02-25 11:58:48.340 890 890 I Layer : id=78 addToCurrentState a4f18d5 StatusBar#78 (124)
02-25 11:58:48.340 890 890 I Layer : id=84 addToCurrentState StatusBar$_1842#84 (124)
02-25 11:58:48.340 15173 15173 I cjtj : onPause
02-25 11:58:48.340 1842 1842 I BLASTBufferQueue_Java: update, w= 1080 h= 135 mName = ViewRootImpl@4308862[NavigationBar0] mNativeObject= 0xe228ee00 sc.mNativeObject= 0xe24aeae0 format= -3 caller= android.view.ViewRootImpl.updateBlastSurfaceIfNeeded:3017 android.view.ViewRootImpl.relayoutWindow:10131 android.view.ViewRootImpl.performTraversals:4110 android.view.ViewRootImpl.doTraversal:3288 android.view.ViewRootImpl$TraversalRunnable.run:11344 android.view.Choreographer$CallbackRecord.run:1689
02-25 11:58:48.341 1842 1842 I ViewRootImpl@4308862[NavigationBar0]: Relayout returned: old=(0,2273,1080,2408) new=(0,2273,1080,2408) relayoutAsync=true req=(1080,135)0 dur=0 res=0x0 s={true 0xabd0e000} ch=false seqId=0
02-25 11:58:48.341 1842 1842 I ViewRootImpl@4308862[NavigationBar0]: registerCallbackForPendingTransactions
02-25 11:58:48.341 890 890 I SurfaceFlinger: id=1201 Removed Surface(name=90ab329 NavigationBar0)/@0xf83251b - animation-leash of insets_animation#1201 (124)
02-25 11:58:48.341 890 890 I SurfaceFlinger: id=1202 Removed Surface(name=a4f18d5 StatusBar)/@0x1550664 - animation-leash of insets_animation#1202 (124)
02-25 11:58:48.341 1385 2084 V WindowManager: Relayout Window{90ab329 u0 NavigationBar0}: viewVisibility=0 req=1080x135 ty=2019 d0
02-25 11:58:48.342 1842 2586 I ViewRootImpl@4308862[NavigationBar0]: mWNT: t=0xa0e56640 mBlastBufferQueue=0xe228ee00 fn= 656 mRenderHdrSdrRatio=1.0 caller= android.view.ViewRootImpl$6.onFrameDraw:5635 android.view.ViewRootImpl$2.onFrameDraw:2146 android.view.ThreadedRenderer$1.onFrameDraw:792
02-25 11:58:48.343 3151 3238 I SDHMS:l : onTaskStackChanged
02-25 11:58:48.345 2218 8199 I HoneySpace.RecentTasks: onRecentTasksChanged
02-25 11:58:48.347 1842 2047 I gralloc4: @set_metadata: update dataspace from GM (0x00000000 -> 0x08010000)
02-25 11:58:48.349 8320 8320 I nyname.mauiapp3: Using CollectorTypeCC GC.
02-25 11:58:48.354 7751 7769 I adbd : jdwp connection from 8320
02-25 11:58:48.355 1385 2084 V WindowManager: Relayout hash=90ab329, pid=0, syncId=-1: mAttrs={(0,0)(fillx135) gr=BOTTOM CENTER_VERTICAL sim={adjust=pan} layoutInDisplayCutoutMode=always ty=NAVIGATION_BAR fmt=TRANSLUCENT
02-25 11:58:48.355 1385 2084 V WindowManager: fl=20840028
02-25 11:58:48.355 1385 2084 V WindowManager: pfl=33001000
02-25 11:58:48.355 1385 2084 V WindowManager: bhv=DEFAULT
02-25 11:58:48.355 1385 2084 V WindowManager: providedInsets:
02-25 11:58:48.355 1385 2084 V WindowManager: InsetsFrameProvider: {id=#da7b0001, index=0, type=navigationBars, source=FRAME, flags=[], insetsSize=Insets{left=0, top=0, right=0, bottom=135}, insetsSizeOverrides=[TypedInsetsSize: {windowType=INPUT_METHOD, insetsSize=null}]}
02-25 11:58:48.355 1385 2084 V WindowManager: InsetsFrameProvider: {id=#da7b0006, index=0, type=tappableElement, source=FRAME, flags=[]}
02-25 11:58:48.355 1385 2084 V WindowManager: InsetsFrameProvider: {id=#da7b0005, index=0, type=mandatorySystemGestures, source=FRAME, flags=[]}
02-25 11:58:48.355 1385 2084 V WindowManager: InsetsFrameProvider: {id=#da7b0004, index=0, type=systemGestures, source=DISPLAY, flags=[], insetsSize=Insets{left=0, top=0, right=0, bottom=0}, mMinimalInsetsSizeInDisplayCutoutSafe=Insets{left=0, top=0, right=0, bottom=0}}
02-25 11:58:48.355 1385 2084 V WindowManager: InsetsFrameProvider: {id=#da7b0024, index=1, type=systemGestures, source=DISPLAY, flags=[], insetsSize=Insets{left=0, top=0, right=0, bottom=0}, mMinimalInsetsSizeInDisplayCutoutSafe=Insets{left=0, top=0, right=0, bottom=0}}
02-25 11:58:48.355 1385 2084 V WindowManager: paramsForRotation:
02-25 11:58:48.355 1385 2084 V WindowManager: ROTATION_0={(0,0)(fillx135) gr=BOTTOM CENTER_VERTICAL layoutInDisplayCutoutMode=always ty=NAVIGATION_BAR fmt=TRANSLUCENT
02-25 11:58:48.355 1385 2084 V WindowManager: fl=20840028
02-25 11:58:48.355 1385 2084 V WindowManager: pfl=31001000
02-25 11:58:48.355 1385 2084 V WindowManager: bhv=DEFAULT
02-25 11:58:48.355 1385 2084 V WindowManager: providedInsets:
02-25 11:58:48.355 1385 2084 V WindowManager: InsetsFrameProvider: {id=#da7b0001, index=0, type=navigationBars, source=FRAME, flags=[], insetsSize=Insets{left=0, top=0, right=0, bottom=135}, insetsSizeOverrides=[TypedInsetsSize: {windowType=INPUT_METHOD, insetsSize=null}]}
02-25 11:58:48.355 1385 2084 V WindowManager: InsetsFrameProvider: {id=#da7b0006, index=0, type=tappableElement, source=FRAME, flags=[]}
02-25 11:58:48.355 1385 2084 V WindowManager: InsetsFrameProvider: {id=#da7b0005, index=0, type=mandatorySystemGestures, source=FRAME, flags=[]}
02-25 11:58:48.355 1385 2084 V WindowManager: InsetsFrameProvider: {id=#da7b0004, index=0, type=systemGestures, source=DISPLAY, flags=[], insetsSize=Insets{left=0, top=0, right=0, bottom=0}, mMinimalInsetsSizeInDisplayCutoutSafe=Insets{left=0, top=0, right=0, bottom=0}}
02-25 11:58:48.355 1385 2084 V WindowManager: InsetsFrameProvider: {id=#da7b0024, index=1, type=systemGestures, source=DISPLAY, flags=[], insetsSize=Insets{left=0, top=0, right=0, bottom=0}, mMinimalInsetsSizeInDisplayCutoutSafe=Insets{left=0, top=0, right=0, bottom=0}} naviIconColor=0}
02-25 11:58:48.355 1385 2084 V WindowManager: ROTATION_90={(0,0)(135xfill) gr=RIGHT CENTER_HORIZONTAL layoutInDisplayCutoutMode=always ty=NAVIGATION_BAR fmt=TRANSLUCENT
02-25 11:58:48.355 1385 2084 V WindowManager: fl=20840028
02-25 11:58:48.355 1385 2084 V WindowManager: pfl=31001000
02-25 11:58:48.355 1385 2084 V WindowManager: bhv=DEFAULT
02-25 11:58:48.355 1385 2084 V WindowManager: providedInsets:
02-25 11:58:48.355 1385 2084 V WindowManager: InsetsFrameProvider: {id=#da7b0001, index=0, type=navigationBars, source=FRAME, flags=[], insetsSizeOverrides=[TypedInsetsSize: {windowType=INPUT_METHOD, insetsSize=null}]}
02-25 11:58:48.355 1385 2084 V WindowManager: InsetsFrameProvider: {id=#da7b0006, index=0, type=tappableElement, source=FRAME, flags=[]}
02-25 11:58:48.355 1385 2084 V WindowManager: InsetsFrameProvider: {id=#da7b0005, index=0, type=mandatorySystemGestures, source=FRAME, flags=[]}
02-25 11:58:48.355 1385 2084 V WindowManager: InsetsFrameProvider: {id=#da7b0004, index=0, type=systemGestures, source=DISPLAY, flags=[], insetsSize=Insets{left=0, top=0, right=0, bottom=0}, mMinimalInsetsSizeInDisplayCutoutSafe=Insets{left=0, top=0, right=0, bottom=0}}
02-25 11:58:48.355 1385 2084 V WindowManager: InsetsFrameProvider: {id=#da7b0024, index=1, type=systemGestures, source=DISPLAY, flags=[], insetsSize=Insets{left=0, top=0, right=0, bottom=0}, mMinimalInsetsSizeInDisplayCutoutSafe=Insets{left=0, top=0, right=0, bottom=0}} naviIconColor=0}
02-25 11:58:48.355 1385 2084 V WindowManager: ROTATION_180={(0,0)(fillx135) gr=BOTTOM CENTER_VERTICAL layoutInDisplayCutoutMode=always ty=NAVIGATION_BAR fmt=TRANSLUCENT
02-25 11:58:48.355 1385 2084 V WindowManager: fl=20840028
02-25 11:58:48.355 1385 2084 V WindowManager: pfl=31001000
02-25 11:58:48.355 1385 2084 V WindowManager: bhv=DEFAULT
02-25 11:58:48.355 1385 2084 V WindowManager: providedInsets:
02-25 11:58:48.355 1385 2084 V WindowManager: InsetsFrameProvider: {id=#da7b0001, index=0, type=navigationBars, source=FRAME, flags=[], insetsSize=Insets{left=0, top=0, right=0, bottom=135}, insetsSizeOverrides=[TypedInsetsSize: {windowType=INPUT_METHOD, insetsSize=null}]}
02-25 11:58:48.355 1385 2084 V WindowManager: InsetsFrameProvider: {id=#da7b0006, index=0, type=tappableElement, source=FRAME, flags=[]}
02-25 11:58:48.355 1385 2084 V WindowManager: InsetsFrameProvider: {id=#da7b0005, index=0, type=mandatorySystemGestures, source=FRAME, flags=[]}
02-25 11:58:48.355 1385 2084 V WindowManager: InsetsFrameProvider: {id=#da7b0004, index=0, type=systemGestures, source=DISPLAY, flags=[], insetsSize=Insets{left=0, top=0, right=0, bottom=0}, mMinimalInsetsSizeInDisplayCutoutSafe=Insets{left=0, top=0, right=0, bottom=0}}
02-25 11:58:48.355 1385 2084 V WindowManager: InsetsFrameProvider: {id=#da7b0024, index=1, type=systemGestures, source=DISPLAY, flags=[], insetsSize=Insets{left=0, top=0, right=0, bottom=0}, mMinimalInsetsSizeInDisplayCutoutSafe=Insets{left=0, top=0, right=0, bottom=0}} naviIconColor=0}
02-25 11:58:48.355 1385 2084 V WindowManager: ROTATION_270={(0,0)(135xfill) gr=LEFT CENTER_HORIZONTAL layoutInDisplayCutoutMode=always ty=NAVIGATION_BAR fmt=TRANSLUCENT
02-25 11:58:48.355 1385 2084 V WindowManager: fl=20840028
02-25 11:58:48.355 1385 2084 V WindowManager: pfl=31001000
02-25 11:58:48.355 1385 2084 V WindowManager: bhv=DEFAULT
02-25 11:58:48.355 1385 2084 V WindowManager: providedInsets:
02-25 11:58:48.355 1385 2084 V WindowManager: InsetsFrameProvider: {id=#da7b0001, index=0, type=navigationBars, source=FRAME, flags=[], insetsSizeOverrides=[TypedInsetsSize: {windowType=INPUT_METHOD, insetsSize=null}]}
02-25 11:58:48.355 1385 2084 V WindowManager: InsetsFrameProvider: {id=#da7b0006, index=0, type=tappableElement, source=FRAME, flags=[]}
02-25 11:58:48.355 1385 2084 V WindowManager: InsetsFrameProvider: {id=#da7b0005, index=0, type=mandatorySystemGestures, source=FRAME, flags=[]}
02-25 11:58:48.355 1385 2084 V WindowManager: InsetsFrameProvider: {id=#da7b0004, index=0, type=systemGestures, source=DISPLAY, flags=[], insetsSize=Insets{left=0, top=0, right=0, bottom=0}, mMinimalInsetsSizeInDisplayCutoutSafe=Insets{left=0, top=0, right=0, bottom=0}}
02-25 11:58:48.355 1385 2084 V WindowManager: InsetsFrameProvider: {id=#da7b0024, index=1, type=systemGestures, source=DISPLAY, flags=[], insetsSize=Insets{left=0, top=0, right=0, bottom=0}, mMinimalInsetsSizeInDisplayCutoutSafe=Insets{left=0, top=0, right=0, bottom=0}} naviIconColor=0} naviIconColor=0}
02-25 11:58:48.356 890 890 I BufferQueueProducer: [NavigationBar0$_1842#80](this:0xe96e38b8,id:-1,api:0,p:-1,c:890) queueBuffer: fps=0.23 dur=148803.55 max=148233.83 min=10.05
02-25 11:58:48.357 890 890 I BufferQueueDebug: [Surface(name=a4f18d5 StatusBar)/@0x1550664 - animation-leash of insets_animation#1202](this:0xe95c38b8,id:-1,api:0,p:-1,c:890) onDestructor()
02-25 11:58:48.357 890 890 I Layer : id=1202 Destroyed Surface(name=a4f18d5 StatusBar)/@0x1550664 - animation-leash of insets_animation#1202
02-25 11:58:48.357 890 890 I BufferQueueDebug: [Surface(name=90ab329 NavigationBar0)/@0xf83251b - animation-leash of insets_animation#1201](this:0xe95e58b8,id:-1,api:0,p:-1,c:890) onDestructor()
02-25 11:58:48.357 890 890 I Layer : id=1201 Destroyed Surface(name=90ab329 NavigationBar0)/@0xf83251b - animation-leash of insets_animation#1201
02-25 11:58:48.359 8320 8320 D nativeloader: Load libframework-connectivity-tiramisu-jni.so using APEX ns com_android_tethering for caller /apex/com.android.tethering/javalib/framework-connectivity-t.jar: ok
02-25 11:58:48.364 8320 8320 D ActivityThread: setConscryptValidator
02-25 11:58:48.364 8320 8320 D ActivityThread: setConscryptValidator - put
02-25 11:58:48.371 1385 2084 V WindowManager: rotationForOrientation(orient=SCREEN_ORIENTATION_UNSPECIFIED (-1), last=ROTATION_0 (0)); user=ROTATION_0 (0) USER_ROTATION_LOCKED
02-25 11:58:48.371 1385 2084 D WindowManager: rotationForOrientation, orientationSource=ActivityRecord{f25341a u0 com.companyname.mauiapp3/crc64e73e5e987e2fb5cd.MainActivity t4614}
02-25 11:58:48.371 1385 2084 V WindowManager: Computed rotation=ROTATION_0 (0) for display id=0 based on lastOrientation=SCREEN_ORIENTATION_UNSPECIFIED (-1) and oldRotation=ROTATION_0 (0), caller=com.android.server.wm.DisplayRotation.updateOrientation:517 com.android.server.wm.DisplayContent.updateOrientation:2176 com.android.server.wm.DisplayContent.updateOrientation:2092 com.android.server.wm.RootWindowContainer.ensureVisibilityAndConfig:2091 com.android.server.wm.ActivityTaskSupervisor.realStartActivityLocked:932 com.android.server.wm.RootWindowContainer$AttachApplicationHelper.test:4352
02-25 11:58:48.372 1385 2084 D SGM:PkgDataHelper: notifyAppCreate(), pkgName: com.companyname.mauiapp3, userId: 0, sendRet: true
02-25 11:58:48.372 1385 1587 D SGM:FgCheckThread: onLooperPrepared(), msg: MSG_APP_CREATE, pkgName: com.companyname.mauiapp3, userId: 0
02-25 11:58:48.373 1385 2084 D SGM:FgCheckThread: TaskStackListener.onTaskFocusChanged(), taskId=4561, focused=false
02-25 11:58:48.373 1385 2084 D SGM:FgCheckThread: TaskStackListener.onTaskFocusChanged(), taskId=4614, focused=true
02-25 11:58:48.373 1385 2084 D SGM:FgCheckThread: sendRunningComponentFocus(), pkgName: com.companyname.mauiapp3, userId: 0
02-25 11:58:48.373 1385 1587 D SGM:FgCheckThread: onLooperPrepared(), msg: MSG_TASK_FOCUSED, pkgName: com.companyname.mauiapp3, userId: 0
02-25 11:58:48.374 1385 2084 D InputDispatcher: Focused application(0): ActivityRecord{f25341a u0 com.companyname.mauiapp3/crc64e73e5e987e2fb5cd.MainActivity t4614}
02-25 11:58:48.374 1385 1587 D SGM:FgCheckThread: handleTaskFocused().
02-25 11:58:48.374 1385 1587 D SGM:FgCheckThread: handleTaskFocused(), pkgName: com.companyname.mauiapp3, userID:0
02-25 11:58:48.374 1385 1587 D SGM:FgCheckThread: handleResume().
02-25 11:58:48.374 1385 2084 D SGM:FgCheckThread: TaskStackListener.onTaskFocusChanged(), taskId=4561, focused=false
02-25 11:58:48.374 1385 2084 D SGM:FgCheckThread: TaskStackListener.onTaskFocusChanged(), taskId=4614, focused=true
02-25 11:58:48.374 1385 1587 D SGM:FgCheckThread: sendFocusOutConditionally() - mPrevNotiPkg: (unknown), userId: 0
02-25 11:58:48.374 1385 1587 D SGM:FgCheckThread: handleResume(). pkgName: com.companyname.mauiapp3, userId: 0, isTunableApp: null
02-25 11:58:48.374 1385 1587 D SGM:FgCheckThread: notifyFocusInOut(). of pkg: com.companyname.mauiapp3, type: 4, isTunableApp: false, userId: 0
02-25 11:58:48.374 1385 1587 D SGM:FgCheckThread: notifyFocusInOut(). unexpected mPrevNotiType: -1
02-25 11:58:48.374 1385 1587 D SGM:SystemHelper: callReleaseBlock needReleaseBlock:false
02-25 11:58:48.374 1385 2084 D SGM:FgCheckThread: sendRunningComponentFocus(), pkgName: com.companyname.mauiapp3, userId: 0
02-25 11:58:48.375 1385 2084 D ActivityTaskManager: scheduleTopResumedActivityChanged, onTop=true, r=ActivityRecord{f25341a u0 com.companyname.mauiapp3/crc64e73e5e987e2fb5cd.MainActivity t4614}, caller=com.android.server.wm.ActivityTaskSupervisor.scheduleTopResumedActivityStateIfNeeded:2857 com.android.server.wm.ActivityTaskSupervisor.updateTopResumedActivityIfNeeded:2849 com.android.server.wm.TaskFragment.setResumedActivity:579 com.android.server.wm.TaskFragment.onActivityStateChanged:903 com.android.server.wm.ActivityRecord.setState:6811 com.android.server.wm.Task.minimalResumeActivityLocked:6192
02-25 11:58:48.375 2218 2374 I HoneySpace.TopTaskSource: onTaskFocusChanged(): taskId = 4614
02-25 11:58:48.375 2218 2374 I HoneySpace.TopTaskSource: onTaskMovedToFront : taskId = 4614
02-25 11:58:48.376 1385 2084 D WindowManagerServiceExt: notifyOccludeChangeNotice: cn=ComponentInfo{com.companyname.mauiapp3/crc64e73e5e987e2fb5cd.MainActivity} occludesParent=true isInSplitScreenMode=false styleFloating=false caller=com.android.server.wm.ActivityRecord.completeResumeLocked:7452 com.android.server.wm.Task.minimalResumeActivityLocked:6193 com.android.server.wm.ActivityTaskSupervisor.realStartActivityLocked:1158 com.android.server.wm.RootWindowContainer$AttachApplicationHelper.test:4352 com.android.server.wm.RootWindowContainer$AttachApplicationHelper.test:4288
02-25 11:58:48.377 1385 1665 D AS.MultiSoundManager: mForegroundUid = 10405
02-25 11:58:48.377 1385 1665 D AS.MultiSoundManager: mForegroundUid = 10405
02-25 11:58:48.377 2218 2374 I HoneySpace.TopTaskSource: onTaskFocusChanged(): taskId = 4614
02-25 11:58:48.377 2218 2374 I HoneySpace.TopTaskSource: onTaskMovedToFront : taskId = 4614
02-25 11:58:48.377 1385 1587 D SGM:FgCheckThread: onLooperPrepared(), msg: MSG_TASK_FOCUSED, pkgName: com.companyname.mauiapp3, userId: 0
02-25 11:58:48.378 1385 1587 D SGM:FgCheckThread: handleTaskFocused().
02-25 11:58:48.378 1385 1587 D SGM:FgCheckThread: handleTaskFocused(), pkgName: com.companyname.mauiapp3, userID:0
02-25 11:58:48.378 1385 1587 D SGM:FgCheckThread: handleResume().
02-25 11:58:48.378 1385 1587 D SGM:FgCheckThread: sendFocusOutConditionally() - mPrevNotiPkg: (unknown), userId: 0
02-25 11:58:48.378 1385 1587 D SGM:FgCheckThread: handleResume(). pkgName: com.companyname.mauiapp3, userId: 0, isTunableApp: null
02-25 11:58:48.378 1385 1587 D SGM:FgCheckThread: notifyFocusInOut(). of pkg: com.companyname.mauiapp3, type: 4, isTunableApp: false, userId: 0
02-25 11:58:48.378 1385 1587 D SGM:FgCheckThread: notifyFocusInOut(). unexpected mPrevNotiType: -1
02-25 11:58:48.378 1385 1587 D SGM:SystemHelper: callReleaseBlock needReleaseBlock:false
02-25 11:58:48.378 1385 1804 I Pageboost: 64 bit checked : false for 8320
02-25 11:58:48.378 1385 1804 I Pageboost: IoRecord pid : 8320, started correctly
02-25 11:58:48.380 890 890 I BufferQueueProducer: [FramebufferSurface](this:0xebf709e4,id:-1,api:1,p:890,c:890) queueBuffer: fps=0.03 dur=148570.62 max=148505.52 min=13.16
02-25 11:58:48.381 1385 1420 D SGM:FgCheckThread: noteResumeComponent(), received pkgName: com.companyname.mauiapp3, userId: 0
02-25 11:58:48.382 1385 1420 I GameSDK@LifeCycle: noteResumeComponent(): package name : com.companyname.mauiapp3
02-25 11:58:48.382 1385 1587 D SGM:FgCheckThread: onLooperPrepared(), msg: MSG_APP_RESUME, pkgName: com.companyname.mauiapp3, userid: 0
02-25 11:58:48.382 1385 1587 D SGM:FgCheckThread: handleResume().
02-25 11:58:48.382 3011 3011 E pageboostd: Received HALT command code 2
02-25 11:58:48.382 1385 1587 D SGM:FgCheckThread: sendFocusOutConditionally() - mPrevNotiPkg: (unknown), userId: 0
02-25 11:58:48.382 1385 1587 D SGM:FgCheckThread: handleResume(). pkgName: com.companyname.mauiapp3, userId: 0, isTunableApp: null
02-25 11:58:48.382 1385 1587 D SGM:FgCheckThread: notifyFocusInOut(). of pkg: com.companyname.mauiapp3, type: 4, isTunableApp: false, userId: 0
02-25 11:58:48.382 1385 1587 D SGM:FgCheckThread: notifyFocusInOut(). unexpected mPrevNotiType: -1
02-25 11:58:48.382 1385 1587 D SGM:SystemHelper: callReleaseBlock needReleaseBlock:false
02-25 11:58:48.383 2160 2372 D BtGatt.GattService: onScanResult to scannerId: 3- eventType=0x1a, addressType=1, address=XX:XX:XX:XX:22:00, primaryPhy=1, secondaryPhy=0, advertisingSid=0xff, txPower=127, rssi=-53, periodicAdvInt=0x0
02-25 11:58:48.383 890 890 D SurfaceFlinger: Display 0 HWC layers:
02-25 11:58:48.383 890 890 D SurfaceFlinger: DEVICE | 0xebe2b380 | 0100 | RGBA_8888 | 2.0 0.0 1078.0 2400.0 | 0 0 1080 2408 | Wallpaper BBQ wrapper 5_system#70
02-25 11:58:48.383 890 890 D SurfaceFlinger: DEVICE | 0xebe2ad80 | 0100 | RGBA_8888 | 0.0 0.0 1080.0 2408.0 | 0 0 1080 2408 | com.sec.android.app.launcher/com.sec[...]tivities.LauncherActivity$_2218#1200
02-25 11:58:48.383 890 890 D SurfaceFlinger: CLIENT | 0xea377f00 | 0100 | RGBA_8888 | 0.0 0.0 1080.0 2408.0 | 75 167 1005 2241 | Splash Screen com.companyname.mauiapp3$_1842#1211
02-25 11:58:48.383 890 890 D SurfaceFlinger: DEVICE | 0xebe2c580 | 0100 | RGBA_8888 | 0.0 0.0 1080.0 70.0 | 0 0 1080 70 | StatusBar$_1842#84
02-25 11:58:48.383 890 890 D SurfaceFlinger: DEVICE | 0xebe2ac00 | 0100 | RGBA_8888 | 0.0 0.0 1080.0 135.0 | 0 2273 1080 2408 | NavigationBar0$_1842#80
02-25 11:58:48.383 890 890 D SurfaceFlinger:
02-25 11:58:48.384 1385 1420 D SGM:GameManager: identifyGamePackage. com.companyname.mauiapp3, mCurrentUserId: 0, callerUserId: 0, callingMethodInfo: com.samsung.android.game.SemGameManager.isGamePackage(SemGameManager.java:109)
02-25 11:58:48.385 1385 1420 D SGM:PkgDataHelper: getGamePkgData(). com.companyname.mauiapp3
02-25 11:58:48.385 1385 1420 D SGM:SemGameManager: isGamePackage(), pkgName=com.companyname.mauiapp3, ret=false
02-25 11:58:48.385 1385 1420 I ActivityManager: Changes in 10405 19 to 2, 0 to 63
02-25 11:58:48.387 2160 2160 D HidDeviceService: handleMessage(): msg.what=8
02-25 11:58:48.392 1385 1385 I WALLPAPER_SVC:SemWallpaperManagerService: isHomeActivityVisible : false
02-25 11:58:48.392 1385 1385 D WALLPAPER_SVC:WallpaperManagerService: dispatchHomeVisibilityChanged: visible = false, connection = com.android.server.wallpaper.WallpaperManagerService$WallpaperConnection@46929f1, systemWallpaper = WallpaperData@7a4ed8e, id: 2, which: 5, file mod: 0, info: null, engine(s): Proxy@d90b2e7, type = 0, userId = 0, uri= null, allowBackup= true, wallpaperComponent = ComponentInfo{com.android.systemui/com.android.systemui.wallpapers.ImageWallpaper}, nextWallpaperComponent = ComponentInfo{com.android.systemui/com.android.systemui.wallpapers.ImageWallpaper}
02-25 11:58:48.394 1385 1418 D PkgPredictorService-SecIpmManagerServiceImpl: onForegroundActivitiesChanged pid:8320 uid:10405
02-25 11:58:48.403 8320 8320 D CompatibilityChangeReporter: Compat change id reported: 171979766; UID 10405; state: ENABLED
02-25 11:58:48.404 8320 8320 D CompatibilityChangeReporter: Compat change id reported: 242716250; UID 10405; state: ENABLED
02-25 11:58:48.422 1385 2084 D CompatibilityChangeReporter: Compat change id reported: 170503758; UID 10405; state: ENABLED
02-25 11:58:48.441 8320 8320 W ziparchive: Unable to open '/data/app/~~3yfPzEoCZ2wSfLep3-w0jg==/com.companyname.mauiapp3-ALrbfwtu1T-qdPwQ3rJyew==/base.dm': No such file or directory
02-25 11:58:48.441 8320 8320 W ziparchive: Unable to open '/data/app/~~3yfPzEoCZ2wSfLep3-w0jg==/com.companyname.mauiapp3-ALrbfwtu1T-qdPwQ3rJyew==/base.dm': No such file or directory
02-25 11:58:48.525 1385 1658 D MdnieScenarioControlService: packageName : com.companyname.mauiapp3 className : crc64e73e5e987e2fb5cd.MainActivity
02-25 11:58:48.525 1385 1658 V MdnieScenarioControlService: setUIMode from UI function(3)
02-25 11:58:48.626 1385 1658 V MdnieScenarioControlService: mAclOffEnabled : false
02-25 11:58:48.693 1842 1979 V WindowManagerShell: Transition animation finished (aborted=false), notifying core (#172)android.os.BinderProxy@e4d2439@0
02-25 11:58:48.694 1842 1979 I SurfaceControl: apply is called, name=FinishTransaction_SyncId<172>, caller=android.view.SurfaceControl$Transaction.apply:2921 com.android.wm.shell.transition.Transitions.onFinish:302 com.android.wm.shell.transition.Transitions$$ExternalSyntheticLambda6.onTransitionFinished:15 com.android.wm.shell.transition.DefaultTransitionHandler$$ExternalSyntheticLambda5.run:125 com.android.wm.shell.transition.DefaultTransitionHandler$$ExternalSyntheticLambda3.run:52 android.os.Handler.handleCallback:958
02-25 11:58:48.696 1385 2084 V WindowManager: Finish Transition: TransitionRecord{fc312c5 id=172 type=OPEN flags=0x0}, caller=com.android.server.wm.WindowOrganizerController.finishTransition:456 android.window.IWindowOrganizerController$Stub.onTransact:286 com.android.server.wm.WindowOrganizerController.onTransact:219
02-25 11:58:48.696 1385 1417 V WindowManager: Finish Transition #172: created at
02-25 11:58:48.218 collect-started=0.604ms request-sent=14.711ms started=16.842ms ready=84.447ms sent=90.287ms finished=477.644ms
02-25 11:58:48.697 1385 2084 V WindowManager: Setting visibility of Window{660cc0 u0 com.sec.android.app.launcher/com.sec.android.app.launcher.activities.LauncherActivity}: false, caller=com.android.server.wm.WindowContainer.sendAppVisibilityToClients:1301 com.android.server.wm.WindowToken.setClientVisible:446 com.android.server.wm.ActivityRecord.setClientVisible:8121 com.android.server.wm.ActivityRecord.postApplyAnimation:6685 com.android.server.wm.ActivityRecord.commitVisibility:6628
02-25 11:58:48.698 2218 2218 I ViewRootImpl@9bc818d[LauncherActivity]: handleAppVisibility mAppVisible = true visible = false
02-25 11:58:48.698 1385 2084 V WindowManager: Setting visibility of Window{1e269db u0 com.android.systemui.wallpapers.ImageWallpaper_system}: false, caller=com.android.server.wm.WindowContainer.sendAppVisibilityToClients:1301 com.android.server.wm.WindowToken.setClientVisible:446 com.android.server.wm.WallpaperWindowToken.setVisible:192 com.android.server.wm.WallpaperWindowToken.commitVisibility:243 com.android.server.wm.Transition.finishTransition:1548
02-25 11:58:48.698 1842 2465 I WallpaperService: dispatchAppVisibility: system, visible=false
02-25 11:58:48.698 1842 2139 I WallpaperService: reportVisibility: visibility changed. visible=false
02-25 11:58:48.698 1842 2139 I ImageWallpaper[CanvasEngine_d0_w1]: onVisibilityChanged: visible=false , displayId=0
02-25 11:58:48.700 1842 1979 V WindowManagerShell: Track 0 became idle
02-25 11:58:48.701 1842 1979 V WindowManagerShell: All active transition animations finished
02-25 11:58:48.708 890 890 I Layer : id=1212 removeFromCurrentState Transition Root: Task=4614#1212 (122)
02-25 11:58:48.708 890 890 I Layer : id=52 removeFromCurrentState Task=1#52 (122)
02-25 11:58:48.708 890 890 I Layer : id=86 removeFromCurrentState Task=4561#86 (122)
02-25 11:58:48.708 890 890 I Layer : id=87 removeFromCurrentState ActivityRecord{40f671 u0 com.sec.android.app.launcher/.activities.LauncherActivity t4561}#87 (122)
02-25 11:58:48.708 890 890 I Layer : id=97 removeFromCurrentState 18e4ff5 ActivityRecordInputSink com.sec.android.app.launcher/.Launcher#97 (122)
02-25 11:58:48.708 890 890 I Layer : id=88 removeFromCurrentState 660cc0 com.sec.android.app.launcher/com.sec.android.app.launcher.activities.LauncherActivity#88 (122)
02-25 11:58:48.708 890 890 I Layer : id=1200 removeFromCurrentState com.sec.android.app.launcher/com.sec.android.app.launcher.activities.LauncherActivity$_2218#1200 (122)
02-25 11:58:48.708 890 890 I Layer : id=17 removeFromCurrentState ImeContainer#17 (122)
02-25 11:58:48.708 890 890 I Layer : id=150 removeFromCurrentState WindowToken{59ebd23 type=2011 android.os.Binder@4026652}#150 (122)
02-25 11:58:48.708 890 890 I Layer : id=1207 removeFromCurrentState Surface(name=ac70f67 InputMethod)/@0xac6830a - animation-leash of insets_animation#1207 (122)
02-25 11:58:48.708 890 890 I Layer : id=152 removeFromCurrentState ac70f67 InputMethod#152 (122)
02-25 11:58:48.708 890 890 I Layer : id=52 addToCurrentState Task=1#52 (122)
02-25 11:58:48.708 890 890 I Layer : id=86 addToCurrentState Task=4561#86 (122)
02-25 11:58:48.708 890 890 I Layer : id=87 addToCurrentState ActivityRecord{40f671 u0 com.sec.android.app.launcher/.activities.LauncherActivity t4561}#87 (122)
02-25 11:58:48.708 890 890 I Layer : id=97 addToCurrentState 18e4ff5 ActivityRecordInputSink com.sec.android.app.launcher/.Launcher#97 (122)
02-25 11:58:48.708 890 890 I Layer : id=88 addToCurrentState 660cc0 com.sec.android.app.launcher/com.sec.android.app.launcher.activities.LauncherActivity#88 (122)
02-25 11:58:48.708 890 890 I Layer : id=1200 addToCurrentState com.sec.android.app.launcher/com.sec.android.app.launcher.activities.LauncherActivity$_2218#1200 (122)
02-25 11:58:48.709 890 890 I Layer : id=17 addToCurrentState ImeContainer#17 (122)
02-25 11:58:48.709 890 890 I Layer : id=150 addToCurrentState WindowToken{59ebd23 type=2011 android.os.Binder@4026652}#150 (122)
02-25 11:58:48.709 890 890 I Layer : id=1207 addToCurrentState Surface(name=ac70f67 InputMethod)/@0xac6830a - animation-leash of insets_animation#1207 (122)
02-25 11:58:48.709 890 890 I Layer : id=152 addToCurrentState ac70f67 InputMethod#152 (122)
02-25 11:58:48.709 2218 2218 I ViewRootImpl@9bc818d[LauncherActivity]: destroyHardwareResources: Callers=android.view.ViewRootImpl.performTraversals:3932 android.view.ViewRootImpl.doTraversal:3288 android.view.ViewRootImpl$TraversalRunnable.run:11344 android.view.Choreographer$CallbackRecord.run:1689 android.view.Choreographer$CallbackRecord.run:1698 android.view.Choreographer.doCallbacks:1153 android.view.Choreographer.doFrame:1079 android.view.Choreographer$FrameDisplayEventReceiver.run:1646 android.os.Handler.handleCallback:958 android.os.Handler.dispatchMessage:99
02-25 11:58:48.709 890 890 I Layer : id=1212 removeFromCurrentState Transition Root: Task=4614#1212 (122)
02-25 11:58:48.709 890 890 I Layer : Layer [com.sec.android.app.launcher/com.sec.android.app.launcher.activities.LauncherActivity$_2218#1200] hidden!! flag(1)
02-25 11:58:48.710 890 890 I SurfaceFlinger: id=1212 Removed Transition Root: Task=4614#1212 (122)
02-25 11:58:48.713 817 872 I hwcomposer: [DBQ] (q2:0xf5f50380) Buffer queue is destroyed, m_id(254)
02-25 11:58:48.713 817 872 I hwcomposer: [DBQ] (q2:0xf5f50380) ~DisplayBufferQueue(), m_id(254), release buf
02-25 11:58:48.713 817 872 I hwcomposer: [DBQ] (q2:0xf5f50380) Free Slot(0), handle=0xf6305d00, 10402560 -> 0
02-25 11:58:48.714 890 890 D SurfaceFlinger: Display 0 HWC layers:
02-25 11:58:48.714 890 890 D SurfaceFlinger: DEVICE | 0xea377f00 | 0100 | RGBA_8888 | 0.0 0.0 1080.0 2408.0 | 0 0 1080 2408 | Splash Screen com.companyname.mauiapp3$_1842#1211
02-25 11:58:48.714 890 890 D SurfaceFlinger: DEVICE | 0xebe2c580 | 0100 | RGBA_8888 | 0.0 0.0 1080.0 70.0 | 0 0 1080 70 | StatusBar$_1842#84
02-25 11:58:48.714 890 890 D SurfaceFlinger: DEVICE | 0xebe2ac00 | 0100 | RGBA_8888 | 0.0 0.0 1080.0 135.0 | 0 2273 1080 2408 | NavigationBar0$_1842#80
02-25 11:58:48.714 890 890 D SurfaceFlinger:
02-25 11:58:48.715 1385 2084 V WindowManager: Relayout Window{660cc0 u0 com.sec.android.app.launcher/com.sec.android.app.launcher.activities.LauncherActivity}: viewVisibility=8 req=1080x2408 ty=1 d0
02-25 11:58:48.720 1385 2084 V WindowManager: Relayout hash=660cc0, pid=2218, syncId=-1: mAttrs={(0,0)(fillxfill) sim={adjust=nothing forwardNavigation} layoutInDisplayCutoutMode=shortEdges ty=BASE_APPLICATION fmt=TRANSPARENT wanim=0x10302f2
02-25 11:58:48.720 1385 2084 V WindowManager: fl=81910100
