--------- beginning of main
02-25 11:58:33.747 1842 1842 D StatusBarIconController: ignoring old pipeline callbacks, because the new mobile icons are enabled
02-25 11:58:34.527 1210 1210 D connsyslogger: Open FIFO for close
02-25 11:58:34.913 1385 3510 D SemWifiUsabilityStatsMonitor: onWifiUsabilityStats - seqNum 6514, isSameBssidAndFreq true
02-25 11:58:34.920 1842 1842 D StatusBarIconController: ignoring old pipeline callback because the new wifi icon is enabled
02-25 11:58:34.922 1842 2028 D Tile.WifiTile: handleUpdateState isTransient=false transientEnabling =false cb.isTransient=false state.state = 2 mStateBeforeClick.value =false enabled =true
02-25 11:58:34.946 1842 2047 I gralloc4: @set_metadata: update dataspace from GM (0x00000000 -> 0x08010000)
02-25 11:58:34.959 890 890 I BufferQueueProducer: [StatusBar$_1842#84](this:0xe96a90b8,id:-1,api:0,p:-1,c:890) queueBuffer: fps=0.33 dur=3010.74 max=3010.74 min=3010.74
02-25 11:58:34.962 817 872 I hwcomposer: [HWCDisplay] [Display_0 (type:1)] fps:0.332211,dur:3010.13,max:3010.13,min:3010.13 --------- beginning of system
02-25 11:58:36.275 1793 1793 I wpa_supplicant: Heartbeat 7838
02-25 11:58:36.318 1842 1842 D StatusBarIconController: ignoring old pipeline callbacks, because the new mobile icons are enabled
02-25 11:58:36.413 1385 1739 D WifiConnectivityMonitor.NetworkStatsAnalyzer: Backhaul result - RSSI:-60, CE:7, PE:7, TI:15, PTI:15, TW:0, PTW:0, Tx:7, Rx:56, TxS:0, RxS:0, RESULT:true, IC:0, ICT:5, WC:0, WCT:5, R:0, RC:0, IE:0, EC:0
02-25 11:58:37.219 18220 7984 I NearbyMediums: Found Fast Ble Advertisements :
02-25 11:58:37.219 18220 7984 I NearbyMediums: BleAdvertisement { version=2, socketVersion=2, isFast=true, serviceIdHash=null, data=[ 0x23 0x45 0x53 0x53 0x51 0x11 0x32 0x61 0x28 0xcd 0xde 0x39 0x94 0x50 0x4b 0xa1 0x01 0xcc 0x5c 0xb1 0x3d 0x50 0xe2 ], deviceToken=[ 0x0e 0x51 ], rxAdvertisement=null } : 3 times.
02-25 11:58:37.219 18220 7984 I NearbyMediums: Total 3 fast advertisements from 1 unique advertisers.
02-25 11:58:37.225 2160 2372 D BtGatt.GattService: onScanResult to scannerId: 3- eventType=0x1a, addressType=1, address=XX:XX:XX:XX:22:00, primaryPhy=1, secondaryPhy=0, advertisingSid=0xff, txPower=127, rssi=-52, periodicAdvInt=0x0
02-25 11:58:37.928 1385 3510 D SemWifiUsabilityStatsMonitor: onWifiUsabilityStats - seqNum 6515, isSameBssidAndFreq true
02-25 11:58:39.224 2160 2372 D BtGatt.GattService: onScanResult to scannerId: 3- eventType=0x1a, addressType=1, address=XX:XX:XX:XX:22:00, primaryPhy=1, secondaryPhy=0, advertisingSid=0xff, txPower=127, rssi=-52, periodicAdvInt=0x0
02-25 11:58:39.528 1210 1210 D connsyslogger: Open FIFO for close
02-25 11:58:39.877 1385 8006 D WifiConnectivityMonitor.DnsThread: [|206] []
02-25 11:58:39.878 1385 1739 D WifiConnectivityMonitor.NetworkStatsAnalyzer: DNS resultType : 0, responseTime : 206
02-25 11:58:39.879 1385 1737 D OpenNetworkQos[4.00]: updateBssidLatestDnsResultType - result: 0
02-25 11:58:39.879 1385 1737 D OpenNetworkQos[4.00]: updateBssidNoInternet: mBssidNoInternet = false
02-25 11:58:39.879 1385 1737 D OpenNetworkQos[4.00]: getOpenNetworkQosNoInternetStatus: false
02-25 11:58:39.879 1385 1737 D OpenNetworkQos[4.00]: getOpenNetworkQosScores: 0 17 12
02-25 11:58:39.879 1385 1737 D KNOX_MDM_SettingsProvider: isChangeAllowed() : name = wifi_wcm_qos_sharing_score_summary
02-25 11:58:40.333 557 557 D io_stats: !@ 179,0 r 570658 18946906 w 365383 7266416 d 46020 7157188 f 0 0 iot 642880 0 th 0 0 0 pt 0 inp 0 0 78596.248
02-25 11:58:40.849 1385 1801 I PersonaServiceHelper: isCallerApprovedToInstall(uid:2000 userHandle:0)
02-25 11:58:40.851 1385 1801 I PersonaServiceHelper: DO is not enabled. no Knox app install enforcement
02-25 11:58:40.851 1385 1801 I PackageInstaller: getting through the check android.content.pm.PackageInstaller$SessionParams@fd73c70 user id 0
02-25 11:58:40.851 1385 1801 I PackageInstaller: UserManager.DISALLOW_NON_MARKET_APP_BY_KNOX : false
02-25 11:58:40.885 2218 10731 I HoneySpace.InstallSessionSourceImpl: onCreated 817972453
02-25 11:58:40.910 1385 1801 I PackageInstallerSession: START COMMIT SESSION: id{817972453}
02-25 11:58:40.937 1385 3510 D SemWifiUsabilityStatsMonitor: onWifiUsabilityStats - seqNum 6516, isSameBssidAndFreq true
02-25 11:58:40.942 1842 1842 D StatusBarIconController: ignoring old pipeline callback because the new wifi icon is enabled
02-25 11:58:40.942 1842 2028 D Tile.WifiTile: handleUpdateState isTransient=false transientEnabling =false cb.isTransient=false state.state = 2 mStateBeforeClick.value =false enabled =true
02-25 11:58:40.947 2160 2372 D BtGatt.GattService: onScanResult to scannerId: 3- eventType=0x1a, addressType=1, address=XX:XX:XX:XX:22:00, primaryPhy=1, secondaryPhy=0, advertisingSid=0xff, txPower=127, rssi=-52, periodicAdvInt=0x0
02-25 11:58:40.975 1842 2047 I gralloc4: @set_metadata: update dataspace from GM (0x00000000 -> 0x08010000)
02-25 11:58:40.980 890 890 I BufferQueueProducer: [StatusBar$_1842#84](this:0xe96a90b8,id:-1,api:0,p:-1,c:890) queueBuffer: fps=0.17 dur=6021.18 max=6021.18 min=6021.18
02-25 11:58:40.983 817 872 I hwcomposer: [HWCDisplay] [Display_0 (type:1)] fps:0.166091,dur:6020.80,max:6020.80,min:6020.80
02-25 11:58:41.083 1385 1468 I KnoxMUMContainerPolicy: getPackagesFromInstallWhiteList is called...
02-25 11:58:41.085 1385 1468 D ApplicationPolicy: getApplicationStateList: Enforce DOPO permission
02-25 11:58:41.085 1385 1468 D ApplicationPolicy: getApplicationStateList : empty
02-25 11:58:41.086 1385 1468 I PackageManager: isVerificationEnabled :: approvedInstaller : .*
02-25 11:58:41.086 1385 1468 I PackageManager: isVerificationEnabled :: installer policy contains *.
02-25 11:58:41.101 1385 1468 W ProcessStats: Tracking association SourceState{e7a9ceb com.google.android.googlequicksearchbox:interactor/10185 BTop #40548} whose proc state 2 is better than process ProcessState{77c7eab com.google.android.gms.persistent/10183 pkg=com.google.android.gms} proc state 3 (3 skipped)
02-25 11:58:41.102 1385 1468 D PackageManager: Sending PACKAGE_NEEDS_VERIFICATION to com.android.vending, vid: 22, sid: 817972453
02-25 11:58:41.106 23117 23117 I Finsky : [2] apgz.b(104): VerifyApps: Install-time verification requested for package com.companyname.mauiapp3, id = 22
02-25 11:58:41.111 1385 1468 D PackageManager: Sending PACKAGE_NEEDS_VERIFICATION to com.samsung.android.sm.devicesecurity, vid: 22, sid: 817972453
02-25 11:58:41.114 1385 1468 D PackageManager: sendBroadcastAsUser. PACKAGE_INSTALL_STARTED
02-25 11:58:41.116 1385 5182 D PerProcessNandswap$NandswapHandler: nandswap start for non-activity com.samsung.storyservice(pid 7935) action:14 adj:925 type:3
02-25 11:58:41.117 1385 1468 I PackageManager: Integrity check passed for file:///data/app/vmdl817972453.tmp
02-25 11:58:41.120 1385 1427 D CompatibilityChangeReporter: Compat change id reported: 135634846; UID 5012; state: DISABLED
02-25 11:58:41.126 23117 8022 I Finsky : [312] VerifyAppsInstallTask.mn(52): VerifyApps: Anti-malware verification task started for package=com.companyname.mauiapp3
02-25 11:58:41.126 6158 6189 I GOS:GameServiceReceiver: Task.doInBackground(), action : com.samsung.android.intent.action.PACKAGE_INSTALL_STARTED
02-25 11:58:41.128 23117 8022 I Finsky : [312] appa.a(68): Single user settings service is not running, bind it now
02-25 11:58:41.130 1385 5182 D PerProcessNandswap$NandswapHandler: nandswap end for non-activity com.samsung.storyservice(pid 7935) ret:1 adj:925
02-25 11:58:41.131 6158 6189 I GOS:GameServiceReceiver: PkgInstallStarted for com.companyname.mauiapp3 UserID : 0
02-25 11:58:41.137 23117 23117 I Finsky : [2] puh.onServiceConnected(87): Single user settings service is connected
02-25 11:58:41.137 804 804 D Zygote : Forked child process 8023
02-25 11:58:41.138 1385 1428 I ActivityManager: Start proc 8023:com.samsung.android.sm.devicesecurity/5012 for broadcast {com.samsung.android.sm.devicesecurity/com.samsung.android.sm.devicesecurity.AppVerificationReceiver}
02-25 11:58:41.138 1385 5182 D PerProcessNandswap$NandswapHandler: nandswap start for non-activity com.samsung.android.mobileservice(pid 7872) action:14 adj:945 type:3
02-25 11:58:41.138 6158 8024 I GOS:GameIntentService: onHandleIntent. GameIntentService. type: 15, pkgName: null
02-25 11:58:41.151 1385 5182 D PerProcessNandswap$NandswapHandler: nandswap end for non-activity com.samsung.android.mobileservice(pid 7872) ret:1 adj:945
02-25 11:58:41.164 1385 5182 D PerProcessNandswap$NandswapHandler: nandswap start for non-activity com.google.process.gservices(pid 19684) action:14 adj:965 type:3
02-25 11:58:41.167 8023 8023 I .devicesecurity: Using CollectorTypeCC GC.
02-25 11:58:41.171 8023 8023 E .devicesecurity: Not starting debugger since process cannot load the jdwp agent.
02-25 11:58:41.181 1385 4842 D CompatibilityChangeReporter: Compat change id reported: 168419799; UID 5012; state: DISABLED
02-25 11:58:41.181 1385 4842 D CompatibilityChangeReporter: Compat change id reported: 273564678; UID 5012; state: DISABLED
02-25 11:58:41.185 1385 5182 D PerProcessNandswap$NandswapHandler: nandswap end for non-activity com.google.process.gservices(pid 19684) ret:1 adj:965
02-25 11:58:41.185 2160 2160 D HidDeviceService: handleMessage(): msg.what=8
02-25 11:58:41.186 1385 1526 D CompatibilityChangeReporter: Compat change id reported: 265195908; UID 5012; state: ENABLED
02-25 11:58:41.187 23117 8022 W Settings: Setting install_non_market_apps has moved from android.provider.Settings.Global to android.provider.Settings.Secure, returning read-only value.
02-25 11:58:41.191 6158 8024 I GOS:GameIntentService: onPackageChanged(). extras: Bundle[{changeType=2, userId=0, type=15, packageName=com.companyname.mauiapp3}]
02-25 11:58:41.191 6158 8024 I GOS:GameIntentService: onPackageChanged(). changeType(INSTALL_STARTED), pkgName(com.companyname.mauiapp3), UserHandle(0), userId(0), Installed(true)
02-25 11:58:41.193 1385 5182 D PerProcessNandswap$NandswapHandler: nandswap start for non-activity com.samsung.android.settingshelper(pid 7750) action:14 adj:995 type:3
02-25 11:58:41.206 1385 5182 D PerProcessNandswap$NandswapHandler: nandswap end for non-activity com.samsung.android.settingshelper(pid 7750) ret:1 adj:995
02-25 11:58:41.213 1385 4838 D VpnManagerService: Exception: java.lang.NullPointerException: Attempt to invoke interface method 'int com.samsung.android.knox.zt.networktrust.filter.IKnoxNetworkFilterService.getKnoxNwFilterHttpProxyPort(int, java.lang.String)' on a null object reference
02-25 11:58:41.213 1385 4838 D VpnManagerService: at com.android.server.VpnManagerService.getKnoxNwFilterHttpProxyPort(VpnManagerService.java:1945)
02-25 11:58:41.213 1385 4838 D VpnManagerService: at android.net.IVpnManager$Stub.onTransact(IVpnManager.java:1075)
02-25 11:58:41.213 1385 4838 D VpnManagerService: at android.os.Binder.execTransactInternal(Binder.java:1375)
02-25 11:58:41.213 1385 4838 D VpnManagerService: at android.os.Binder.execTransact(Binder.java:1311)
02-25 11:58:41.221 1385 5182 D PerProcessNandswap$NandswapHandler: nandswap start for non-activity com.sec.sve(pid 2173) action:7 adj:-800 type:3
02-25 11:58:41.224 1385 4838 D PackageManager: setEnabledSetting : userId = 0 packageName = com.samsung.android.sm.devicesecurity cmp = androidx.work.impl.background.systemjob.SystemJobService newState = 1 callingPackage = com.samsung.android.sm.devicesecurity
02-25 11:58:41.225 1385 4838 D ApplicationPolicy: getApplicationStateEnabled : pkg = com.samsung.android.sm.devicesecurity userId : 0
02-25 11:58:41.226 1385 4838 D ApplicationPolicy: getApplicationComponentState : pkg = com.samsung.android.sm.devicesecurity userId : 0
02-25 11:58:41.229 8023 8023 I SamsungAnalytics605070: Tracker start:6.05.070
02-25 11:58:41.230 1385 4842 I ActivityManager: Flag disabled. Ignoring finishAttachApplication from uid: 5012. pid: 8023
02-25 11:58:41.230 8023 8039 E DIAGMON_SDK: DMA Client is not exist
02-25 11:58:41.242 1385 4838 D PackageManager: verifyPendingInstall vid: 22, vcode: 1, callingUid: 5012
02-25 11:58:41.244 1385 4838 I ActivityManager: Killing 7299:com.sec.spp.push/u0a76 (adj 999): empty #25
02-25 11:58:41.248 1385 5182 D PerProcessNandswap$NandswapHandler: nandswap end for non-activity com.sec.sve(pid 2173) ret:1 adj:-800
02-25 11:58:41.251 1385 1429 I libprocessgroup: Successfully killed process cgroup uid 10076 pid 7299 in 6ms
02-25 11:58:41.257 1385 4842 D CompatibilityChangeReporter: Compat change id reported: 161145287; UID 5012; state: ENABLED
02-25 11:58:41.271 804 804 I Zygote : Process 7299 exited due to signal 9 (Killed)
02-25 11:58:41.274 1385 1418 D DisplayManagerService: Drop pending events for gone uid 10076
02-25 11:58:41.277 1385 4842 D PackageManager: setEnabledSetting : userId = 0 packageName = com.samsung.android.sm.devicesecurity cmp = androidx.work.impl.background.systemalarm.RescheduleReceiver newState = 1 callingPackage = com.samsung.android.sm.devicesecurity
02-25 11:58:41.277 1385 4842 D ApplicationPolicy: getApplicationStateEnabled : pkg = com.samsung.android.sm.devicesecurity userId : 0
02-25 11:58:41.278 2160 2160 D HidDeviceService: handleMessage(): msg.what=8
02-25 11:58:41.278 1385 4842 D ApplicationPolicy: getApplicationComponentState : pkg = com.samsung.android.sm.devicesecurity userId : 0
02-25 11:58:41.292 1385 1935 D CompatibilityChangeReporter: Compat change id reported: 253665015; UID 5012; state: ENABLED
02-25 11:58:41.292 1385 1935 D CompatibilityChangeReporter: Compat change id reported: 194532703; UID 5012; state: ENABLED
02-25 11:58:41.304 1385 1423 E Watchdog: !@Sync: 2619 heap: 92 / 93 FD: 963 [2025-02-25 11:58:41.303]
02-25 11:58:41.323 7582 7582 I SB_Receiver: action : com.samsung.android.sm.security.service.ACTION_SERVICE_STATUS_CHANGED
02-25 11:58:41.326 7582 7582 W ContextImpl: Calling a method in the system process without a qualified user: android.app.ContextImpl.startService:1960 android.content.ContextWrapper.startService:842 com.samsung.android.sm.security.model.trigger.SecurityBridgeProvider.b:17 com.samsung.android.sm.security.model.trigger.SecurityBridgeProvider.call:285 android.content.ContentProvider.call:2760
02-25 11:58:41.332 7582 8048 I SB_Processor: action : com.samsung.android.sm.security.service.ACTION_SERVICE_STATUS_CHANGED
02-25 11:58:41.332 7582 8048 I SB_BgScanServiceCompleted : name : initialization_service, status : started
02-25 11:58:41.342 23117 8022 I Finsky : [312] VerifyAppsInstallTask.ai(192): VerifyApps: Installer app: com.android.shell
02-25 11:58:41.349 23117 8022 I Finsky : [312] tjn.e(29): Task 7 requested foreground
02-25 11:58:41.350 23117 8022 I Finsky : [312] tjn.e(90): Not entering foreground
02-25 11:58:41.351 23117 23169 I Finsky : [114] apxf.a(67): VerifyApps: Starting APK Analysis scan for com.companyname.mauiapp3.
02-25 11:58:41.352 23117 23169 I Finsky : [114] apfr.b(192): Scanning package com.companyname.mauiapp3 contents with client side protections. File: [Ne2-QuWMrOFlVSJt1OhjircFrPybEz0qIBnWua-qR7A]
02-25 11:58:41.375 584 584 W keymint_tee: [WRN]begin req PARAMS: A32, BM32, PD1,
02-25 11:58:41.377 7582 7582 I SB_Receiver: action : com.samsung.android.sm.security.service.ACTION_SERVICE_STATUS_CHANGED
02-25 11:58:41.378 584 584 D android.hardware.security.keymint-service: begin: ret 0
02-25 11:58:41.378 583 583 I keystore2: system/security/keystore2/src/security_level.rs:454 - In create_operation. Success to create IKeystoreOperation. 10184, None
02-25 11:58:41.378 8023 8045 I WM-WorkerWrapper: Worker result SUCCESS for Work [ id=a15ab481-c279-409f-8bef-9e6e138c79bf, tags={ com.samsung.android.sm.devicesecurity.InitializationService, InitializationService } ]
02-25 11:58:41.378 7582 7582 W ContextImpl: Calling a method in the system process without a qualified user: android.app.ContextImpl.startService:1960 android.content.ContextWrapper.startService:842 com.samsung.android.sm.security.model.trigger.SecurityBridgeProvider.b:17 com.samsung.android.sm.security.model.trigger.SecurityBridgeProvider.call:285 android.content.ContentProvider.call:2760
02-25 11:58:41.382 584 584 D android.hardware.security.keymint-service: update: ret 0
02-25 11:58:41.382 7582 8055 I SB_Processor: action : com.samsung.android.sm.security.service.ACTION_SERVICE_STATUS_CHANGED
02-25 11:58:41.382 7582 8055 I SB_BgScanServiceCompleted : name : initialization_service, status : completed
02-25 11:58:41.383 1385 1935 D PackageManager: setEnabledSetting : userId = 0 packageName = com.samsung.android.sm.devicesecurity cmp = androidx.work.impl.background.systemalarm.RescheduleReceiver newState = 2 callingPackage = com.samsung.android.sm.devicesecurity
02-25 11:58:41.384 584 584 D android.hardware.security.keymint-service: finish: ret 0
02-25 11:58:41.386 584 584 W keymint_tee: [WRN]begin req PARAMS: A32, BM32, PD1,
02-25 11:58:41.388 584 584 D android.hardware.security.keymint-service: begin: ret 0
02-25 11:58:41.388 583 6417 I keystore2: system/security/keystore2/src/security_level.rs:454 - In create_operation. Success to create IKeystoreOperation. 10184, None
02-25 11:58:41.390 584 584 D android.hardware.security.keymint-service: update: ret 0
02-25 11:58:41.392 584 584 D android.hardware.security.keymint-service: finish: ret 0
02-25 11:58:41.394 584 584 W keymint_tee: [WRN]begin req PARAMS: A32, BM32, PD1,
02-25 11:58:41.396 584 584 D android.hardware.security.keymint-service: begin: ret 0
02-25 11:58:41.396 583 583 I keystore2: system/security/keystore2/src/security_level.rs:454 - In create_operation. Success to create IKeystoreOperation. 10184, None
02-25 11:58:41.397 1385 1762 D NetdEventListenerService: DNS Requested by 102, 10184, 37
02-25 11:58:41.398 584 584 D android.hardware.security.keymint-service: update: ret 0
02-25 11:58:41.399 584 584 D android.hardware.security.keymint-service: finish: ret 0
02-25 11:58:41.422 1842 1842 D StatusBarIconController: ignoring old pipeline callbacks, because the new mobile icons are enabled
02-25 11:58:41.525 23117 8058 I Finsky : [316] apnq.g(53): VerifyApps: Verification package=com.companyname.mauiapp3, id=22, response=0, upload_requested=false
02-25 11:58:41.526 23117 8058 I Finsky : [316] apni.c(291): VerifyApps: PAM result saving to datastore delayed for package: com.companyname.mauiapp3
02-25 11:58:41.550 23117 23332 I PlayCore: UID: [10184] PID: [23117] apfl : Initiate binding to the service.
02-25 11:58:41.555 1385 4842 D CompatibilityChangeReporter: Compat change id reported: 135634846; UID 99018; state: DISABLED
02-25 11:58:41.556 1385 1428 D CompatibilityChangeReporter: Compat change id reported: 143937733; UID 10184; state: ENABLED
02-25 11:58:41.569 804 804 D Zygote : Forked child process 8059
02-25 11:58:41.570 1385 1428 I ActivityManager: Start proc 8059:com.android.vending:com.google.android.finsky.verifier.apkanalysis.service.ApkContentsScanService/u0i18 for service {com.android.vending/com.google.android.finsky.verifier.apkanalysis.service.ApkContentsScanService}
02-25 11:58:41.583 23117 23140 I android.vending: Waiting for a blocking GC ProfileSaver
02-25 11:58:41.585 8059 8059 I entsScanService: Using CollectorTypeCC GC.
02-25 11:58:41.588 584 584 W keymint_tee: [WRN]begin req PARAMS: A32, BM32, PD1,
02-25 11:58:41.589 8059 8059 E entsScanService: Not starting debugger since process cannot load the jdwp agent.
02-25 11:58:41.590 584 584 D android.hardware.security.keymint-service: begin: ret 0
02-25 11:58:41.591 583 6417 I keystore2: system/security/keystore2/src/security_level.rs:454 - In create_operation. Success to create IKeystoreOperation. 10184, None
02-25 11:58:41.592 8059 8059 D nativeloader: Load libframework-connectivity-tiramisu-jni.so using APEX ns com_android_tethering for caller /apex/com.android.tethering/javalib/framework-connectivity-t.jar: ok
02-25 11:58:41.593 584 584 D android.hardware.security.keymint-service: update: ret 0
02-25 11:58:41.594 8059 8059 D ActivityThread: setConscryptValidator
02-25 11:58:41.594 8059 8059 D ActivityThread: setConscryptValidator - put
02-25 11:58:41.595 584 584 D android.hardware.security.keymint-service: finish: ret 0
02-25 11:58:41.598 1385 4842 D CompatibilityChangeReporter: Compat change id reported: 168419799; UID 10184; state: DISABLED
02-25 11:58:41.598 1385 4842 D CompatibilityChangeReporter: Compat change id reported: 273564678; UID 10184; state: DISABLED
02-25 11:58:41.598 584 584 W keymint_tee: [WRN]begin req PARAMS: A32, BM32, PD1,
02-25 11:58:41.600 584 584 D android.hardware.security.keymint-service: begin: ret 0
02-25 11:58:41.601 583 583 I keystore2: system/security/keystore2/src/security_level.rs:454 - In create_operation. Success to create IKeystoreOperation. 10184, None
02-25 11:58:41.602 2160 2160 D HidDeviceService: handleMessage(): msg.what=8
02-25 11:58:41.604 584 584 D android.hardware.security.keymint-service: update: ret 0
02-25 11:58:41.605 8059 8059 D CompatibilityChangeReporter: Compat change id reported: 171979766; UID 99018; state: ENABLED
02-25 11:58:41.605 8059 8059 D CompatibilityChangeReporter: Compat change id reported: 242716250; UID 99018; state: ENABLED
02-25 11:58:41.606 584 584 D android.hardware.security.keymint-service: finish: ret 0
02-25 11:58:41.609 584 584 W keymint_tee: [WRN]begin req PARAMS: A32, BM32, PD1,
02-25 11:58:41.611 584 584 D android.hardware.security.keymint-service: begin: ret 0
02-25 11:58:41.611 583 583 I keystore2: system/security/keystore2/src/security_level.rs:454 - In create_operation. Success to create IKeystoreOperation. 10184, None
02-25 11:58:41.613 584 584 D android.hardware.security.keymint-service: update: ret 0
02-25 11:58:41.616 584 584 D android.hardware.security.keymint-service: finish: ret 0
02-25 11:58:41.624 8059 8059 D nativeloader: Configuring clns-4 for other apk /system/framework/org.apache.http.legacy.jar. target_sdk_version=35, uses_libraries=ALL, library_path=/data/app/~~kwFdxeuvB4-me9vD9vYGzw==/com.android.vending--XMGEQNL_6SlN2--GnFPsQ==/lib/arm:/data/app/~~kwFdxeuvB4-me9vD9vYGzw==/com.android.vending--XMGEQNL_6SlN2--GnFPsQ==/base.apk!/lib/armeabi-v7a:/data/app/~~kwFdxeuvB4-me9vD9vYGzw==/com.android.vending--XMGEQNL_6SlN2--GnFPsQ==/split_config.armeabi_v7a.apk!/lib/armeabi-v7a:/data/app/~~kwFdxeuvB4-me9vD9vYGzw==/com.android.vending--XMGEQNL_6SlN2--GnFPsQ==/split_config.da.apk!/lib/armeabi-v7a:/data/app/~~kwFdxeuvB4-me9vD9vYGzw==/com.android.vending--XMGEQNL_6SlN2--GnFPsQ==/split_config.en.apk!/lib/armeabi-v7a:/data/app/~~kwFdxeuvB4-me9vD9vYGzw==/com.android.vending--XMGEQNL_6SlN2--GnFPsQ==/split_config.es.apk!/lib/armeabi-v7a:/data/app/~~kwFdxeuvB4-me9vD9vYGzw==/com.android.vending--XMGEQNL_6SlN2--GnFPsQ==/split_config.fr.apk!/lib/armeabi-v7a:/data/app/~~kwFdxeuvB4-me9vD9vYGzw==/com.android.vending--XMGEQNL_6SlN2--GnFPsQ==/spli
02-25 11:58:41.624 8059 8059 D nativeloader: Extending system_exposed_libraries: libface_landmark.arcsoft.so:libhigh_dynamic_range.arcsoft.so:libaudiomirroring_jni.audiomirroring.samsung.so:libBeauty_v4.camera.samsung.so:libexifa.camera.samsung.so:libjpega.camera.samsung.so:libOpenCv.camera.samsung.so:libImageScreener.camera.samsung.so:libFace_Landmark_API.camera.samsung.so:libHpr_RecGAE_cvFeature_v1.0.camera.samsung.so:libHprFace_GAE_api.camera.samsung.so:libHprFace_GAE_jni.camera.samsung.so:libObjectAndSceneClassification_2.5_OD.camera.samsung.so:libQREngine.camera.samsung.so:libFood.camera.samsung.so:libFoodDetector.camera.samsung.so:libPortraitSolution.camera.samsung.so:libsrib_CNNInterface.camera.samsung.so:libsrib_humanaware_engine.camera.samsung.so:libInteractiveSegmentation.camera.samsung.so:libsmart_cropping.camera.samsung.so:libFacePreProcessing_jni.camera.samsung.so:libhumantracking_util.camera.samsung.so:libsecjpeginterface.camera.samsung.so:libMyFilterPlugin.camera.samsung.so:libsurfaceutil.camera.samsung.so:libcore2nativeutil.camera.samsu
02-25 11:58:41.645 23117 23140 I android.vending: WaitForGcToComplete blocked ProfileSaver on Background for 61.753ms
02-25 11:58:41.710 8059 8059 W ziparchive: Unable to open '/data/app/~~kwFdxeuvB4-me9vD9vYGzw==/com.android.vending--XMGEQNL_6SlN2--GnFPsQ==/split_config.armeabi_v7a.dm': No such file or directory
02-25 11:58:41.710 8059 8059 W ziparchive: Unable to open '/data/app/~~kwFdxeuvB4-me9vD9vYGzw==/com.android.vending--XMGEQNL_6SlN2--GnFPsQ==/split_config.armeabi_v7a.dm': No such file or directory
02-25 11:58:41.711 8059 8059 W entsScanService: Entry not found
02-25 11:58:41.712 8059 8059 W ziparchive: Unable to open '/data/app/~~kwFdxeuvB4-me9vD9vYGzw==/com.android.vending--XMGEQNL_6SlN2--GnFPsQ==/split_config.da.dm': No such file or directory
02-25 11:58:41.712 8059 8059 W ziparchive: Unable to open '/data/app/~~kwFdxeuvB4-me9vD9vYGzw==/com.android.vending--XMGEQNL_6SlN2--GnFPsQ==/split_config.da.dm': No such file or directory
02-25 11:58:41.712 8059 8059 W entsScanService: Entry not found
02-25 11:58:41.713 8059 8059 W ziparchive: Unable to open '/data/app/~~kwFdxeuvB4-me9vD9vYGzw==/com.android.vending--XMGEQNL_6SlN2--GnFPsQ==/split_config.en.dm': No such file or directory
02-25 11:58:41.713 8059 8059 W ziparchive: Unable to open '/data/app/~~kwFdxeuvB4-me9vD9vYGzw==/com.android.vending--XMGEQNL_6SlN2--GnFPsQ==/split_config.en.dm': No such file or directory
02-25 11:58:41.714 8059 8059 W entsScanService: Entry not found
02-25 11:58:41.714 8059 8059 W ziparchive: Unable to open '/data/app/~~kwFdxeuvB4-me9vD9vYGzw==/com.android.vending--XMGEQNL_6SlN2--GnFPsQ==/split_config.es.dm': No such file or directory
02-25 11:58:41.714 8059 8059 W ziparchive: Unable to open '/data/app/~~kwFdxeuvB4-me9vD9vYGzw==/com.android.vending--XMGEQNL_6SlN2--GnFPsQ==/split_config.es.dm': No such file or directory
02-25 11:58:41.715 8059 8059 W entsScanService: Entry not found
02-25 11:58:41.715 8059 8059 W ziparchive: Unable to open '/data/app/~~kwFdxeuvB4-me9vD9vYGzw==/com.android.vending--XMGEQNL_6SlN2--GnFPsQ==/split_config.fr.dm': No such file or directory
02-25 11:58:41.715 8059 8059 W ziparchive: Unable to open '/data/app/~~kwFdxeuvB4-me9vD9vYGzw==/com.android.vending--XMGEQNL_6SlN2--GnFPsQ==/split_config.fr.dm': No such file or directory
02-25 11:58:41.715 8059 8059 W entsScanService: Entry not found
02-25 11:58:41.716 8059 8059 W ziparchive: Unable to open '/data/app/~~kwFdxeuvB4-me9vD9vYGzw==/com.android.vending--XMGEQNL_6SlN2--GnFPsQ==/split_phonesky_data_loader.dm': No such file or directory
02-25 11:58:41.716 8059 8059 W ziparchive: Unable to open '/data/app/~~kwFdxeuvB4-me9vD9vYGzw==/com.android.vending--XMGEQNL_6SlN2--GnFPsQ==/split_phonesky_data_loader.dm': No such file or directory
02-25 11:58:41.717 8059 8059 W entsScanService: Entry not found
02-25 11:58:41.717 8059 8059 W ziparchive: Unable to open '/data/app/~~kwFdxeuvB4-me9vD9vYGzw==/com.android.vending--XMGEQNL_6SlN2--GnFPsQ==/split_phonesky_data_loader.config.armeabi_v7a.dm': No such file or directory
02-25 11:58:41.717 8059 8059 W ziparchive: Unable to open '/data/app/~~kwFdxeuvB4-me9vD9vYGzw==/com.android.vending--XMGEQNL_6SlN2--GnFPsQ==/split_phonesky_data_loader.config.armeabi_v7a.dm': No such file or directory
02-25 11:58:41.718 8059 8059 W entsScanService: Entry not found
02-25 11:58:41.719 8059 8059 D nativeloader: Configuring clns-5 for other apk /data/app/~~kwFdxeuvB4-me9vD9vYGzw==/com.android.vending--XMGEQNL_6SlN2--GnFPsQ==/base.apk:/data/app/~~kwFdxeuvB4-me9vD9vYGzw==/com.android.vending--XMGEQNL_6SlN2--GnFPsQ==/split_config.armeabi_v7a.apk:/data/app/~~kwFdxeuvB4-me9vD9vYGzw==/com.android.vending--XMGEQNL_6SlN2--GnFPsQ==/split_config.da.apk:/data/app/~~kwFdxeuvB4-me9vD9vYGzw==/com.android.vending--XMGEQNL_6SlN2--GnFPsQ==/split_config.en.apk:/data/app/~~kwFdxeuvB4-me9vD9vYGzw==/com.android.vending--XMGEQNL_6SlN2--GnFPsQ==/split_config.es.apk:/data/app/~~kwFdxeuvB4-me9vD9vYGzw==/com.android.vending--XMGEQNL_6SlN2--GnFPsQ==/split_config.fr.apk:/data/app/~~kwFdxeuvB4-me9vD9vYGzw==/com.android.vending--XMGEQNL_6SlN2--GnFPsQ==/split_phonesky_data_loader.apk:/data/app/~~kwFdxeuvB4-me9vD9vYGzw==/com.android.vending--XMGEQNL_6SlN2--GnFPsQ==/split_phonesky_data_loader.config.armeabi_v7a.apk. target_sdk_version=35, uses_libraries=, library_path=/data/app/~~kwFdxeuvB4-me9vD9vYGzw==/com.android.vending--XMGEQNL_6SlN2--GnFPsQ==
02-25 11:58:41.735 1385 4842 I ActivityManager: Flag disabled. Ignoring finishAttachApplication from uid: 99018. pid: 8059
02-25 11:58:41.740 8059 8059 W SystemServiceRegistry: No service published for: virtualdevice
02-25 11:58:41.743 23117 23117 I PlayCore: UID: [10184] PID: [23117] apfl : ServiceConnectionImpl.onServiceConnected(ComponentInfo{com.android.vending/com.google.android.finsky.verifier.apkanalysis.service.ApkContentsScanService})
02-25 11:58:41.743 23117 23332 I PlayCore: UID: [10184] PID: [23117] apfl : linkToDeath
02-25 11:58:41.757 8059 8070 D nativeloader: Load /data/app/~~kwFdxeuvB4-me9vD9vYGzw==/com.android.vending--XMGEQNL_6SlN2--GnFPsQ==/split_config.armeabi_v7a.apk!/lib/armeabi-v7a/libapkanalysis.so using ns clns-5 from class loader (caller=/data/app/~~kwFdxeuvB4-me9vD9vYGzw==/com.android.vending--XMGEQNL_6SlN2--GnFPsQ==/base.apk!classes5.dex): ok
02-25 11:58:41.759 8059 8070 I native : I0000 00:00:1740484721.759208 8070 zip_archive.cpp:490] +++ Found EOCD at buf+65535
02-25 11:58:41.759 8059 8070 I native : I0000 00:00:1740484721.759435 8070 zip_archive.cpp:534] +++ num_entries=1151dir_size=110778 dir_offset=11468800
02-25 11:58:41.759 8059 8070 I native : I0000 00:00:1740484721.759504 8070 file_map.cpp:112] MAP: base 0xe317a000/110778 data 0xe317a000/110778
02-25 11:58:41.760 8059 8070 I native : I0000 00:00:1740484721.760090 8070 zip_archive.cpp:686] +++ zip good scan 1151 entries
02-25 11:58:41.768 23117 8058 E AbstractLogEventBuilder: The provided ProductIdOrigin 3 is not one of the process-level expected values: 1 or 2
02-25 11:58:42.281 1385 1468 D PackageManager: Don't send PACKAGE_CHANGED for com.samsung.android.sm.devicesecurity by WorkManager
02-25 11:58:42.334 557 557 D io_stats: !@ 179,0 r 570925 18951410 w 365624 7297860 d 46020 7157188 f 0 0 iot 643116 0 th 0 0 0 pt 0 inp 0 0 78598.249
02-25 11:58:42.544 8059 8070 I native : I0000 00:00:1740484722.543999 8070 zip_archive.cpp:774] Closing archive 0xe7bdc280
02-25 11:58:42.546 23117 23332 I PlayCore: UID: [10184] PID: [23117] apfl : Unbind from service.
02-25 11:58:42.548 23117 23181 I Finsky : [125] apxf.a(228): VerifyApps: APK Analysis scan finished for com.companyname.mauiapp3. Verdict: SAFE
02-25 11:58:42.548 23117 23150 I Finsky : [103] apfs.d(484): Apk Analysis Protection verdict logged: 0.
02-25 11:58:42.550 1385 4838 I ActivityManager: Killing 8059:com.android.vending:com.google.android.finsky.verifier.apkanalysis.service.ApkContentsScanService/u0a184i18 (adj 0): isolated not needed
02-25 11:58:42.550 23117 23169 E AbstractLogEventBuilder: The provided ProductIdOrigin 3 is not one of the process-level expected values: 1 or 2
02-25 11:58:42.553 23117 8071 I Finsky : [317] apno.c(23): Apk Analysis scan verification duration=PT1.202S
02-25 11:58:42.557 1385 1429 I libprocessgroup: Successfully killed process cgroup uid 99018 pid 8059 in 5ms
02-25 11:58:42.558 23117 8022 I Finsky : [312] VerifyAdvancedProtectionInstallTask.mn(9): VerifyApps AdvancedProtection: Verify AP install started
02-25 11:58:42.558 23117 8022 I Finsky : [312] VerifyAdvancedProtectionInstallTask.mn(43): VerifyApps AdvancedProtection: Allowing install because there are no Advanced Protection users
02-25 11:58:42.561 23117 23117 I Finsky : [2] VerifyAdvancedProtectionInstallTask.ml(29): VerifyApps AdvancedProtection: Reported Advanced Protection verification result: ALLOW
02-25 11:58:42.561 17839 17839 D BoundBrokerSvc: onBind: Intent { act=com.google.android.gms.safetynet.service.START pkg=com.google.android.gms }
02-25 11:58:42.561 17839 17839 D BoundBrokerSvc: Loading bound service for intent: Intent { act=com.google.android.gms.safetynet.service.START pkg=com.google.android.gms }
02-25 11:58:42.563 23117 8022 I Finsky : [312] VerifyPerSourceInstallationConsentInstallTask.mn(339): Skipping logging for attempted installation. The source is a system package.
02-25 11:58:42.563 23117 8022 I Finsky : [312] VerifyInstallTask.j(17): VerifyApps: Returning package verification result id=22, result=ALLOW
02-25 11:58:42.564 1385 4838 D PackageManager: verifyPendingInstall vid: 22, vcode: 1, callingUid: 10184
02-25 11:58:42.569 1385 1468 I PackageManager: Continuing with installation of file:///data/app/vmdl817972453.tmp
02-25 11:58:42.571 1385 1469 I PackageManager: START INSTALL PACKAGE: observer{75787714}
02-25 11:58:42.571 1385 1469 I PackageManager: stagedDir{/data/app/vmdl817972453.tmp}
02-25 11:58:42.571 1385 1469 I PackageManager: pkg{com.companyname.mauiapp3}
02-25 11:58:42.571 1385 1469 I PackageManager: versionCode{1}
02-25 11:58:42.571 1385 1469 I PackageManager: Request from{null}
02-25 11:58:42.572 23117 23117 I Finsky : [2] VerifyInstallTask.ml(76): VerifyApps: Install-time verification complete: id=22, package_name=com.companyname.mauiapp3
02-25 11:58:42.579 23117 7818 I PlayCore: UID: [10184] PID: [23117] apfl : reportBinderDeath
02-25 11:58:42.579 23117 7818 I PlayCore: UID: [10184] PID: [23117] apfl : ApkContentsScanService : Binder has died.
02-25 11:58:42.579 804 804 I Zygote : Process 8059 exited due to signal 9 (Killed)
02-25 11:58:42.588 1385 1437 D BatteryExternalStatsWorker: update stats : remove-uid (1)
02-25 11:58:42.589 1385 1418 D DisplayManagerService: Drop pending events for gone uid 99018
02-25 11:58:42.593 2160 2160 D HidDeviceService: handleMessage(): msg.what=8
02-25 11:58:42.595 1385 1468 W PackageManager: verifying app can be installed or not
02-25 11:58:42.596 1385 1468 D ApplicationPolicy: isApplicationInstallationEnabled
02-25 11:58:42.596 1385 1468 D ApplicationPolicy: isApplicationInstallationEnabled : Checking PKG WL - false
02-25 11:58:42.596 1385 1468 D ApplicationPolicy: isApplicationInstallationEnabled : Checking PKG BL - true
02-25 11:58:42.596 1385 1468 D ApplicationPolicy: isApplicationInstallationEnabled : Checking PERM BL - true
02-25 11:58:42.597 1385 1468 D ApplicationPolicy: isApplicationInstallationEnabled : Checking SIG BL - true
02-25 11:58:42.597 1385 1468 D ApplicationPolicy: isApplicationInstallationEnabled : Checking PKG WL - false
02-25 11:58:42.597 1385 1468 D ApplicationPolicy: isApplicationInstallationEnabled : Checking PKG BL - true
02-25 11:58:42.597 1385 1468 D ApplicationPolicy: isApplicationInstallationEnabled : Checking PERM BL - true
02-25 11:58:42.597 1385 1468 D ApplicationPolicy: isApplicationInstallationEnabled : Checking SIG BL - true
02-25 11:58:42.597 1385 1468 D ApplicationPolicy: isApplicationInstallationEnabled : enabled true
02-25 11:58:42.598 1385 1468 I AASA_ASKSManager: ASKS_VERSION: 8.4 ::20240926
02-25 11:58:42.598 1385 1468 I AASA_ASKSManager: initiating = com.android.shell, installer = null
02-25 11:58:42.604 1385 1437 D BatteryExternalStatsWorker: Update CPU state
02-25 11:58:42.604 1385 1437 D BatteryExternalStatsWorker: mStats lock released
02-25 11:58:42.604 1385 1437 D BatteryExternalStatsWorker: done updateExternalStatsLocked
02-25 11:58:42.608 1385 1468 D RestrictionPolicy: isNewAdminInstallationEnabledInternal : false
02-25 11:58:42.644 1385 1409 W System : A resource failed to call close.
02-25 11:58:42.644 1385 1409 W System : A resource failed to call close.
02-25 11:58:42.646 1385 1409 W System : A resource failed to call close.
02-25 11:58:42.646 1385 1409 W System : A resource failed to call close.
02-25 11:58:42.646 1385 1409 W System : A resource failed to call close.
02-25 11:58:42.646 1385 1409 W System : A resource failed to call close.
02-25 11:58:42.646 1385 1409 W System : A resource failed to call close.
02-25 11:58:42.647 1385 1409 W System : A resource failed to call close.
02-25 11:58:42.647 1385 1409 W System : A resource failed to call close.
02-25 11:58:42.651 1385 1427 I ActivityManager: Force stopping com.companyname.mauiapp3 appid=10405 user=-1: installPackageLI
02-25 11:58:42.655 1385 1468 I PackageManager: Update package com.companyname.mauiapp3 code path from /data/app/~~bYJmmd6V7qxBfR4o42Ostg==/com.companyname.mauiapp3-q9yR9OsopwqJDA0vFhiirw== to /data/app/~~3yfPzEoCZ2wSfLep3-w0jg==/com.companyname.mauiapp3-ALrbfwtu1T-qdPwQ3rJyew==; Retain data and using new
02-25 11:58:42.658 1385 1468 I AppsFilter: interaction: PackageSetting{c8a21b4 com.companyname.minegame/10397} -> PackageSetting{3a24852 com.companyname.mauiapp3/10405} BLOCKED
02-25 11:58:42.658 1385 1468 I AppsFilter: interaction: PackageSetting{cb23152 com.nobo.noboenergy/10391} -> PackageSetting{3a24852 com.companyname.mauiapp3/10405} BLOCKED
02-25 11:58:42.658 1385 1468 I AppsFilter: interaction: PackageSetting{a522c23 dev.Dimplex.DimplexToolkit/10389} -> PackageSetting{3a24852 com.companyname.mauiapp3/10405} BLOCKED
02-25 11:58:42.658 1385 1468 I AppsFilter: interaction: PackageSetting{481a520 com.companyname.phonesays/10399} -> PackageSetting{3a24852 com.companyname.mauiapp3/10405} BLOCKED
02-25 11:58:42.658 1385 1468 I AppsFilter: interaction: PackageSetting{2433ed9 com.companyname.AndroidApp1/10290} -> PackageSetting{3a24852 com.companyname.mauiapp3/10405} BLOCKED
02-25 11:58:42.658 1385 1468 I AppsFilter: interaction: PackageSetting{89e109e dev.dimplex.atmo/10377} -> PackageSetting{3a24852 com.companyname.mauiapp3/10405} BLOCKED
02-25 11:58:42.658 1385 1468 I AppsFilter: interaction: PackageSetting{c91677f dev.Dimplex.Fires/10395} -> PackageSetting{3a24852 com.companyname.mauiapp3/10405} BLOCKED
02-25 11:58:42.658 1385 1468 I AppsFilter: interaction: PackageSetting{1fef95 com.companyname.snake/10400} -> PackageSetting{3a24852 com.companyname.mauiapp3/10405} BLOCKED
02-25 11:58:42.658 1385 1468 I AppsFilter: interaction: PackageSetting{ad698aa dev.Capa.CapaConnect/10387} -> PackageSetting{3a24852 com.companyname.mauiapp3/10405} BLOCKED
02-25 11:58:42.658 1385 1468 I AppsFilter: interaction: PackageSetting{d5efc9b dev.Dimplex.GreenHeating/10325} -> PackageSetting{3a24852 com.companyname.mauiapp3/10405} BLOCKED
02-25 11:58:42.658 1385 1468 I AppsFilter: interaction: PackageSetting{d4af838 com.dimplex.atmo/10352} -> PackageSetting{3a24852 com.companyname.mauiapp3/10405} BLOCKED
02-25 11:58:42.658 1385 1468 I AppsFilter: interaction: PackageSetting{3dcf011 com.companyname.mauiapp4/10242} -> PackageSetting{3a24852 com.companyname.mauiapp3/10405} BLOCKED
02-25 11:58:42.659 1385 1468 I AppsFilter: interaction: PackageSetting{45d9576 com.companyname.mauiapp2/10234} -> PackageSetting{3a24852 com.companyname.mauiapp3/10405} BLOCKED
02-25 11:58:42.659 1385 1468 I AppsFilter: interaction: PackageSetting{caf567c com.companyname.mauiapp1/10245} -> PackageSetting{3a24852 com.companyname.mauiapp3/10405} BLOCKED
02-25 11:58:42.659 1385 1468 I AppsFilter: interaction: PackageSetting{ea6c777 dev.Dimplex.DimplexControl/10317} -> PackageSetting{3a24852 com.companyname.mauiapp3/10405} BLOCKED
02-25 11:58:42.659 1385 1468 I AppsFilter: interaction: PackageSetting{c8a21b4 com.companyname.minegame/10397} -> PackageSetting{d076780 com.companyname.mauiapp3/10405} BLOCKED
02-25 11:58:42.659 1385 1468 I AppsFilter: interaction: PackageSetting{cb23152 com.nobo.noboenergy/10391} -> PackageSetting{d076780 com.companyname.mauiapp3/10405} BLOCKED
02-25 11:58:42.660 1385 1468 I AppsFilter: interaction: PackageSetting{a522c23 dev.Dimplex.DimplexToolkit/10389} -> PackageSetting{d076780 com.companyname.mauiapp3/10405} BLOCKED
02-25 11:58:42.660 1385 1468 I AppsFilter: interaction: PackageSetting{481a520 com.companyname.phonesays/10399} -> PackageSetting{d076780 com.companyname.mauiapp3/10405} BLOCKED
02-25 11:58:42.660 1385 1468 I AppsFilter: interaction: PackageSetting{2433ed9 com.companyname.AndroidApp1/10290} -> PackageSetting{d076780 com.companyname.mauiapp3/10405} BLOCKED
02-25 11:58:42.660 1385 1468 I AppsFilter: interaction: PackageSetting{89e109e dev.dimplex.atmo/10377} -> PackageSetting{d076780 com.companyname.mauiapp3/10405} BLOCKED
02-25 11:58:42.660 1385 1468 I AppsFilter: interaction: PackageSetting{c91677f dev.Dimplex.Fires/10395} -> PackageSetting{d076780 com.companyname.mauiapp3/10405} BLOCKED
02-25 11:58:42.660 1385 1468 I AppsFilter: interaction: PackageSetting{1fef95 com.companyname.snake/10400} -> PackageSetting{d076780 com.companyname.mauiapp3/10405} BLOCKED
02-25 11:58:42.660 1385 1468 I AppsFilter: interaction: PackageSetting{ad698aa dev.Capa.CapaConnect/10387} -> PackageSetting{d076780 com.companyname.mauiapp3/10405} BLOCKED
02-25 11:58:42.660 1385 1468 I AppsFilter: interaction: PackageSetting{d5efc9b dev.Dimplex.GreenHeating/10325} -> PackageSetting{d076780 com.companyname.mauiapp3/10405} BLOCKED
02-25 11:58:42.661 1385 1468 I AppsFilter: interaction: PackageSetting{d4af838 com.dimplex.atmo/10352} -> PackageSetting{d076780 com.companyname.mauiapp3/10405} BLOCKED
02-25 11:58:42.661 1385 1468 I AppsFilter: interaction: PackageSetting{3dcf011 com.companyname.mauiapp4/10242} -> PackageSetting{d076780 com.companyname.mauiapp3/10405} BLOCKED
02-25 11:58:42.661 1385 1468 I AppsFilter: interaction: PackageSetting{45d9576 com.companyname.mauiapp2/10234} -> PackageSetting{d076780 com.companyname.mauiapp3/10405} BLOCKED
02-25 11:58:42.661 1385 1468 I AppsFilter: interaction: PackageSetting{caf567c com.companyname.mauiapp1/10245} -> PackageSetting{d076780 com.companyname.mauiapp3/10405} BLOCKED
02-25 11:58:42.661 1385 1468 I AppsFilter: interaction: PackageSetting{ea6c777 dev.Dimplex.DimplexControl/10317} -> PackageSetting{d076780 com.companyname.mauiapp3/10405} BLOCKED
02-25 11:58:42.681 1385 1468 I PermissionManager: Permission ownership changed. Updating all permissions.
02-25 11:58:42.882 1385 1468 D PackageSettings: ++ writeStateForUserSyncLPr(0)
02-25 11:58:42.949 1385 1468 W PackageSettings: -- writeStateForUserSyncLPr(0)
02-25 11:58:42.953 2160 2372 D BtGatt.GattService: onScanResult to scannerId: 3- eventType=0x1a, addressType=1, address=XX:XX:XX:XX:22:00, primaryPhy=1, secondaryPhy=0, advertisingSid=0xff, txPower=127, rssi=-58, periodicAdvInt=0x0
02-25 11:58:42.957 892 909 D ccci_mdinit: (1):monitor_time_update_thread round:5589 ########
02-25 11:58:43.019 1385 1468 W PackageSettings: Couldn't write -1 to /config/sdcardfs/com.google.android.tzdata5/appid
02-25 11:58:43.020 1385 1468 W PackageSettings: Couldn't write -1 to /config/sdcardfs/com.google.android.ondevicepersonalization/appid
02-25 11:58:43.022 1385 1468 W PackageSettings: Couldn't write -1 to /config/sdcardfs/com.google.android.media.swcodec/appid
02-25 11:58:43.023 1385 1468 W PackageSettings: Couldn't write -1 to /config/sdcardfs/com.google.android.os.statsd/appid
02-25 11:58:43.024 1385 1468 W PackageSettings: Couldn't write -1 to /config/sdcardfs/com.google.mainline.primary.libs/appid
02-25 11:58:43.026 1385 1468 W PackageSettings: Couldn't write -1 to /config/sdcardfs/com.google.android.extservices/appid
02-25 11:58:43.027 1385 1468 W PackageSettings: Couldn't write -1 to /config/sdcardfs/com.android.uwb/appid
02-25 11:58:43.028 1385 1468 W PackageSettings: Couldn't write -1 to /config/sdcardfs/com.android.btservices/appid
02-25 11:58:43.029 1385 1468 W PackageSettings: Couldn't write -1 to /config/sdcardfs/com.google.android.healthfitness/appid
02-25 11:58:43.030 1385 1468 W PackageSettings: Couldn't write -1 to /config/sdcardfs/com.google.android.ipsec/appid
02-25 11:58:43.031 1385 1468 W PackageSettings: Couldn't write -1 to /config/sdcardfs/com.google.android.media/appid
02-25 11:58:43.032 1385 1468 W PackageSettings: Couldn't write -1 to /config/sdcardfs/com.android.i18n/appid
02-25 11:58:43.032 1385 1468 W PackageSettings: Couldn't write -1 to /config/sdcardfs/com.android.rkpd/appid
02-25 11:58:43.032 1385 1468 W PackageSettings: Couldn't write -1 to /config/sdcardfs/com.android.virt/appid
02-25 11:58:43.033 1385 1468 W PackageSettings: Couldn't write -1 to /config/sdcardfs/com.android.wifi/appid
02-25 11:58:43.034 1385 1468 W PackageSettings: Couldn't write -1 to /config/sdcardfs/com.google.android.appsearch/appid
02-25 11:58:43.034 1385 1468 W PackageSettings: Couldn't write -1 to /config/sdcardfs/com.google.android.configinfrastructure/appid
02-25 11:58:43.035 1385 1468 W PackageSettings: Couldn't write -1 to /config/sdcardfs/com.android.runtime/appid
02-25 11:58:43.035 1385 1468 W PackageSettings: Couldn't write -1 to /config/sdcardfs/com.android.devicelock/appid
02-25 11:58:43.035 1385 1468 W PackageSettings: Couldn't write -1 to /config/sdcardfs/com.google.android.cellbroadcast/appid
02-25 11:58:43.036 1385 1468 W PackageSettings: Couldn't write -1 to /config/sdcardfs/com.android.apex.cts.shim/appid
02-25 11:58:43.036 1385 1468 W PackageSettings: Couldn't write -1 to /config/sdcardfs/com.samsung.android.biometrics.face/appid
02-25 11:58:43.036 1385 1468 W PackageSettings: Couldn't write -1 to /config/sdcardfs/com.google.android.resolv/appid
02-25 11:58:43.036 1385 1468 W PackageSettings: Couldn't write -1 to /config/sdcardfs/com.google.android.sdkext/appid
02-25 11:58:43.037 1385 1468 W PackageSettings: Couldn't write -1 to /config/sdcardfs/com.google.android.art/appid
02-25 11:58:43.038 1385 1468 W PackageSettings: Couldn't write -1 to /config/sdcardfs/com.samsung.android.lifeguard/appid
02-25 11:58:43.039 1385 1468 W PackageSettings: Couldn't write -1 to /config/sdcardfs/com.google.android.adservices/appid
02-25 11:58:43.040 1385 1468 W PackageSettings: Couldn't write -1 to /config/sdcardfs/com.google.android.scheduling/appid
02-25 11:58:43.041 1385 1468 W PackageSettings: Couldn't write -1 to /config/sdcardfs/com.google.android.mediaprovider/appid
02-25 11:58:43.041 1385 1468 W PackageSettings: Couldn't write -1 to /config/sdcardfs/com.google.android.permission/appid
02-25 11:58:43.042 1385 1468 W PackageSettings: Couldn't write -1 to /config/sdcardfs/com.android.vndk.v31/appid
02-25 11:58:43.043 1385 1468 W PackageSettings: Couldn't write -1 to /config/sdcardfs/com.android.vndk.v34/appid
02-25 11:58:43.044 1385 1468 W PackageSettings: Couldn't write -1 to /config/sdcardfs/com.samsung.android.spqr/appid
02-25 11:58:43.045 1385 1468 W PackageSettings: Couldn't write -1 to /config/sdcardfs/com.google.android.neuralnetworks/appid
02-25 11:58:43.045 1385 1468 W PackageSettings: Couldn't write -1 to /config/sdcardfs/com.google.android.tethering/appid
02-25 11:58:43.046 1385 1468 W PackageSettings: Couldn't write -1 to /config/sdcardfs/com.google.android.adbd/appid
02-25 11:58:43.046 1385 1468 W PackageSettings: Couldn't write -1 to /config/sdcardfs/com.google.android.conscrypt/appid
02-25 11:58:43.050 1385 1468 W PackageSettings: Couldn't write -1 to /config/sdcardfs/com.samsung.android.camera.unihal/appid
02-25 11:58:43.050 1385 1468 W PackageSettings: Couldn't write -1 to /config/sdcardfs/com.samsung.android.biometrics.fingerprint/appid
02-25 11:58:43.050 1385 1468 W PackageSettings: Couldn't write -1 to /config/sdcardfs/com.samsung.android.shell/appid
02-25 11:58:43.065 1385 1427 W system_server: Long monitor contention with owner PackageManager (1468) at void com.android.server.pm.InstallPackageHelper.commitPackageSettings(com.android.server.pm.pkg.AndroidPackage, com.android.server.pm.PackageSetting, com.android.server.pm.PackageSetting, com.android.server.pm.ReconciledPackage)(InstallPackageHelper.java:772) waiters=0 in com.android.server.pm.Computer com.android.server.pm.PackageManagerService.snapshotComputer(boolean) for 398ms
02-25 11:58:43.067 1385 2704 W system_server: Long monitor contention with owner ActivityManager (1427) at com.android.server.pm.Computer com.android.server.pm.PackageManagerService.snapshotComputer(boolean)(PackageManagerService.java:1404) waiters=0 in com.android.server.pm.Computer com.android.server.pm.PackageManagerService.snapshotComputer(boolean) for 370ms
02-25 11:58:43.068 1385 1417 W Looper : Slow dispatch took 118ms android.fg h=android.os.Handler c= m=0
02-25 11:58:43.076 1842 1842 D StatusBarIconController: ignoring old pipeline callbacks, because the new mobile icons are enabled
02-25 11:58:43.093 1385 1702 D CompatibilityChangeReporter: Compat change id reported: 74210811; UID 1000; state: DISABLED
02-25 11:58:43.133 8073 8073 I artd : Starting artd
02-25 11:58:43.134 8073 8073 I AidlLazyServiceRegistrar: Registering service artd
02-25 11:58:43.141 1385 1468 D AASA_ASKSManager_RESTRICTED: There is no restricted rule.
02-25 11:58:43.141 1385 1468 W PackageInformation: PackageInfo in info_list
02-25 11:58:43.141 1385 1468 D PackageManager: Skip dexopt
02-25 11:58:43.141 1385 1468 D SPEG : Feature is disabled for existing app
02-25 11:58:43.144 1385 1468 D PackageManager: isLocaleOptimizedPackage() - Non optimized app: com.companyname.mauiapp3. Proceed with normal install
02-25 11:58:43.145 1385 1468 I AppsFilter: interaction: PackageSetting{c8a21b4 com.companyname.minegame/10397} -> PackageSetting{d076780 com.companyname.mauiapp3/10405} BLOCKED
02-25 11:58:43.145 1385 1468 I AppsFilter: interaction: PackageSetting{cb23152 com.nobo.noboenergy/10391} -> PackageSetting{d076780 com.companyname.mauiapp3/10405} BLOCKED
02-25 11:58:43.146 1385 1468 I AppsFilter: interaction: PackageSetting{a522c23 dev.Dimplex.DimplexToolkit/10389} -> PackageSetting{d076780 com.companyname.mauiapp3/10405} BLOCKED
02-25 11:58:43.146 1385 1468 I AppsFilter: interaction: PackageSetting{481a520 com.companyname.phonesays/10399} -> PackageSetting{d076780 com.companyname.mauiapp3/10405} BLOCKED
02-25 11:58:43.146 1385 1468 I AppsFilter: interaction: PackageSetting{2433ed9 com.companyname.AndroidApp1/10290} -> PackageSetting{d076780 com.companyname.mauiapp3/10405} BLOCKED
02-25 11:58:43.146 1385 1468 I AppsFilter: interaction: PackageSetting{89e109e dev.dimplex.atmo/10377} -> PackageSetting{d076780 com.companyname.mauiapp3/10405} BLOCKED
02-25 11:58:43.146 1385 1468 I AppsFilter: interaction: PackageSetting{c91677f dev.Dimplex.Fires/10395} -> PackageSetting{d076780 com.companyname.mauiapp3/10405} BLOCKED
